[INFO] fetching crate fortune-rs 0.1.0...
[INFO] testing fortune-rs-0.1.0 against 1.99.0-beta.8+cargoflags=--release for beta-release-1.100-2
[INFO] extracting crate fortune-rs 0.1.0 into /workspace/builds/worker-4-tc1/source
[INFO] started tweaking crates.io crate fortune-rs 0.1.0
[INFO] removed 0 missing tests
[INFO] finished tweaking crates.io crate fortune-rs 0.1.0
[INFO] tweaked toml for crates.io crate fortune-rs 0.1.0 written to /workspace/builds/worker-4-tc1/source/Cargo.toml
[INFO] validating manifest of crates.io crate fortune-rs 0.1.0 on toolchain 1.99.0-beta.8
[INFO] running `Command { std: CARGO_HOME="/workspace/cargo-home" RUSTUP_HOME="/workspace/rustup-home" "/workspace/cargo-home/bin/cargo" "+1.99.0-beta.8" "metadata" "--manifest-path" "Cargo.toml" "--no-deps", kill_on_drop: false }`
[INFO] crate crates.io crate fortune-rs 0.1.0 already has a lockfile, it will not be regenerated
[INFO] running `Command { std: CARGO_HOME="/workspace/cargo-home" RUSTUP_HOME="/workspace/rustup-home" "/workspace/cargo-home/bin/cargo" "+1.99.0-beta.8" "fetch" "--manifest-path" "Cargo.toml", kill_on_drop: false }`
[INFO] [stderr]     Updating crates.io index
[INFO] [stderr]  Downloading crates ...
[INFO] [stderr]   Downloaded log v0.4.22
[INFO] [stderr]   Downloaded quote v1.0.37
[INFO] [stderr]   Downloaded proc-macro2 v1.0.92
[INFO] [stderr]   Downloaded doc-comment v0.3.3
[INFO] [stderr]   Downloaded ctor v0.2.9
[INFO] [stderr]   Downloaded predicates-core v1.0.8
[INFO] [stderr]   Downloaded difflib v0.4.0
[INFO] [stderr]   Downloaded anstyle-wincon v3.0.6
[INFO] [stderr]   Downloaded wait-timeout v0.2.0
[INFO] [stderr]   Downloaded env_filter v0.1.2
[INFO] [stderr]   Downloaded clap_lex v0.7.3
[INFO] [stderr]   Downloaded termtree v0.4.1
[INFO] [stderr]   Downloaded predicates-tree v1.0.11
[INFO] [stderr]   Downloaded env_logger v0.11.5
[INFO] [stderr]   Downloaded predicates v3.1.2
[INFO] [stderr]   Downloaded assert_cmd v2.0.16
[INFO] [stderr]   Downloaded anyhow v1.0.93
[INFO] [stderr]   Downloaded clap v4.5.21
[INFO] [stderr]   Downloaded clap_builder v4.5.21
[INFO] [stderr]   Downloaded syn v2.0.89
[INFO] [stderr]   Downloaded bstr v1.11.0
[INFO] [stderr]   Downloaded libc v0.2.165
[INFO] running `Command { std: "docker" "create" "-v" "/var/lib/crater-agent-workspace/builds/worker-4-tc1/source:/opt/rustwide/workdir:ro,Z" "-v" "/var/lib/crater-agent-workspace/builds/worker-4-tc1/target:/opt/rustwide/target:rw,Z" "-v" "/var/lib/crater-agent-workspace/cargo-home:/opt/rustwide/cargo-home:ro,Z" "-v" "/var/lib/crater-agent-workspace/rustup-home:/opt/rustwide/rustup-home:ro,Z" "-m" "1610612736" "--network" "none" "ghcr.io/rust-lang/crates-build-env/linux@sha256:77db811e55d90add9212f6832c23229e3de5f1c1f9905e8cb07319ea15df73ac" "sleep" "infinity", kill_on_drop: false }`
[INFO] [stdout] 3fd19e1852f2fde0c2fa997e3971dca2e0cb77ed2b216548f0166b5a79020426
[INFO] running `Command { std: "docker" "start" "3fd19e1852f2fde0c2fa997e3971dca2e0cb77ed2b216548f0166b5a79020426", kill_on_drop: false }`
[INFO] running `Command { std: "docker" "inspect" "3fd19e1852f2fde0c2fa997e3971dca2e0cb77ed2b216548f0166b5a79020426", kill_on_drop: false }`
[INFO] running `Command { std: "docker" "exec" "-e" "SOURCE_DIR=/opt/rustwide/workdir" "-e" "CARGO_HOME=/opt/rustwide/cargo-home" "-e" "RUSTUP_HOME=/opt/rustwide/rustup-home" "-e" "CARGO_TARGET_DIR=/opt/rustwide/target" "-w" "/opt/rustwide/workdir" "--user" "0:0" "3fd19e1852f2fde0c2fa997e3971dca2e0cb77ed2b216548f0166b5a79020426" "/opt/rustwide/cargo-home/bin/cargo" "+1.99.0-beta.8" "metadata" "--no-deps" "--format-version=1", kill_on_drop: false }`
[INFO] running `Command { std: "docker" "inspect" "3fd19e1852f2fde0c2fa997e3971dca2e0cb77ed2b216548f0166b5a79020426", kill_on_drop: false }`
[INFO] running `Command { std: "docker" "exec" "-e" "SOURCE_DIR=/opt/rustwide/workdir" "-e" "CARGO_HOME=/opt/rustwide/cargo-home" "-e" "RUSTUP_HOME=/opt/rustwide/rustup-home" "-e" "CARGO_TARGET_DIR=/opt/rustwide/target" "-e" "CARGO_INCREMENTAL=0" "-e" "RUST_BACKTRACE=full" "-e" "RUSTFLAGS=--cap-lints=warn" "-e" "RUSTDOCFLAGS=--cap-lints=warn" "-w" "/opt/rustwide/workdir" "--user" "0:0" "3fd19e1852f2fde0c2fa997e3971dca2e0cb77ed2b216548f0166b5a79020426" "/opt/rustwide/cargo-home/bin/cargo" "+1.99.0-beta.8" "build" "--frozen" "--message-format=json" "--release", kill_on_drop: false }`
[INFO] [stderr]    Compiling proc-macro2 v1.0.92
[INFO] [stderr]    Compiling unicode-ident v1.0.14
[INFO] [stderr]    Compiling libc v0.2.165
[INFO] [stderr]    Compiling memchr v2.7.4
[INFO] [stderr]    Compiling regex-syntax v0.8.5
[INFO] [stderr]    Compiling log v0.4.22
[INFO] [stderr]    Compiling anyhow v1.0.93
[INFO] [stderr]    Compiling clap_lex v0.7.3
[INFO] [stderr]    Compiling humantime v2.1.0
[INFO] [stderr]    Compiling clap_builder v4.5.21
[INFO] [stderr]    Compiling glob v0.3.1
[INFO] [stderr]    Compiling aho-corasick v1.1.3
[INFO] [stderr]    Compiling quote v1.0.37
[INFO] [stderr]    Compiling getrandom v0.2.15
[INFO] [stderr]    Compiling syn v2.0.89
[INFO] [stderr]    Compiling rand_core v0.6.4
[INFO] [stderr]    Compiling regex-automata v0.4.9
[INFO] [stderr]    Compiling zerocopy-derive v0.7.35
[INFO] [stderr]    Compiling clap_derive v4.5.18
[INFO] [stderr]    Compiling zerocopy v0.7.35
[INFO] [stderr]    Compiling ppv-lite86 v0.2.20
[INFO] [stderr]    Compiling regex v1.11.1
[INFO] [stderr]    Compiling rand_chacha v0.3.1
[INFO] [stderr]    Compiling clap v4.5.21
[INFO] [stderr]    Compiling rand v0.8.5
[INFO] [stderr]    Compiling env_filter v0.1.2
[INFO] [stderr]    Compiling env_logger v0.11.5
[INFO] [stderr]    Compiling fortune-rs v0.1.0 (/opt/rustwide/workdir)
[INFO] [stderr]     Finished `release` profile [optimized] target(s) in 1m 09s
[INFO] running `Command { std: "docker" "inspect" "3fd19e1852f2fde0c2fa997e3971dca2e0cb77ed2b216548f0166b5a79020426", kill_on_drop: false }`
[INFO] running `Command { std: "docker" "exec" "-e" "SOURCE_DIR=/opt/rustwide/workdir" "-e" "CARGO_HOME=/opt/rustwide/cargo-home" "-e" "RUSTUP_HOME=/opt/rustwide/rustup-home" "-e" "CARGO_TARGET_DIR=/opt/rustwide/target" "-e" "CARGO_INCREMENTAL=0" "-e" "RUST_BACKTRACE=full" "-e" "RUSTFLAGS=--cap-lints=warn" "-e" "RUSTDOCFLAGS=--cap-lints=warn" "-w" "/opt/rustwide/workdir" "--user" "0:0" "3fd19e1852f2fde0c2fa997e3971dca2e0cb77ed2b216548f0166b5a79020426" "/opt/rustwide/cargo-home/bin/cargo" "+1.99.0-beta.8" "test" "--frozen" "--no-run" "--message-format=json" "--release", kill_on_drop: false }`
[INFO] [stderr]    Compiling libc v0.2.165
[INFO] [stderr]    Compiling regex-automata v0.4.9
[INFO] [stderr]    Compiling doc-comment v0.3.3
[INFO] [stderr]    Compiling predicates-core v1.0.8
[INFO] [stderr]    Compiling termtree v0.4.1
[INFO] [stderr]    Compiling difflib v0.4.0
[INFO] [stderr]    Compiling assert_cmd v2.0.16
[INFO] [stderr]    Compiling ctor v0.2.9
[INFO] [stderr]    Compiling predicates-tree v1.0.11
[INFO] [stderr]    Compiling predicates v3.1.2
[INFO] [stderr]    Compiling getrandom v0.2.15
[INFO] [stderr]    Compiling wait-timeout v0.2.0
[INFO] [stderr]    Compiling rand_core v0.6.4
[INFO] [stderr]    Compiling rand_chacha v0.3.1
[INFO] [stderr]    Compiling rand v0.8.5
[INFO] [stderr]    Compiling regex v1.11.1
[INFO] [stderr]    Compiling bstr v1.11.0
[INFO] [stderr]    Compiling env_filter v0.1.2
[INFO] [stderr]    Compiling env_logger v0.11.5
[INFO] [stderr]    Compiling fortune-rs v0.1.0 (/opt/rustwide/workdir)
[INFO] [stderr]     Finished `release` profile [optimized] target(s) in 41.05s
[INFO] running `Command { std: "docker" "inspect" "3fd19e1852f2fde0c2fa997e3971dca2e0cb77ed2b216548f0166b5a79020426", kill_on_drop: false }`
[INFO] running `Command { std: "docker" "exec" "-e" "SOURCE_DIR=/opt/rustwide/workdir" "-e" "CARGO_HOME=/opt/rustwide/cargo-home" "-e" "RUSTUP_HOME=/opt/rustwide/rustup-home" "-e" "CARGO_TARGET_DIR=/opt/rustwide/target" "-e" "CARGO_INCREMENTAL=0" "-e" "RUST_BACKTRACE=full" "-e" "RUSTFLAGS=--cap-lints=warn" "-e" "RUSTDOCFLAGS=--cap-lints=warn" "-w" "/opt/rustwide/workdir" "--user" "0:0" "3fd19e1852f2fde0c2fa997e3971dca2e0cb77ed2b216548f0166b5a79020426" "/opt/rustwide/cargo-home/bin/cargo" "+1.99.0-beta.8" "test" "--frozen" "--release", kill_on_drop: false }`
[INFO] [stderr]     Finished `release` profile [optimized] target(s) in 0.12s
[INFO] [stderr]      Running unittests src/fortune.rs (/opt/rustwide/target/release/deps/fortune-4b8a0bc40e01a2f7)
[INFO] [stdout] 
[INFO] [stdout] running 4 tests
[INFO] [stdout] test tests::test_get_rel_path ... ok
[INFO] [stdout] test tests::test_parse_weighted_paths ... ok
[INFO] [stdout] test tests::test_quote_filter_manager ... ok
[INFO] [stdout] test tests::test_find_cookie_files ... ok
[INFO] [stdout] 
[INFO] [stdout] test result: ok. 4 passed; 0 failed; 0 ignored; 0 measured; 0 filtered out; finished in 0.00s
[INFO] [stdout] 
[INFO] [stderr]      Running unittests src/strfile.rs (/opt/rustwide/target/release/deps/strfile-8c3e9bc4fbcdb408)
[INFO] [stderr]      Running tests/integration.rs (/opt/rustwide/target/release/deps/integration-9e24d59d1b4cce17)
[INFO] [stdout] 
[INFO] [stdout] running 0 tests
[INFO] [stdout] 
[INFO] [stdout] test result: ok. 0 passed; 0 failed; 0 ignored; 0 measured; 0 filtered out; finished in 0.00s
[INFO] [stdout] 
[INFO] [stdout] 
[INFO] [stdout] running 8 tests
[INFO] [stderr] [2026-10-18T08:52:04Z INFO  integration] [current directory]: "/opt/rustwide/workdir"
[INFO] [stdout] test test_fortune_flag_i_and_m ... FAILED
[INFO] [stderr] [2026-10-18T08:52:04Z DEBUG integration] `fortune -c -o tests/data`
[INFO] [stdout] test test_fortune_flag_c_and_o ... ok
[INFO] [stderr]     [my_stdout]:
[INFO] [stdout] test test_fortune_flag_m ... FAILED
[INFO] [stderr]     (off/offensive)
[INFO] [stdout] test test_fortune_flag_s_and_n ... FAILED
[INFO] [stderr]     %
[INFO] [stdout] test test_fortune_flag_f ... FAILED
[INFO] [stderr]     this is offensive quote.
[INFO] [stdout] test test_fortune_flag_l_and_n ... FAILED
[INFO] [stderr]     
[INFO] [stderr]     [my_stderr]:
[INFO] [stderr]     
[INFO] [stdout] test test_fortune_flag_f_and_e ... FAILED
[INFO] [stderr] [2026-10-18T08:52:04Z DEBUG integration] `fortune -f 60% tests/data 40% tests/data2`
[INFO] [stderr]     [my_stdout]:
[INFO] [stderr]     
[INFO] [stderr]     [my_stderr]:
[INFO] [stderr]     60.00% tests/data
[INFO] [stderr]         27.27% apple
[INFO] [stderr]          5.45% one
[INFO] [stderr]         27.27% orange
[INFO] [stderr]          0.00% zero
[INFO] [stderr]     40.00% tests/data2
[INFO] [stderr]         20.00% cat
[INFO] [stderr]         20.00% dog
[INFO] [stderr]     
[INFO] [stderr] [2026-10-18T08:52:04Z DEBUG integration] `fortune -f 30% tests/data 70% tests/data2`
[INFO] [stderr]     [my_stdout]:
[INFO] [stderr]     
[INFO] [stderr]     [my_stderr]:
[INFO] [stderr]     30.00% tests/data
[INFO] [stderr]         13.64% apple
[INFO] [stderr]          2.73% one
[INFO] [stderr]         13.64% orange
[INFO] [stderr]          0.00% zero
[INFO] [stderr]     70.00% tests/data2
[INFO] [stderr]         35.00% cat
[INFO] [stderr]         35.00% dog
[INFO] [stderr]     
[INFO] [stderr] [2026-10-18T08:52:04Z DEBUG integration] `fortune -f -e 20% tests/data 80% tests/data2`
[INFO] [stderr]     [my_stdout]:
[INFO] [stderr]     
[INFO] [stderr]     [my_stderr]:
[INFO] [stderr]     20.00% tests/data
[INFO] [stderr]          5.00% apple
[INFO] [stderr]          5.00% one
[INFO] [stderr]          5.00% orange
[INFO] [stderr]          5.00% zero
[INFO] [stderr]     80.00% tests/data2
[INFO] [stderr]         40.00% cat
[INFO] [stderr]         40.00% dog
[INFO] [stderr]     
[INFO] [stderr] [2026-10-18T08:52:04Z DEBUG integration] `fortune -f tests/data tests/data2`
[INFO] [stderr]     [my_stdout]:
[INFO] [stderr]     
[INFO] [stderr]     [my_stderr]:
[INFO] [stderr]     52.38% tests/data
[INFO] [stderr]         23.81% apple
[INFO] [stderr]          4.76% one
[INFO] [stderr]         23.81% orange
[INFO] [stderr]          0.00% zero
[INFO] [stderr]     47.62% tests/data2
[INFO] [stderr]         23.81% cat
[INFO] [stderr]         23.81% dog
[INFO] [stderr]     
[INFO] [stderr] [2026-10-18T08:52:04Z DEBUG integration] `fortune -f -e tests/data tests/data2`
[INFO] [stdout] test test_fortune_flag_probs ... ok
[INFO] [stderr]     [my_stdout]:
[INFO] [stdout] 
[INFO] [stderr]     
[INFO] [stdout] failures:
[INFO] [stderr]     [my_stderr]:
[INFO] [stdout] 
[INFO] [stderr]     66.67% tests/data
[INFO] [stdout] ---- test_fortune_flag_i_and_m stdout ----
[INFO] [stderr]         16.67% apple
[INFO] [stdout] 
[INFO] [stderr]         16.67% one
[INFO] [stdout] thread 'test_fortune_flag_i_and_m' (1171) panicked at tests/integration.rs:108:14:
[INFO] [stderr]         16.67% orange
[INFO] [stdout] msg: failed to execute reference implementation: Os { code: 2, kind: NotFound, message: "No such file or directory" }
[INFO] [stderr]         16.67% zero
[INFO] [stdout] stack backtrace:
[INFO] [stderr]     33.33% tests/data2
[INFO] [stdout]    0:     0x6417ffe9e511 - <<std[70759c8f55707aa4]::sys::backtrace::BacktraceLock>::print::DisplayBacktrace as core[df12db4294e9bfd3]::fmt::Display>::fmt
[INFO] [stderr]         16.67% cat
[INFO] [stdout]    1:     0x6417ffeb72ea - core[df12db4294e9bfd3]::fmt::write
[INFO] [stderr]         16.67% dog
[INFO] [stdout]    2:     0x6417ffea54ec - <alloc[2182bb758b4b3781]::vec::Vec<u8> as core[df12db4294e9bfd3]::io::write::Write>::write_fmt
[INFO] [stderr]     
[INFO] [stdout]    3:     0x6417ffe79f56 - std[70759c8f55707aa4]::panicking::default_hook::{closure#0}
[INFO] [stderr] error: test failed, to rerun pass `--test integration`
[INFO] [stdout]    4:     0x6417ffe96a39 - std[70759c8f55707aa4]::panicking::default_hook
[INFO] [stdout]    5:     0x6417ffd5a380 - test[9d35eded1c95d3be]::test_main_inner::<test[9d35eded1c95d3be]::test_main_static::{closure#0}>::{closure#0}
[INFO] [stdout]    6:     0x6417ffe96bf2 - std[70759c8f55707aa4]::panicking::panic_with_hook
[INFO] [stdout]    7:     0x6417ffe7a002 - std[70759c8f55707aa4]::panicking::panic_handler::{closure#0}
[INFO] [stdout]    8:     0x6417ffe72b49 - std[70759c8f55707aa4]::sys::backtrace::__rust_end_short_backtrace::<std[70759c8f55707aa4]::panicking::panic_handler::{closure#0}, !>
[INFO] [stdout]    9:     0x6417ffe7ac9d - __rustc[8fa7c3cbc660c2b3]::rust_begin_unwind
[INFO] [stdout]   10:     0x6417ffeb7acc - core[df12db4294e9bfd3]::panicking::panic_fmt
[INFO] [stdout]   11:     0x6417ffeb78a2 - core[df12db4294e9bfd3]::result::unwrap_failed
[INFO] [stdout]   12:     0x6417ffd477ad - <integration[76c3709a5668c2a1]::test_fortune_flag_i_and_m::{closure#0} as core[df12db4294e9bfd3]::ops::function::FnOnce<()>>::call_once
[INFO] [stdout]   13:     0x6417ffd4d66b - test[9d35eded1c95d3be]::__rust_begin_short_backtrace::<core[df12db4294e9bfd3]::result::Result<(), alloc[2182bb758b4b3781]::string::String>, fn() -> core[df12db4294e9bfd3]::result::Result<(), alloc[2182bb758b4b3781]::string::String>>
[INFO] [stdout]   14:     0x6417ffd5acd5 - test[9d35eded1c95d3be]::run_test::{closure#0}
[INFO] [stdout]   15:     0x6417ffd54594 - std[70759c8f55707aa4]::sys::backtrace::__rust_begin_short_backtrace::<test[9d35eded1c95d3be]::run_test::{closure#1}, ()>
[INFO] [stdout]   16:     0x6417ffd5de32 - <std[70759c8f55707aa4]::thread::lifecycle::spawn_unchecked<test[9d35eded1c95d3be]::run_test::{closure#1}, ()>::{closure#1} as core[df12db4294e9bfd3]::ops::function::FnOnce<()>>::call_once::{shim:vtable#0}
[INFO] [stdout]   17:     0x6417ffe9dd69 - <std[70759c8f55707aa4]::sys::thread::unix::Thread>::new::thread_start
[INFO] [stdout]   18:     0x7c1df9418dfa - <unknown>
[INFO] [stdout]   19:     0x7c1df94ac3d4 - clone
[INFO] [stdout]   20:                0x0 - <unknown>
[INFO] [stdout] 
[INFO] [stdout] ---- test_fortune_flag_m stdout ----
[INFO] [stdout] 
[INFO] [stdout] thread 'test_fortune_flag_m' (1173) panicked at tests/integration.rs:36:14:
[INFO] [stdout] msg: failed to execute reference implementation: Os { code: 2, kind: NotFound, message: "No such file or directory" }
[INFO] [stdout] stack backtrace:
[INFO] [stdout]    0:     0x6417ffe9e511 - <<std[70759c8f55707aa4]::sys::backtrace::BacktraceLock>::print::DisplayBacktrace as core[df12db4294e9bfd3]::fmt::Display>::fmt
[INFO] [stdout]    1:     0x6417ffeb72ea - core[df12db4294e9bfd3]::fmt::write
[INFO] [stdout]    2:     0x6417ffea54ec - <alloc[2182bb758b4b3781]::vec::Vec<u8> as core[df12db4294e9bfd3]::io::write::Write>::write_fmt
[INFO] [stdout]    3:     0x6417ffe79f56 - std[70759c8f55707aa4]::panicking::default_hook::{closure#0}
[INFO] [stdout]    4:     0x6417ffe96a39 - std[70759c8f55707aa4]::panicking::default_hook
[INFO] [stdout]    5:     0x6417ffd5a380 - test[9d35eded1c95d3be]::test_main_inner::<test[9d35eded1c95d3be]::test_main_static::{closure#0}>::{closure#0}
[INFO] [stdout]    6:     0x6417ffe96bf2 - std[70759c8f55707aa4]::panicking::panic_with_hook
[INFO] [stdout]    7:     0x6417ffe7a002 - std[70759c8f55707aa4]::panicking::panic_handler::{closure#0}
[INFO] [stdout]    8:     0x6417ffe72b49 - std[70759c8f55707aa4]::sys::backtrace::__rust_end_short_backtrace::<std[70759c8f55707aa4]::panicking::panic_handler::{closure#0}, !>
[INFO] [stdout]    9:     0x6417ffe7ac9d - __rustc[8fa7c3cbc660c2b3]::rust_begin_unwind
[INFO] [stdout]   10:     0x6417ffeb7acc - core[df12db4294e9bfd3]::panicking::panic_fmt
[INFO] [stdout]   11:     0x6417ffeb78a2 - core[df12db4294e9bfd3]::result::unwrap_failed
[INFO] [stdout]   12:     0x6417ffd437ad - <integration[76c3709a5668c2a1]::test_fortune_flag_m::{closure#0} as core[df12db4294e9bfd3]::ops::function::FnOnce<()>>::call_once
[INFO] [stdout]   13:     0x6417ffd4d66b - test[9d35eded1c95d3be]::__rust_begin_short_backtrace::<core[df12db4294e9bfd3]::result::Result<(), alloc[2182bb758b4b3781]::string::String>, fn() -> core[df12db4294e9bfd3]::result::Result<(), alloc[2182bb758b4b3781]::string::String>>
[INFO] [stdout]   14:     0x6417ffd5acd5 - test[9d35eded1c95d3be]::run_test::{closure#0}
[INFO] [stdout]   15:     0x6417ffd54594 - std[70759c8f55707aa4]::sys::backtrace::__rust_begin_short_backtrace::<test[9d35eded1c95d3be]::run_test::{closure#1}, ()>
[INFO] [stdout]   16:     0x6417ffd5de32 - <std[70759c8f55707aa4]::thread::lifecycle::spawn_unchecked<test[9d35eded1c95d3be]::run_test::{closure#1}, ()>::{closure#1} as core[df12db4294e9bfd3]::ops::function::FnOnce<()>>::call_once::{shim:vtable#0}
[INFO] [stdout]   17:     0x6417ffe9dd69 - <std[70759c8f55707aa4]::sys::thread::unix::Thread>::new::thread_start
[INFO] [stdout]   18:     0x7c1df9418dfa - <unknown>
[INFO] [stdout]   19:     0x7c1df94ac3d4 - clone
[INFO] [stdout]   20:                0x0 - <unknown>
[INFO] [stdout] 
[INFO] [stdout] ---- test_fortune_flag_s_and_n stdout ----
[INFO] [stdout] 
[INFO] [stdout] thread 'test_fortune_flag_s_and_n' (1175) panicked at tests/integration.rs:202:10:
[INFO] [stdout] msg: failed to execute reference implementation: Os { code: 2, kind: NotFound, message: "No such file or directory" }
[INFO] [stdout] stack backtrace:
[INFO] [stdout]    0:     0x6417ffe9e511 - <<std[70759c8f55707aa4]::sys::backtrace::BacktraceLock>::print::DisplayBacktrace as core[df12db4294e9bfd3]::fmt::Display>::fmt
[INFO] [stdout]    1:     0x6417ffeb72ea - core[df12db4294e9bfd3]::fmt::write
[INFO] [stdout]    2:     0x6417ffea54ec - <alloc[2182bb758b4b3781]::vec::Vec<u8> as core[df12db4294e9bfd3]::io::write::Write>::write_fmt
[INFO] [stdout]    3:     0x6417ffe79f56 - std[70759c8f55707aa4]::panicking::default_hook::{closure#0}
[INFO] [stdout]    4:     0x6417ffe96a39 - std[70759c8f55707aa4]::panicking::default_hook
[INFO] [stdout]    5:     0x6417ffd5a380 - test[9d35eded1c95d3be]::test_main_inner::<test[9d35eded1c95d3be]::test_main_static::{closure#0}>::{closure#0}
[INFO] [stdout]    6:     0x6417ffe96bf2 - std[70759c8f55707aa4]::panicking::panic_with_hook
[INFO] [stdout]    7:     0x6417ffe7a002 - std[70759c8f55707aa4]::panicking::panic_handler::{closure#0}
[INFO] [stdout]    8:     0x6417ffe72b49 - std[70759c8f55707aa4]::sys::backtrace::__rust_end_short_backtrace::<std[70759c8f55707aa4]::panicking::panic_handler::{closure#0}, !>
[INFO] [stdout]    9:     0x6417ffe7ac9d - __rustc[8fa7c3cbc660c2b3]::rust_begin_unwind
[INFO] [stdout]   10:     0x6417ffeb7acc - core[df12db4294e9bfd3]::panicking::panic_fmt
[INFO] [stdout]   11:     0x6417ffeb78a2 - core[df12db4294e9bfd3]::result::unwrap_failed
[INFO] [stdout]   12:     0x6417ffd48da9 - <integration[76c3709a5668c2a1]::test_fortune_flag_s_and_n::{closure#0} as core[df12db4294e9bfd3]::ops::function::FnOnce<()>>::call_once
[INFO] [stdout]   13:     0x6417ffd4d66b - test[9d35eded1c95d3be]::__rust_begin_short_backtrace::<core[df12db4294e9bfd3]::result::Result<(), alloc[2182bb758b4b3781]::string::String>, fn() -> core[df12db4294e9bfd3]::result::Result<(), alloc[2182bb758b4b3781]::string::String>>
[INFO] [stdout]   14:     0x6417ffd5acd5 - test[9d35eded1c95d3be]::run_test::{closure#0}
[INFO] [stdout]   15:     0x6417ffd54594 - std[70759c8f55707aa4]::sys::backtrace::__rust_begin_short_backtrace::<test[9d35eded1c95d3be]::run_test::{closure#1}, ()>
[INFO] [stdout]   16:     0x6417ffd5de32 - <std[70759c8f55707aa4]::thread::lifecycle::spawn_unchecked<test[9d35eded1c95d3be]::run_test::{closure#1}, ()>::{closure#1} as core[df12db4294e9bfd3]::ops::function::FnOnce<()>>::call_once::{shim:vtable#0}
[INFO] [stdout]   17:     0x6417ffe9dd69 - <std[70759c8f55707aa4]::sys::thread::unix::Thread>::new::thread_start
[INFO] [stdout]   18:     0x7c1df9418dfa - <unknown>
[INFO] [stdout]   19:     0x7c1df94ac3d4 - clone
[INFO] [stdout]   20:                0x0 - <unknown>
[INFO] [stdout] 
[INFO] [stdout] ---- test_fortune_flag_f stdout ----
[INFO] [stdout] 
[INFO] [stdout] thread 'test_fortune_flag_f' (1169) panicked at tests/integration.rs:230:10:
[INFO] [stdout] msg: failed to execute reference implementation: Os { code: 2, kind: NotFound, message: "No such file or directory" }
[INFO] [stdout] stack backtrace:
[INFO] [stdout]    0:     0x6417ffe9e511 - <<std[70759c8f55707aa4]::sys::backtrace::BacktraceLock>::print::DisplayBacktrace as core[df12db4294e9bfd3]::fmt::Display>::fmt
[INFO] [stdout]    1:     0x6417ffeb72ea - core[df12db4294e9bfd3]::fmt::write
[INFO] [stdout]    2:     0x6417ffea54ec - <alloc[2182bb758b4b3781]::vec::Vec<u8> as core[df12db4294e9bfd3]::io::write::Write>::write_fmt
[INFO] [stdout]    3:     0x6417ffe79f56 - std[70759c8f55707aa4]::panicking::default_hook::{closure#0}
[INFO] [stdout]    4:     0x6417ffe96a39 - std[70759c8f55707aa4]::panicking::default_hook
[INFO] [stdout]    5:     0x6417ffd5a380 - test[9d35eded1c95d3be]::test_main_inner::<test[9d35eded1c95d3be]::test_main_static::{closure#0}>::{closure#0}
[INFO] [stdout]    6:     0x6417ffe96bf2 - std[70759c8f55707aa4]::panicking::panic_with_hook
[INFO] [stdout]    7:     0x6417ffe7a002 - std[70759c8f55707aa4]::panicking::panic_handler::{closure#0}
[INFO] [stdout]    8:     0x6417ffe72b49 - std[70759c8f55707aa4]::sys::backtrace::__rust_end_short_backtrace::<std[70759c8f55707aa4]::panicking::panic_handler::{closure#0}, !>
[INFO] [stdout]    9:     0x6417ffe7ac9d - __rustc[8fa7c3cbc660c2b3]::rust_begin_unwind
[INFO] [stdout]   10:     0x6417ffeb7acc - core[df12db4294e9bfd3]::panicking::panic_fmt
[INFO] [stdout]   11:     0x6417ffeb78a2 - core[df12db4294e9bfd3]::result::unwrap_failed
[INFO] [stdout]   12:     0x6417ffd42580 - <integration[76c3709a5668c2a1]::test_fortune_flag_f::{closure#0} as core[df12db4294e9bfd3]::ops::function::FnOnce<()>>::call_once
[INFO] [stdout]   13:     0x6417ffd4d66b - test[9d35eded1c95d3be]::__rust_begin_short_backtrace::<core[df12db4294e9bfd3]::result::Result<(), alloc[2182bb758b4b3781]::string::String>, fn() -> core[df12db4294e9bfd3]::result::Result<(), alloc[2182bb758b4b3781]::string::String>>
[INFO] [stdout]   14:     0x6417ffd5acd5 - test[9d35eded1c95d3be]::run_test::{closure#0}
[INFO] [stdout]   15:     0x6417ffd54594 - std[70759c8f55707aa4]::sys::backtrace::__rust_begin_short_backtrace::<test[9d35eded1c95d3be]::run_test::{closure#1}, ()>
[INFO] [stdout]   16:     0x6417ffd5de32 - <std[70759c8f55707aa4]::thread::lifecycle::spawn_unchecked<test[9d35eded1c95d3be]::run_test::{closure#1}, ()>::{closure#1} as core[df12db4294e9bfd3]::ops::function::FnOnce<()>>::call_once::{shim:vtable#0}
[INFO] [stdout]   17:     0x6417ffe9dd69 - <std[70759c8f55707aa4]::sys::thread::unix::Thread>::new::thread_start
[INFO] [stdout]   18:     0x7c1df9418dfa - <unknown>
[INFO] [stdout]   19:     0x7c1df94ac3d4 - clone
[INFO] [stdout]   20:                0x0 - <unknown>
[INFO] [stdout] 
[INFO] [stdout] ---- test_fortune_flag_l_and_n stdout ----
[INFO] [stdout] 
[INFO] [stdout] thread 'test_fortune_flag_l_and_n' (1172) panicked at tests/integration.rs:173:10:
[INFO] [stdout] msg: failed to execute reference implementation: Os { code: 2, kind: NotFound, message: "No such file or directory" }
[INFO] [stdout] stack backtrace:
[INFO] [stdout]    0:     0x6417ffe9e511 - <<std[70759c8f55707aa4]::sys::backtrace::BacktraceLock>::print::DisplayBacktrace as core[df12db4294e9bfd3]::fmt::Display>::fmt
[INFO] [stdout]    1:     0x6417ffeb72ea - core[df12db4294e9bfd3]::fmt::write
[INFO] [stdout]    2:     0x6417ffea54ec - <alloc[2182bb758b4b3781]::vec::Vec<u8> as core[df12db4294e9bfd3]::io::write::Write>::write_fmt
[INFO] [stdout]    3:     0x6417ffe79f56 - std[70759c8f55707aa4]::panicking::default_hook::{closure#0}
[INFO] [stdout]    4:     0x6417ffe96a39 - std[70759c8f55707aa4]::panicking::default_hook
[INFO] [stdout]    5:     0x6417ffd5a380 - test[9d35eded1c95d3be]::test_main_inner::<test[9d35eded1c95d3be]::test_main_static::{closure#0}>::{closure#0}
[INFO] [stdout]    6:     0x6417ffe96bf2 - std[70759c8f55707aa4]::panicking::panic_with_hook
[INFO] [stdout]    7:     0x6417ffe7a002 - std[70759c8f55707aa4]::panicking::panic_handler::{closure#0}
[INFO] [stdout]    8:     0x6417ffe72b49 - std[70759c8f55707aa4]::sys::backtrace::__rust_end_short_backtrace::<std[70759c8f55707aa4]::panicking::panic_handler::{closure#0}, !>
[INFO] [stdout]    9:     0x6417ffe7ac9d - __rustc[8fa7c3cbc660c2b3]::rust_begin_unwind
[INFO] [stdout]   10:     0x6417ffeb7acc - core[df12db4294e9bfd3]::panicking::panic_fmt
[INFO] [stdout]   11:     0x6417ffeb78a2 - core[df12db4294e9bfd3]::result::unwrap_failed
[INFO] [stdout]   12:     0x6417ffd48379 - <integration[76c3709a5668c2a1]::test_fortune_flag_l_and_n::{closure#0} as core[df12db4294e9bfd3]::ops::function::FnOnce<()>>::call_once
[INFO] [stdout]   13:     0x6417ffd4d66b - test[9d35eded1c95d3be]::__rust_begin_short_backtrace::<core[df12db4294e9bfd3]::result::Result<(), alloc[2182bb758b4b3781]::string::String>, fn() -> core[df12db4294e9bfd3]::result::Result<(), alloc[2182bb758b4b3781]::string::String>>
[INFO] [stdout]   14:     0x6417ffd5acd5 - test[9d35eded1c95d3be]::run_test::{closure#0}
[INFO] [stdout]   15:     0x6417ffd54594 - std[70759c8f55707aa4]::sys::backtrace::__rust_begin_short_backtrace::<test[9d35eded1c95d3be]::run_test::{closure#1}, ()>
[INFO] [stdout]   16:     0x6417ffd5de32 - <std[70759c8f55707aa4]::thread::lifecycle::spawn_unchecked<test[9d35eded1c95d3be]::run_test::{closure#1}, ()>::{closure#1} as core[df12db4294e9bfd3]::ops::function::FnOnce<()>>::call_once::{shim:vtable#0}
[INFO] [stdout]   17:     0x6417ffe9dd69 - <std[70759c8f55707aa4]::sys::thread::unix::Thread>::new::thread_start
[INFO] [stdout]   18:     0x7c1df9418dfa - <unknown>
[INFO] [stdout]   19:     0x7c1df94ac3d4 - clone
[INFO] [stdout]   20:                0x0 - <unknown>
[INFO] [stdout] 
[INFO] [stdout] ---- test_fortune_flag_f_and_e stdout ----
[INFO] [stdout] 
[INFO] [stdout] thread 'test_fortune_flag_f_and_e' (1170) panicked at tests/integration.rs:294:10:
[INFO] [stdout] msg: failed to execute reference implementation: Os { code: 2, kind: NotFound, message: "No such file or directory" }
[INFO] [stdout] stack backtrace:
[INFO] [stdout]    0:     0x6417ffe9e511 - <<std[70759c8f55707aa4]::sys::backtrace::BacktraceLock>::print::DisplayBacktrace as core[df12db4294e9bfd3]::fmt::Display>::fmt
[INFO] [stdout]    1:     0x6417ffeb72ea - core[df12db4294e9bfd3]::fmt::write
[INFO] [stdout]    2:     0x6417ffea54ec - <alloc[2182bb758b4b3781]::vec::Vec<u8> as core[df12db4294e9bfd3]::io::write::Write>::write_fmt
[INFO] [stdout]    3:     0x6417ffe79f56 - std[70759c8f55707aa4]::panicking::default_hook::{closure#0}
[INFO] [stdout]    4:     0x6417ffe96a39 - std[70759c8f55707aa4]::panicking::default_hook
[INFO] [stdout]    5:     0x6417ffd5a380 - test[9d35eded1c95d3be]::test_main_inner::<test[9d35eded1c95d3be]::test_main_static::{closure#0}>::{closure#0}
[INFO] [stdout]    6:     0x6417ffe96bf2 - std[70759c8f55707aa4]::panicking::panic_with_hook
[INFO] [stdout]    7:     0x6417ffe7a002 - std[70759c8f55707aa4]::panicking::panic_handler::{closure#0}
[INFO] [stdout]    8:     0x6417ffe72b49 - std[70759c8f55707aa4]::sys::backtrace::__rust_end_short_backtrace::<std[70759c8f55707aa4]::panicking::panic_handler::{closure#0}, !>
[INFO] [stdout]    9:     0x6417ffe7ac9d - __rustc[8fa7c3cbc660c2b3]::rust_begin_unwind
[INFO] [stdout]   10:     0x6417ffeb7acc - core[df12db4294e9bfd3]::panicking::panic_fmt
[INFO] [stdout]   11:     0x6417ffeb78a2 - core[df12db4294e9bfd3]::result::unwrap_failed
[INFO] [stdout]   12:     0x6417ffd46666 - <integration[76c3709a5668c2a1]::test_fortune_flag_f_and_e::{closure#0} as core[df12db4294e9bfd3]::ops::function::FnOnce<()>>::call_once
[INFO] [stdout]   13:     0x6417ffd4d66b - test[9d35eded1c95d3be]::__rust_begin_short_backtrace::<core[df12db4294e9bfd3]::result::Result<(), alloc[2182bb758b4b3781]::string::String>, fn() -> core[df12db4294e9bfd3]::result::Result<(), alloc[2182bb758b4b3781]::string::String>>
[INFO] [stdout]   14:     0x6417ffd5acd5 - test[9d35eded1c95d3be]::run_test::{closure#0}
[INFO] [stdout]   15:     0x6417ffd54594 - std[70759c8f55707aa4]::sys::backtrace::__rust_begin_short_backtrace::<test[9d35eded1c95d3be]::run_test::{closure#1}, ()>
[INFO] [stdout]   16:     0x6417ffd5de32 - <std[70759c8f55707aa4]::thread::lifecycle::spawn_unchecked<test[9d35eded1c95d3be]::run_test::{closure#1}, ()>::{closure#1} as core[df12db4294e9bfd3]::ops::function::FnOnce<()>>::call_once::{shim:vtable#0}
[INFO] [stdout]   17:     0x6417ffe9dd69 - <std[70759c8f55707aa4]::sys::thread::unix::Thread>::new::thread_start
[INFO] [stdout]   18:     0x7c1df9418dfa - <unknown>
[INFO] [stdout]   19:     0x7c1df94ac3d4 - clone
[INFO] [stdout]   20:                0x0 - <unknown>
[INFO] [stdout] 
[INFO] [stdout] 
[INFO] [stdout] failures:
[INFO] [stdout]     test_fortune_flag_f
[INFO] [stdout]     test_fortune_flag_f_and_e
[INFO] [stdout]     test_fortune_flag_i_and_m
[INFO] [stdout]     test_fortune_flag_l_and_n
[INFO] [stdout]     test_fortune_flag_m
[INFO] [stdout]     test_fortune_flag_s_and_n
[INFO] [stdout] 
[INFO] [stdout] test result: FAILED. 2 passed; 6 failed; 0 ignored; 0 measured; 0 filtered out; finished in 0.06s
[INFO] [stdout] 
[INFO] running `Command { std: "docker" "inspect" "3fd19e1852f2fde0c2fa997e3971dca2e0cb77ed2b216548f0166b5a79020426", kill_on_drop: false }`
[INFO] running `Command { std: "docker" "rm" "-f" "3fd19e1852f2fde0c2fa997e3971dca2e0cb77ed2b216548f0166b5a79020426", kill_on_drop: false }`
[INFO] [stdout] 3fd19e1852f2fde0c2fa997e3971dca2e0cb77ed2b216548f0166b5a79020426
