[INFO] fetching crate formatjs_cli 1.4.2...
[INFO] testing formatjs_cli-1.4.2 against 1.100.0-beta.1+cargoflags=--release for beta-release-1.100-2
[INFO] extracting crate formatjs_cli 1.4.2 into /workspace/builds/worker-3-tc2/source
[INFO] started tweaking crates.io crate formatjs_cli 1.4.2
[INFO] finished tweaking crates.io crate formatjs_cli 1.4.2
[INFO] tweaked toml for crates.io crate formatjs_cli 1.4.2 written to /workspace/builds/worker-3-tc2/source/Cargo.toml
[INFO] validating manifest of crates.io crate formatjs_cli 1.4.2 on toolchain 1.100.0-beta.1
[INFO] running `Command { std: CARGO_HOME="/workspace/cargo-home" RUSTUP_HOME="/workspace/rustup-home" "/workspace/cargo-home/bin/cargo" "+1.100.0-beta.1" "metadata" "--manifest-path" "Cargo.toml" "--no-deps", kill_on_drop: false }`
[INFO] crate crates.io crate formatjs_cli 1.4.2 already has a lockfile, it will not be regenerated
[INFO] running `Command { std: CARGO_HOME="/workspace/cargo-home" RUSTUP_HOME="/workspace/rustup-home" "/workspace/cargo-home/bin/cargo" "+1.100.0-beta.1" "fetch" "--manifest-path" "Cargo.toml", kill_on_drop: false }`
[INFO] running `Command { std: "docker" "create" "-v" "/var/lib/crater-agent-workspace/builds/worker-3-tc2/source:/opt/rustwide/workdir:ro,Z" "-v" "/var/lib/crater-agent-workspace/builds/worker-3-tc2/target:/opt/rustwide/target:rw,Z" "-v" "/var/lib/crater-agent-workspace/cargo-home:/opt/rustwide/cargo-home:ro,Z" "-v" "/var/lib/crater-agent-workspace/rustup-home:/opt/rustwide/rustup-home:ro,Z" "-m" "1610612736" "--network" "none" "ghcr.io/rust-lang/crates-build-env/linux@sha256:77db811e55d90add9212f6832c23229e3de5f1c1f9905e8cb07319ea15df73ac" "sleep" "infinity", kill_on_drop: false }`
[INFO] [stdout] 2280d00bced60c35e6e47c7c201a5c443e1a2749f4af30690924ef39dd948007
[INFO] running `Command { std: "docker" "start" "2280d00bced60c35e6e47c7c201a5c443e1a2749f4af30690924ef39dd948007", kill_on_drop: false }`
[INFO] running `Command { std: "docker" "inspect" "2280d00bced60c35e6e47c7c201a5c443e1a2749f4af30690924ef39dd948007", kill_on_drop: false }`
[INFO] running `Command { std: "docker" "exec" "-e" "SOURCE_DIR=/opt/rustwide/workdir" "-e" "CARGO_HOME=/opt/rustwide/cargo-home" "-e" "RUSTUP_HOME=/opt/rustwide/rustup-home" "-e" "CARGO_TARGET_DIR=/opt/rustwide/target" "-w" "/opt/rustwide/workdir" "--user" "0:0" "2280d00bced60c35e6e47c7c201a5c443e1a2749f4af30690924ef39dd948007" "/opt/rustwide/cargo-home/bin/cargo" "+1.100.0-beta.1" "metadata" "--no-deps" "--format-version=1", kill_on_drop: false }`
[INFO] running `Command { std: "docker" "inspect" "2280d00bced60c35e6e47c7c201a5c443e1a2749f4af30690924ef39dd948007", kill_on_drop: false }`
[INFO] running `Command { std: "docker" "exec" "-e" "SOURCE_DIR=/opt/rustwide/workdir" "-e" "CARGO_HOME=/opt/rustwide/cargo-home" "-e" "RUSTUP_HOME=/opt/rustwide/rustup-home" "-e" "CARGO_TARGET_DIR=/opt/rustwide/target" "-e" "CARGO_INCREMENTAL=0" "-e" "RUST_BACKTRACE=full" "-e" "RUSTFLAGS=--cap-lints=warn" "-e" "RUSTDOCFLAGS=--cap-lints=warn" "-w" "/opt/rustwide/workdir" "--user" "0:0" "2280d00bced60c35e6e47c7c201a5c443e1a2749f4af30690924ef39dd948007" "/opt/rustwide/cargo-home/bin/cargo" "+1.100.0-beta.1" "build" "--frozen" "--message-format=json" "--release", kill_on_drop: false }`
[INFO] [stderr]    Compiling syn v3.0.3
[INFO] [stderr]    Compiling syn v2.0.119
[INFO] [stderr]    Compiling stable_deref_trait v1.2.1
[INFO] [stderr]    Compiling litemap v0.8.2
[INFO] [stderr]    Compiling allocator-api2 v0.2.21
[INFO] [stderr]    Compiling siphasher v1.0.2
[INFO] [stderr]    Compiling icu_locale_fallback_data v2.3.0
[INFO] [stderr]    Compiling str_indices v0.4.4
[INFO] [stderr]    Compiling writeable v0.6.4
[INFO] [stderr]    Compiling smawk v0.3.2
[INFO] [stderr]    Compiling unicode-linebreak v0.1.5
[INFO] [stderr]    Compiling fastrand v2.4.1
[INFO] [stderr]    Compiling bytecount v0.6.9
[INFO] [stderr]    Compiling rustc-hash v2.1.2
[INFO] [stderr]    Compiling compact_str v0.10.0
[INFO] [stderr]    Compiling typenum v1.19.0
[INFO] [stderr]    Compiling oxc_estree v0.144.0
[INFO] [stderr]    Compiling phf_shared v0.14.0
[INFO] [stderr]    Compiling cow-utils v0.1.3
[INFO] [stderr]    Compiling dragonbox_ecma v0.1.12
[INFO] [stderr]    Compiling core_maths v0.1.1
[INFO] [stderr]    Compiling nonmax v0.5.5
[INFO] [stderr]    Compiling unicode-id-start v1.4.0
[INFO] [stderr]    Compiling icu_calendar_data v2.3.0
[INFO] [stderr]    Compiling icu_time_data v2.3.0
[INFO] [stderr]    Compiling icu_plurals_data v2.3.0
[INFO] [stderr]    Compiling icu_decimal_data v2.3.0
[INFO] [stderr]    Compiling regex-automata v0.4.16
[INFO] [stderr]    Compiling ixdtf v0.6.5
[INFO] [stderr]    Compiling icu_locale_data v2.3.0
[INFO] [stderr]    Compiling icu_collator_data v2.3.0
[INFO] [stderr]    Compiling textwrap v0.16.2
[INFO] [stderr]    Compiling icu_casemap_data v2.3.0
[INFO] [stderr]    Compiling icu_datetime_data v2.3.0
[INFO] [stderr]    Compiling icu_segmenter_data v2.3.0
[INFO] [stderr]    Compiling icu_list_data v2.3.0
[INFO] [stderr]    Compiling num-integer v0.1.46
[INFO] [stderr]    Compiling utf16_iter v1.0.5
[INFO] [stderr]    Compiling phf_generator v0.14.0
[INFO] [stderr]    Compiling phf v0.14.0
[INFO] [stderr]    Compiling serde_json v1.0.151
[INFO] [stderr]    Compiling write16 v1.0.0
[INFO] [stderr]    Compiling proc-macro2 v1.0.107
[INFO] [stderr]    Compiling oxc-miette v4.0.0
[INFO] [stderr]    Compiling quote v1.0.47
[INFO] [stderr]    Compiling clap_builder v4.6.6
[INFO] [stderr]    Compiling fast-glob v1.1.0
[INFO] [stderr]    Compiling num-bigint v0.5.1
[INFO] [stderr]    Compiling rayon v1.12.0
[INFO] [stderr]    Compiling hashbrown v0.17.1
[INFO] [stderr]    Compiling hybrid-array v0.4.10
[INFO] [stderr]    Compiling indexmap v2.14.0
[INFO] [stderr]    Compiling crypto-common v0.2.1
[INFO] [stderr]    Compiling block-buffer v0.12.0
[INFO] [stderr]    Compiling digest v0.11.2
[INFO] [stderr]    Compiling sha1 v0.11.0
[INFO] [stderr]    Compiling sha2 v0.11.0
[INFO] [stderr]    Compiling md-5 v0.11.0
[INFO] [stderr]    Compiling serde_derive v1.0.229
[INFO] [stderr]    Compiling zerovec-derive v0.11.6
[INFO] [stderr]    Compiling oxc_ast_macros v0.144.0
[INFO] [stderr]    Compiling regex v1.13.1
[INFO] [stderr]    Compiling clap_derive v4.6.4
[INFO] [stderr]    Compiling synstructure v0.13.2
[INFO] [stderr]    Compiling clap v4.6.6
[INFO] [stderr]    Compiling zerofrom-derive v0.1.7
[INFO] [stderr]    Compiling yoke-derive v0.8.2
[INFO] [stderr]    Compiling displaydoc v0.2.5
[INFO] [stderr]    Compiling phf_macros v0.14.0
[INFO] [stderr]    Compiling calendrical_calculations v0.2.4
[INFO] [stderr]    Compiling zerofrom v0.1.7
[INFO] [stderr]    Compiling yoke v0.8.3
[INFO] [stderr]    Compiling zerovec v0.11.8
[INFO] [stderr]    Compiling zerotrie v0.2.5
[INFO] [stderr]    Compiling serde v1.0.229
[INFO] [stderr]    Compiling smallvec v1.15.2
[INFO] [stderr]    Compiling oxc_index v5.0.0
[INFO] [stderr]    Compiling ropey v1.6.1
[INFO] [stderr]    Compiling oxc_diagnostics v0.144.0
[INFO] [stderr]    Compiling tinystr v0.8.4
[INFO] [stderr]    Compiling potential_utf v0.1.5
[INFO] [stderr]    Compiling fixed_decimal v0.7.2
[INFO] [stderr]    Compiling icu_collections v2.3.0
[INFO] [stderr]    Compiling icu_locale_core v2.3.0
[INFO] [stderr]    Compiling icu_pattern v0.5.0
[INFO] [stderr]    Compiling formatjs_icu_skeleton_parser v0.1.2
[INFO] [stderr]    Compiling oxc_data_structures v0.144.0
[INFO] [stderr]    Compiling oxc_allocator v0.144.0
[INFO] [stderr]    Compiling oxc_str v0.144.0
[INFO] [stderr]    Compiling oxc_span v0.144.0
[INFO] [stderr]    Compiling oxc_syntax v0.144.0
[INFO] [stderr]    Compiling oxc_regular_expression v0.144.0
[INFO] [stderr]    Compiling icu_provider v2.3.1
[INFO] [stderr]    Compiling icu_locale_fallback v2.3.0
[INFO] [stderr]    Compiling icu_properties v2.3.0
[INFO] [stderr]    Compiling icu_normalizer v2.3.0
[INFO] [stderr]    Compiling icu_calendar v2.3.0
[INFO] [stderr]    Compiling icu_decimal v2.3.0
[INFO] [stderr]    Compiling icu_plurals v2.3.0
[INFO] [stderr]    Compiling icu_locale v2.3.1
[INFO] [stderr]    Compiling icu_segmenter v2.3.0
[INFO] [stderr]    Compiling icu_list v2.3.0
[INFO] [stderr]    Compiling oxc_ast v0.144.0
[INFO] [stderr]    Compiling icu_time v2.3.0
[INFO] [stderr]    Compiling icu_collator v2.3.1
[INFO] [stderr]    Compiling icu_casemap v2.3.0
[INFO] [stderr]    Compiling icu_datetime v2.3.0
[INFO] [stderr]    Compiling oxc_ecmascript v0.144.0
[INFO] [stderr]    Compiling oxc_ast_visit v0.144.0
[INFO] [stderr]    Compiling oxc_parser v0.144.0
[INFO] [stderr]    Compiling icu v2.3.0
[INFO] [stderr]    Compiling formatjs_icu_messageformat_parser v0.3.0
[INFO] [stderr]    Compiling oxc v0.144.0
[INFO] [stderr]    Compiling formatjs_cli v1.4.2 (/opt/rustwide/workdir)
[INFO] [stderr]     Finished `release` profile [optimized] target(s) in 2m 07s
[INFO] running `Command { std: "docker" "inspect" "2280d00bced60c35e6e47c7c201a5c443e1a2749f4af30690924ef39dd948007", kill_on_drop: false }`
[INFO] running `Command { std: "docker" "exec" "-e" "SOURCE_DIR=/opt/rustwide/workdir" "-e" "CARGO_HOME=/opt/rustwide/cargo-home" "-e" "RUSTUP_HOME=/opt/rustwide/rustup-home" "-e" "CARGO_TARGET_DIR=/opt/rustwide/target" "-e" "CARGO_INCREMENTAL=0" "-e" "RUST_BACKTRACE=full" "-e" "RUSTFLAGS=--cap-lints=warn" "-e" "RUSTDOCFLAGS=--cap-lints=warn" "-w" "/opt/rustwide/workdir" "--user" "0:0" "2280d00bced60c35e6e47c7c201a5c443e1a2749f4af30690924ef39dd948007" "/opt/rustwide/cargo-home/bin/cargo" "+1.100.0-beta.1" "test" "--frozen" "--no-run" "--message-format=json" "--release", kill_on_drop: false }`
[INFO] [stderr]    Compiling libc v0.2.185
[INFO] [stderr]    Compiling oxc_regular_expression v0.144.0
[INFO] [stderr]    Compiling oxc_syntax v0.144.0
[INFO] [stderr]    Compiling oxc_ast v0.144.0
[INFO] [stderr]    Compiling getrandom v0.4.2
[INFO] [stderr]    Compiling tempfile v3.27.0
[INFO] [stderr]    Compiling oxc_ecmascript v0.144.0
[INFO] [stderr]    Compiling oxc_ast_visit v0.144.0
[INFO] [stderr]    Compiling oxc_parser v0.144.0
[INFO] [stderr]    Compiling oxc v0.144.0
[INFO] [stderr]    Compiling formatjs_cli v1.4.2 (/opt/rustwide/workdir)
[INFO] [stderr]     Finished `release` profile [optimized] target(s) in 57.59s
[INFO] running `Command { std: "docker" "inspect" "2280d00bced60c35e6e47c7c201a5c443e1a2749f4af30690924ef39dd948007", kill_on_drop: false }`
[INFO] running `Command { std: "docker" "exec" "-e" "SOURCE_DIR=/opt/rustwide/workdir" "-e" "CARGO_HOME=/opt/rustwide/cargo-home" "-e" "RUSTUP_HOME=/opt/rustwide/rustup-home" "-e" "CARGO_TARGET_DIR=/opt/rustwide/target" "-e" "CARGO_INCREMENTAL=0" "-e" "RUST_BACKTRACE=full" "-e" "RUSTFLAGS=--cap-lints=warn" "-e" "RUSTDOCFLAGS=--cap-lints=warn" "-w" "/opt/rustwide/workdir" "--user" "0:0" "2280d00bced60c35e6e47c7c201a5c443e1a2749f4af30690924ef39dd948007" "/opt/rustwide/cargo-home/bin/cargo" "+1.100.0-beta.1" "test" "--frozen" "--release", kill_on_drop: false }`
[INFO] [stderr]     Finished `release` profile [optimized] target(s) in 0.24s
[INFO] [stderr]      Running unittests src/lib.rs (/opt/rustwide/target/release/build/formatjs_cli/379944a704c25437/out/formatjs_cli-379944a704c25437)
[INFO] [stdout] 
[INFO] [stdout] running 226 tests
[INFO] [stdout] test compile::tests::test_compile_pseudo_locale_en_xa_and_en_xb_wrappers ... ok
[INFO] [stdout] test compile::tests::test_compile_pseudo_locale_requires_ast ... ok
[INFO] [stdout] test compile::tests::test_compile_simple_messages ... ok
[INFO] [stdout] test compile::tests::test_compile_icu_plural ... ok
[INFO] [stdout] test compile::tests::test_compile_sorted_keys_with_ast ... ok
[INFO] [stdout] test compile::tests::test_compile_sorted_keys ... ok
[INFO] [stdout] test compile::tests::test_compile_invalid_icu_message ... ok
[INFO] [stdout] test compile::tests::test_compile_skip_errors ... ok
[INFO] [stdout] test compile::tests::test_compile_with_literal_file_path ... ok
[INFO] [stdout] test compile::tests::test_compile_to_ast ... ok
[INFO] [stdout] test compile::tests::test_compile_with_brace_expansion_glob ... ok
[INFO] [stdout] test compile::tests::test_compile_with_glob_pattern ... ok
[INFO] [stdout] test compile::tests::test_compile_multiple_files ... ok
[INFO] [stdout] test compile::tests::test_compile_sorted_keys_multiple_files ... ok
[INFO] [stdout] test compile::tests::test_compile_pseudo_locale_top_level_insertions ... ok
[INFO] [stdout] test compile::tests::test_compile_pseudo_locale_transforms_literal_elements ... ok
[INFO] [stdout] test compile::tests::test_compile_with_crowdin_formatter ... ok
[INFO] [stdout] test compile::tests::test_compile_with_nested_directory_glob ... ok
[INFO] [stdout] test compile::tests::test_compile_with_crowdin_formatter_icu_plural ... ok
[INFO] [stdout] test compile::tests::test_compile_conflict_detection ... ok
[INFO] [stdout] test compile::tests::test_compile_with_transifex_formatter ... ok
[INFO] [stdout] test compile::tests::test_compile_with_literal_file_path_containing_glob_metacharacters ... ok
[INFO] [stdout] test compile::tests::test_compile_with_crowdin_formatter_multiple_files ... ok
[INFO] [stdout] test compile_folder::tests::test_compile_folder_creates_output_dir ... ok
[INFO] [stdout] test compile::tests::test_compile_with_crowdin_formatter_skips_smartling_key ... ok
[INFO] [stdout] test compile::tests::test_compile_with_crowdin_formatter_to_ast ... ok
[INFO] [stdout] test compile::tests::test_compile_with_default_formatter ... ok
[INFO] [stdout] test compile::tests::test_compile_with_crowdin_formatter_missing_message_field ... ok
[INFO] [stdout] test compile::tests::test_compile_with_node_modules_glob ... ok
[INFO] [stdout] test extract::tests::test_extract_base_dir ... ok
[INFO] [stdout] test extract::tests::test_extract_crowdin_format_json_structure ... ok
[INFO] [stdout] test extract::tests::test_extract_base62_vs_base64_vs_hex ... ok
[INFO] [stdout] test compile_folder::tests::test_compile_folder_multiple_files ... ok
[INFO] [stdout] test compile_folder::tests::test_compile_folder_no_json_files ... ok
[INFO] [stdout] test extract::tests::test_extract_deterministic_id_generation ... ok
[INFO] [stdout] test extract::tests::test_extract_id_interpolation_normalizes_escaped_unicode_whitespace ... ok
[INFO] [stdout] test compile_folder::tests::test_compile_folder_partial_failure ... ok
[INFO] [stdout] test extract::tests::test_extract_in_file_with_throws_true_fails_on_missing_input ... ok
[INFO] [stdout] test extract::tests::test_extract_messages_without_id_use_pattern ... ok
[INFO] [stdout] test extract::tests::test_extract_pragma ... ok
[INFO] [stdout] test extract::tests::test_extract_sorted_keys_with_default_formatter ... ok
[INFO] [stdout] test extract::tests::test_extract_sorted_keys ... ok
[INFO] [stdout] test compile_folder::tests::test_compile_folder_simple ... ok
[INFO] [stdout] test extract::tests::test_extract_sources_returns_parse_errors_when_throws_is_false ... ok
[INFO] [stdout] test extract::tests::test_extract_sources_returns_message_errors_when_throws_is_false ... ok
[INFO] [stdout] test compile_folder::tests::test_compile_folder_source_not_directory ... ok
[INFO] [stdout] test extract::tests::test_extract_to_string_reads_rust_message_macro ... ok
[INFO] [stdout] test compile_folder::tests::test_compile_folder_source_not_exists ... ok
[INFO] [stdout] test extract::tests::test_extract_crowdin_format_with_formatted_message_component ... ok
[INFO] [stdout] test extract::tests::test_extract_sources_returns_structured_virtual_source_results ... ok
[INFO] [stdout] test extract::tests::test_extract_brace_expansion_e2e ... ok
[INFO] [stdout] test compile_folder::tests::test_compile_folder_with_formatter ... ok
[INFO] [stdout] test compile_folder::tests::test_compile_folder_to_ast ... ok
[INFO] [stdout] test extract::tests::test_build_component_names ... ok
[INFO] [stdout] test extract::tests::test_build_function_names ... ok
[INFO] [stdout] test compile_folder::tests::test_compile_folder_preserves_structure ... ok
[INFO] [stdout] test extract::tests::test_extract_with_loader_utils_id_interpolation_template ... ok
[INFO] [stdout] test extract::tests::test_extract_to_string_returns_serialized_messages ... ok
[INFO] [stdout] test extract::tests::test_extract_with_base62_interpolation_pattern ... ok
[INFO] [stdout] test extract::tests::test_extract_with_crowdin_format ... ok
[INFO] [stdout] test extract::tests::test_extract_with_crowdin_format_icu_plural ... ok
[INFO] [stdout] test extract::tests::test_extract_with_crowdin_format_icu_select ... ok
[INFO] [stdout] test extract::tests::test_extract_with_crowdin_format_without_description ... ok
[INFO] [stdout] test extract::tests::test_extract_with_custom_id_interpolation_pattern ... ok
[INFO] [stdout] test extract::tests::test_resolve_files_missing_literal_throws ... ok
[INFO] [stdout] test extract::tests::test_is_supported_file ... ok
[INFO] [stdout] test extract::tests::test_resolve_files_nonexistent_base_dir_throws ... ok
[INFO] [stdout] test extract::tests::test_resolve_files_literal_path_containing_glob_metacharacters ... ok
[INFO] [stdout] test extract::tests::test_extract_with_description_affects_generated_id ... ok
[INFO] [stdout] test extract::tests::test_read_file_list ... ok
[INFO] [stdout] test extract::tests::test_extract_with_throws_false_collects_partial_results ... ok
[INFO] [stdout] test extract::tests::test_resolve_files_literal_path ... ok
[INFO] [stdout] test extract::tests::test_extract_with_different_id_patterns ... ok
[INFO] [stdout] test extract::tests::test_resolve_files_nested_directories ... ok
[INFO] [stdout] test extract::tests::test_resolve_files_nonexistent_base_dir ... ok
[INFO] [stdout] test extract::tests::test_extract_with_throws_true_fails_on_missing_input ... ok
[INFO] [stdout] test extract::tests::test_should_ignore ... ok
[INFO] [stdout] test extractor::tests::test_custom_component_names ... ok
[INFO] [stdout] test extractor::tests::test_extract_define_messages ... ok
[INFO] [stdout] test extractor::tests::test_custom_function_names ... ok
[INFO] [stdout] test extractor::tests::test_extract_format_message_call ... ok
[INFO] [stdout] test extractor::tests::test_extract_object_description ... ok
[INFO] [stdout] test extractor::tests::test_extract_with_source_location ... ok
[INFO] [stdout] test extract::tests::test_resolve_files_walk_error_throws ... ok
[INFO] [stdout] test extractor::tests::test_extract_js_file_with_jsx ... ok
[INFO] [stdout] test extractor::tests::test_extract_formatted_message_jsx ... ok
[INFO] [stdout] test extract::tests::test_resolve_files_unsupported_literal_throws ... ok
[INFO] [stdout] test extractor::tests::test_extracts_id_only_messages ... ok
[INFO] [stdout] test extract::tests::test_extract_with_crowdin_format_multiple_files ... ok
[INFO] [stdout] test extract::tests::test_resolve_files_with_brace_expansion ... ok
[INFO] [stdout] test extractor::tests::test_fixture_define_messages_preserve_whitespace ... FAILED
[INFO] [stdout] test extract::tests::test_extract_with_legacy_and_sha_id_interpolation_patterns ... ok
[INFO] [stdout] test extract::tests::test_resolve_files_with_ignore_patterns ... ok
[INFO] [stdout] test extractor::tests::test_fixture_extract_source_location ... FAILED
[INFO] [stdout] test extract::tests::test_extract_with_throws_true_fails_on_error ... ok
[INFO] [stdout] test extractor::tests::test_fixture_inline ... FAILED
[INFO] [stdout] test extractor::tests::test_fixture_type_assertions ... FAILED
[INFO] [stdout] test extractor::tests::test_fixture_formatted_message ... FAILED
[INFO] [stdout] test extractor::tests::test_fixture_nested ... FAILED
[INFO] [stdout] test extractor::tests::test_format_characters_are_not_whitespace ... ok
[INFO] [stdout] test extractor::tests::test_fixture_descriptions_as_objects ... FAILED
[INFO] [stdout] test extractor::tests::test_fixture_no_import ... FAILED
[INFO] [stdout] test extractor::tests::test_fixture_optional_chaining ... FAILED
[INFO] [stdout] test extractor::tests::test_fixture_string_concat ... FAILED
[INFO] [stdout] test extractor::tests::test_fixture_template_literal ... FAILED
[INFO] [stdout] test extractor::tests::test_flatten_error_includes_location_info ... ok
[INFO] [stdout] test extractor::tests::test_get_line_col_uses_utf16_columns ... ok
[INFO] [stdout] test extractor::tests::test_non_static_default_message_throws_includes_location ... ok
[INFO] [stdout] test extractor::tests::test_non_breaking_space_in_message ... ok
[INFO] [stdout] test extractor::tests::test_non_static_id_throws_includes_location ... ok
[INFO] [stdout] test extractor::tests::test_fixture_extract_from_format_message ... FAILED
[INFO] [stdout] test formatters::crowdin::tests::test_crowdin_format_compile_roundtrip ... ok
[INFO] [stdout] test formatters::crowdin::tests::test_crowdin_format_icu_plural ... ok
[INFO] [stdout] test extractor::tests::test_whitespace_preservation ... ok
[INFO] [stdout] test formatters::crowdin::tests::test_crowdin_format_empty_messages ... ok
[INFO] [stdout] test extractor::tests::test_unicode_whitespace_normalization ... ok
[INFO] [stdout] test formatters::crowdin::tests::test_crowdin_format_without_description ... ok
[INFO] [stdout] test extractor::tests::test_non_static_values_no_throw_skips_and_warns ... ok
[INFO] [stdout] test formatters::crowdin::tests::test_crowdin_format_json_structure ... ok
[INFO] [stdout] test extractor::tests::test_typescript_type_guard_no_crash ... ok
[INFO] [stdout] test formatters::crowdin::tests::test_crowdin_format_icu_select ... ok
[INFO] [stdout] test formatters::crowdin::tests::test_crowdin_format_multiple_messages ... ok
[INFO] [stdout] test extractor::tests::test_string_concatenation ... ok
[INFO] [stdout] test formatters::crowdin::tests::test_crowdin_format_basic ... ok
[INFO] [stdout] test formatters::crowdin::tests::test_crowdin_format_with_object_description ... ok
[INFO] [stdout] test formatters::crowdin::tests::test_crowdin_formatter_missing_field ... ok
[INFO] [stdout] test formatters::default::tests::test_default_formatter_basic ... ok
[INFO] [stdout] test formatters::crowdin::tests::test_crowdin_formatter_skips_smartling_key ... ok
[INFO] [stdout] test formatters::default::tests::test_default_formatter_wrong_type ... ok
[INFO] [stdout] test formatters::lokalise::tests::test_lokalise_formatter_basic ... ok
[INFO] [stdout] test formatters::lokalise::tests::test_lokalise_formatter_missing_field ... ok
[INFO] [stdout] test formatters::simple::tests::test_simple_formatter_basic ... ok
[INFO] [stdout] test formatters::lokalise::tests::test_lokalise_formatter_with_metadata ... ok
[INFO] [stdout] test formatters::simple::tests::test_simple_formatter_icu_message ... ok
[INFO] [stdout] test formatters::default::tests::test_default_formatter_missing_field ... ok
[INFO] [stdout] test formatters::smartling::tests::test_smartling_formatter_skips_metadata ... ok
[INFO] [stdout] test formatters::tests::test_formatter_apply_simple ... ok
[INFO] [stdout] test formatters::tests::test_formatter_apply_lokalise ... ok
[INFO] [stdout] test formatters::crowdin::tests::test_crowdin_format_without_default_message ... ok
[INFO] [stdout] test formatters::simple::tests::test_simple_formatter_wrong_type ... ok
[INFO] [stdout] test formatters::crowdin::tests::test_crowdin_formatter_icu_message ... ok
[INFO] [stdout] test formatters::smartling::tests::test_smartling_formatter_basic ... ok
[INFO] [stdout] test formatters::smartling::tests::test_smartling_formatter_missing_field ... ok
[INFO] [stdout] test formatters::tests::test_formatter_apply_crowdin ... ok
[INFO] [stdout] test formatters::tests::test_formatter_apply_default ... ok
[INFO] [stdout] test formatters::crowdin::tests::test_crowdin_formatter_basic ... ok
[INFO] [stdout] test formatters::tests::test_formatter_apply_transifex ... ok
[INFO] [stdout] test formatters::tests::test_formatter_as_str ... ok
[INFO] [stdout] test formatters::transifex::tests::test_transifex_formatter_with_metadata ... ok
[INFO] [stdout] test formatters::tests::test_formatter_apply_smartling ... ok
[INFO] [stdout] test formatters::tests::test_formatter_from_str_case_insensitive ... ok
[INFO] [stdout] test formatters::tests::test_formatter_from_str ... ok
[INFO] [stdout] test formatters::tests::test_formatter_from_str_invalid ... ok
[INFO] [stdout] test formatters::transifex::tests::test_transifex_formatter_basic ... ok
[INFO] [stdout] test formatters::transifex::tests::test_transifex_formatter_missing_field ... ok
[INFO] [stdout] test id_generator::tests::test_generate_id_base62 ... ok
[INFO] [stdout] test id_generator::tests::test_generate_id_base62_different_from_base64 ... ok
[INFO] [stdout] test id_generator::tests::test_generate_id_base62_various_lengths ... ok
[INFO] [stdout] test id_generator::tests::test_generate_id_base62_deterministic ... ok
[INFO] [stdout] test id_generator::tests::test_generate_id_base64_vs_base64url ... ok
[INFO] [stdout] test id_generator::tests::test_generate_id_deterministic ... ok
[INFO] [stdout] test id_generator::tests::test_generate_id_different_lengths ... ok
[INFO] [stdout] test id_generator::tests::test_generate_id_different_messages ... ok
[INFO] [stdout] test id_generator::tests::test_generate_id_hash_alias_shorthand ... ok
[INFO] [stdout] test id_generator::tests::test_generate_id_hash_digest_alias ... ok
[INFO] [stdout] test id_generator::tests::test_generate_id_hex ... ok
[INFO] [stdout] test id_generator::tests::test_generate_id_invalid_encoding ... ok
[INFO] [stdout] test id_generator::tests::test_generate_id_hex_vs_base64 ... ok
[INFO] [stdout] test id_generator::tests::test_generate_id_invalid_format ... ok
[INFO] [stdout] test id_generator::tests::test_generate_id_invalid_hash_algorithm ... ok
[INFO] [stdout] test extractor::tests::test_fixture_additional_function_names ... FAILED
[INFO] [stdout] test extractor::tests::test_fixture_define_messages ... FAILED
[INFO] [stdout] test extractor::tests::test_fixture_format_message_call ... FAILED
[INFO] [stdout] test formatters::default::tests::test_default_formatter_icu_message ... ok
[INFO] [stdout] test extractor::tests::test_fixture_additional_component_names ... FAILED
[INFO] [stdout] test id_generator::tests::test_generate_id_invalid_pattern ... ok
[INFO] [stdout] test id_generator::tests::test_generate_id_loader_utils_file_placeholders ... ok
[INFO] [stdout] test id_generator::tests::test_generate_id_legacy_contenthash_shorthand ... ok
[INFO] [stdout] test id_generator::tests::test_generate_id_matches_typescript_cli ... ok
[INFO] [stdout] test id_generator::tests::test_generate_id_sha1 ... ok
[INFO] [stdout] test id_generator::tests::test_generate_id_sha224_and_sha384 ... ok
[INFO] [stdout] test id_generator::tests::test_generate_id_sha256 ... ok
[INFO] [stdout] test id_generator::tests::test_generate_id_sha512_base64 ... ok
[INFO] [stdout] test id_generator::tests::test_generate_id_sha512_base64url ... ok
[INFO] [stdout] test id_generator::tests::test_generate_id_with_description_affects_hash ... ok
[INFO] [stdout] test verify::tests::test_check_extra_keys_with_extra ... ok
[INFO] [stdout] test rust_extractor::tests::preserves_explicit_id ... ok
[INFO] [stdout] test id_generator::tests::test_generate_id_with_description ... ok
[INFO] [stdout] test verify::tests::test_check_missing_keys ... ok
[INFO] [stdout] test rust_extractor::tests::reports_source_offsets ... ok
[INFO] [stdout] test rust_extractor::tests::extracts_format_message_macros ... ok
[INFO] [stdout] test verify::tests::test_check_structural_equality ... ok
[INFO] [stdout] test verify::tests::test_check_extra_keys ... ok
[INFO] [stdout] test verify::tests::test_check_missing_keys_with_missing ... ok
[INFO] [stdout] test rust_extractor::tests::extracts_message_descriptors ... ok
[INFO] [stdout] test verify::tests::test_check_structural_equality_with_errors ... ok
[INFO] [stdout] test verify::tests::test_compare_message_structure_complex_nested ... ok
[INFO] [stdout] test verify::tests::test_compare_message_structure_date_type_mismatch ... ok
[INFO] [stdout] test verify::tests::test_compare_message_structure_different_variable_name ... ok
[INFO] [stdout] test verify::tests::test_compare_message_structure_date_format ... ok
[INFO] [stdout] test verify::tests::test_compare_message_structure_identical ... ok
[INFO] [stdout] test verify::tests::test_compare_message_structure_invalid_source ... ok
[INFO] [stdout] test verify::tests::test_compare_message_structure_missing_variable ... ok
[INFO] [stdout] test verify::tests::test_compare_message_structure_multiple_variables ... ok
[INFO] [stdout] test verify::tests::test_compare_message_structure_invalid_target ... ok
[INFO] [stdout] test verify::tests::test_compare_message_structure_same_structure_different_text ... ok
[INFO] [stdout] test verify::tests::test_compare_message_structure_type_mismatch ... ok
[INFO] [stdout] test verify::tests::test_compare_message_structure_plural ... ok
[INFO] [stdout] test verify::tests::test_flatten_empty_object ... ok
[INFO] [stdout] test verify::tests::test_extract_keys_empty_object ... ok
[INFO] [stdout] test verify::tests::test_compare_message_structure_multiple_variables_missing_one ... ok
[INFO] [stdout] test verify::tests::test_extract_locale_from_path ... ok
[INFO] [stdout] test verify::tests::test_compare_message_structure_number_format ... ok
[INFO] [stdout] test verify::tests::test_should_ignore ... ok
[INFO] [stdout] test verify::tests::test_should_ignore_empty_patterns ... ok
[INFO] [stdout] test verify::tests::test_compare_message_structure_select ... ok
[INFO] [stdout] test verify::tests::test_should_ignore_with_glob_patterns ... ok
[INFO] [stdout] test verify::tests::test_extract_locale_from_path_complex ... ok
[INFO] [stdout] test verify::tests::test_flatten ... ok
[INFO] [stdout] test verify::tests::test_extract_keys ... ok
[INFO] [stdout] test verify::tests::test_flatten_ignores_non_string_values ... ok
[INFO] [stdout] test verify::tests::test_verify_with_literal_file_paths ... ok
[INFO] [stdout] test verify::tests::test_extract_keys_flat_object ... ok
[INFO] [stdout] test verify::tests::test_verify_with_brace_expansion_glob ... ok
[INFO] [stdout] test verify::tests::test_verify_with_nested_directory_glob ... ok
[INFO] [stdout] test extractor::tests::test_many_non_static_messages_keep_location_lookup_linear ... ok
[INFO] [stdout] 
[INFO] [stdout] failures:
[INFO] [stdout] 
[INFO] [stdout] ---- extractor::tests::test_fixture_define_messages_preserve_whitespace stdout ----
[INFO] [stdout] 
[INFO] [stdout] thread 'extractor::tests::test_fixture_define_messages_preserve_whitespace' (2774) panicked at src/extractor.rs:1450:14:
[INFO] [stdout] Failed to read defineMessagesPreserveWhitespace.tsx: Os { code: 2, kind: NotFound, message: "No such file or directory" }
[INFO] [stdout] stack backtrace:
[INFO] [stdout]    0:     0x62773add43b1 - <<std[617be2ca0a6fd877]::sys::backtrace::BacktraceLock>::print::DisplayBacktrace as core[a373ad73a504971]::fmt::Display>::fmt
[INFO] [stdout]    1:     0x62773adec34a - core[a373ad73a504971]::fmt::write
[INFO] [stdout]    2:     0x62773add8edc - <alloc[2e1b2a31b91974c5]::vec::Vec<u8> as core[a373ad73a504971]::io::write::Write>::write_fmt
[INFO] [stdout]    3:     0x62773adad786 - std[617be2ca0a6fd877]::panicking::default_hook::{closure#0}
[INFO] [stdout]    4:     0x62773adcb4b9 - std[617be2ca0a6fd877]::panicking::default_hook
[INFO] [stdout]    5:     0x62773aa95510 - test[aada8e7e76ba119b]::test_main_inner::{closure#0}
[INFO] [stdout]    6:     0x62773adcb7e2 - std[617be2ca0a6fd877]::panicking::panic_with_hook
[INFO] [stdout]    7:     0x62773adad832 - std[617be2ca0a6fd877]::panicking::panic_handler::{closure#0}
[INFO] [stdout]    8:     0x62773ada5bd9 - std[617be2ca0a6fd877]::sys::backtrace::__rust_end_short_backtrace::<std[617be2ca0a6fd877]::panicking::panic_handler::{closure#0}, !>
[INFO] [stdout]    9:     0x62773adae63d - __rustc[ea4f61d10b84890b]::rust_begin_unwind
[INFO] [stdout]   10:     0x62773adecb2c - core[a373ad73a504971]::panicking::panic_fmt
[INFO] [stdout]   11:     0x62773adec902 - core[a373ad73a504971]::result::unwrap_failed
[INFO] [stdout]   12:     0x62773a9b6d35 - <formatjs_cli[6e2394deb7399bcb]::extractor::tests::test_fixture_define_messages_preserve_whitespace::{closure#0} as core[a373ad73a504971]::ops::function::FnOnce<()>>::call_once
[INFO] [stdout]   13:     0x62773aa8895b - test[aada8e7e76ba119b]::__rust_begin_short_backtrace::<core[a373ad73a504971]::result::Result<(), alloc[2e1b2a31b91974c5]::string::String>, fn() -> core[a373ad73a504971]::result::Result<(), alloc[2e1b2a31b91974c5]::string::String>>
[INFO] [stdout]   14:     0x62773aa95b35 - test[aada8e7e76ba119b]::run_test::{closure#0}
[INFO] [stdout]   15:     0x62773aa8f424 - std[617be2ca0a6fd877]::sys::backtrace::__rust_begin_short_backtrace::<test[aada8e7e76ba119b]::run_test::{closure#1}, ()>
[INFO] [stdout]   16:     0x62773aa98bc2 - <std[617be2ca0a6fd877]::thread::lifecycle::spawn_unchecked<test[aada8e7e76ba119b]::run_test::{closure#1}, ()>::{closure#1} as core[a373ad73a504971]::ops::function::FnOnce<()>>::call_once::{shim:vtable#0}
[INFO] [stdout]   17:     0x62773add368f - <std[617be2ca0a6fd877]::sys::thread::unix::Thread>::new::thread_start
[INFO] [stdout]   18:     0x7ca4376dcdfa - <unknown>
[INFO] [stdout]   19:     0x7ca4377703d4 - clone
[INFO] [stdout]   20:                0x0 - <unknown>
[INFO] [stdout] 
[INFO] [stdout] ---- extractor::tests::test_fixture_extract_source_location stdout ----
[INFO] [stdout] 
[INFO] [stdout] thread 'extractor::tests::test_fixture_extract_source_location' (2777) panicked at src/extractor.rs:1644:47:
[INFO] [stdout] Failed to read extractSourceLocation.tsx: Os { code: 2, kind: NotFound, message: "No such file or directory" }
[INFO] [stdout] stack backtrace:
[INFO] [stdout]    0:     0x62773add43b1 - <<std[617be2ca0a6fd877]::sys::backtrace::BacktraceLock>::print::DisplayBacktrace as core[a373ad73a504971]::fmt::Display>::fmt
[INFO] [stdout]    1:     0x62773adec34a - core[a373ad73a504971]::fmt::write
[INFO] [stdout]    2:     0x62773add8edc - <alloc[2e1b2a31b91974c5]::vec::Vec<u8> as core[a373ad73a504971]::io::write::Write>::write_fmt
[INFO] [stdout]    3:     0x62773adad786 - std[617be2ca0a6fd877]::panicking::default_hook::{closure#0}
[INFO] [stdout]    4:     0x62773adcb4b9 - std[617be2ca0a6fd877]::panicking::default_hook
[INFO] [stdout]    5:     0x62773aa95510 - test[aada8e7e76ba119b]::test_main_inner::{closure#0}
[INFO] [stdout]    6:     0x62773adcb7e2 - std[617be2ca0a6fd877]::panicking::panic_with_hook
[INFO] [stdout]    7:     0x62773adad832 - std[617be2ca0a6fd877]::panicking::panic_handler::{closure#0}
[INFO] [stdout]    8:     0x62773ada5bd9 - std[617be2ca0a6fd877]::sys::backtrace::__rust_end_short_backtrace::<std[617be2ca0a6fd877]::panicking::panic_handler::{closure#0}, !>
[INFO] [stdout]    9:     0x62773adae63d - __rustc[ea4f61d10b84890b]::rust_begin_unwind
[INFO] [stdout]   10:     0x62773adecb2c - core[a373ad73a504971]::panicking::panic_fmt
[INFO] [stdout]   11:     0x62773adec902 - core[a373ad73a504971]::result::unwrap_failed
[INFO] [stdout]   12:     0x62773a9b40d7 - <formatjs_cli[6e2394deb7399bcb]::extractor::tests::test_fixture_extract_source_location::{closure#0} as core[a373ad73a504971]::ops::function::FnOnce<()>>::call_once
[INFO] [stdout]   13:     0x62773aa8895b - test[aada8e7e76ba119b]::__rust_begin_short_backtrace::<core[a373ad73a504971]::result::Result<(), alloc[2e1b2a31b91974c5]::string::String>, fn() -> core[a373ad73a504971]::result::Result<(), alloc[2e1b2a31b91974c5]::string::String>>
[INFO] [stdout]   14:     0x62773aa95b35 - test[aada8e7e76ba119b]::run_test::{closure#0}
[INFO] [stdout]   15:     0x62773aa8f424 - std[617be2ca0a6fd877]::sys::backtrace::__rust_begin_short_backtrace::<test[aada8e7e76ba119b]::run_test::{closure#1}, ()>
[INFO] [stdout]   16:     0x62773aa98bc2 - <std[617be2ca0a6fd877]::thread::lifecycle::spawn_unchecked<test[aada8e7e76ba119b]::run_test::{closure#1}, ()>::{closure#1} as core[a373ad73a504971]::ops::function::FnOnce<()>>::call_once::{shim:vtable#0}
[INFO] [stdout]   17:     0x62773add368f - <std[617be2ca0a6fd877]::sys::thread::unix::Thread>::new::thread_start
[INFO] [stdout]   18:     0x7ca4376dcdfa - <unknown>
[INFO] [stdout]   19:     0x7ca4377703d4 - clone
[INFO] [stdout]   20:                0x0 - <unknown>
[INFO] [stdout] 
[INFO] [stdout] ---- extractor::tests::test_fixture_inline stdout ----
[INFO] [stdout] 
[INFO] [stdout] thread 'extractor::tests::test_fixture_inline' (2780) panicked at src/extractor.rs:1426:14:
[INFO] [stdout] Failed to extract from inline.tsx: Failed to read fixture inline.tsx
[INFO] [stdout] 
[INFO] [stdout] Caused by:
[INFO] [stdout]     No such file or directory (os error 2)
[INFO] [stdout] 
[INFO] [stdout] Stack backtrace:
[INFO] [stdout]    0: <core::io::error::Error as anyhow::context::ext::StdError>::ext_context::<alloc::string::String>
[INFO] [stdout]    1: formatjs_cli::extractor::tests::extract_from_fixture
[INFO] [stdout]    2: <formatjs_cli::extractor::tests::test_fixture_inline::{closure#0} as core::ops::function::FnOnce<()>>::call_once
[INFO] [stdout]    3: test::__rust_begin_short_backtrace::<core::result::Result<(), alloc::string::String>, fn() -> core::result::Result<(), alloc::string::String>>
[INFO] [stdout]    4: test::run_test::{closure#0}
[INFO] [stdout]    5: std::sys::backtrace::__rust_begin_short_backtrace::<test::run_test::{closure#1}, ()>
[INFO] [stdout]    6: <std::thread::lifecycle::spawn_unchecked<test::run_test::{closure#1}, ()>::{closure#1} as core::ops::function::FnOnce<()>>::call_once::{shim:vtable#0}
[INFO] [stdout]    7: <std::sys::thread::unix::Thread>::new::thread_start
[INFO] [stdout]    8: <unknown>
[INFO] [stdout]    9: clone
[INFO] [stdout] stack backtrace:
[INFO] [stdout]    0:     0x62773add43b1 - <<std[617be2ca0a6fd877]::sys::backtrace::BacktraceLock>::print::DisplayBacktrace as core[a373ad73a504971]::fmt::Display>::fmt
[INFO] [stdout]    1:     0x62773adec34a - core[a373ad73a504971]::fmt::write
[INFO] [stdout]    2:     0x62773add8edc - <alloc[2e1b2a31b91974c5]::vec::Vec<u8> as core[a373ad73a504971]::io::write::Write>::write_fmt
[INFO] [stdout]    3:     0x62773adad786 - std[617be2ca0a6fd877]::panicking::default_hook::{closure#0}
[INFO] [stdout]    4:     0x62773adcb4b9 - std[617be2ca0a6fd877]::panicking::default_hook
[INFO] [stdout]    5:     0x62773aa95510 - test[aada8e7e76ba119b]::test_main_inner::{closure#0}
[INFO] [stdout]    6:     0x62773adcb7e2 - std[617be2ca0a6fd877]::panicking::panic_with_hook
[INFO] [stdout]    7:     0x62773adad832 - std[617be2ca0a6fd877]::panicking::panic_handler::{closure#0}
[INFO] [stdout]    8:     0x62773ada5bd9 - std[617be2ca0a6fd877]::sys::backtrace::__rust_end_short_backtrace::<std[617be2ca0a6fd877]::panicking::panic_handler::{closure#0}, !>
[INFO] [stdout]    9:     0x62773adae63d - __rustc[ea4f61d10b84890b]::rust_begin_unwind
[INFO] [stdout]   10:     0x62773adecb2c - core[a373ad73a504971]::panicking::panic_fmt
[INFO] [stdout]   11:     0x62773adec902 - core[a373ad73a504971]::result::unwrap_failed
[INFO] [stdout]   12:     0x62773a9a99bd - <formatjs_cli[6e2394deb7399bcb]::extractor::tests::test_fixture_inline::{closure#0} as core[a373ad73a504971]::ops::function::FnOnce<()>>::call_once
[INFO] [stdout]   13:     0x62773aa8895b - test[aada8e7e76ba119b]::__rust_begin_short_backtrace::<core[a373ad73a504971]::result::Result<(), alloc[2e1b2a31b91974c5]::string::String>, fn() -> core[a373ad73a504971]::result::Result<(), alloc[2e1b2a31b91974c5]::string::String>>
[INFO] [stdout]   14:     0x62773aa95b35 - test[aada8e7e76ba119b]::run_test::{closure#0}
[INFO] [stdout]   15:     0x62773aa8f424 - std[617be2ca0a6fd877]::sys::backtrace::__rust_begin_short_backtrace::<test[aada8e7e76ba119b]::run_test::{closure#1}, ()>
[INFO] [stdout]   16:     0x62773aa98bc2 - <std[617be2ca0a6fd877]::thread::lifecycle::spawn_unchecked<test[aada8e7e76ba119b]::run_test::{closure#1}, ()>::{closure#1} as core[a373ad73a504971]::ops::function::FnOnce<()>>::call_once::{shim:vtable#0}
[INFO] [stdout]   17:     0x62773add368f - <std[617be2ca0a6fd877]::sys::thread::unix::Thread>::new::thread_start
[INFO] [stdout]   18:     0x7ca4376dcdfa - <unknown>
[INFO] [stdout]   19:     0x7ca4377703d4 - clone
[INFO] [stdout]   20:                0x0 - <unknown>
[INFO] [stdout] 
[INFO] [stdout] ---- extractor::tests::test_fixture_type_assertions stdout ----
[INFO] [stdout] 
[INFO] [stdout] thread 'extractor::tests::test_fixture_type_assertions' (2786) panicked at src/extractor.rs:1197:10:
[INFO] [stdout] Failed to extract from typeAssertions.tsx: Failed to read fixture typeAssertions.tsx
[INFO] [stdout] 
[INFO] [stdout] Caused by:
[INFO] [stdout]     No such file or directory (os error 2)
[INFO] [stdout] 
[INFO] [stdout] Stack backtrace:
[INFO] [stdout]    0: <core::io::error::Error as anyhow::context::ext::StdError>::ext_context::<alloc::string::String>
[INFO] [stdout]    1: formatjs_cli::extractor::tests::extract_from_fixture
[INFO] [stdout]    2: <formatjs_cli::extractor::tests::test_fixture_type_assertions::{closure#0} as core::ops::function::FnOnce<()>>::call_once
[INFO] [stdout]    3: test::__rust_begin_short_backtrace::<core::result::Result<(), alloc::string::String>, fn() -> core::result::Result<(), alloc::string::String>>
[INFO] [stdout]    4: test::run_test::{closure#0}
[INFO] [stdout]    5: std::sys::backtrace::__rust_begin_short_backtrace::<test::run_test::{closure#1}, ()>
[INFO] [stdout]    6: <std::thread::lifecycle::spawn_unchecked<test::run_test::{closure#1}, ()>::{closure#1} as core::ops::function::FnOnce<()>>::call_once::{shim:vtable#0}
[INFO] [stdout]    7: <std::sys::thread::unix::Thread>::new::thread_start
[INFO] [stdout]    8: <unknown>
[INFO] [stdout]    9: clone
[INFO] [stdout] stack backtrace:
[INFO] [stdout]    0:     0x62773add43b1 - <<std[617be2ca0a6fd877]::sys::backtrace::BacktraceLock>::print::DisplayBacktrace as core[a373ad73a504971]::fmt::Display>::fmt
[INFO] [stdout]    1:     0x62773adec34a - core[a373ad73a504971]::fmt::write
[INFO] [stdout]    2:     0x62773add8edc - <alloc[2e1b2a31b91974c5]::vec::Vec<u8> as core[a373ad73a504971]::io::write::Write>::write_fmt
[INFO] [stdout]    3:     0x62773adad786 - std[617be2ca0a6fd877]::panicking::default_hook::{closure#0}
[INFO] [stdout]    4:     0x62773adcb4b9 - std[617be2ca0a6fd877]::panicking::default_hook
[INFO] [stdout]    5:     0x62773aa95510 - test[aada8e7e76ba119b]::test_main_inner::{closure#0}
[INFO] [stdout]    6:     0x62773adcb7e2 - std[617be2ca0a6fd877]::panicking::panic_with_hook
[INFO] [stdout]    7:     0x62773adad832 - std[617be2ca0a6fd877]::panicking::panic_handler::{closure#0}
[INFO] [stdout]    8:     0x62773ada5bd9 - std[617be2ca0a6fd877]::sys::backtrace::__rust_end_short_backtrace::<std[617be2ca0a6fd877]::panicking::panic_handler::{closure#0}, !>
[INFO] [stdout]    9:     0x62773adae63d - __rustc[ea4f61d10b84890b]::rust_begin_unwind
[INFO] [stdout]   10:     0x62773adecb2c - core[a373ad73a504971]::panicking::panic_fmt
[INFO] [stdout]   11:     0x62773adec902 - core[a373ad73a504971]::result::unwrap_failed
[INFO] [stdout]   12:     0x62773a9ae3dd - <formatjs_cli[6e2394deb7399bcb]::extractor::tests::test_fixture_type_assertions::{closure#0} as core[a373ad73a504971]::ops::function::FnOnce<()>>::call_once
[INFO] [stdout]   13:     0x62773aa8895b - test[aada8e7e76ba119b]::__rust_begin_short_backtrace::<core[a373ad73a504971]::result::Result<(), alloc[2e1b2a31b91974c5]::string::String>, fn() -> core[a373ad73a504971]::result::Result<(), alloc[2e1b2a31b91974c5]::string::String>>
[INFO] [stdout]   14:     0x62773aa95b35 - test[aada8e7e76ba119b]::run_test::{closure#0}
[INFO] [stdout]   15:     0x62773aa8f424 - std[617be2ca0a6fd877]::sys::backtrace::__rust_begin_short_backtrace::<test[aada8e7e76ba119b]::run_test::{closure#1}, ()>
[INFO] [stdout]   16:     0x62773aa98bc2 - <std[617be2ca0a6fd877]::thread::lifecycle::spawn_unchecked<test[aada8e7e76ba119b]::run_test::{closure#1}, ()>::{closure#1} as core[a373ad73a504971]::ops::function::FnOnce<()>>::call_once::{shim:vtable#0}
[INFO] [stdout]   17:     0x62773add368f - <std[617be2ca0a6fd877]::sys::thread::unix::Thread>::new::thread_start
[INFO] [stdout]   18:     0x7ca4376dcdfa - <unknown>
[INFO] [stdout]   19:     0x7ca4377703d4 - clone
[INFO] [stdout]   20:                0x0 - <unknown>
[INFO] [stdout] 
[INFO] [stdout] ---- extractor::tests::test_fixture_formatted_message stdout ----
[INFO] [stdout] 
[INFO] [stdout] thread 'extractor::tests::test_fixture_formatted_message' (2779) panicked at src/extractor.rs:1165:10:
[INFO] [stdout] Failed to extract from FormattedMessage.tsx: Failed to read fixture FormattedMessage.tsx
[INFO] [stdout] 
[INFO] [stdout] Caused by:
[INFO] [stdout]     No such file or directory (os error 2)
[INFO] [stdout] 
[INFO] [stdout] Stack backtrace:
[INFO] [stdout]    0: <core::io::error::Error as anyhow::context::ext::StdError>::ext_context::<alloc::string::String>
[INFO] [stdout]    1: formatjs_cli::extractor::tests::extract_from_fixture
[INFO] [stdout]    2: <formatjs_cli::extractor::tests::test_fixture_formatted_message::{closure#0} as core::ops::function::FnOnce<()>>::call_once
[INFO] [stdout]    3: test::__rust_begin_short_backtrace::<core::result::Result<(), alloc::string::String>, fn() -> core::result::Result<(), alloc::string::String>>
[INFO] [stdout]    4: test::run_test::{closure#0}
[INFO] [stdout]    5: std::sys::backtrace::__rust_begin_short_backtrace::<test::run_test::{closure#1}, ()>
[INFO] [stdout]    6: <std::thread::lifecycle::spawn_unchecked<test::run_test::{closure#1}, ()>::{closure#1} as core::ops::function::FnOnce<()>>::call_once::{shim:vtable#0}
[INFO] [stdout]    7: <std::sys::thread::unix::Thread>::new::thread_start
[INFO] [stdout]    8: <unknown>
[INFO] [stdout]    9: clone
[INFO] [stdout] stack backtrace:
[INFO] [stdout]    0:     0x62773add43b1 - <<std[617be2ca0a6fd877]::sys::backtrace::BacktraceLock>::print::DisplayBacktrace as core[a373ad73a504971]::fmt::Display>::fmt
[INFO] [stdout]    1:     0x62773adec34a - core[a373ad73a504971]::fmt::write
[INFO] [stdout]    2:     0x62773add8edc - <alloc[2e1b2a31b91974c5]::vec::Vec<u8> as core[a373ad73a504971]::io::write::Write>::write_fmt
[INFO] [stdout]    3:     0x62773adad786 - std[617be2ca0a6fd877]::panicking::default_hook::{closure#0}
[INFO] [stdout]    4:     0x62773adcb4b9 - std[617be2ca0a6fd877]::panicking::default_hook
[INFO] [stdout]    5:     0x62773aa95510 - test[aada8e7e76ba119b]::test_main_inner::{closure#0}
[INFO] [stdout]    6:     0x62773adcb7e2 - std[617be2ca0a6fd877]::panicking::panic_with_hook
[INFO] [stdout]    7:     0x62773adad832 - std[617be2ca0a6fd877]::panicking::panic_handler::{closure#0}
[INFO] [stdout]    8:     0x62773ada5bd9 - std[617be2ca0a6fd877]::sys::backtrace::__rust_end_short_backtrace::<std[617be2ca0a6fd877]::panicking::panic_handler::{closure#0}, !>
[INFO] [stdout]    9:     0x62773adae63d - __rustc[ea4f61d10b84890b]::rust_begin_unwind
[INFO] [stdout]   10:     0x62773adecb2c - core[a373ad73a504971]::panicking::panic_fmt
[INFO] [stdout]   11:     0x62773adec902 - core[a373ad73a504971]::result::unwrap_failed
[INFO] [stdout]   12:     0x62773a9b062a - <formatjs_cli[6e2394deb7399bcb]::extractor::tests::test_fixture_formatted_message::{closure#0} as core[a373ad73a504971]::ops::function::FnOnce<()>>::call_once
[INFO] [stdout]   13:     0x62773aa8895b - test[aada8e7e76ba119b]::__rust_begin_short_backtrace::<core[a373ad73a504971]::result::Result<(), alloc[2e1b2a31b91974c5]::string::String>, fn() -> core[a373ad73a504971]::result::Result<(), alloc[2e1b2a31b91974c5]::string::String>>
[INFO] [stdout]   14:     0x62773aa95b35 - test[aada8e7e76ba119b]::run_test::{closure#0}
[INFO] [stdout]   15:     0x62773aa8f424 - std[617be2ca0a6fd877]::sys::backtrace::__rust_begin_short_backtrace::<test[aada8e7e76ba119b]::run_test::{closure#1}, ()>
[INFO] [stdout]   16:     0x62773aa98bc2 - <std[617be2ca0a6fd877]::thread::lifecycle::spawn_unchecked<test[aada8e7e76ba119b]::run_test::{closure#1}, ()>::{closure#1} as core[a373ad73a504971]::ops::function::FnOnce<()>>::call_once::{shim:vtable#0}
[INFO] [stdout]   17:     0x62773add368f - <std[617be2ca0a6fd877]::sys::thread::unix::Thread>::new::thread_start
[INFO] [stdout]   18:     0x7ca4376dcdfa - <unknown>
[INFO] [stdout]   19:     0x7ca4377703d4 - clone
[INFO] [stdout]   20:                0x0 - <unknown>
[INFO] [stdout] 
[INFO] [stdout] ---- extractor::tests::test_fixture_nested stdout ----
[INFO] [stdout] 
[INFO] [stdout] thread 'extractor::tests::test_fixture_nested' (2781) panicked at src/extractor.rs:1384:14:
[INFO] [stdout] Failed to extract from nested.tsx: Failed to read fixture nested.tsx
[INFO] [stdout] 
[INFO] [stdout] Caused by:
[INFO] [stdout]     No such file or directory (os error 2)
[INFO] [stdout] 
[INFO] [stdout] Stack backtrace:
[INFO] [stdout]    0: <core::io::error::Error as anyhow::context::ext::StdError>::ext_context::<alloc::string::String>
[INFO] [stderr] error: test failed, to rerun pass `--lib`
[INFO] [stdout]    1: formatjs_cli::extractor::tests::extract_from_fixture
[INFO] [stdout]    2: <formatjs_cli::extractor::tests::test_fixture_nested::{closure#0} as core::ops::function::FnOnce<()>>::call_once
[INFO] [stdout]    3: test::__rust_begin_short_backtrace::<core::result::Result<(), alloc::string::String>, fn() -> core::result::Result<(), alloc::string::String>>
[INFO] [stdout]    4: test::run_test::{closure#0}
[INFO] [stdout]    5: std::sys::backtrace::__rust_begin_short_backtrace::<test::run_test::{closure#1}, ()>
[INFO] [stdout]    6: <std::thread::lifecycle::spawn_unchecked<test::run_test::{closure#1}, ()>::{closure#1} as core::ops::function::FnOnce<()>>::call_once::{shim:vtable#0}
[INFO] [stdout]    7: <std::sys::thread::unix::Thread>::new::thread_start
[INFO] [stdout]    8: <unknown>
[INFO] [stdout]    9: clone
[INFO] [stdout] stack backtrace:
[INFO] [stdout]    0:     0x62773add43b1 - <<std[617be2ca0a6fd877]::sys::backtrace::BacktraceLock>::print::DisplayBacktrace as core[a373ad73a504971]::fmt::Display>::fmt
[INFO] [stdout]    1:     0x62773adec34a - core[a373ad73a504971]::fmt::write
[INFO] [stdout]    2:     0x62773add8edc - <alloc[2e1b2a31b91974c5]::vec::Vec<u8> as core[a373ad73a504971]::io::write::Write>::write_fmt
[INFO] [stdout]    3:     0x62773adad786 - std[617be2ca0a6fd877]::panicking::default_hook::{closure#0}
[INFO] [stdout]    4:     0x62773adcb4b9 - std[617be2ca0a6fd877]::panicking::default_hook
[INFO] [stdout]    5:     0x62773aa95510 - test[aada8e7e76ba119b]::test_main_inner::{closure#0}
[INFO] [stdout]    6:     0x62773adcb7e2 - std[617be2ca0a6fd877]::panicking::panic_with_hook
[INFO] [stdout]    7:     0x62773adad832 - std[617be2ca0a6fd877]::panicking::panic_handler::{closure#0}
[INFO] [stdout]    8:     0x62773ada5bd9 - std[617be2ca0a6fd877]::sys::backtrace::__rust_end_short_backtrace::<std[617be2ca0a6fd877]::panicking::panic_handler::{closure#0}, !>
[INFO] [stdout]    9:     0x62773adae63d - __rustc[ea4f61d10b84890b]::rust_begin_unwind
[INFO] [stdout]   10:     0x62773adecb2c - core[a373ad73a504971]::panicking::panic_fmt
[INFO] [stdout]   11:     0x62773adec902 - core[a373ad73a504971]::result::unwrap_failed
[INFO] [stdout]   12:     0x62773a9a9e17 - <formatjs_cli[6e2394deb7399bcb]::extractor::tests::test_fixture_nested::{closure#0} as core[a373ad73a504971]::ops::function::FnOnce<()>>::call_once
[INFO] [stdout]   13:     0x62773aa8895b - test[aada8e7e76ba119b]::__rust_begin_short_backtrace::<core[a373ad73a504971]::result::Result<(), alloc[2e1b2a31b91974c5]::string::String>, fn() -> core[a373ad73a504971]::result::Result<(), alloc[2e1b2a31b91974c5]::string::String>>
[INFO] [stdout]   14:     0x62773aa95b35 - test[aada8e7e76ba119b]::run_test::{closure#0}
[INFO] [stdout]   15:     0x62773aa8f424 - std[617be2ca0a6fd877]::sys::backtrace::__rust_begin_short_backtrace::<test[aada8e7e76ba119b]::run_test::{closure#1}, ()>
[INFO] [stdout]   16:     0x62773aa98bc2 - <std[617be2ca0a6fd877]::thread::lifecycle::spawn_unchecked<test[aada8e7e76ba119b]::run_test::{closure#1}, ()>::{closure#1} as core[a373ad73a504971]::ops::function::FnOnce<()>>::call_once::{shim:vtable#0}
[INFO] [stdout]   17:     0x62773add368f - <std[617be2ca0a6fd877]::sys::thread::unix::Thread>::new::thread_start
[INFO] [stdout]   18:     0x7ca4376dcdfa - <unknown>
[INFO] [stdout]   19:     0x7ca4377703d4 - clone
[INFO] [stdout]   20:                0x0 - <unknown>
[INFO] [stdout] 
[INFO] [stdout] ---- extractor::tests::test_fixture_descriptions_as_objects stdout ----
[INFO] [stdout] 
[INFO] [stdout] thread 'extractor::tests::test_fixture_descriptions_as_objects' (2775) panicked at src/extractor.rs:1330:10:
[INFO] [stdout] Failed to extract from descriptionsAsObjects.tsx: Failed to read fixture descriptionsAsObjects.tsx
[INFO] [stdout] 
[INFO] [stdout] Caused by:
[INFO] [stdout]     No such file or directory (os error 2)
[INFO] [stdout] 
[INFO] [stdout] Stack backtrace:
[INFO] [stdout]    0: <core::io::error::Error as anyhow::context::ext::StdError>::ext_context::<alloc::string::String>
[INFO] [stdout]    1: formatjs_cli::extractor::tests::extract_from_fixture
[INFO] [stdout]    2: <formatjs_cli::extractor::tests::test_fixture_descriptions_as_objects::{closure#0} as core::ops::function::FnOnce<()>>::call_once
[INFO] [stdout]    3: test::__rust_begin_short_backtrace::<core::result::Result<(), alloc::string::String>, fn() -> core::result::Result<(), alloc::string::String>>
[INFO] [stdout]    4: test::run_test::{closure#0}
[INFO] [stdout]    5: std::sys::backtrace::__rust_begin_short_backtrace::<test::run_test::{closure#1}, ()>
[INFO] [stdout]    6: <std::thread::lifecycle::spawn_unchecked<test::run_test::{closure#1}, ()>::{closure#1} as core::ops::function::FnOnce<()>>::call_once::{shim:vtable#0}
[INFO] [stdout]    7: <std::sys::thread::unix::Thread>::new::thread_start
[INFO] [stdout]    8: <unknown>
[INFO] [stdout]    9: clone
[INFO] [stdout] stack backtrace:
[INFO] [stdout]    0:     0x62773add43b1 - <<std[617be2ca0a6fd877]::sys::backtrace::BacktraceLock>::print::DisplayBacktrace as core[a373ad73a504971]::fmt::Display>::fmt
[INFO] [stdout]    1:     0x62773adec34a - core[a373ad73a504971]::fmt::write
[INFO] [stdout]    2:     0x62773add8edc - <alloc[2e1b2a31b91974c5]::vec::Vec<u8> as core[a373ad73a504971]::io::write::Write>::write_fmt
[INFO] [stdout]    3:     0x62773adad786 - std[617be2ca0a6fd877]::panicking::default_hook::{closure#0}
[INFO] [stdout]    4:     0x62773adcb4b9 - std[617be2ca0a6fd877]::panicking::default_hook
[INFO] [stdout]    5:     0x62773aa95510 - test[aada8e7e76ba119b]::test_main_inner::{closure#0}
[INFO] [stdout]    6:     0x62773adcb7e2 - std[617be2ca0a6fd877]::panicking::panic_with_hook
[INFO] [stdout]    7:     0x62773adad832 - std[617be2ca0a6fd877]::panicking::panic_handler::{closure#0}
[INFO] [stdout]    8:     0x62773ada5bd9 - std[617be2ca0a6fd877]::sys::backtrace::__rust_end_short_backtrace::<std[617be2ca0a6fd877]::panicking::panic_handler::{closure#0}, !>
[INFO] [stdout]    9:     0x62773adae63d - __rustc[ea4f61d10b84890b]::rust_begin_unwind
[INFO] [stdout]   10:     0x62773adecb2c - core[a373ad73a504971]::panicking::panic_fmt
[INFO] [stdout]   11:     0x62773adec902 - core[a373ad73a504971]::result::unwrap_failed
[INFO] [stdout]   12:     0x62773a9b3c9a - <formatjs_cli[6e2394deb7399bcb]::extractor::tests::test_fixture_descriptions_as_objects::{closure#0} as core[a373ad73a504971]::ops::function::FnOnce<()>>::call_once
[INFO] [stdout]   13:     0x62773aa8895b - test[aada8e7e76ba119b]::__rust_begin_short_backtrace::<core[a373ad73a504971]::result::Result<(), alloc[2e1b2a31b91974c5]::string::String>, fn() -> core[a373ad73a504971]::result::Result<(), alloc[2e1b2a31b91974c5]::string::String>>
[INFO] [stdout]   14:     0x62773aa95b35 - test[aada8e7e76ba119b]::run_test::{closure#0}
[INFO] [stdout]   15:     0x62773aa8f424 - std[617be2ca0a6fd877]::sys::backtrace::__rust_begin_short_backtrace::<test[aada8e7e76ba119b]::run_test::{closure#1}, ()>
[INFO] [stdout]   16:     0x62773aa98bc2 - <std[617be2ca0a6fd877]::thread::lifecycle::spawn_unchecked<test[aada8e7e76ba119b]::run_test::{closure#1}, ()>::{closure#1} as core[a373ad73a504971]::ops::function::FnOnce<()>>::call_once::{shim:vtable#0}
[INFO] [stdout]   17:     0x62773add368f - <std[617be2ca0a6fd877]::sys::thread::unix::Thread>::new::thread_start
[INFO] [stdout]   18:     0x7ca4376dcdfa - <unknown>
[INFO] [stdout]   19:     0x7ca4377703d4 - clone
[INFO] [stdout]   20:                0x0 - <unknown>
[INFO] [stdout] 
[INFO] [stdout] ---- extractor::tests::test_fixture_no_import stdout ----
[INFO] [stdout] 
[INFO] [stdout] thread 'extractor::tests::test_fixture_no_import' (2782) panicked at src/extractor.rs:1572:18:
[INFO] [stdout] Failed to extract from noImport.tsx: Failed to read fixture noImport.tsx
[INFO] [stdout] 
[INFO] [stdout] Caused by:
[INFO] [stdout]     No such file or directory (os error 2)
[INFO] [stdout] 
[INFO] [stdout] Stack backtrace:
[INFO] [stdout]    0: <core::io::error::Error as anyhow::context::ext::StdError>::ext_context::<alloc::string::String>
[INFO] [stdout]    1: formatjs_cli::extractor::tests::extract_from_fixture
[INFO] [stdout]    2: <formatjs_cli::extractor::tests::test_fixture_no_import::{closure#0} as core::ops::function::FnOnce<()>>::call_once
[INFO] [stdout]    3: test::__rust_begin_short_backtrace::<core::result::Result<(), alloc::string::String>, fn() -> core::result::Result<(), alloc::string::String>>
[INFO] [stdout]    4: test::run_test::{closure#0}
[INFO] [stdout]    5: std::sys::backtrace::__rust_begin_short_backtrace::<test::run_test::{closure#1}, ()>
[INFO] [stdout]    6: <std::thread::lifecycle::spawn_unchecked<test::run_test::{closure#1}, ()>::{closure#1} as core::ops::function::FnOnce<()>>::call_once::{shim:vtable#0}
[INFO] [stdout]    7: <std::sys::thread::unix::Thread>::new::thread_start
[INFO] [stdout]    8: <unknown>
[INFO] [stdout]    9: clone
[INFO] [stdout] stack backtrace:
[INFO] [stdout]    0:     0x62773add43b1 - <<std[617be2ca0a6fd877]::sys::backtrace::BacktraceLock>::print::DisplayBacktrace as core[a373ad73a504971]::fmt::Display>::fmt
[INFO] [stdout]    1:     0x62773adec34a - core[a373ad73a504971]::fmt::write
[INFO] [stdout]    2:     0x62773add8edc - <alloc[2e1b2a31b91974c5]::vec::Vec<u8> as core[a373ad73a504971]::io::write::Write>::write_fmt
[INFO] [stdout]    3:     0x62773adad786 - std[617be2ca0a6fd877]::panicking::default_hook::{closure#0}
[INFO] [stdout]    4:     0x62773adcb4b9 - std[617be2ca0a6fd877]::panicking::default_hook
[INFO] [stdout]    5:     0x62773aa95510 - test[aada8e7e76ba119b]::test_main_inner::{closure#0}
[INFO] [stdout]    6:     0x62773adcb7e2 - std[617be2ca0a6fd877]::panicking::panic_with_hook
[INFO] [stdout]    7:     0x62773adad832 - std[617be2ca0a6fd877]::panicking::panic_handler::{closure#0}
[INFO] [stdout]    8:     0x62773ada5bd9 - std[617be2ca0a6fd877]::sys::backtrace::__rust_end_short_backtrace::<std[617be2ca0a6fd877]::panicking::panic_handler::{closure#0}, !>
[INFO] [stdout]    9:     0x62773adae63d - __rustc[ea4f61d10b84890b]::rust_begin_unwind
[INFO] [stdout]   10:     0x62773adecb2c - core[a373ad73a504971]::panicking::panic_fmt
[INFO] [stdout]   11:     0x62773adec902 - core[a373ad73a504971]::result::unwrap_failed
[INFO] [stdout]   12:     0x62773a9aae17 - <formatjs_cli[6e2394deb7399bcb]::extractor::tests::test_fixture_no_import::{closure#0} as core[a373ad73a504971]::ops::function::FnOnce<()>>::call_once
[INFO] [stdout]   13:     0x62773aa8895b - test[aada8e7e76ba119b]::__rust_begin_short_backtrace::<core[a373ad73a504971]::result::Result<(), alloc[2e1b2a31b91974c5]::string::String>, fn() -> core[a373ad73a504971]::result::Result<(), alloc[2e1b2a31b91974c5]::string::String>>
[INFO] [stdout]   14:     0x62773aa95b35 - test[aada8e7e76ba119b]::run_test::{closure#0}
[INFO] [stdout]   15:     0x62773aa8f424 - std[617be2ca0a6fd877]::sys::backtrace::__rust_begin_short_backtrace::<test[aada8e7e76ba119b]::run_test::{closure#1}, ()>
[INFO] [stdout]   16:     0x62773aa98bc2 - <std[617be2ca0a6fd877]::thread::lifecycle::spawn_unchecked<test[aada8e7e76ba119b]::run_test::{closure#1}, ()>::{closure#1} as core[a373ad73a504971]::ops::function::FnOnce<()>>::call_once::{shim:vtable#0}
[INFO] [stdout]   17:     0x62773add368f - <std[617be2ca0a6fd877]::sys::thread::unix::Thread>::new::thread_start
[INFO] [stdout]   18:     0x7ca4376dcdfa - <unknown>
[INFO] [stdout]   19:     0x7ca4377703d4 - clone
[INFO] [stdout]   20:                0x0 - <unknown>
[INFO] [stdout] 
[INFO] [stdout] ---- extractor::tests::test_fixture_optional_chaining stdout ----
[INFO] [stdout] 
[INFO] [stdout] thread 'extractor::tests::test_fixture_optional_chaining' (2783) panicked at src/extractor.rs:1500:10:
[INFO] [stdout] Failed to extract from optionalChaining.tsx: Failed to read fixture optionalChaining.tsx
[INFO] [stdout] 
[INFO] [stdout] Caused by:
[INFO] [stdout]     No such file or directory (os error 2)
[INFO] [stdout] 
[INFO] [stdout] Stack backtrace:
[INFO] [stdout]    0: <core::io::error::Error as anyhow::context::ext::StdError>::ext_context::<alloc::string::String>
[INFO] [stdout]    1: formatjs_cli::extractor::tests::extract_from_fixture
[INFO] [stdout]    2: <formatjs_cli::extractor::tests::test_fixture_optional_chaining::{closure#0} as core::ops::function::FnOnce<()>>::call_once
[INFO] [stdout]    3: test::__rust_begin_short_backtrace::<core::result::Result<(), alloc::string::String>, fn() -> core::result::Result<(), alloc::string::String>>
[INFO] [stdout]    4: test::run_test::{closure#0}
[INFO] [stdout]    5: std::sys::backtrace::__rust_begin_short_backtrace::<test::run_test::{closure#1}, ()>
[INFO] [stdout]    6: <std::thread::lifecycle::spawn_unchecked<test::run_test::{closure#1}, ()>::{closure#1} as core::ops::function::FnOnce<()>>::call_once::{shim:vtable#0}
[INFO] [stdout]    7: <std::sys::thread::unix::Thread>::new::thread_start
[INFO] [stdout]    8: <unknown>
[INFO] [stdout]    9: clone
[INFO] [stdout] stack backtrace:
[INFO] [stdout]    0:     0x62773add43b1 - <<std[617be2ca0a6fd877]::sys::backtrace::BacktraceLock>::print::DisplayBacktrace as core[a373ad73a504971]::fmt::Display>::fmt
[INFO] [stdout]    1:     0x62773adec34a - core[a373ad73a504971]::fmt::write
[INFO] [stdout]    2:     0x62773add8edc - <alloc[2e1b2a31b91974c5]::vec::Vec<u8> as core[a373ad73a504971]::io::write::Write>::write_fmt
[INFO] [stdout]    3:     0x62773adad786 - std[617be2ca0a6fd877]::panicking::default_hook::{closure#0}
[INFO] [stdout]    4:     0x62773adcb4b9 - std[617be2ca0a6fd877]::panicking::default_hook
[INFO] [stdout]    5:     0x62773aa95510 - test[aada8e7e76ba119b]::test_main_inner::{closure#0}
[INFO] [stdout]    6:     0x62773adcb7e2 - std[617be2ca0a6fd877]::panicking::panic_with_hook
[INFO] [stdout]    7:     0x62773adad832 - std[617be2ca0a6fd877]::panicking::panic_handler::{closure#0}
[INFO] [stdout]    8:     0x62773ada5bd9 - std[617be2ca0a6fd877]::sys::backtrace::__rust_end_short_backtrace::<std[617be2ca0a6fd877]::panicking::panic_handler::{closure#0}, !>
[INFO] [stdout]    9:     0x62773adae63d - __rustc[ea4f61d10b84890b]::rust_begin_unwind
[INFO] [stdout]   10:     0x62773adecb2c - core[a373ad73a504971]::panicking::panic_fmt
[INFO] [stdout]   11:     0x62773adec902 - core[a373ad73a504971]::result::unwrap_failed
[INFO] [stdout]   12:     0x62773a9b1164 - <formatjs_cli[6e2394deb7399bcb]::extractor::tests::test_fixture_optional_chaining::{closure#0} as core[a373ad73a504971]::ops::function::FnOnce<()>>::call_once
[INFO] [stdout]   13:     0x62773aa8895b - test[aada8e7e76ba119b]::__rust_begin_short_backtrace::<core[a373ad73a504971]::result::Result<(), alloc[2e1b2a31b91974c5]::string::String>, fn() -> core[a373ad73a504971]::result::Result<(), alloc[2e1b2a31b91974c5]::string::String>>
[INFO] [stdout]   14:     0x62773aa95b35 - test[aada8e7e76ba119b]::run_test::{closure#0}
[INFO] [stdout]   15:     0x62773aa8f424 - std[617be2ca0a6fd877]::sys::backtrace::__rust_begin_short_backtrace::<test[aada8e7e76ba119b]::run_test::{closure#1}, ()>
[INFO] [stdout]   16:     0x62773aa98bc2 - <std[617be2ca0a6fd877]::thread::lifecycle::spawn_unchecked<test[aada8e7e76ba119b]::run_test::{closure#1}, ()>::{closure#1} as core[a373ad73a504971]::ops::function::FnOnce<()>>::call_once::{shim:vtable#0}
[INFO] [stdout]   17:     0x62773add368f - <std[617be2ca0a6fd877]::sys::thread::unix::Thread>::new::thread_start
[INFO] [stdout]   18:     0x7ca4376dcdfa - <unknown>
[INFO] [stdout]   19:     0x7ca4377703d4 - clone
[INFO] [stdout]   20:                0x0 - <unknown>
[INFO] [stdout] 
[INFO] [stdout] ---- extractor::tests::test_fixture_string_concat stdout ----
[INFO] [stdout] 
[INFO] [stdout] thread 'extractor::tests::test_fixture_string_concat' (2784) panicked at src/extractor.rs:1397:18:
[INFO] [stdout] Failed to extract from stringConcat.tsx: Failed to read fixture stringConcat.tsx
[INFO] [stdout] 
[INFO] [stdout] Caused by:
[INFO] [stdout]     No such file or directory (os error 2)
[INFO] [stdout] 
[INFO] [stdout] Stack backtrace:
[INFO] [stdout]    0: <core::io::error::Error as anyhow::context::ext::StdError>::ext_context::<alloc::string::String>
[INFO] [stdout]    1: formatjs_cli::extractor::tests::extract_from_fixture
[INFO] [stdout]    2: <formatjs_cli::extractor::tests::test_fixture_string_concat::{closure#0} as core::ops::function::FnOnce<()>>::call_once
[INFO] [stdout]    3: test::__rust_begin_short_backtrace::<core::result::Result<(), alloc::string::String>, fn() -> core::result::Result<(), alloc::string::String>>
[INFO] [stdout]    4: test::run_test::{closure#0}
[INFO] [stdout]    5: std::sys::backtrace::__rust_begin_short_backtrace::<test::run_test::{closure#1}, ()>
[INFO] [stdout]    6: <std::thread::lifecycle::spawn_unchecked<test::run_test::{closure#1}, ()>::{closure#1} as core::ops::function::FnOnce<()>>::call_once::{shim:vtable#0}
[INFO] [stdout]    7: <std::sys::thread::unix::Thread>::new::thread_start
[INFO] [stdout]    8: <unknown>
[INFO] [stdout]    9: clone
[INFO] [stdout] stack backtrace:
[INFO] [stdout]    0:     0x62773add43b1 - <<std[617be2ca0a6fd877]::sys::backtrace::BacktraceLock>::print::DisplayBacktrace as core[a373ad73a504971]::fmt::Display>::fmt
[INFO] [stdout]    1:     0x62773adec34a - core[a373ad73a504971]::fmt::write
[INFO] [stdout]    2:     0x62773add8edc - <alloc[2e1b2a31b91974c5]::vec::Vec<u8> as core[a373ad73a504971]::io::write::Write>::write_fmt
[INFO] [stdout]    3:     0x62773adad786 - std[617be2ca0a6fd877]::panicking::default_hook::{closure#0}
[INFO] [stdout]    4:     0x62773adcb4b9 - std[617be2ca0a6fd877]::panicking::default_hook
[INFO] [stdout]    5:     0x62773aa95510 - test[aada8e7e76ba119b]::test_main_inner::{closure#0}
[INFO] [stdout]    6:     0x62773adcb7e2 - std[617be2ca0a6fd877]::panicking::panic_with_hook
[INFO] [stdout]    7:     0x62773adad832 - std[617be2ca0a6fd877]::panicking::panic_handler::{closure#0}
[INFO] [stdout]    8:     0x62773ada5bd9 - std[617be2ca0a6fd877]::sys::backtrace::__rust_end_short_backtrace::<std[617be2ca0a6fd877]::panicking::panic_handler::{closure#0}, !>
[INFO] [stdout]    9:     0x62773adae63d - __rustc[ea4f61d10b84890b]::rust_begin_unwind
[INFO] [stdout]   10:     0x62773adecb2c - core[a373ad73a504971]::panicking::panic_fmt
[INFO] [stdout]   11:     0x62773adec902 - core[a373ad73a504971]::result::unwrap_failed
[INFO] [stdout]   12:     0x62773a9abf89 - <formatjs_cli[6e2394deb7399bcb]::extractor::tests::test_fixture_string_concat::{closure#0} as core[a373ad73a504971]::ops::function::FnOnce<()>>::call_once
[INFO] [stdout]   13:     0x62773aa8895b - test[aada8e7e76ba119b]::__rust_begin_short_backtrace::<core[a373ad73a504971]::result::Result<(), alloc[2e1b2a31b91974c5]::string::String>, fn() -> core[a373ad73a504971]::result::Result<(), alloc[2e1b2a31b91974c5]::string::String>>
[INFO] [stdout]   14:     0x62773aa95b35 - test[aada8e7e76ba119b]::run_test::{closure#0}
[INFO] [stdout]   15:     0x62773aa8f424 - std[617be2ca0a6fd877]::sys::backtrace::__rust_begin_short_backtrace::<test[aada8e7e76ba119b]::run_test::{closure#1}, ()>
[INFO] [stdout]   16:     0x62773aa98bc2 - <std[617be2ca0a6fd877]::thread::lifecycle::spawn_unchecked<test[aada8e7e76ba119b]::run_test::{closure#1}, ()>::{closure#1} as core[a373ad73a504971]::ops::function::FnOnce<()>>::call_once::{shim:vtable#0}
[INFO] [stdout]   17:     0x62773add368f - <std[617be2ca0a6fd877]::sys::thread::unix::Thread>::new::thread_start
[INFO] [stdout]   18:     0x7ca4376dcdfa - <unknown>
[INFO] [stdout]   19:     0x7ca4377703d4 - clone
[INFO] [stdout]   20:                0x0 - <unknown>
[INFO] [stdout] 
[INFO] [stdout] ---- extractor::tests::test_fixture_template_literal stdout ----
[INFO] [stdout] 
[INFO] [stdout] thread 'extractor::tests::test_fixture_template_literal' (2785) panicked at src/extractor.rs:1414:10:
[INFO] [stdout] Failed to extract from templateLiteral.tsx: Failed to read fixture templateLiteral.tsx
[INFO] [stdout] 
[INFO] [stdout] Caused by:
[INFO] [stdout]     No such file or directory (os error 2)
[INFO] [stdout] 
[INFO] [stdout] Stack backtrace:
[INFO] [stdout]    0: <core::io::error::Error as anyhow::context::ext::StdError>::ext_context::<alloc::string::String>
[INFO] [stdout]    1: formatjs_cli::extractor::tests::extract_from_fixture
[INFO] [stdout]    2: <formatjs_cli::extractor::tests::test_fixture_template_literal::{closure#0} as core::ops::function::FnOnce<()>>::call_once
[INFO] [stdout]    3: test::__rust_begin_short_backtrace::<core::result::Result<(), alloc::string::String>, fn() -> core::result::Result<(), alloc::string::String>>
[INFO] [stdout]    4: test::run_test::{closure#0}
[INFO] [stdout]    5: std::sys::backtrace::__rust_begin_short_backtrace::<test::run_test::{closure#1}, ()>
[INFO] [stdout]    6: <std::thread::lifecycle::spawn_unchecked<test::run_test::{closure#1}, ()>::{closure#1} as core::ops::function::FnOnce<()>>::call_once::{shim:vtable#0}
[INFO] [stdout]    7: <std::sys::thread::unix::Thread>::new::thread_start
[INFO] [stdout]    8: <unknown>
[INFO] [stdout]    9: clone
[INFO] [stdout] stack backtrace:
[INFO] [stdout]    0:     0x62773add43b1 - <<std[617be2ca0a6fd877]::sys::backtrace::BacktraceLock>::print::DisplayBacktrace as core[a373ad73a504971]::fmt::Display>::fmt
[INFO] [stdout]    1:     0x62773adec34a - core[a373ad73a504971]::fmt::write
[INFO] [stdout]    2:     0x62773add8edc - <alloc[2e1b2a31b91974c5]::vec::Vec<u8> as core[a373ad73a504971]::io::write::Write>::write_fmt
[INFO] [stdout]    3:     0x62773adad786 - std[617be2ca0a6fd877]::panicking::default_hook::{closure#0}
[INFO] [stdout]    4:     0x62773adcb4b9 - std[617be2ca0a6fd877]::panicking::default_hook
[INFO] [stdout]    5:     0x62773aa95510 - test[aada8e7e76ba119b]::test_main_inner::{closure#0}
[INFO] [stdout]    6:     0x62773adcb7e2 - std[617be2ca0a6fd877]::panicking::panic_with_hook
[INFO] [stdout]    7:     0x62773adad832 - std[617be2ca0a6fd877]::panicking::panic_handler::{closure#0}
[INFO] [stdout]    8:     0x62773ada5bd9 - std[617be2ca0a6fd877]::sys::backtrace::__rust_end_short_backtrace::<std[617be2ca0a6fd877]::panicking::panic_handler::{closure#0}, !>
[INFO] [stdout]    9:     0x62773adae63d - __rustc[ea4f61d10b84890b]::rust_begin_unwind
[INFO] [stdout]   10:     0x62773adecb2c - core[a373ad73a504971]::panicking::panic_fmt
[INFO] [stdout]   11:     0x62773adec902 - core[a373ad73a504971]::result::unwrap_failed
[INFO] [stdout]   12:     0x62773a9af679 - <formatjs_cli[6e2394deb7399bcb]::extractor::tests::test_fixture_template_literal::{closure#0} as core[a373ad73a504971]::ops::function::FnOnce<()>>::call_once
[INFO] [stdout]   13:     0x62773aa8895b - test[aada8e7e76ba119b]::__rust_begin_short_backtrace::<core[a373ad73a504971]::result::Result<(), alloc[2e1b2a31b91974c5]::string::String>, fn() -> core[a373ad73a504971]::result::Result<(), alloc[2e1b2a31b91974c5]::string::String>>
[INFO] [stdout]   14:     0x62773aa95b35 - test[aada8e7e76ba119b]::run_test::{closure#0}
[INFO] [stdout]   15:     0x62773aa8f424 - std[617be2ca0a6fd877]::sys::backtrace::__rust_begin_short_backtrace::<test[aada8e7e76ba119b]::run_test::{closure#1}, ()>
[INFO] [stdout]   16:     0x62773aa98bc2 - <std[617be2ca0a6fd877]::thread::lifecycle::spawn_unchecked<test[aada8e7e76ba119b]::run_test::{closure#1}, ()>::{closure#1} as core[a373ad73a504971]::ops::function::FnOnce<()>>::call_once::{shim:vtable#0}
[INFO] [stdout]   17:     0x62773add368f - <std[617be2ca0a6fd877]::sys::thread::unix::Thread>::new::thread_start
[INFO] [stdout]   18:     0x7ca4376dcdfa - <unknown>
[INFO] [stdout]   19:     0x7ca4377703d4 - clone
[INFO] [stdout]   20:                0x0 - <unknown>
[INFO] [stdout] 
[INFO] [stdout] ---- extractor::tests::test_fixture_extract_from_format_message stdout ----
[INFO] [stdout] 
[INFO] [stdout] thread 'extractor::tests::test_fixture_extract_from_format_message' (2776) panicked at src/extractor.rs:1354:10:
[INFO] [stdout] Failed to extract from extractFromFormatMessage.tsx: Failed to read fixture extractFromFormatMessage.tsx
[INFO] [stdout] 
[INFO] [stdout] Caused by:
[INFO] [stdout]     No such file or directory (os error 2)
[INFO] [stdout] 
[INFO] [stdout] Stack backtrace:
[INFO] [stdout]    0: <core::io::error::Error as anyhow::context::ext::StdError>::ext_context::<alloc::string::String>
[INFO] [stdout]    1: formatjs_cli::extractor::tests::extract_from_fixture
[INFO] [stdout]    2: <formatjs_cli::extractor::tests::test_fixture_extract_from_format_message::{closure#0} as core::ops::function::FnOnce<()>>::call_once
[INFO] [stdout]    3: test::__rust_begin_short_backtrace::<core::result::Result<(), alloc::string::String>, fn() -> core::result::Result<(), alloc::string::String>>
[INFO] [stdout]    4: test::run_test::{closure#0}
[INFO] [stdout]    5: std::sys::backtrace::__rust_begin_short_backtrace::<test::run_test::{closure#1}, ()>
[INFO] [stdout]    6: <std::thread::lifecycle::spawn_unchecked<test::run_test::{closure#1}, ()>::{closure#1} as core::ops::function::FnOnce<()>>::call_once::{shim:vtable#0}
[INFO] [stdout]    7: <std::sys::thread::unix::Thread>::new::thread_start
[INFO] [stdout]    8: <unknown>
[INFO] [stdout]    9: clone
[INFO] [stdout] stack backtrace:
[INFO] [stdout]    0:     0x62773add43b1 - <<std[617be2ca0a6fd877]::sys::backtrace::BacktraceLock>::print::DisplayBacktrace as core[a373ad73a504971]::fmt::Display>::fmt
[INFO] [stdout]    1:     0x62773adec34a - core[a373ad73a504971]::fmt::write
[INFO] [stdout]    2:     0x62773add8edc - <alloc[2e1b2a31b91974c5]::vec::Vec<u8> as core[a373ad73a504971]::io::write::Write>::write_fmt
[INFO] [stdout]    3:     0x62773adad786 - std[617be2ca0a6fd877]::panicking::default_hook::{closure#0}
[INFO] [stdout]    4:     0x62773adcb4b9 - std[617be2ca0a6fd877]::panicking::default_hook
[INFO] [stdout]    5:     0x62773aa95510 - test[aada8e7e76ba119b]::test_main_inner::{closure#0}
[INFO] [stdout]    6:     0x62773adcb7e2 - std[617be2ca0a6fd877]::panicking::panic_with_hook
[INFO] [stdout]    7:     0x62773adad832 - std[617be2ca0a6fd877]::panicking::panic_handler::{closure#0}
[INFO] [stdout]    8:     0x62773ada5bd9 - std[617be2ca0a6fd877]::sys::backtrace::__rust_end_short_backtrace::<std[617be2ca0a6fd877]::panicking::panic_handler::{closure#0}, !>
[INFO] [stdout]    9:     0x62773adae63d - __rustc[ea4f61d10b84890b]::rust_begin_unwind
[INFO] [stdout]   10:     0x62773adecb2c - core[a373ad73a504971]::panicking::panic_fmt
[INFO] [stdout]   11:     0x62773adec902 - core[a373ad73a504971]::result::unwrap_failed
[INFO] [stdout]   12:     0x62773a9b5277 - <formatjs_cli[6e2394deb7399bcb]::extractor::tests::test_fixture_extract_from_format_message::{closure#0} as core[a373ad73a504971]::ops::function::FnOnce<()>>::call_once
[INFO] [stdout]   13:     0x62773aa8895b - test[aada8e7e76ba119b]::__rust_begin_short_backtrace::<core[a373ad73a504971]::result::Result<(), alloc[2e1b2a31b91974c5]::string::String>, fn() -> core[a373ad73a504971]::result::Result<(), alloc[2e1b2a31b91974c5]::string::String>>
[INFO] [stdout]   14:     0x62773aa95b35 - test[aada8e7e76ba119b]::run_test::{closure#0}
[INFO] [stdout]   15:     0x62773aa8f424 - std[617be2ca0a6fd877]::sys::backtrace::__rust_begin_short_backtrace::<test[aada8e7e76ba119b]::run_test::{closure#1}, ()>
[INFO] [stdout]   16:     0x62773aa98bc2 - <std[617be2ca0a6fd877]::thread::lifecycle::spawn_unchecked<test[aada8e7e76ba119b]::run_test::{closure#1}, ()>::{closure#1} as core[a373ad73a504971]::ops::function::FnOnce<()>>::call_once::{shim:vtable#0}
[INFO] [stdout]   17:     0x62773add368f - <std[617be2ca0a6fd877]::sys::thread::unix::Thread>::new::thread_start
[INFO] [stdout]   18:     0x7ca4376dcdfa - <unknown>
[INFO] [stdout]   19:     0x7ca4377703d4 - clone
[INFO] [stdout]   20:                0x0 - <unknown>
[INFO] [stdout] 
[INFO] [stdout] ---- extractor::tests::test_fixture_additional_function_names stdout ----
[INFO] [stdout] 
[INFO] [stdout] thread 'extractor::tests::test_fixture_additional_function_names' (2772) panicked at src/extractor.rs:1310:10:
[INFO] [stdout] Failed to extract from additionalFunctionNames.tsx: Failed to read fixture additionalFunctionNames.tsx
[INFO] [stdout] 
[INFO] [stdout] Caused by:
[INFO] [stdout]     No such file or directory (os error 2)
[INFO] [stdout] 
[INFO] [stdout] Stack backtrace:
[INFO] [stdout]    0: <core::io::error::Error as anyhow::context::ext::StdError>::ext_context::<alloc::string::String>
[INFO] [stdout]    1: formatjs_cli::extractor::tests::extract_from_fixture
[INFO] [stdout]    2: <formatjs_cli::extractor::tests::test_fixture_additional_function_names::{closure#0} as core::ops::function::FnOnce<()>>::call_once
[INFO] [stdout]    3: test::__rust_begin_short_backtrace::<core::result::Result<(), alloc::string::String>, fn() -> core::result::Result<(), alloc::string::String>>
[INFO] [stdout]    4: test::run_test::{closure#0}
[INFO] [stdout]    5: std::sys::backtrace::__rust_begin_short_backtrace::<test::run_test::{closure#1}, ()>
[INFO] [stdout]    6: <std::thread::lifecycle::spawn_unchecked<test::run_test::{closure#1}, ()>::{closure#1} as core::ops::function::FnOnce<()>>::call_once::{shim:vtable#0}
[INFO] [stdout]    7: <std::sys::thread::unix::Thread>::new::thread_start
[INFO] [stdout]    8: <unknown>
[INFO] [stdout]    9: clone
[INFO] [stdout] stack backtrace:
[INFO] [stdout]    0:     0x62773add43b1 - <<std[617be2ca0a6fd877]::sys::backtrace::BacktraceLock>::print::DisplayBacktrace as core[a373ad73a504971]::fmt::Display>::fmt
[INFO] [stdout]    1:     0x62773adec34a - core[a373ad73a504971]::fmt::write
[INFO] [stdout]    2:     0x62773add8edc - <alloc[2e1b2a31b91974c5]::vec::Vec<u8> as core[a373ad73a504971]::io::write::Write>::write_fmt
[INFO] [stdout]    3:     0x62773adad786 - std[617be2ca0a6fd877]::panicking::default_hook::{closure#0}
[INFO] [stdout]    4:     0x62773adcb4b9 - std[617be2ca0a6fd877]::panicking::default_hook
[INFO] [stdout]    5:     0x62773aa95510 - test[aada8e7e76ba119b]::test_main_inner::{closure#0}
[INFO] [stdout]    6:     0x62773adcb7e2 - std[617be2ca0a6fd877]::panicking::panic_with_hook
[INFO] [stdout]    7:     0x62773adad832 - std[617be2ca0a6fd877]::panicking::panic_handler::{closure#0}
[INFO] [stdout]    8:     0x62773ada5bd9 - std[617be2ca0a6fd877]::sys::backtrace::__rust_end_short_backtrace::<std[617be2ca0a6fd877]::panicking::panic_handler::{closure#0}, !>
[INFO] [stdout]    9:     0x62773adae63d - __rustc[ea4f61d10b84890b]::rust_begin_unwind
[INFO] [stdout]   10:     0x62773adecb2c - core[a373ad73a504971]::panicking::panic_fmt
[INFO] [stdout]   11:     0x62773adec902 - core[a373ad73a504971]::result::unwrap_failed
[INFO] [stdout]   12:     0x62773a9b49d1 - <formatjs_cli[6e2394deb7399bcb]::extractor::tests::test_fixture_additional_function_names::{closure#0} as core[a373ad73a504971]::ops::function::FnOnce<()>>::call_once
[INFO] [stdout]   13:     0x62773aa8895b - test[aada8e7e76ba119b]::__rust_begin_short_backtrace::<core[a373ad73a504971]::result::Result<(), alloc[2e1b2a31b91974c5]::string::String>, fn() -> core[a373ad73a504971]::result::Result<(), alloc[2e1b2a31b91974c5]::string::String>>
[INFO] [stdout]   14:     0x62773aa95b35 - test[aada8e7e76ba119b]::run_test::{closure#0}
[INFO] [stdout]   15:     0x62773aa8f424 - std[617be2ca0a6fd877]::sys::backtrace::__rust_begin_short_backtrace::<test[aada8e7e76ba119b]::run_test::{closure#1}, ()>
[INFO] [stdout]   16:     0x62773aa98bc2 - <std[617be2ca0a6fd877]::thread::lifecycle::spawn_unchecked<test[aada8e7e76ba119b]::run_test::{closure#1}, ()>::{closure#1} as core[a373ad73a504971]::ops::function::FnOnce<()>>::call_once::{shim:vtable#0}
[INFO] [stdout]   17:     0x62773add368f - <std[617be2ca0a6fd877]::sys::thread::unix::Thread>::new::thread_start
[INFO] [stdout]   18:     0x7ca4376dcdfa - <unknown>
[INFO] [stdout]   19:     0x7ca4377703d4 - clone
[INFO] [stdout]   20:                0x0 - <unknown>
[INFO] [stdout] 
[INFO] [stdout] ---- extractor::tests::test_fixture_define_messages stdout ----
[INFO] [stdout] 
[INFO] [stdout] thread 'extractor::tests::test_fixture_define_messages' (2773) panicked at src/extractor.rs:1245:10:
[INFO] [stdout] Failed to extract from defineMessages.tsx: Failed to read fixture defineMessages.tsx
[INFO] [stdout] 
[INFO] [stdout] Caused by:
[INFO] [stdout]     No such file or directory (os error 2)
[INFO] [stdout] 
[INFO] [stdout] Stack backtrace:
[INFO] [stdout]    0: <core::io::error::Error as anyhow::context::ext::StdError>::ext_context::<alloc::string::String>
[INFO] [stdout]    1: formatjs_cli::extractor::tests::extract_from_fixture
[INFO] [stdout]    2: <formatjs_cli::extractor::tests::test_fixture_define_messages::{closure#0} as core::ops::function::FnOnce<()>>::call_once
[INFO] [stdout]    3: test::__rust_begin_short_backtrace::<core::result::Result<(), alloc::string::String>, fn() -> core::result::Result<(), alloc::string::String>>
[INFO] [stdout]    4: test::run_test::{closure#0}
[INFO] [stdout]    5: std::sys::backtrace::__rust_begin_short_backtrace::<test::run_test::{closure#1}, ()>
[INFO] [stdout]    6: <std::thread::lifecycle::spawn_unchecked<test::run_test::{closure#1}, ()>::{closure#1} as core::ops::function::FnOnce<()>>::call_once::{shim:vtable#0}
[INFO] [stdout]    7: <std::sys::thread::unix::Thread>::new::thread_start
[INFO] [stdout]    8: <unknown>
[INFO] [stdout]    9: clone
[INFO] [stdout] stack backtrace:
[INFO] [stdout]    0:     0x62773add43b1 - <<std[617be2ca0a6fd877]::sys::backtrace::BacktraceLock>::print::DisplayBacktrace as core[a373ad73a504971]::fmt::Display>::fmt
[INFO] [stdout]    1:     0x62773adec34a - core[a373ad73a504971]::fmt::write
[INFO] [stdout]    2:     0x62773add8edc - <alloc[2e1b2a31b91974c5]::vec::Vec<u8> as core[a373ad73a504971]::io::write::Write>::write_fmt
[INFO] [stdout]    3:     0x62773adad786 - std[617be2ca0a6fd877]::panicking::default_hook::{closure#0}
[INFO] [stdout]    4:     0x62773adcb4b9 - std[617be2ca0a6fd877]::panicking::default_hook
[INFO] [stdout]    5:     0x62773aa95510 - test[aada8e7e76ba119b]::test_main_inner::{closure#0}
[INFO] [stdout]    6:     0x62773adcb7e2 - std[617be2ca0a6fd877]::panicking::panic_with_hook
[INFO] [stdout]    7:     0x62773adad832 - std[617be2ca0a6fd877]::panicking::panic_handler::{closure#0}
[INFO] [stdout]    8:     0x62773ada5bd9 - std[617be2ca0a6fd877]::sys::backtrace::__rust_end_short_backtrace::<std[617be2ca0a6fd877]::panicking::panic_handler::{closure#0}, !>
[INFO] [stdout]    9:     0x62773adae63d - __rustc[ea4f61d10b84890b]::rust_begin_unwind
[INFO] [stdout]   10:     0x62773adecb2c - core[a373ad73a504971]::panicking::panic_fmt
[INFO] [stdout]   11:     0x62773adec902 - core[a373ad73a504971]::result::unwrap_failed
[INFO] [stdout]   12:     0x62773a9ad2d6 - <formatjs_cli[6e2394deb7399bcb]::extractor::tests::test_fixture_define_messages::{closure#0} as core[a373ad73a504971]::ops::function::FnOnce<()>>::call_once
[INFO] [stdout]   13:     0x62773aa8895b - test[aada8e7e76ba119b]::__rust_begin_short_backtrace::<core[a373ad73a504971]::result::Result<(), alloc[2e1b2a31b91974c5]::string::String>, fn() -> core[a373ad73a504971]::result::Result<(), alloc[2e1b2a31b91974c5]::string::String>>
[INFO] [stdout]   14:     0x62773aa95b35 - test[aada8e7e76ba119b]::run_test::{closure#0}
[INFO] [stdout]   15:     0x62773aa8f424 - std[617be2ca0a6fd877]::sys::backtrace::__rust_begin_short_backtrace::<test[aada8e7e76ba119b]::run_test::{closure#1}, ()>
[INFO] [stdout]   16:     0x62773aa98bc2 - <std[617be2ca0a6fd877]::thread::lifecycle::spawn_unchecked<test[aada8e7e76ba119b]::run_test::{closure#1}, ()>::{closure#1} as core[a373ad73a504971]::ops::function::FnOnce<()>>::call_once::{shim:vtable#0}
[INFO] [stdout]   17:     0x62773add368f - <std[617be2ca0a6fd877]::sys::thread::unix::Thread>::new::thread_start
[INFO] [stdout]   18:     0x7ca4376dcdfa - <unknown>
[INFO] [stdout]   19:     0x7ca4377703d4 - clone
[INFO] [stdout]   20:                0x0 - <unknown>
[INFO] [stdout] 
[INFO] [stdout] ---- extractor::tests::test_fixture_format_message_call stdout ----
[INFO] [stdout] 
[INFO] [stdout] thread 'extractor::tests::test_fixture_format_message_call' (2778) panicked at src/extractor.rs:1372:10:
[INFO] [stdout] Failed to extract from formatMessageCall.tsx: Failed to read fixture formatMessageCall.tsx
[INFO] [stdout] 
[INFO] [stdout] Caused by:
[INFO] [stdout]     No such file or directory (os error 2)
[INFO] [stdout] 
[INFO] [stdout] Stack backtrace:
[INFO] [stdout]    0: <core::io::error::Error as anyhow::context::ext::StdError>::ext_context::<alloc::string::String>
[INFO] [stdout]    1: formatjs_cli::extractor::tests::extract_from_fixture
[INFO] [stdout]    2: <formatjs_cli::extractor::tests::test_fixture_format_message_call::{closure#0} as core::ops::function::FnOnce<()>>::call_once
[INFO] [stdout]    3: test::__rust_begin_short_backtrace::<core::result::Result<(), alloc::string::String>, fn() -> core::result::Result<(), alloc::string::String>>
[INFO] [stdout]    4: test::run_test::{closure#0}
[INFO] [stdout]    5: std::sys::backtrace::__rust_begin_short_backtrace::<test::run_test::{closure#1}, ()>
[INFO] [stdout]    6: <std::thread::lifecycle::spawn_unchecked<test::run_test::{closure#1}, ()>::{closure#1} as core::ops::function::FnOnce<()>>::call_once::{shim:vtable#0}
[INFO] [stdout]    7: <std::sys::thread::unix::Thread>::new::thread_start
[INFO] [stdout]    8: <unknown>
[INFO] [stdout]    9: clone
[INFO] [stdout] stack backtrace:
[INFO] [stdout]    0:     0x62773add43b1 - <<std[617be2ca0a6fd877]::sys::backtrace::BacktraceLock>::print::DisplayBacktrace as core[a373ad73a504971]::fmt::Display>::fmt
[INFO] [stdout]    1:     0x62773adec34a - core[a373ad73a504971]::fmt::write
[INFO] [stdout]    2:     0x62773add8edc - <alloc[2e1b2a31b91974c5]::vec::Vec<u8> as core[a373ad73a504971]::io::write::Write>::write_fmt
[INFO] [stdout]    3:     0x62773adad786 - std[617be2ca0a6fd877]::panicking::default_hook::{closure#0}
[INFO] [stdout]    4:     0x62773adcb4b9 - std[617be2ca0a6fd877]::panicking::default_hook
[INFO] [stdout]    5:     0x62773aa95510 - test[aada8e7e76ba119b]::test_main_inner::{closure#0}
[INFO] [stdout]    6:     0x62773adcb7e2 - std[617be2ca0a6fd877]::panicking::panic_with_hook
[INFO] [stdout]    7:     0x62773adad832 - std[617be2ca0a6fd877]::panicking::panic_handler::{closure#0}
[INFO] [stdout]    8:     0x62773ada5bd9 - std[617be2ca0a6fd877]::sys::backtrace::__rust_end_short_backtrace::<std[617be2ca0a6fd877]::panicking::panic_handler::{closure#0}, !>
[INFO] [stdout]    9:     0x62773adae63d - __rustc[ea4f61d10b84890b]::rust_begin_unwind
[INFO] [stdout]   10:     0x62773adecb2c - core[a373ad73a504971]::panicking::panic_fmt
[INFO] [stdout]   11:     0x62773adec902 - core[a373ad73a504971]::result::unwrap_failed
[INFO] [stdout]   12:     0x62773a9b2227 - <formatjs_cli[6e2394deb7399bcb]::extractor::tests::test_fixture_format_message_call::{closure#0} as core[a373ad73a504971]::ops::function::FnOnce<()>>::call_once
[INFO] [stdout]   13:     0x62773aa8895b - test[aada8e7e76ba119b]::__rust_begin_short_backtrace::<core[a373ad73a504971]::result::Result<(), alloc[2e1b2a31b91974c5]::string::String>, fn() -> core[a373ad73a504971]::result::Result<(), alloc[2e1b2a31b91974c5]::string::String>>
[INFO] [stdout]   14:     0x62773aa95b35 - test[aada8e7e76ba119b]::run_test::{closure#0}
[INFO] [stdout]   15:     0x62773aa8f424 - std[617be2ca0a6fd877]::sys::backtrace::__rust_begin_short_backtrace::<test[aada8e7e76ba119b]::run_test::{closure#1}, ()>
[INFO] [stdout]   16:     0x62773aa98bc2 - <std[617be2ca0a6fd877]::thread::lifecycle::spawn_unchecked<test[aada8e7e76ba119b]::run_test::{closure#1}, ()>::{closure#1} as core[a373ad73a504971]::ops::function::FnOnce<()>>::call_once::{shim:vtable#0}
[INFO] [stdout]   17:     0x62773add368f - <std[617be2ca0a6fd877]::sys::thread::unix::Thread>::new::thread_start
[INFO] [stdout]   18:     0x7ca4376dcdfa - <unknown>
[INFO] [stdout]   19:     0x7ca4377703d4 - clone
[INFO] [stdout]   20:                0x0 - <unknown>
[INFO] [stdout] 
[INFO] [stdout] ---- extractor::tests::test_fixture_additional_component_names stdout ----
[INFO] [stdout] 
[INFO] [stdout] thread 'extractor::tests::test_fixture_additional_component_names' (2771) panicked at src/extractor.rs:1285:10:
[INFO] [stdout] Failed to extract from additionalComponentNames.tsx: Failed to read fixture additionalComponentNames.tsx
[INFO] [stdout] 
[INFO] [stdout] Caused by:
[INFO] [stdout]     No such file or directory (os error 2)
[INFO] [stdout] 
[INFO] [stdout] Stack backtrace:
[INFO] [stdout]    0: <core::io::error::Error as anyhow::context::ext::StdError>::ext_context::<alloc::string::String>
[INFO] [stdout]    1: formatjs_cli::extractor::tests::extract_from_fixture
[INFO] [stdout]    2: <formatjs_cli::extractor::tests::test_fixture_additional_component_names::{closure#0} as core::ops::function::FnOnce<()>>::call_once
[INFO] [stdout]    3: test::__rust_begin_short_backtrace::<core::result::Result<(), alloc::string::String>, fn() -> core::result::Result<(), alloc::string::String>>
[INFO] [stdout]    4: test::run_test::{closure#0}
[INFO] [stdout]    5: std::sys::backtrace::__rust_begin_short_backtrace::<test::run_test::{closure#1}, ()>
[INFO] [stdout]    6: <std::thread::lifecycle::spawn_unchecked<test::run_test::{closure#1}, ()>::{closure#1} as core::ops::function::FnOnce<()>>::call_once::{shim:vtable#0}
[INFO] [stdout]    7: <std::sys::thread::unix::Thread>::new::thread_start
[INFO] [stdout]    8: <unknown>
[INFO] [stdout]    9: clone
[INFO] [stdout] stack backtrace:
[INFO] [stdout]    0:     0x62773add43b1 - <<std[617be2ca0a6fd877]::sys::backtrace::BacktraceLock>::print::DisplayBacktrace as core[a373ad73a504971]::fmt::Display>::fmt
[INFO] [stdout]    1:     0x62773adec34a - core[a373ad73a504971]::fmt::write
[INFO] [stdout]    2:     0x62773add8edc - <alloc[2e1b2a31b91974c5]::vec::Vec<u8> as core[a373ad73a504971]::io::write::Write>::write_fmt
[INFO] [stdout]    3:     0x62773adad786 - std[617be2ca0a6fd877]::panicking::default_hook::{closure#0}
[INFO] [stdout]    4:     0x62773adcb4b9 - std[617be2ca0a6fd877]::panicking::default_hook
[INFO] [stdout]    5:     0x62773aa95510 - test[aada8e7e76ba119b]::test_main_inner::{closure#0}
[INFO] [stdout]    6:     0x62773adcb7e2 - std[617be2ca0a6fd877]::panicking::panic_with_hook
[INFO] [stdout]    7:     0x62773adad832 - std[617be2ca0a6fd877]::panicking::panic_handler::{closure#0}
[INFO] [stdout]    8:     0x62773ada5bd9 - std[617be2ca0a6fd877]::sys::backtrace::__rust_end_short_backtrace::<std[617be2ca0a6fd877]::panicking::panic_handler::{closure#0}, !>
[INFO] [stdout]    9:     0x62773adae63d - __rustc[ea4f61d10b84890b]::rust_begin_unwind
[INFO] [stdout]   10:     0x62773adecb2c - core[a373ad73a504971]::panicking::panic_fmt
[INFO] [stdout]   11:     0x62773adec902 - core[a373ad73a504971]::result::unwrap_failed
[INFO] [stdout]   12:     0x62773a9b4f3f - <formatjs_cli[6e2394deb7399bcb]::extractor::tests::test_fixture_additional_component_names::{closure#0} as core[a373ad73a504971]::ops::function::FnOnce<()>>::call_once
[INFO] [stdout]   13:     0x62773aa8895b - test[aada8e7e76ba119b]::__rust_begin_short_backtrace::<core[a373ad73a504971]::result::Result<(), alloc[2e1b2a31b91974c5]::string::String>, fn() -> core[a373ad73a504971]::result::Result<(), alloc[2e1b2a31b91974c5]::string::String>>
[INFO] [stdout]   14:     0x62773aa95b35 - test[aada8e7e76ba119b]::run_test::{closure#0}
[INFO] [stdout]   15:     0x62773aa8f424 - std[617be2ca0a6fd877]::sys::backtrace::__rust_begin_short_backtrace::<test[aada8e7e76ba119b]::run_test::{closure#1}, ()>
[INFO] [stdout]   16:     0x62773aa98bc2 - <std[617be2ca0a6fd877]::thread::lifecycle::spawn_unchecked<test[aada8e7e76ba119b]::run_test::{closure#1}, ()>::{closure#1} as core[a373ad73a504971]::ops::function::FnOnce<()>>::call_once::{shim:vtable#0}
[INFO] [stdout]   17:     0x62773add368f - <std[617be2ca0a6fd877]::sys::thread::unix::Thread>::new::thread_start
[INFO] [stdout]   18:     0x7ca4376dcdfa - <unknown>
[INFO] [stdout]   19:     0x7ca4377703d4 - clone
[INFO] [stdout]   20:                0x0 - <unknown>
[INFO] [stdout] 
[INFO] [stdout] 
[INFO] [stdout] failures:
[INFO] [stdout]     extractor::tests::test_fixture_additional_component_names
[INFO] [stdout]     extractor::tests::test_fixture_additional_function_names
[INFO] [stdout]     extractor::tests::test_fixture_define_messages
[INFO] [stdout]     extractor::tests::test_fixture_define_messages_preserve_whitespace
[INFO] [stdout]     extractor::tests::test_fixture_descriptions_as_objects
[INFO] [stdout]     extractor::tests::test_fixture_extract_from_format_message
[INFO] [stdout]     extractor::tests::test_fixture_extract_source_location
[INFO] [stdout]     extractor::tests::test_fixture_format_message_call
[INFO] [stdout]     extractor::tests::test_fixture_formatted_message
[INFO] [stdout]     extractor::tests::test_fixture_inline
[INFO] [stdout]     extractor::tests::test_fixture_nested
[INFO] [stdout]     extractor::tests::test_fixture_no_import
[INFO] [stdout]     extractor::tests::test_fixture_optional_chaining
[INFO] [stdout]     extractor::tests::test_fixture_string_concat
[INFO] [stdout]     extractor::tests::test_fixture_template_literal
[INFO] [stdout]     extractor::tests::test_fixture_type_assertions
[INFO] [stdout] 
[INFO] [stdout] test result: FAILED. 210 passed; 16 failed; 0 ignored; 0 measured; 0 filtered out; finished in 0.14s
[INFO] [stdout] 
[INFO] running `Command { std: "docker" "inspect" "2280d00bced60c35e6e47c7c201a5c443e1a2749f4af30690924ef39dd948007", kill_on_drop: false }`
[INFO] running `Command { std: "docker" "rm" "-f" "2280d00bced60c35e6e47c7c201a5c443e1a2749f4af30690924ef39dd948007", kill_on_drop: false }`
[INFO] [stdout] 2280d00bced60c35e6e47c7c201a5c443e1a2749f4af30690924ef39dd948007
