[INFO] fetching crate format-bytes 0.3.0...
[INFO] testing format-bytes-0.3.0 against 1.100.0-beta.1+cargoflags=--release for beta-release-1.100-2
[INFO] extracting crate format-bytes 0.3.0 into /workspace/builds/worker-7-tc2/source
[INFO] started tweaking crates.io crate format-bytes 0.3.0
[INFO] finished tweaking crates.io crate format-bytes 0.3.0
[INFO] tweaked toml for crates.io crate format-bytes 0.3.0 written to /workspace/builds/worker-7-tc2/source/Cargo.toml
[INFO] validating manifest of crates.io crate format-bytes 0.3.0 on toolchain 1.100.0-beta.1
[INFO] running `Command { std: CARGO_HOME="/workspace/cargo-home" RUSTUP_HOME="/workspace/rustup-home" "/workspace/cargo-home/bin/cargo" "+1.100.0-beta.1" "metadata" "--manifest-path" "Cargo.toml" "--no-deps", kill_on_drop: false }`
[INFO] running `Command { std: CARGO_HOME="/workspace/cargo-home" RUSTUP_HOME="/workspace/rustup-home" "/workspace/cargo-home/bin/cargo" "+1.100.0-beta.1" "generate-lockfile" "--manifest-path" "Cargo.toml", kill_on_drop: false }`
[INFO] [stderr]     Updating crates.io index
[INFO] [stderr]      Locking 29 packages to highest compatible versions
[INFO] running `Command { std: CARGO_HOME="/workspace/cargo-home" RUSTUP_HOME="/workspace/rustup-home" "/workspace/cargo-home/bin/cargo" "+1.100.0-beta.1" "fetch" "--manifest-path" "Cargo.toml", kill_on_drop: false }`
[INFO] running `Command { std: "docker" "create" "-v" "/var/lib/crater-agent-workspace/builds/worker-7-tc2/source:/opt/rustwide/workdir:ro,Z" "-v" "/var/lib/crater-agent-workspace/builds/worker-7-tc2/target:/opt/rustwide/target:rw,Z" "-v" "/var/lib/crater-agent-workspace/cargo-home:/opt/rustwide/cargo-home:ro,Z" "-v" "/var/lib/crater-agent-workspace/rustup-home:/opt/rustwide/rustup-home:ro,Z" "-m" "1610612736" "--network" "none" "ghcr.io/rust-lang/crates-build-env/linux@sha256:77db811e55d90add9212f6832c23229e3de5f1c1f9905e8cb07319ea15df73ac" "sleep" "infinity", kill_on_drop: false }`
[INFO] [stdout] 97f7967061b587f33c467e51f0861005b2d3222758b7954fa7c5af5e4dbef61a
[INFO] running `Command { std: "docker" "start" "97f7967061b587f33c467e51f0861005b2d3222758b7954fa7c5af5e4dbef61a", kill_on_drop: false }`
[INFO] running `Command { std: "docker" "inspect" "97f7967061b587f33c467e51f0861005b2d3222758b7954fa7c5af5e4dbef61a", kill_on_drop: false }`
[INFO] running `Command { std: "docker" "exec" "-e" "SOURCE_DIR=/opt/rustwide/workdir" "-e" "CARGO_HOME=/opt/rustwide/cargo-home" "-e" "RUSTUP_HOME=/opt/rustwide/rustup-home" "-e" "CARGO_TARGET_DIR=/opt/rustwide/target" "-w" "/opt/rustwide/workdir" "--user" "0:0" "97f7967061b587f33c467e51f0861005b2d3222758b7954fa7c5af5e4dbef61a" "/opt/rustwide/cargo-home/bin/cargo" "+1.100.0-beta.1" "metadata" "--no-deps" "--format-version=1", kill_on_drop: false }`
[INFO] running `Command { std: "docker" "inspect" "97f7967061b587f33c467e51f0861005b2d3222758b7954fa7c5af5e4dbef61a", kill_on_drop: false }`
[INFO] running `Command { std: "docker" "exec" "-e" "SOURCE_DIR=/opt/rustwide/workdir" "-e" "CARGO_HOME=/opt/rustwide/cargo-home" "-e" "RUSTUP_HOME=/opt/rustwide/rustup-home" "-e" "CARGO_TARGET_DIR=/opt/rustwide/target" "-e" "CARGO_INCREMENTAL=0" "-e" "RUST_BACKTRACE=full" "-e" "RUSTFLAGS=--cap-lints=warn" "-e" "RUSTDOCFLAGS=--cap-lints=warn" "-w" "/opt/rustwide/workdir" "--user" "0:0" "97f7967061b587f33c467e51f0861005b2d3222758b7954fa7c5af5e4dbef61a" "/opt/rustwide/cargo-home/bin/cargo" "+1.100.0-beta.1" "build" "--frozen" "--message-format=json" "--release", kill_on_drop: false }`
[INFO] [stderr]    Compiling syn v1.0.109
[INFO] [stderr]    Compiling format-bytes-macros v0.4.0
[INFO] [stderr]    Compiling format-bytes v0.3.0 (/opt/rustwide/workdir)
[INFO] [stderr]     Finished `release` profile [optimized] target(s) in 4.79s
[INFO] running `Command { std: "docker" "inspect" "97f7967061b587f33c467e51f0861005b2d3222758b7954fa7c5af5e4dbef61a", kill_on_drop: false }`
[INFO] running `Command { std: "docker" "exec" "-e" "SOURCE_DIR=/opt/rustwide/workdir" "-e" "CARGO_HOME=/opt/rustwide/cargo-home" "-e" "RUSTUP_HOME=/opt/rustwide/rustup-home" "-e" "CARGO_TARGET_DIR=/opt/rustwide/target" "-e" "CARGO_INCREMENTAL=0" "-e" "RUST_BACKTRACE=full" "-e" "RUSTFLAGS=--cap-lints=warn" "-e" "RUSTDOCFLAGS=--cap-lints=warn" "-w" "/opt/rustwide/workdir" "--user" "0:0" "97f7967061b587f33c467e51f0861005b2d3222758b7954fa7c5af5e4dbef61a" "/opt/rustwide/cargo-home/bin/cargo" "+1.100.0-beta.1" "test" "--frozen" "--no-run" "--message-format=json" "--release", kill_on_drop: false }`
[INFO] [stderr]    Compiling serde v1.0.229
[INFO] [stderr]    Compiling target-tuple v1.0.2
[INFO] [stderr]    Compiling toml_datetime v1.1.2+spec-1.1.0
[INFO] [stderr]    Compiling serde_spanned v1.1.2
[INFO] [stderr]    Compiling toml_parser v1.1.5+spec-1.1.0
[INFO] [stderr]    Compiling toml_writer v1.1.3+spec-1.1.0
[INFO] [stderr]    Compiling serde_json v1.0.154
[INFO] [stderr]    Compiling glob v0.3.4
[INFO] [stderr]    Compiling toml v1.1.8+spec-1.1.0
[INFO] [stderr]    Compiling trybuild v1.0.122
[INFO] [stderr]    Compiling format-bytes v0.3.0 (/opt/rustwide/workdir)
[INFO] [stderr]     Finished `release` profile [optimized] target(s) in 26.82s
[INFO] running `Command { std: "docker" "inspect" "97f7967061b587f33c467e51f0861005b2d3222758b7954fa7c5af5e4dbef61a", kill_on_drop: false }`
[INFO] running `Command { std: "docker" "exec" "-e" "SOURCE_DIR=/opt/rustwide/workdir" "-e" "CARGO_HOME=/opt/rustwide/cargo-home" "-e" "RUSTUP_HOME=/opt/rustwide/rustup-home" "-e" "CARGO_TARGET_DIR=/opt/rustwide/target" "-e" "CARGO_INCREMENTAL=0" "-e" "RUST_BACKTRACE=full" "-e" "RUSTFLAGS=--cap-lints=warn" "-e" "RUSTDOCFLAGS=--cap-lints=warn" "-w" "/opt/rustwide/workdir" "--user" "0:0" "97f7967061b587f33c467e51f0861005b2d3222758b7954fa7c5af5e4dbef61a" "/opt/rustwide/cargo-home/bin/cargo" "+1.100.0-beta.1" "test" "--frozen" "--release", kill_on_drop: false }`
[INFO] [stderr]     Finished `release` profile [optimized] target(s) in 0.04s
[INFO] [stderr]      Running unittests src/lib.rs (/opt/rustwide/target/release/build/format-bytes/377881622fbcad1e/out/format_bytes-377881622fbcad1e)
[INFO] [stdout] 
[INFO] [stdout] running 0 tests
[INFO] [stdout] 
[INFO] [stdout] test result: ok. 0 passed; 0 failed; 0 ignored; 0 measured; 0 filtered out; finished in 0.00s
[INFO] [stdout] 
[INFO] [stderr]      Running tests/smoke.rs (/opt/rustwide/target/release/build/format-bytes/e14278705def83ba/out/smoke-e14278705def83ba)
[INFO] [stdout] 
[INFO] [stdout] running 1 test
[INFO] [stdout] test smoke_test ... ok
[INFO] [stdout] 
[INFO] [stdout] test result: ok. 1 passed; 0 failed; 0 ignored; 0 measured; 0 filtered out; finished in 0.00s
[INFO] [stdout] 
[INFO] [stderr]      Running tests/ui_tests.rs (/opt/rustwide/target/release/build/format-bytes/8827e7c009509379/out/ui_tests-8827e7c009509379)
[INFO] [stdout] 
[INFO] [stdout] running 1 test
[INFO] [stderr]    Compiling proc-macro2 v1.0.107
[INFO] [stderr]    Compiling unicode-ident v1.0.27
[INFO] [stderr]    Compiling quote v1.0.47
[INFO] [stderr]    Compiling syn v1.0.109
[INFO] [stderr]    Compiling format-bytes-macros v0.4.0
[INFO] [stderr]     Checking format-bytes v0.3.0 (/opt/rustwide/workdir)
[INFO] [stderr]     Checking format-bytes-tests v0.0.0 (/opt/rustwide/target/tests/trybuild/format-bytes)
[INFO] [stderr]     Finished `dev` profile [unoptimized + debuginfo] target(s) in 8.06s
[INFO] [stderr] 
[INFO] [stderr] 
[INFO] [stderr] test tests/ui/fail/dynamic_format_string.rs ... ok
[INFO] [stdout] test ui_tests ... FAILED
[INFO] [stderr] test tests/ui/fail/not_enough_parameters.rs ... mismatch
[INFO] [stdout] 
[INFO] [stderr] 
[INFO] [stdout] failures:
[INFO] [stderr] EXPECTED:
[INFO] [stdout] 
[INFO] [stderr] ┈┈┈┈┈┈┈┈┈┈┈┈┈┈┈┈┈┈┈┈┈┈┈┈┈┈┈┈┈┈┈┈┈┈┈┈┈┈┈┈┈┈┈┈┈┈┈┈┈┈┈┈┈┈┈┈┈┈┈┈
[INFO] [stdout] ---- ui_tests stdout ----
[INFO] [stderr] error: not enough arguments for formatting
[INFO] [stdout] 
[INFO] [stderr]  --> $DIR/not_enough_parameters.rs:4:5
[INFO] [stdout] thread 'ui_tests' (435) panicked at /opt/rustwide/cargo-home/registry/src/index.crates.io-1949cf8c6b5b557f/trybuild-1.0.122/src/run.rs:103:13:
[INFO] [stderr]   |
[INFO] [stdout] 5 of 7 tests failed
[INFO] [stderr] 4 |     format_bytes!(b"{}");
[INFO] [stdout] stack backtrace:
[INFO] [stderr]   |     ^^^^^^^^^^^^^^^^^^^^^
[INFO] [stdout]    0:     0x57f552607ba1 - <<std[617be2ca0a6fd877]::sys::backtrace::BacktraceLock>::print::DisplayBacktrace as core[a373ad73a504971]::fmt::Display>::fmt
[INFO] [stderr]   |
[INFO] [stdout]    1:     0x57f55261de8a - core[a373ad73a504971]::fmt::write
[INFO] [stderr]   = note: this error originates in a macro (in Nightly builds, run with -Z macro-backtrace for more info)
[INFO] [stdout]    2:     0x57f55260c3ec - <alloc[2e1b2a31b91974c5]::vec::Vec<u8> as core[a373ad73a504971]::io::write::Write>::write_fmt
[INFO] [stderr] ┈┈┈┈┈┈┈┈┈┈┈┈┈┈┈┈┈┈┈┈┈┈┈┈┈┈┈┈┈┈┈┈┈┈┈┈┈┈┈┈┈┈┈┈┈┈┈┈┈┈┈┈┈┈┈┈┈┈┈┈
[INFO] [stdout]    3:     0x57f5525e1006 - std[617be2ca0a6fd877]::panicking::default_hook::{closure#0}
[INFO] [stderr] 
[INFO] [stdout]    4:     0x57f5525ff149 - std[617be2ca0a6fd877]::panicking::default_hook
[INFO] [stderr] ACTUAL OUTPUT:
[INFO] [stdout]    5:     0x57f552598750 - test[aada8e7e76ba119b]::test_main_inner::{closure#0}
[INFO] [stderr] ┈┈┈┈┈┈┈┈┈┈┈┈┈┈┈┈┈┈┈┈┈┈┈┈┈┈┈┈┈┈┈┈┈┈┈┈┈┈┈┈┈┈┈┈┈┈┈┈┈┈┈┈┈┈┈┈┈┈┈┈
[INFO] [stdout]    6:     0x57f5525ff302 - std[617be2ca0a6fd877]::panicking::panic_with_hook
[INFO] [stderr] error: not enough arguments for formatting
[INFO] [stdout]    7:     0x57f5525e10b2 - std[617be2ca0a6fd877]::panicking::panic_handler::{closure#0}
[INFO] [stderr]  --> tests/ui/fail/not_enough_parameters.rs:4:5
[INFO] [stdout]    8:     0x57f5525d9909 - std[617be2ca0a6fd877]::sys::backtrace::__rust_end_short_backtrace::<std[617be2ca0a6fd877]::panicking::panic_handler::{closure#0}, !>
[INFO] [stderr]   |
[INFO] [stdout]    9:     0x57f5525e1cbd - __rustc[ea4f61d10b84890b]::rust_begin_unwind
[INFO] [stderr] 4 |     format_bytes!(b"{}");
[INFO] [stdout]   10:     0x57f55261e5fc - core[a373ad73a504971]::panicking::panic_fmt
[INFO] [stderr]   |     ^^^^^^^^^^^^^^^^^^^^
[INFO] [stdout]   11:     0x57f5524eb67b - <trybuild[4338c63f3696d470]::Runner>::run
[INFO] [stderr]   |
[INFO] [stdout]   12:     0x57f5524ee8f0 - <trybuild[4338c63f3696d470]::TestCases as core[a373ad73a504971]::ops::drop::Drop>::drop
[INFO] [stderr]   = note: this error originates in the macro `$crate::_write_bytes` which comes from the expansion of the macro `format_bytes` (in Nightly builds, run with -Z macro-backtrace for more info)
[INFO] [stdout]   13:     0x57f5524e4e78 - ui_tests[1726a77f78fc090a]::ui_tests
[INFO] [stderr] ┈┈┈┈┈┈┈┈┈┈┈┈┈┈┈┈┈┈┈┈┈┈┈┈┈┈┈┈┈┈┈┈┈┈┈┈┈┈┈┈┈┈┈┈┈┈┈┈┈┈┈┈┈┈┈┈┈┈┈┈
[INFO] [stdout]   14:     0x57f5524e5079 - <ui_tests[1726a77f78fc090a]::ui_tests::{closure#0} as core[a373ad73a504971]::ops::function::FnOnce<()>>::call_once
[INFO] [stderr] note: If the actual output is the correct output you can bless it by rerunning
[INFO] [stdout]   15:     0x57f55258bb9b - test[aada8e7e76ba119b]::__rust_begin_short_backtrace::<core[a373ad73a504971]::result::Result<(), alloc[2e1b2a31b91974c5]::string::String>, fn() -> core[a373ad73a504971]::result::Result<(), alloc[2e1b2a31b91974c5]::string::String>>
[INFO] [stderr]       your test with the environment variable TRYBUILD=overwrite
[INFO] [stdout]   16:     0x57f552598d75 - test[aada8e7e76ba119b]::run_test::{closure#0}
[INFO] [stderr] 
[INFO] [stdout]   17:     0x57f552592664 - std[617be2ca0a6fd877]::sys::backtrace::__rust_begin_short_backtrace::<test[aada8e7e76ba119b]::run_test::{closure#1}, ()>
[INFO] [stderr] test tests/ui/fail/string_literal.rs ... ok
[INFO] [stdout]   18:     0x57f55259be02 - <std[617be2ca0a6fd877]::thread::lifecycle::spawn_unchecked<test[aada8e7e76ba119b]::run_test::{closure#1}, ()>::{closure#1} as core[a373ad73a504971]::ops::function::FnOnce<()>>::call_once::{shim:vtable#0}
[INFO] [stderr] test tests/ui/fail/too_many_parameters.rs ... mismatch
[INFO] [stdout]   19:     0x57f552606dff - <std[617be2ca0a6fd877]::sys::thread::unix::Thread>::new::thread_start
[INFO] [stderr] 
[INFO] [stdout]   20:     0x706171547dfa - <unknown>
[INFO] [stderr] EXPECTED:
[INFO] [stdout]   21:     0x7061715db3d4 - clone
[INFO] [stderr] ┈┈┈┈┈┈┈┈┈┈┈┈┈┈┈┈┈┈┈┈┈┈┈┈┈┈┈┈┈┈┈┈┈┈┈┈┈┈┈┈┈┈┈┈┈┈┈┈┈┈┈┈┈┈┈┈┈┈┈┈
[INFO] [stdout]   22:                0x0 - <unknown>
[INFO] [stderr] error: too many arguments for formatting
[INFO] [stdout] 
[INFO] [stderr]  --> $DIR/too_many_parameters.rs:4:5
[INFO] [stdout] 
[INFO] [stderr]   |
[INFO] [stdout] failures:
[INFO] [stderr] 4 |     format_bytes!(b"", b"extra param");
[INFO] [stdout]     ui_tests
[INFO] [stderr]   |     ^^^^^^^^^^^^^^^^^^^^^^^^^^^^^^^^^^^
[INFO] [stdout] 
[INFO] [stderr]   |
[INFO] [stdout] test result: FAILED. 0 passed; 1 failed; 0 ignored; 0 measured; 0 filtered out; finished in 8.93s
[INFO] [stderr]   = note: this error originates in a macro (in Nightly builds, run with -Z macro-backtrace for more info)
[INFO] [stdout] 
[INFO] [stderr] ┈┈┈┈┈┈┈┈┈┈┈┈┈┈┈┈┈┈┈┈┈┈┈┈┈┈┈┈┈┈┈┈┈┈┈┈┈┈┈┈┈┈┈┈┈┈┈┈┈┈┈┈┈┈┈┈┈┈┈┈
[INFO] [stderr] 
[INFO] [stderr] ACTUAL OUTPUT:
[INFO] [stderr] ┈┈┈┈┈┈┈┈┈┈┈┈┈┈┈┈┈┈┈┈┈┈┈┈┈┈┈┈┈┈┈┈┈┈┈┈┈┈┈┈┈┈┈┈┈┈┈┈┈┈┈┈┈┈┈┈┈┈┈┈
[INFO] [stderr] error: too many arguments for formatting
[INFO] [stderr]  --> tests/ui/fail/too_many_parameters.rs:4:5
[INFO] [stderr]   |
[INFO] [stderr] 4 |     format_bytes!(b"", b"extra param");
[INFO] [stderr]   |     ^^^^^^^^^^^^^^^^^^^^^^^^^^^^^^^^^^
[INFO] [stderr]   |
[INFO] [stderr]   = note: this error originates in the macro `$crate::_write_bytes` which comes from the expansion of the macro `format_bytes` (in Nightly builds, run with -Z macro-backtrace for more info)
[INFO] [stderr] ┈┈┈┈┈┈┈┈┈┈┈┈┈┈┈┈┈┈┈┈┈┈┈┈┈┈┈┈┈┈┈┈┈┈┈┈┈┈┈┈┈┈┈┈┈┈┈┈┈┈┈┈┈┈┈┈┈┈┈┈
[INFO] [stderr] note: If the actual output is the correct output you can bless it by rerunning
[INFO] [stderr]       your test with the environment variable TRYBUILD=overwrite
[INFO] [stderr] 
[INFO] [stderr] test tests/ui/fail/unclosed_formatting.rs ... mismatch
[INFO] [stderr] 
[INFO] [stderr] EXPECTED:
[INFO] [stderr] ┈┈┈┈┈┈┈┈┈┈┈┈┈┈┈┈┈┈┈┈┈┈┈┈┈┈┈┈┈┈┈┈┈┈┈┈┈┈┈┈┈┈┈┈┈┈┈┈┈┈┈┈┈┈┈┈┈┈┈┈
[INFO] [stderr] error: unclosed formatting delimiter
[INFO] [stderr]  --> $DIR/unclosed_formatting.rs:4:5
[INFO] [stderr]   |
[INFO] [stderr] 4 |     format_bytes!(b"unclosed formatting {");
[INFO] [stderr]   |     ^^^^^^^^^^^^^^^^^^^^^^^^^^^^^^^^^^^^^^^^
[INFO] [stderr]   |
[INFO] [stderr]   = note: this error originates in a macro (in Nightly builds, run with -Z macro-backtrace for more info)
[INFO] [stderr] 
[INFO] [stderr] error: unclosed formatting delimiter
[INFO] [stderr]  --> $DIR/unclosed_formatting.rs:5:5
[INFO] [stderr]   |
[INFO] [stderr] 5 |     format_bytes!(b"unclosed {formatting");
[INFO] [stderr]   |     ^^^^^^^^^^^^^^^^^^^^^^^^^^^^^^^^^^^^^^^
[INFO] [stderr]   |
[INFO] [stderr]   = note: this error originates in a macro (in Nightly builds, run with -Z macro-backtrace for more info)
[INFO] [stderr] ┈┈┈┈┈┈┈┈┈┈┈┈┈┈┈┈┈┈┈┈┈┈┈┈┈┈┈┈┈┈┈┈┈┈┈┈┈┈┈┈┈┈┈┈┈┈┈┈┈┈┈┈┈┈┈┈┈┈┈┈
[INFO] [stderr] 
[INFO] [stderr] ACTUAL OUTPUT:
[INFO] [stderr] ┈┈┈┈┈┈┈┈┈┈┈┈┈┈┈┈┈┈┈┈┈┈┈┈┈┈┈┈┈┈┈┈┈┈┈┈┈┈┈┈┈┈┈┈┈┈┈┈┈┈┈┈┈┈┈┈┈┈┈┈
[INFO] [stderr] error: unclosed formatting delimiter
[INFO] [stderr]  --> tests/ui/fail/unclosed_formatting.rs:4:5
[INFO] [stderr]   |
[INFO] [stderr] 4 |     format_bytes!(b"unclosed formatting {");
[INFO] [stderr]   |     ^^^^^^^^^^^^^^^^^^^^^^^^^^^^^^^^^^^^^^^
[INFO] [stderr]   |
[INFO] [stderr]   = note: this error originates in the macro `$crate::_write_bytes` which comes from the expansion of the macro `format_bytes` (in Nightly builds, run with -Z macro-backtrace for more info)
[INFO] [stderr] 
[INFO] [stderr] error: unclosed formatting delimiter
[INFO] [stderr]  --> tests/ui/fail/unclosed_formatting.rs:5:5
[INFO] [stderr]   |
[INFO] [stderr] 5 |     format_bytes!(b"unclosed {formatting");
[INFO] [stderr]   |     ^^^^^^^^^^^^^^^^^^^^^^^^^^^^^^^^^^^^^^
[INFO] [stderr]   |
[INFO] [stderr]   = note: this error originates in the macro `$crate::_write_bytes` which comes from the expansion of the macro `format_bytes` (in Nightly builds, run with -Z macro-backtrace for more info)
[INFO] [stderr] ┈┈┈┈┈┈┈┈┈┈┈┈┈┈┈┈┈┈┈┈┈┈┈┈┈┈┈┈┈┈┈┈┈┈┈┈┈┈┈┈┈┈┈┈┈┈┈┈┈┈┈┈┈┈┈┈┈┈┈┈
[INFO] [stderr] note: If the actual output is the correct output you can bless it by rerunning
[INFO] [stderr]       your test with the environment variable TRYBUILD=overwrite
[INFO] [stderr] 
[INFO] [stderr] test tests/ui/fail/wrong_output_stream_type.rs ... mismatch
[INFO] [stderr] 
[INFO] [stderr] EXPECTED:
[INFO] [stderr] ┈┈┈┈┈┈┈┈┈┈┈┈┈┈┈┈┈┈┈┈┈┈┈┈┈┈┈┈┈┈┈┈┈┈┈┈┈┈┈┈┈┈┈┈┈┈┈┈┈┈┈┈┈┈┈┈┈┈┈┈
[INFO] [stderr] error[E0308]: mismatched types
[INFO] [stderr]  --> $DIR/wrong_output_stream_type.rs:5:18
[INFO] [stderr]   |
[INFO] [stderr] 5 |     write_bytes!(vec, b"");
[INFO] [stderr]   |     -------------^^^-------
[INFO] [stderr]   |     |            |
[INFO] [stderr]   |     |            expected `&mut _`, found struct `Vec`
[INFO] [stderr]   |     |            help: consider mutably borrowing here: `&mut vec`
[INFO] [stderr]   |     expected due to this
[INFO] [stderr]   |
[INFO] [stderr]   = note: expected mutable reference `&mut _`
[INFO] [stderr]                         found struct `Vec<_>`
[INFO] [stderr] ┈┈┈┈┈┈┈┈┈┈┈┈┈┈┈┈┈┈┈┈┈┈┈┈┈┈┈┈┈┈┈┈┈┈┈┈┈┈┈┈┈┈┈┈┈┈┈┈┈┈┈┈┈┈┈┈┈┈┈┈
[INFO] [stderr] 
[INFO] [stderr] ACTUAL OUTPUT:
[INFO] [stderr] ┈┈┈┈┈┈┈┈┈┈┈┈┈┈┈┈┈┈┈┈┈┈┈┈┈┈┈┈┈┈┈┈┈┈┈┈┈┈┈┈┈┈┈┈┈┈┈┈┈┈┈┈┈┈┈┈┈┈┈┈
[INFO] [stderr] error[E0308]: mismatched types
[INFO] [stderr]  --> tests/ui/fail/wrong_output_stream_type.rs:5:18
[INFO] [stderr]   |
[INFO] [stderr] 5 |     write_bytes!(vec, b"");
[INFO] [stderr]   |     -------------^^^------
[INFO] [stderr]   |     |            |
[INFO] [stderr]   |     |            expected `&mut _`, found `Vec<_>`
[INFO] [stderr]   |     expected due to this
[INFO] [stderr]   |
[INFO] [stderr]   = note: expected mutable reference `&mut _`
[INFO] [stderr]                         found struct `Vec<_>`
[INFO] [stderr] help: consider mutably borrowing here
[INFO] [stderr]   |
[INFO] [stderr] 5 |     write_bytes!(&mut vec, b"");
[INFO] [stderr]   |                  ++++
[INFO] [stderr] ┈┈┈┈┈┈┈┈┈┈┈┈┈┈┈┈┈┈┈┈┈┈┈┈┈┈┈┈┈┈┈┈┈┈┈┈┈┈┈┈┈┈┈┈┈┈┈┈┈┈┈┈┈┈┈┈┈┈┈┈
[INFO] [stderr] note: If the actual output is the correct output you can bless it by rerunning
[INFO] [stderr]       your test with the environment variable TRYBUILD=overwrite
[INFO] [stderr] 
[INFO] [stderr] test tests/ui/fail/wrong_parameter_types.rs ... mismatch
[INFO] [stderr] 
[INFO] [stderr] EXPECTED:
[INFO] [stderr] ┈┈┈┈┈┈┈┈┈┈┈┈┈┈┈┈┈┈┈┈┈┈┈┈┈┈┈┈┈┈┈┈┈┈┈┈┈┈┈┈┈┈┈┈┈┈┈┈┈┈┈┈┈┈┈┈┈┈┈┈
[INFO] [stderr] error[E0277]: the trait bound `Chars<'_>: DisplayBytes` is not satisfied
[INFO] [stderr]  --> $DIR/wrong_parameter_types.rs:4:5
[INFO] [stderr]   |
[INFO] [stderr] 4 |     format_bytes!(b"{} {}", "string".chars(), &[true, false]);
[INFO] [stderr]   |     ^^^^^^^^^^^^^^^^^^^^^^^^^^^^^^^^^^^^^^^^^^^^^^^^^^^^^^^^^^ the trait `DisplayBytes` is not implemented for `Chars<'_>`
[INFO] [stderr]   |
[INFO] [stderr]   = note: required by `display_bytes`
[INFO] [stderr]   = note: this error originates in a macro (in Nightly builds, run with -Z macro-backtrace for more info)
[INFO] [stderr] 
[INFO] [stderr] error[E0277]: the trait bound `[bool; 2]: DisplayBytes` is not satisfied
[INFO] [stderr]  --> $DIR/wrong_parameter_types.rs:4:5
[INFO] [stderr]   |
[INFO] [stderr] 4 |     format_bytes!(b"{} {}", "string".chars(), &[true, false]);
[INFO] [stderr]   |     ^^^^^^^^^^^^^^^^^^^^^^^^^^^^^^^^^^^^^^^^^^^^^^^^^^^^^^^^^^ the trait `DisplayBytes` is not implemented for `[bool; 2]`
[INFO] [stderr]   |
[INFO] [stderr]   = help: the following implementations were found:
[INFO] [stderr]             <[u8; 0] as DisplayBytes>
[INFO] [stderr]             <[u8; 10] as DisplayBytes>
[INFO] [stderr]             <[u8; 11] as DisplayBytes>
[INFO] [stderr]             <[u8; 12] as DisplayBytes>
[INFO] [stderr]           and 62 others
[INFO] [stderr]   = note: required because of the requirements on the impl of `DisplayBytes` for `&[bool; 2]`
[INFO] [stderr]   = note: required by `display_bytes`
[INFO] [stderr]   = note: this error originates in a macro (in Nightly builds, run with -Z macro-backtrace for more info)
[INFO] [stderr] ┈┈┈┈┈┈┈┈┈┈┈┈┈┈┈┈┈┈┈┈┈┈┈┈┈┈┈┈┈┈┈┈┈┈┈┈┈┈┈┈┈┈┈┈┈┈┈┈┈┈┈┈┈┈┈┈┈┈┈┈
[INFO] [stderr] 
[INFO] [stderr] ACTUAL OUTPUT:
[INFO] [stderr] ┈┈┈┈┈┈┈┈┈┈┈┈┈┈┈┈┈┈┈┈┈┈┈┈┈┈┈┈┈┈┈┈┈┈┈┈┈┈┈┈┈┈┈┈┈┈┈┈┈┈┈┈┈┈┈┈┈┈┈┈
[INFO] [stderr] error[E0277]: the trait bound `Chars<'_>: DisplayBytes` is not satisfied
[INFO] [stderr]  --> tests/ui/fail/wrong_parameter_types.rs:4:5
[INFO] [stderr]   |
[INFO] [stderr] 4 |     format_bytes!(b"{} {}", "string".chars(), &[true, false]);
[INFO] [stderr]   |     ^^^^^^^^^^^^^^^^^^^^^^^^^^^^^^^^^^^^^^^^^^^^^^^^^^^^^^^^^ the trait `DisplayBytes` is not implemented for `Chars<'_>`
[INFO] [stderr]   |
[INFO] [stderr]   = help: the following other types implement trait `DisplayBytes`:
[INFO] [stderr]             &Inner
[INFO] [stderr]             &mut Inner
[INFO] [stderr]             Arc<Inner>
[INFO] [stderr]             Box<Inner>
[INFO] [stderr]             Cow<'_, Inner>
[INFO] [stderr]             Rc<Inner>
[INFO] [stderr]             Utf8<Inner>
[INFO] [stderr]             Vec<u8>
[INFO] [stderr]           and $N others
[INFO] [stderr]   = note: this error originates in the macro `$crate::_write_bytes` which comes from the expansion of the macro `format_bytes` (in Nightly builds, run with -Z macro-backtrace for more info)
[INFO] [stderr] 
[INFO] [stderr] error[E0277]: the trait bound `[bool; 2]: DisplayBytes` is not satisfied
[INFO] [stderr]  --> tests/ui/fail/wrong_parameter_types.rs:4:5
[INFO] [stderr]   |
[INFO] [stderr] 4 |     format_bytes!(b"{} {}", "string".chars(), &[true, false]);
[INFO] [stderr]   |     ^^^^^^^^^^^^^^^^^^^^^^^^^^^^^^^^^^^^^^^^^^^^^^^^^^^^^^^^^ the trait `DisplayBytes` is not implemented for `[bool; 2]`
[INFO] [stderr]   |
[INFO] [stderr]   = help: the following other types implement trait `DisplayBytes`:
[INFO] [stderr]             [u8; 0]
[INFO] [stderr]             [u8]
[INFO] [stderr]             [u8; 1]
[INFO] [stderr]             [u8; 2]
[INFO] [stderr]             [u8; 3]
[INFO] [stderr]             [u8; 4]
[INFO] [stderr]             [u8; 5]
[INFO] [stderr]             [u8; 6]
[INFO] [stderr]           and $N others
[INFO] [stderr]   = note: required for `&[bool; 2]` to implement `DisplayBytes`
[INFO] [stderr]   = note: this error originates in the macro `$crate::_write_bytes` which comes from the expansion of the macro `format_bytes` (in Nightly builds, run with -Z macro-backtrace for more info)
[INFO] [stderr] ┈┈┈┈┈┈┈┈┈┈┈┈┈┈┈┈┈┈┈┈┈┈┈┈┈┈┈┈┈┈┈┈┈┈┈┈┈┈┈┈┈┈┈┈┈┈┈┈┈┈┈┈┈┈┈┈┈┈┈┈
[INFO] [stderr] note: If the actual output is the correct output you can bless it by rerunning
[INFO] [stderr]       your test with the environment variable TRYBUILD=overwrite
[INFO] [stderr] 
[INFO] [stderr] 
[INFO] [stderr] 
[INFO] [stderr] error: test failed, to rerun pass `--test ui_tests`
[INFO] running `Command { std: "docker" "inspect" "97f7967061b587f33c467e51f0861005b2d3222758b7954fa7c5af5e4dbef61a", kill_on_drop: false }`
[INFO] running `Command { std: "docker" "rm" "-f" "97f7967061b587f33c467e51f0861005b2d3222758b7954fa7c5af5e4dbef61a", kill_on_drop: false }`
[INFO] [stdout] 97f7967061b587f33c467e51f0861005b2d3222758b7954fa7c5af5e4dbef61a
