[INFO] fetching crate formars-derive 0.1.0...
[INFO] testing formars-derive-0.1.0 against 1.100.0-beta.1+cargoflags=--release for beta-release-1.100-2
[INFO] extracting crate formars-derive 0.1.0 into /workspace/builds/worker-2-tc2/source
[INFO] started tweaking crates.io crate formars-derive 0.1.0
[INFO] removed 0 missing tests
[INFO] finished tweaking crates.io crate formars-derive 0.1.0
[INFO] tweaked toml for crates.io crate formars-derive 0.1.0 written to /workspace/builds/worker-2-tc2/source/Cargo.toml
[INFO] validating manifest of crates.io crate formars-derive 0.1.0 on toolchain 1.100.0-beta.1
[INFO] running `Command { std: CARGO_HOME="/workspace/cargo-home" RUSTUP_HOME="/workspace/rustup-home" "/workspace/cargo-home/bin/cargo" "+1.100.0-beta.1" "metadata" "--manifest-path" "Cargo.toml" "--no-deps", kill_on_drop: false }`
[INFO] crate crates.io crate formars-derive 0.1.0 already has a lockfile, it will not be regenerated
[INFO] running `Command { std: CARGO_HOME="/workspace/cargo-home" RUSTUP_HOME="/workspace/rustup-home" "/workspace/cargo-home/bin/cargo" "+1.100.0-beta.1" "fetch" "--manifest-path" "Cargo.toml", kill_on_drop: false }`
[INFO] running `Command { std: "docker" "create" "-v" "/var/lib/crater-agent-workspace/builds/worker-2-tc2/source:/opt/rustwide/workdir:ro,Z" "-v" "/var/lib/crater-agent-workspace/builds/worker-2-tc2/target:/opt/rustwide/target:rw,Z" "-v" "/var/lib/crater-agent-workspace/cargo-home:/opt/rustwide/cargo-home:ro,Z" "-v" "/var/lib/crater-agent-workspace/rustup-home:/opt/rustwide/rustup-home:ro,Z" "-m" "1610612736" "--network" "none" "ghcr.io/rust-lang/crates-build-env/linux@sha256:77db811e55d90add9212f6832c23229e3de5f1c1f9905e8cb07319ea15df73ac" "sleep" "infinity", kill_on_drop: false }`
[INFO] [stdout] ddf3cbfc4dae71d836b0c502086de83e965843a52d30f3b5c3fc68161c39c496
[INFO] running `Command { std: "docker" "start" "ddf3cbfc4dae71d836b0c502086de83e965843a52d30f3b5c3fc68161c39c496", kill_on_drop: false }`
[INFO] running `Command { std: "docker" "inspect" "ddf3cbfc4dae71d836b0c502086de83e965843a52d30f3b5c3fc68161c39c496", kill_on_drop: false }`
[INFO] running `Command { std: "docker" "exec" "-e" "SOURCE_DIR=/opt/rustwide/workdir" "-e" "CARGO_HOME=/opt/rustwide/cargo-home" "-e" "RUSTUP_HOME=/opt/rustwide/rustup-home" "-e" "CARGO_TARGET_DIR=/opt/rustwide/target" "-w" "/opt/rustwide/workdir" "--user" "0:0" "ddf3cbfc4dae71d836b0c502086de83e965843a52d30f3b5c3fc68161c39c496" "/opt/rustwide/cargo-home/bin/cargo" "+1.100.0-beta.1" "metadata" "--no-deps" "--format-version=1", kill_on_drop: false }`
[INFO] running `Command { std: "docker" "inspect" "ddf3cbfc4dae71d836b0c502086de83e965843a52d30f3b5c3fc68161c39c496", kill_on_drop: false }`
[INFO] running `Command { std: "docker" "exec" "-e" "SOURCE_DIR=/opt/rustwide/workdir" "-e" "CARGO_HOME=/opt/rustwide/cargo-home" "-e" "RUSTUP_HOME=/opt/rustwide/rustup-home" "-e" "CARGO_TARGET_DIR=/opt/rustwide/target" "-e" "CARGO_INCREMENTAL=0" "-e" "RUST_BACKTRACE=full" "-e" "RUSTFLAGS=--cap-lints=warn" "-e" "RUSTDOCFLAGS=--cap-lints=warn" "-w" "/opt/rustwide/workdir" "--user" "0:0" "ddf3cbfc4dae71d836b0c502086de83e965843a52d30f3b5c3fc68161c39c496" "/opt/rustwide/cargo-home/bin/cargo" "+1.100.0-beta.1" "build" "--frozen" "--message-format=json" "--release", kill_on_drop: false }`
[INFO] [stderr]    Compiling syn v2.0.119
[INFO] [stderr]    Compiling formars-derive v0.1.0 (/opt/rustwide/workdir)
[INFO] [stderr]     Finished `release` profile [optimized] target(s) in 9.24s
[INFO] running `Command { std: "docker" "inspect" "ddf3cbfc4dae71d836b0c502086de83e965843a52d30f3b5c3fc68161c39c496", kill_on_drop: false }`
[INFO] running `Command { std: "docker" "exec" "-e" "SOURCE_DIR=/opt/rustwide/workdir" "-e" "CARGO_HOME=/opt/rustwide/cargo-home" "-e" "RUSTUP_HOME=/opt/rustwide/rustup-home" "-e" "CARGO_TARGET_DIR=/opt/rustwide/target" "-e" "CARGO_INCREMENTAL=0" "-e" "RUST_BACKTRACE=full" "-e" "RUSTFLAGS=--cap-lints=warn" "-e" "RUSTDOCFLAGS=--cap-lints=warn" "-w" "/opt/rustwide/workdir" "--user" "0:0" "ddf3cbfc4dae71d836b0c502086de83e965843a52d30f3b5c3fc68161c39c496" "/opt/rustwide/cargo-home/bin/cargo" "+1.100.0-beta.1" "test" "--frozen" "--no-run" "--message-format=json" "--release", kill_on_drop: false }`
[INFO] [stderr]    Compiling target-triple v1.0.1
[INFO] [stderr]    Compiling serde_json v1.0.151
[INFO] [stderr]    Compiling proc-macro2 v1.0.107
[INFO] [stderr]    Compiling serde_spanned v1.1.1
[INFO] [stderr]    Compiling toml_datetime v1.1.1+spec-1.1.0
[INFO] [stderr]    Compiling syn v3.0.4
[INFO] [stderr]    Compiling quote v1.0.47
[INFO] [stderr]    Compiling serde v1.0.229
[INFO] [stderr]    Compiling formars-derive v0.1.0 (/opt/rustwide/workdir)
[INFO] [stderr]    Compiling glob v0.3.4
[INFO] [stderr]    Compiling winnow v1.0.4
[INFO] [stderr]    Compiling toml v1.1.4+spec-1.1.0
[INFO] [stderr]    Compiling formars-core v0.1.0
[INFO] [stderr]    Compiling toml_parser v1.1.3+spec-1.1.0
[INFO] [stderr]    Compiling syn v2.0.119
[INFO] [stderr]    Compiling toml_writer v1.1.2+spec-1.1.0
[INFO] [stderr]    Compiling serde_derive v1.0.229
[INFO] [stderr]    Compiling trybuild v1.0.120
[INFO] [stderr]     Finished `release` profile [optimized] target(s) in 1m 21s
[INFO] running `Command { std: "docker" "inspect" "ddf3cbfc4dae71d836b0c502086de83e965843a52d30f3b5c3fc68161c39c496", kill_on_drop: false }`
[INFO] running `Command { std: "docker" "exec" "-e" "SOURCE_DIR=/opt/rustwide/workdir" "-e" "CARGO_HOME=/opt/rustwide/cargo-home" "-e" "RUSTUP_HOME=/opt/rustwide/rustup-home" "-e" "CARGO_TARGET_DIR=/opt/rustwide/target" "-e" "CARGO_INCREMENTAL=0" "-e" "RUST_BACKTRACE=full" "-e" "RUSTFLAGS=--cap-lints=warn" "-e" "RUSTDOCFLAGS=--cap-lints=warn" "-w" "/opt/rustwide/workdir" "--user" "0:0" "ddf3cbfc4dae71d836b0c502086de83e965843a52d30f3b5c3fc68161c39c496" "/opt/rustwide/cargo-home/bin/cargo" "+1.100.0-beta.1" "test" "--frozen" "--release", kill_on_drop: false }`
[INFO] [stderr]     Finished `release` profile [optimized] target(s) in 0.12s
[INFO] [stderr]      Running unittests src/lib.rs (/opt/rustwide/target/release/build/formars-derive/d86ffb9176b74bf1/out/formars_derive-d86ffb9176b74bf1)
[INFO] [stdout] 
[INFO] [stdout] running 8 tests
[INFO] [stdout] test attrs::tests::c1_accepted_shapes_populate_all_slots ... ok
[INFO] [stdout] test attrs::tests::c1_unknown_key_errors_listing_all_six_valid_keys ... ok
[INFO] [stdout] test attrs::tests::c1_bare_field_parses_to_defaults ... ok
[INFO] [stdout] test attrs::tests::c1_multi_segment_unknown_key_renders_full_path ... ok
[INFO] [stdout] test attrs::tests::c1_skip_flag_form_parses ... ok
[INFO] [stdout] test attrs::tests::c1_rename_with_non_literal_value_errors ... ok
[INFO] [stdout] test attrs::tests::c1_duplicate_key_errors ... ok
[INFO] [stdout] test attrs::tests::c1_skip_combined_with_any_other_key_conflicts ... ok
[INFO] [stdout] 
[INFO] [stdout] test result: ok. 8 passed; 0 failed; 0 ignored; 0 measured; 0 filtered out; finished in 0.01s
[INFO] [stdout] 
[INFO] [stderr]      Running tests/conformance.rs (/opt/rustwide/target/release/build/formars-derive/9d07ac4dad44917c/out/conformance-9d07ac4dad44917c)
[INFO] [stdout] 
[INFO] [stdout] running 24 tests
[INFO] [stdout] test at4_metadata_works_on_renamed_fields ... ok
[INFO] [stdout] test alias_composes_as_nested_child_not_by_name ... ok
[INFO] [stdout] test at2_rename_round_trips_through_wire_key_everywhere ... ok
[INFO] [stdout] test at3_skipped_field_absent_from_shape_and_bridging ... ok
[INFO] [stdout] test at1_schema_override_suppresses_qualified_primitive_diagnostic ... ok
[INFO] [stdout] test at2_dotted_rename_still_compiles_and_uses_the_literal_wire_key ... ok
[INFO] [stdout] test dp3_issue_order_is_declaration_order_across_repetitions ... ok
[INFO] [stdout] test ex4_coercion_failure_yields_single_coerce_issue ... ok
[INFO] [stdout] test ex6_reconstruction_fills_fields_from_validated_values ... ok
[INFO] [stdout] test ex6_skipped_field_passes_through_untouched_in_typed_parse ... ok
[INFO] [stdout] test ex2_companion_exists_and_typed_parse_round_trips ... ok
[INFO] [stdout] test ex4_form_string_coerces_into_numeric_field ... ok
[INFO] [stdout] test ex6_unknown_erased_keys_dropped_silently ... ok
[INFO] [stdout] test ex6_skipped_field_struct_as_nested_child_fails_typed_parse_with_type_mismatch ... ok
[INFO] [stdout] test skipped_field_ident_equal_to_wired_key_compiles ... ok
[INFO] [stdout] test t2_float_strings_coerce_in_and_reconstruct_exactly ... ok
[INFO] [stdout] test ex2_shape_iterates_in_declaration_order_not_alphabetical ... ok
[INFO] [stdout] test ex3_erased_view_accepts_valid_object ... ok
[INFO] [stdout] test t2_non_coercible_string_yields_coerce_at_joined_path ... ok
[INFO] [stdout] test t4_companions_compile_at_struct_visibility ... ok
[INFO] [stdout] test t2_wire_asymmetry_strings_in_f64_out ... ok
[INFO] [stdout] test t3_raw_identifier_field_end_to_end ... ok
[INFO] [stdout] test at1_override_applies_constraints_through_erased_view ... ok
[INFO] [stdout] test at4_metadata_reachable_via_metadata_and_field_meta ... ok
[INFO] [stdout] 
[INFO] [stdout] test result: ok. 24 passed; 0 failed; 0 ignored; 0 measured; 0 filtered out; finished in 0.01s
[INFO] [stdout] 
[INFO] [stderr]      Running tests/nesting.rs (/opt/rustwide/target/release/build/formars-derive/cfebde60611b1ded/out/nesting-cfebde60611b1ded)
[INFO] [stdout] 
[INFO] [stdout] running 5 tests
[INFO] [stdout] test ne3_failing_leaf_reports_dot_joined_path ... ok
[INFO] [stdout] test er4_fail_fast_at_outer_composition_yields_single_innermost_issue ... ok
[INFO] [stdout] test ne3_three_level_valid_input_succeeds_end_to_end ... ok
[INFO] [stdout] test ne3_declaration_order_preserved_at_every_level ... ok
[INFO] [stdout] test ne3_derived_children_mix_freely_with_hand_built_fields ... ok
[INFO] [stdout] 
[INFO] [stdout] test result: ok. 5 passed; 0 failed; 0 ignored; 0 measured; 0 filtered out; finished in 0.00s
[INFO] [stdout] 
[INFO] [stderr]      Running tests/parity.rs (/opt/rustwide/target/release/build/formars-derive/d14c3ec0ceb193b2/out/parity-d14c3ec0ceb193b2)
[INFO] [stdout] 
[INFO] [stdout] running 4 tests
[INFO] [stdout] test dp1_flat_field_views_agree_on_every_typed_representable_input ... ok
[INFO] [stdout] test dp1_absent_key_yields_exactly_one_required_at_joined_path ... ok
[INFO] [stdout] test dp1_nested_failure_agrees ... ok
[INFO] [stdout] test dp1_non_object_erased_input_yields_single_root_type_mismatch ... ok
[INFO] [stdout] 
[INFO] [stdout] test result: ok. 4 passed; 0 failed; 0 ignored; 0 measured; 0 filtered out; finished in 0.00s
[INFO] [stdout] 
[INFO] [stderr]      Running tests/send_sync.rs (/opt/rustwide/target/release/build/formars-derive/0299c5da91d4df30/out/send_sync-0299c5da91d4df30)
[INFO] [stdout] 
[INFO] [stdout] running 2 tests
[INFO] [stdout] test dp2_full_pin_refine_override_and_nested_child_are_send_sync ... ok
[INFO] [stdout] test dp2_companion_with_nested_derived_child_is_send_sync ... ok
[INFO] [stdout] 
[INFO] [stdout] test result: ok. 2 passed; 0 failed; 0 ignored; 0 measured; 0 filtered out; finished in 0.00s
[INFO] [stdout] 
[INFO] [stderr]      Running tests/ui.rs (/opt/rustwide/target/release/build/formars-derive/2633b98a3b557135/out/ui-2633b98a3b557135)
[INFO] [stdout] 
[INFO] [stdout] running 1 test
[INFO] [stderr]    Compiling proc-macro2 v1.0.107
[INFO] [stderr]    Compiling quote v1.0.47
[INFO] [stderr]    Compiling unicode-ident v1.0.24
[INFO] [stderr]     Checking formars-core v0.1.0
[INFO] [stderr]     Checking syn v2.0.119
[INFO] [stderr]    Compiling formars-derive v0.1.0 (/opt/rustwide/workdir)
[INFO] [stderr]     Checking formars-derive-tests v0.0.0 (/opt/rustwide/target/tests/trybuild/formars-derive)
[INFO] [stderr]     Finished `dev` profile [unoptimized + debuginfo] target(s) in 11.08s
[INFO] [stderr] 
[INFO] [stderr] 
[INFO] [stderr] test tests/ui/aliased_primitive_path.rs ... ok
[INFO] [stderr] test tests/ui/companion_visibility_leak.rs ... ok
[INFO] [stderr] test tests/ui/container_attr_rejected.rs ... ok
[INFO] [stderr] test tests/ui/dual_bound_missing_formbridge.rs ... mismatch
[INFO] [stderr] 
[INFO] [stderr] EXPECTED:
[INFO] [stderr] ┈┈┈┈┈┈┈┈┈┈┈┈┈┈┈┈┈┈┈┈┈┈┈┈┈┈┈┈┈┈┈┈┈┈┈┈┈┈┈┈┈┈┈┈┈┈┈┈┈┈┈┈┈┈┈┈┈┈┈┈
[INFO] [stderr] error[E0277]: the trait bound `InnerSchema: AsRef<ObjectSchema>` is not satisfied
[INFO] [stderr]   --> tests/ui/dual_bound_missing_formbridge.rs:68:5
[INFO] [stderr]    |
[INFO] [stderr] 68 |     inner: Inner,
[INFO] [stderr]    |     ^^^^^ unsatisfied trait bound
[INFO] [stderr]    |
[INFO] [stderr] help: the trait `AsRef<ObjectSchema>` is not implemented for `InnerSchema`
[INFO] [stderr]   --> tests/ui/dual_bound_missing_formbridge.rs:11:1
[INFO] [stderr]    |
[INFO] [stderr] 11 | pub struct InnerSchema {
[INFO] [stderr]    | ^^^^^^^^^^^^^^^^^^^^^^
[INFO] [stderr] help: the trait `ObjectChild` is conditionally implemented for `Nested<S>`
[INFO] [stderr]   --> $WORKSPACE/crates/formars-core/src/schema.rs
[INFO] [stderr]    |
[INFO] [stderr]    | / impl<S> ObjectChild for Nested<S>
[INFO] [stderr]    | | where
[INFO] [stderr]    | |     S: fmt::Debug + Send + Sync + AsRef<crate::types::object::ObjectSchema> + Clone + 'static,
[INFO] [stderr]    | |___________________________________-----------------------------------------__________________^
[INFO] [stderr]    |                                     |
[INFO] [stderr]    |                                     unsatisfied requirement introduced here: `InnerSchema: AsRef<ObjectSchema>`
[INFO] [stderr]    = note: required for `Nested<InnerSchema>` to implement `ObjectChild`
[INFO] [stderr] note: required by a bound in `ObjectSchema::field`
[INFO] [stderr]   --> $WORKSPACE/crates/formars-core/src/types/object.rs
[INFO] [stderr]    |
[INFO] [stderr]    |     pub fn field<C>(mut self, name: &str, child: C) -> Self
[INFO] [stderr]    |            ----- required by a bound in this associated function
[INFO] [stderr]    |     where
[INFO] [stderr]    |         C: ObjectChild + 'static,
[INFO] [stderr]    |            ^^^^^^^^^^^ required by this bound in `ObjectSchema::field`
[INFO] [stderr] 
[INFO] [stderr] error[E0277]: the trait bound `Inner: FormBridge` is not satisfied
[INFO] [stderr]   --> tests/ui/dual_bound_missing_formbridge.rs:68:12
[INFO] [stderr]    |
[INFO] [stderr] 68 |     inner: Inner,
[INFO] [stderr]    |            ^^^^^ unsatisfied trait bound
[INFO] [stderr]    |
[INFO] [stderr] help: the trait `FormBridge` is not implemented for `Inner`
[INFO] [stderr]   --> tests/ui/dual_bound_missing_formbridge.rs:54:1
[INFO] [stderr]    |
[INFO] [stderr] 54 | struct Inner {
[INFO] [stderr]    | ^^^^^^^^^^^^
[INFO] [stderr]    = help: the following other types implement trait `FormBridge`:
[INFO] [stderr]              Outer
[INFO] [stderr]              bool
[INFO] [stderr]              f32
[INFO] [stderr]              f64
[INFO] [stderr]              i16
[INFO] [stderr]              i32
[INFO] [stderr]              i64
[INFO] [stderr]              i8
[INFO] [stderr]            and $N others
[INFO] [stderr] 
[INFO] [stderr] error[E0277]: the trait bound `Inner: FormBridge` is not satisfied
[INFO] [stderr]   --> tests/ui/dual_bound_missing_formbridge.rs:68:5
[INFO] [stderr]    |
[INFO] [stderr] 68 |     inner: Inner,
[INFO] [stderr]    |     ^^^^^ unsatisfied trait bound
[INFO] [stderr]    |
[INFO] [stderr] help: the trait `FormBridge` is not implemented for `Inner`
[INFO] [stderr]   --> tests/ui/dual_bound_missing_formbridge.rs:54:1
[INFO] [stderr]    |
[INFO] [stderr] 54 | struct Inner {
[INFO] [stderr]    | ^^^^^^^^^^^^
[INFO] [stderr]    = help: the following other types implement trait `FormBridge`:
[INFO] [stderr]              Outer
[INFO] [stderr]              bool
[INFO] [stderr]              f32
[INFO] [stderr]              f64
[INFO] [stderr]              i16
[INFO] [stderr]              i32
[INFO] [stderr]              i64
[INFO] [stderr]              i8
[INFO] [stderr]            and $N others
[INFO] [stderr] ┈┈┈┈┈┈┈┈┈┈┈┈┈┈┈┈┈┈┈┈┈┈┈┈┈┈┈┈┈┈┈┈┈┈┈┈┈┈┈┈┈┈┈┈┈┈┈┈┈┈┈┈┈┈┈┈┈┈┈┈
[INFO] [stderr] 
[INFO] [stderr] ACTUAL OUTPUT:
[INFO] [stderr] ┈┈┈┈┈┈┈┈┈┈┈┈┈┈┈┈┈┈┈┈┈┈┈┈┈┈┈┈┈┈┈┈┈┈┈┈┈┈┈┈┈┈┈┈┈┈┈┈┈┈┈┈┈┈┈┈┈┈┈┈
[INFO] [stderr] error[E0277]: the trait bound `InnerSchema: AsRef<ObjectSchema>` is not satisfied
[INFO] [stderr]   --> tests/ui/dual_bound_missing_formbridge.rs:68:5
[INFO] [stderr]    |
[INFO] [stderr] 68 |     inner: Inner,
[INFO] [stderr]    |     ^^^^^ unsatisfied trait bound
[INFO] [stderr]    |
[INFO] [stderr] help: the trait `AsRef<ObjectSchema>` is not implemented for `InnerSchema`
[INFO] [stderr]   --> tests/ui/dual_bound_missing_formbridge.rs:11:1
[INFO] [stderr]    |
[INFO] [stderr] 11 | pub struct InnerSchema {
[INFO] [stderr]    | ^^^^^^^^^^^^^^^^^^^^^^
[INFO] [stderr] help: the trait `ObjectChild` is conditionally implemented for `Nested<S>`
[INFO] [stderr]   --> $CARGO/formars-core-$VERSION/src/schema.rs
[INFO] [stderr]    |
[INFO] [stderr]    | / impl<S> ObjectChild for Nested<S>
[INFO] [stderr]    | | where
[INFO] [stderr]    | |     S: fmt::Debug + Send + Sync + AsRef<crate::types::object::ObjectSchema> + Clone + 'static,
[INFO] [stderr]    | |___________________________________-----------------------------------------__________________^
[INFO] [stderr]    |                                     |
[INFO] [stderr]    |                                     unsatisfied requirement introduced here: `InnerSchema: AsRef<ObjectSchema>`
[INFO] [stderr]    = note: required for `Nested<InnerSchema>` to implement `ObjectChild`
[INFO] [stderr] note: required by a bound in `ObjectSchema::field`
[INFO] [stderr]   --> $CARGO/formars-core-$VERSION/src/types/object.rs
[INFO] [stderr]    |
[INFO] [stderr]    | impl ObjectSchema {
[INFO] [stderr] ...
[INFO] [stderr]    |     pub fn field<C>(mut self, name: &str, child: C) -> Self
[INFO] [stderr]    |     where
[INFO] [stderr]    |         C: ObjectChild + 'static,
[INFO] [stderr]    |            ^^^^^^^^^^^ required by this bound in `ObjectSchema::field`
[INFO] [stderr] 
[INFO] [stderr] error[E0277]: the trait bound `Inner: FormBridge` is not satisfied
[INFO] [stderr]   --> tests/ui/dual_bound_missing_formbridge.rs:68:12
[INFO] [stderr]    |
[INFO] [stderr] 68 |     inner: Inner,
[INFO] [stderr]    |            ^^^^^ unsatisfied trait bound
[INFO] [stderr]    |
[INFO] [stderr] help: the trait `FormBridge` is not implemented for `Inner`
[INFO] [stderr]   --> tests/ui/dual_bound_missing_formbridge.rs:54:1
[INFO] [stderr]    |
[INFO] [stderr] 54 | struct Inner {
[INFO] [stderr]    | ^^^^^^^^^^^^
[INFO] [stderr]    = help: the following other types implement trait `FormBridge`:
[INFO] [stderr]              Outer
[INFO] [stderr]              bool
[INFO] [stderr]              f32
[INFO] [stderr]              f64
[INFO] [stderr]              i16
[INFO] [stderr]              i32
[INFO] [stderr]              i64
[INFO] [stderr]              i8
[INFO] [stderr]            and $N others
[INFO] [stderr] 
[INFO] [stderr] error[E0277]: the trait bound `Inner: FormBridge` is not satisfied
[INFO] [stderr]   --> tests/ui/dual_bound_missing_formbridge.rs:68:5
[INFO] [stderr]    |
[INFO] [stderr] 68 |     inner: Inner,
[INFO] [stderr]    |     ^^^^^ unsatisfied trait bound
[INFO] [stderr]    |
[INFO] [stderr] help: the trait `FormBridge` is not implemented for `Inner`
[INFO] [stderr]   --> tests/ui/dual_bound_missing_formbridge.rs:54:1
[INFO] [stderr]    |
[INFO] [stderr] 54 | struct Inner {
[INFO] [stderr]    | ^^^^^^^^^^^^
[INFO] [stderr]    = help: the following other types implement trait `FormBridge`:
[INFO] [stderr]              Outer
[INFO] [stderr]              bool
[INFO] [stderr]              f32
[INFO] [stderr]              f64
[INFO] [stderr]              i16
[INFO] [stderr]              i32
[INFO] [stderr]              i64
[INFO] [stderr]              i8
[INFO] [stderr]            and $N others
[INFO] [stderr] ┈┈┈┈┈┈┈┈┈┈┈┈┈┈┈┈┈┈┈┈┈┈┈┈┈┈┈┈┈┈┈┈┈┈┈┈┈┈┈┈┈┈┈┈┈┈┈┈┈┈┈┈┈┈┈┈┈┈┈┈
[INFO] [stderr] note: If the actual output is the correct output you can bless it by rerunning
[INFO] [stderr]       your test with the environment variable TRYBUILD=overwrite
[INFO] [stderr] 
[INFO] [stderr] test tests/ui/duplicate_attr.rs ... ok
[INFO] [stderr] test tests/ui/duplicate_wire_key_ident_vs_rename.rs ... ok
[INFO] [stderr] test tests/ui/duplicate_wire_key_raw_ident_vs_rename.rs ... ok
[INFO] [stderr] test tests/ui/duplicate_wire_key_renames.rs ... ok
[INFO] [stderr] test tests/ui/empty_rename_rejected.rs ... ok
[INFO] [stderr] test tests/ui/enum_target.rs ... ok
[INFO] [stderr] test tests/ui/generic_struct_target.rs ... ok
[INFO] [stderr] test tests/ui/lifetime_target.rs ... ok
[INFO] [stdout] test ui ... FAILED
[INFO] [stderr] test tests/ui/meta_on_nested_field.rs ... ok
[INFO] [stdout] 
[INFO] [stderr] test tests/ui/misplaced_attr.rs ... ok
[INFO] [stdout] failures:
[INFO] [stderr] test tests/ui/nested_missing_derive.rs ... ok
[INFO] [stdout] 
[INFO] [stderr] test tests/ui/qualified_numeric_path.rs ... ok
[INFO] [stdout] ---- ui stdout ----
[INFO] [stderr] test tests/ui/qualified_primitive_path.rs ... ok
[INFO] [stdout] 
[INFO] [stderr] test tests/ui/skip_conflict.rs ... ok
[INFO] [stdout] thread 'ui' (849) panicked at /opt/rustwide/cargo-home/registry/src/index.crates.io-1949cf8c6b5b557f/trybuild-1.0.120/src/run.rs:103:13:
[INFO] [stderr] test tests/ui/skipped_field_no_clone.rs ... ok
[INFO] [stdout] 1 of 26 tests failed
[INFO] [stderr] test tests/ui/trailing_junk_after_value.rs ... ok
[INFO] [stdout] stack backtrace:
[INFO] [stderr] test tests/ui/trailing_junk_skip_arg.rs ... ok
[INFO] [stdout]    0:     0x609d8ca76d71 - <<std[617be2ca0a6fd877]::sys::backtrace::BacktraceLock>::print::DisplayBacktrace as core[a373ad73a504971]::fmt::Display>::fmt
[INFO] [stderr] test tests/ui/tuple_struct_target.rs ... ok
[INFO] [stdout]    1:     0x609d8ca8d05a - core[a373ad73a504971]::fmt::write
[INFO] [stderr] test tests/ui/unit_struct_target.rs ... ok
[INFO] [stdout]    2:     0x609d8ca7b5bc - <alloc[2e1b2a31b91974c5]::vec::Vec<u8> as core[a373ad73a504971]::io::write::Write>::write_fmt
[INFO] [stderr] test tests/ui/unknown_attr_key.rs ... ok
[INFO] [stdout]    3:     0x609d8ca501d6 - std[617be2ca0a6fd877]::panicking::default_hook::{closure#0}
[INFO] [stderr] test tests/ui/unsupported_field_type.rs ... ok
[INFO] [stdout]    4:     0x609d8ca6e319 - std[617be2ca0a6fd877]::panicking::default_hook
[INFO] [stderr] test tests/ui/wrong_attr_value.rs ... ok
[INFO] [stdout]    5:     0x609d8ca07920 - test[aada8e7e76ba119b]::test_main_inner::{closure#0}
[INFO] [stderr] 
[INFO] [stdout]    6:     0x609d8ca6e4d2 - std[617be2ca0a6fd877]::panicking::panic_with_hook
[INFO] [stderr] 
[INFO] [stdout]    7:     0x609d8ca50282 - std[617be2ca0a6fd877]::panicking::panic_handler::{closure#0}
[INFO] [stdout]    8:     0x609d8ca48ad9 - std[617be2ca0a6fd877]::sys::backtrace::__rust_end_short_backtrace::<std[617be2ca0a6fd877]::panicking::panic_handler::{closure#0}, !>
[INFO] [stdout]    9:     0x609d8ca50e8d - __rustc[ea4f61d10b84890b]::rust_begin_unwind
[INFO] [stdout]   10:     0x609d8ca8d7cc - core[a373ad73a504971]::panicking::panic_fmt
[INFO] [stdout]   11:     0x609d8c95b4c8 - <trybuild[7e89f415e1b7c454]::Runner>::run
[INFO] [stdout]   12:     0x609d8c95e730 - <trybuild[7e89f415e1b7c454]::TestCases as core[a373ad73a504971]::ops::drop::Drop>::drop
[INFO] [stdout]   13:     0x609d8c954d98 - ui[ebe962225d84f5e0]::ui
[INFO] [stdout]   14:     0x609d8c954f99 - <ui[ebe962225d84f5e0]::ui::{closure#0} as core[a373ad73a504971]::ops::function::FnOnce<()>>::call_once
[INFO] [stdout]   15:     0x609d8c9fad6b - test[aada8e7e76ba119b]::__rust_begin_short_backtrace::<core[a373ad73a504971]::result::Result<(), alloc[2e1b2a31b91974c5]::string::String>, fn() -> core[a373ad73a504971]::result::Result<(), alloc[2e1b2a31b91974c5]::string::String>>
[INFO] [stdout]   16:     0x609d8ca07f45 - test[aada8e7e76ba119b]::run_test::{closure#0}
[INFO] [stdout]   17:     0x609d8ca01834 - std[617be2ca0a6fd877]::sys::backtrace::__rust_begin_short_backtrace::<test[aada8e7e76ba119b]::run_test::{closure#1}, ()>
[INFO] [stdout]   18:     0x609d8ca0afd2 - <std[617be2ca0a6fd877]::thread::lifecycle::spawn_unchecked<test[aada8e7e76ba119b]::run_test::{closure#1}, ()>::{closure#1} as core[a373ad73a504971]::ops::function::FnOnce<()>>::call_once::{shim:vtable#0}
[INFO] [stdout]   19:     0x609d8ca75fcf - <std[617be2ca0a6fd877]::sys::thread::unix::Thread>::new::thread_start
[INFO] [stdout]   20:     0x748f2164cdfa - <unknown>
[INFO] [stdout]   21:     0x748f216e03d4 - clone
[INFO] [stdout]   22:                0x0 - <unknown>
[INFO] [stdout] 
[INFO] [stdout] 
[INFO] [stdout] failures:
[INFO] [stdout]     ui
[INFO] [stdout] 
[INFO] [stdout] test result: FAILED. 0 passed; 1 failed; 0 ignored; 0 measured; 0 filtered out; finished in 15.17s
[INFO] [stdout] 
[INFO] [stderr] error: test failed, to rerun pass `--test ui`
[INFO] running `Command { std: "docker" "inspect" "ddf3cbfc4dae71d836b0c502086de83e965843a52d30f3b5c3fc68161c39c496", kill_on_drop: false }`
[INFO] running `Command { std: "docker" "rm" "-f" "ddf3cbfc4dae71d836b0c502086de83e965843a52d30f3b5c3fc68161c39c496", kill_on_drop: false }`
[INFO] [stdout] ddf3cbfc4dae71d836b0c502086de83e965843a52d30f3b5c3fc68161c39c496
