[INFO] fetching crate forma-server 0.2.2...
[INFO] testing forma-server-0.2.2 against 1.99.0-beta.8+cargoflags=--release for beta-release-1.100-2
[INFO] extracting crate forma-server 0.2.2 into /workspace/builds/worker-3-tc1/source
[INFO] started tweaking crates.io crate forma-server 0.2.2
[INFO] removed 0 missing tests
[INFO] finished tweaking crates.io crate forma-server 0.2.2
[INFO] tweaked toml for crates.io crate forma-server 0.2.2 written to /workspace/builds/worker-3-tc1/source/Cargo.toml
[INFO] validating manifest of crates.io crate forma-server 0.2.2 on toolchain 1.99.0-beta.8
[INFO] running `Command { std: CARGO_HOME="/workspace/cargo-home" RUSTUP_HOME="/workspace/rustup-home" "/workspace/cargo-home/bin/cargo" "+1.99.0-beta.8" "metadata" "--manifest-path" "Cargo.toml" "--no-deps", kill_on_drop: false }`
[INFO] crate crates.io crate forma-server 0.2.2 already has a lockfile, it will not be regenerated
[INFO] running `Command { std: CARGO_HOME="/workspace/cargo-home" RUSTUP_HOME="/workspace/rustup-home" "/workspace/cargo-home/bin/cargo" "+1.99.0-beta.8" "fetch" "--manifest-path" "Cargo.toml", kill_on_drop: false }`
[INFO] [stderr]     Updating crates.io index
[INFO] [stderr]  Downloading crates ...
[INFO] [stderr]   Downloaded sha2 v0.11.1
[INFO] [stderr]   Downloaded rust-embed-impl v8.13.0
[INFO] [stderr]   Downloaded rust-embed-utils v8.13.0
[INFO] [stderr]   Downloaded forma-ir v0.2.2
[INFO] [stderr]   Downloaded rust-embed v8.13.0
[INFO] running `Command { std: "docker" "create" "-v" "/var/lib/crater-agent-workspace/builds/worker-3-tc1/source:/opt/rustwide/workdir:ro,Z" "-v" "/var/lib/crater-agent-workspace/builds/worker-3-tc1/target:/opt/rustwide/target:rw,Z" "-v" "/var/lib/crater-agent-workspace/cargo-home:/opt/rustwide/cargo-home:ro,Z" "-v" "/var/lib/crater-agent-workspace/rustup-home:/opt/rustwide/rustup-home:ro,Z" "-m" "1610612736" "--network" "none" "ghcr.io/rust-lang/crates-build-env/linux@sha256:77db811e55d90add9212f6832c23229e3de5f1c1f9905e8cb07319ea15df73ac" "sleep" "infinity", kill_on_drop: false }`
[INFO] [stdout] e1213b905777625603bf13cc00f4e3343fd1f5df04ab80eb7744588169d4556c
[INFO] running `Command { std: "docker" "start" "e1213b905777625603bf13cc00f4e3343fd1f5df04ab80eb7744588169d4556c", kill_on_drop: false }`
[INFO] running `Command { std: "docker" "inspect" "e1213b905777625603bf13cc00f4e3343fd1f5df04ab80eb7744588169d4556c", kill_on_drop: false }`
[INFO] running `Command { std: "docker" "exec" "-e" "SOURCE_DIR=/opt/rustwide/workdir" "-e" "CARGO_HOME=/opt/rustwide/cargo-home" "-e" "RUSTUP_HOME=/opt/rustwide/rustup-home" "-e" "CARGO_TARGET_DIR=/opt/rustwide/target" "-w" "/opt/rustwide/workdir" "--user" "0:0" "e1213b905777625603bf13cc00f4e3343fd1f5df04ab80eb7744588169d4556c" "/opt/rustwide/cargo-home/bin/cargo" "+1.99.0-beta.8" "metadata" "--no-deps" "--format-version=1", kill_on_drop: false }`
[INFO] running `Command { std: "docker" "inspect" "e1213b905777625603bf13cc00f4e3343fd1f5df04ab80eb7744588169d4556c", kill_on_drop: false }`
[INFO] running `Command { std: "docker" "exec" "-e" "SOURCE_DIR=/opt/rustwide/workdir" "-e" "CARGO_HOME=/opt/rustwide/cargo-home" "-e" "RUSTUP_HOME=/opt/rustwide/rustup-home" "-e" "CARGO_TARGET_DIR=/opt/rustwide/target" "-e" "CARGO_INCREMENTAL=0" "-e" "RUST_BACKTRACE=full" "-e" "RUSTFLAGS=--cap-lints=warn" "-e" "RUSTDOCFLAGS=--cap-lints=warn" "-w" "/opt/rustwide/workdir" "--user" "0:0" "e1213b905777625603bf13cc00f4e3343fd1f5df04ab80eb7744588169d4556c" "/opt/rustwide/cargo-home/bin/cargo" "+1.99.0-beta.8" "build" "--frozen" "--message-format=json" "--release", kill_on_drop: false }`
[INFO] [stderr]    Compiling libc v0.2.190
[INFO] [stderr]    Compiling syn v3.0.9
[INFO] [stderr]    Compiling syn v2.0.119
[INFO] [stderr]    Compiling typenum v1.20.1
[INFO] [stderr]    Compiling serde_core v1.0.229
[INFO] [stderr]    Compiling futures-core v0.3.34
[INFO] [stderr]    Compiling const-oid v0.10.2
[INFO] [stderr]    Compiling unicase v2.10.0
[INFO] [stderr]    Compiling log v0.4.34
[INFO] [stderr]    Compiling mime_guess v2.0.5
[INFO] [stderr]    Compiling cpufeatures v0.3.1
[INFO] [stderr]    Compiling same-file v1.0.6
[INFO] [stderr]    Compiling serde_json v1.0.154
[INFO] [stderr]    Compiling walkdir v2.5.0
[INFO] [stderr]    Compiling slab v0.4.12
[INFO] [stderr]    Compiling futures-task v0.3.34
[INFO] [stderr]    Compiling httpdate v1.0.3
[INFO] [stderr]    Compiling hybrid-array v0.4.15
[INFO] [stderr]    Compiling mime v0.3.17
[INFO] [stderr]    Compiling sync_wrapper v1.0.2
[INFO] [stderr]    Compiling smallvec v1.16.3
[INFO] [stderr]    Compiling futures-util v0.3.34
[INFO] [stderr]    Compiling ring v0.17.14
[INFO] [stderr]    Compiling block-buffer v0.12.1
[INFO] [stderr]    Compiling crypto-common v0.2.2
[INFO] [stderr]    Compiling mio v1.2.4
[INFO] [stderr]    Compiling socket2 v0.6.5
[INFO] [stderr]    Compiling digest v0.11.3
[INFO] [stderr]    Compiling sha2 v0.11.1
[INFO] [stderr]    Compiling http-body-util v0.1.5
[INFO] [stderr]    Compiling getrandom v0.2.17
[INFO] [stderr]    Compiling matchit v0.8.4
[INFO] [stderr]    Compiling rust-embed-utils v8.13.0
[INFO] [stderr]    Compiling serde_path_to_error v0.1.20
[INFO] [stderr]    Compiling tokio-macros v2.7.2
[INFO] [stderr]    Compiling serde_derive v1.0.229
[INFO] [stderr]    Compiling tracing-attributes v0.1.31
[INFO] [stderr]    Compiling rust-embed-impl v8.13.0
[INFO] [stderr]    Compiling tokio v1.53.3
[INFO] [stderr]    Compiling rust-embed v8.13.0
[INFO] [stderr]    Compiling tracing v0.1.44
[INFO] [stderr]    Compiling axum-core v0.5.6
[INFO] [stderr]    Compiling forma-ir v0.2.2
[INFO] [stderr]    Compiling serde v1.0.229
[INFO] [stderr]    Compiling serde_urlencoded v0.7.1
[INFO] [stderr]    Compiling hyper v1.12.0
[INFO] [stderr]    Compiling tower v0.5.3
[INFO] [stderr]    Compiling hyper-util v0.1.21
[INFO] [stderr]    Compiling axum v0.8.9
[INFO] [stderr]    Compiling forma-server v0.2.2 (/opt/rustwide/workdir)
[INFO] [stderr]     Finished `release` profile [optimized] target(s) in 1m 08s
[INFO] running `Command { std: "docker" "inspect" "e1213b905777625603bf13cc00f4e3343fd1f5df04ab80eb7744588169d4556c", kill_on_drop: false }`
[INFO] running `Command { std: "docker" "exec" "-e" "SOURCE_DIR=/opt/rustwide/workdir" "-e" "CARGO_HOME=/opt/rustwide/cargo-home" "-e" "RUSTUP_HOME=/opt/rustwide/rustup-home" "-e" "CARGO_TARGET_DIR=/opt/rustwide/target" "-e" "CARGO_INCREMENTAL=0" "-e" "RUST_BACKTRACE=full" "-e" "RUSTFLAGS=--cap-lints=warn" "-e" "RUSTDOCFLAGS=--cap-lints=warn" "-w" "/opt/rustwide/workdir" "--user" "0:0" "e1213b905777625603bf13cc00f4e3343fd1f5df04ab80eb7744588169d4556c" "/opt/rustwide/cargo-home/bin/cargo" "+1.99.0-beta.8" "test" "--frozen" "--no-run" "--message-format=json" "--release", kill_on_drop: false }`
[INFO] [stderr]    Compiling forma-ir v0.2.2
[INFO] [stderr]    Compiling forma-server v0.2.2 (/opt/rustwide/workdir)
[INFO] [stderr]     Finished `release` profile [optimized] target(s) in 50.94s
[INFO] running `Command { std: "docker" "inspect" "e1213b905777625603bf13cc00f4e3343fd1f5df04ab80eb7744588169d4556c", kill_on_drop: false }`
[INFO] running `Command { std: "docker" "exec" "-e" "SOURCE_DIR=/opt/rustwide/workdir" "-e" "CARGO_HOME=/opt/rustwide/cargo-home" "-e" "RUSTUP_HOME=/opt/rustwide/rustup-home" "-e" "CARGO_TARGET_DIR=/opt/rustwide/target" "-e" "CARGO_INCREMENTAL=0" "-e" "RUST_BACKTRACE=full" "-e" "RUSTFLAGS=--cap-lints=warn" "-e" "RUSTDOCFLAGS=--cap-lints=warn" "-w" "/opt/rustwide/workdir" "--user" "0:0" "e1213b905777625603bf13cc00f4e3343fd1f5df04ab80eb7744588169d4556c" "/opt/rustwide/cargo-home/bin/cargo" "+1.99.0-beta.8" "test" "--frozen" "--release", kill_on_drop: false }`
[INFO] [stderr]     Finished `release` profile [optimized] target(s) in 0.11s
[INFO] [stderr]      Running unittests src/lib.rs (/opt/rustwide/target/release/deps/forma_server-6e8fea90ff089986)
[INFO] [stdout] 
[INFO] [stdout] running 70 tests
[INFO] [stdout] test assets::tests::falls_through_to_the_next_candidate_when_a_sibling_is_missing ... ok
[INFO] [stdout] test assets::tests::manifest_and_compressed_siblings_are_not_directly_servable ... ok
[INFO] [stdout] test assets::tests::falls_back_to_gzip_when_only_a_gz_sibling_exists ... ok
[INFO] [stdout] test assets::tests::filename_aliases_404_in_debug_just_like_release ... ok
[INFO] [stdout] test assets::tests::denied_names_are_never_served ... ok
[INFO] [stdout] test assets::tests::conditional_request_gets_304_without_a_body ... ok
[INFO] [stdout] test assets::tests::mime_covers_images_fonts_and_maps ... ok
[INFO] [stdout] test assets::tests::mime_reads_the_extension_after_the_last_separator ... ok
[INFO] [stdout] test assets::tests::mime_matching_is_case_insensitive ... ok
[INFO] [stdout] test assets::tests::mime_wasm_is_pinned ... ok
[INFO] [stdout] test assets::tests::mime_default_stays_fail_closed ... ok
[INFO] [stdout] test assets::tests::missing_asset_is_404 ... ok
[INFO] [stdout] test assets::tests::negotiation_honours_qvalue_zero_end_to_end ... ok
[INFO] [stdout] test assets::tests::tokens_match_exactly_not_by_substring ... ok
[INFO] [stdout] test assets::tests::qvalue_zero_is_a_rejection_not_an_acceptance ... ok
[INFO] [stdout] test assets::tests::serves_a_hashed_asset_immutable_with_an_etag ... ok
[INFO] [stdout] test assets::tests::more_embed_types_than_cache_slots_each_serve_their_own_assets ... ok
[INFO] [stdout] test assets::tests::un_hashed_assets_are_revalidated_not_pinned_for_a_year ... ok
[INFO] [stdout] test csp::tests::build_csp_header_is_byte_identical_to_0_2_1 ... ok
[INFO] [stdout] test csp::tests::extension_sources_accept_what_consumers_add ... ok
[INFO] [stdout] test csp::tests::extension_sources_refuse_injection_and_loosening ... ok
[INFO] [stdout] test assets::tests::wildcard_identity_and_absent_headers_serve_raw ... ok
[INFO] [stdout] test csp::tests::endpoints_accept_a_path_https_or_loopback_http_and_refuse_the_rest ... ok
[INFO] [stdout] test csp::tests::frame_and_form_targets_refuse_data_and_filesystem ... ok
[INFO] [stdout] test csp::tests::nonce_is_base64 ... ok
[INFO] [stdout] test csp::tests::nonce_is_unique ... ok
[INFO] [stdout] test csp::tests::csp_contains_nonce ... ok
[INFO] [stdout] test csp::tests::csp_is_strict ... ok
[INFO] [stdout] test csp::tests::parse_rejects_attribute_and_directive_breakout ... ok
[INFO] [stdout] test frame::tests::frame_202_a_policy_that_is_no_header_value_is_no_frame ... ok
[INFO] [stdout] test head::tests::a_preload_must_be_one_of_the_builds_files ... ok
[INFO] [stdout] test ir_compat::reload_tests::a_release_build_reads_nothing_per_request_and_a_debug_build_rereads ... ok
[INFO] [stdout] test ir_compat::tests::a_declared_but_unembedded_ir_file_is_reported_not_swallowed ... ok
[INFO] [stdout] test csp::tests::parse_accepts_a_generated_nonce ... ok
[INFO] [stdout] test frame::tests::frame_201_a_failed_nonce_draw_is_no_frame ... ok
[INFO] [stdout] test head::tests::script_urls_are_recognised_as_a_browser_reads_them ... ok
[INFO] [stdout] test ir_compat::reload_tests::the_reload_loads_through_the_strict_loader_at_start ... ok
[INFO] [stdout] test ir_compat::tests::a_route_with_no_ir_field_is_not_an_error ... ok
[INFO] [stdout] test render::tests::a_panic_outside_the_walk_is_still_a_fault ... ok
[INFO] [stdout] test sw::tests::application_names_are_what_a_cache_name_can_carry ... ok
[INFO] [stdout] test sw::tests::serve_sw_sets_nosniff_and_no_store ... ok
[INFO] [stdout] test render::tests::an_invalid_extension_fails_before_the_walk ... ok
[INFO] [stdout] test render::tests::display_names_code_route_component_and_counts ... ok
[INFO] [stdout] test render::tests::render_202_a_failed_nonce_draw ... ok
[INFO] [stdout] test template::tests::asset_filename_xss_is_escaped ... ok
[INFO] [stdout] test template::tests::body_class_with_quotes_is_escaped ... ok
[INFO] [stdout] test template::tests::config_json_emits_no_raw_angle_brackets ... ok
[INFO] [stdout] test template::tests::config_script_terminators_are_neutralized ... ok
[INFO] [stdout] test template::tests::escape_html_basic_entities ... ok
[INFO] [stdout] test template::tests::page_output_exposes_the_nonce_it_embedded ... ok
[INFO] [stdout] test template::tests::page_output_headers_are_no_store ... ok
[INFO] [stdout] test template::tests::personality_css_round_trips_legitimate_values ... ok
[INFO] [stdout] test template::tests::personality_css_style_breakout_prevented ... ok
[INFO] [stdout] test template::tests::phase1_renders_empty_app_div ... ok
[INFO] [stdout] test assets::tests::content_hash_detection_gates_immutable_caching ... ok
[INFO] [stdout] test assets::tests::higher_qvalue_wins ... ok
[INFO] [stdout] test csp::tests::try_generate_draws_distinct_44_character_nonces ... ok
[INFO] [stdout] test ir_compat::tests::a_load_error_s_code_is_read_from_the_start_of_its_reason ... ok
[INFO] [stdout] test template::tests::phase2_falls_back_to_phase1_when_slots_missing ... ok
[INFO] [stdout] test template::tests::render_page_with_nonce_uses_the_supplied_nonce ... ok
[INFO] [stdout] test template::tests::style_attributes_rendered_by_the_walker_are_permitted_by_the_csp ... ok
[INFO] [stdout] test template::tests::wasm_script_injected_when_manifest_has_wasm_and_route_has_ir ... ok
[INFO] [stdout] test template::tests::phase2_ssr_preserves_head_content ... ok
[INFO] [stdout] test template::tests::wasm_script_not_injected_when_no_wasm_in_manifest ... ok
[INFO] [stdout] test template::tests::phase2_renders_ssr_content_with_data_attr ... ok
[INFO] [stdout] test template::tests::phase2_with_slot_data ... ok
[INFO] [stdout] test template::tests::phase2_falls_back_on_ir_walk_error ... ok
[INFO] [stdout] test template::tests::phase2_falls_back_to_phase1_when_ir_module_missing ... ok
[INFO] [stdout] test template::tests::wasm_script_not_injected_when_route_has_no_ir ... ok
[INFO] [stdout] test sw::tests::the_retiring_worker_deletes_v1_s_caches_and_its_own_never_another_s ... ok
[INFO] [stdout] 
[INFO] [stdout] test result: ok. 70 passed; 0 failed; 0 ignored; 0 measured; 0 filtered out; finished in 3.92s
[INFO] [stdout] 
[INFO] [stderr]      Running tests/asset_sets.rs (/opt/rustwide/target/release/deps/asset_sets-ed846cb21c92b5ec)
[INFO] [stdout] 
[INFO] [stdout] running 1 test
[INFO] [stderr]      Running tests/body_prefix_string_warning.rs (/opt/rustwide/target/release/deps/body_prefix_string_warning-78fc8152318d4325)
[INFO] [stdout] test two_embed_types_each_serve_their_own_assets ... ok
[INFO] [stdout] 
[INFO] [stdout] test result: ok. 1 passed; 0 failed; 0 ignored; 0 measured; 0 filtered out; finished in 0.00s
[INFO] [stdout] 
[INFO] [stdout] 
[INFO] [stdout] running 1 test
[INFO] [stdout] test a_string_body_prefix_warns_once_per_process_in_debug_builds_and_a_raw_html_never_does ... ok
[INFO] [stdout] 
[INFO] [stdout] test result: ok. 1 passed; 0 failed; 0 ignored; 0 measured; 0 filtered out; finished in 0.00s
[INFO] [stdout] 
[INFO] [stderr]      Running tests/compat_0_2_1.rs (/opt/rustwide/target/release/deps/compat_0_2_1-126003b311e44acf)
[INFO] [stdout] 
[INFO] [stdout] running 2 tests
[INFO] [stdout] test render_page_writes_the_0_2_1_document_byte_for_byte ... ok
[INFO] [stderr]      Running tests/dev_reload.rs (/opt/rustwide/target/release/deps/dev_reload-a51a3a9587d700b7)
[INFO] [stdout] test the_0_2_1_page_api_still_compiles_and_renders_as_it_did ... ok
[INFO] [stdout] 
[INFO] [stdout] test result: ok. 2 passed; 0 failed; 0 ignored; 0 measured; 0 filtered out; finished in 0.00s
[INFO] [stdout] 
[INFO] [stdout] 
[INFO] [stdout] running 0 tests
[INFO] [stdout] 
[INFO] [stdout] test result: ok. 0 passed; 0 failed; 0 ignored; 0 measured; 0 filtered out; finished in 0.00s
[INFO] [stdout] 
[INFO] [stderr]      Running tests/feature_isolation.rs (/opt/rustwide/target/release/deps/feature_isolation-5cff08cacc55d928)
[INFO] [stdout] 
[INFO] [stdout] running 1 test
[INFO] [stdout] test a_consumer_with_test_helpers_never_resolves_the_fault_injection_feature ... FAILED
[INFO] [stdout] 
[INFO] [stdout] failures:
[INFO] [stdout] 
[INFO] [stdout] ---- a_consumer_with_test_helpers_never_resolves_the_fault_injection_feature stdout ----
[INFO] [stdout] 
[INFO] [stdout] thread 'a_consumer_with_test_helpers_never_resolves_the_fault_injection_feature' (1833) panicked at tests/feature_isolation.rs:41:5:
[INFO] [stdout] error: failed to load manifest for dependency `forma-ir`
[INFO] [stdout] 
[INFO] [stdout] Caused by:
[INFO] [stdout]   failed to read `/opt/rustwide/forma-ir/Cargo.toml`
[INFO] [stdout] 
[INFO] [stdout] Caused by:
[INFO] [stdout]   No such file or directory (os error 2)
[INFO] [stdout] 
[INFO] [stdout] stack backtrace:
[INFO] [stdout]    0:     0x5bdcd4c0bfb1 - <<std[70759c8f55707aa4]::sys::backtrace::BacktraceLock>::print::DisplayBacktrace as core[df12db4294e9bfd3]::fmt::Display>::fmt
[INFO] [stdout]    1:     0x5bdcd4c201aa - core[df12db4294e9bfd3]::fmt::write
[INFO] [stdout]    2:     0x5bdcd4c1046c - <alloc[2182bb758b4b3781]::vec::Vec<u8> as core[df12db4294e9bfd3]::io::write::Write>::write_fmt
[INFO] [stdout]    3:     0x5bdcd4be7796 - std[70759c8f55707aa4]::panicking::default_hook::{closure#0}
[INFO] [stdout]    4:     0x5bdcd4c04529 - std[70759c8f55707aa4]::panicking::default_hook
[INFO] [stdout]    5:     0x5bdcd4b9fc70 - test[9d35eded1c95d3be]::test_main_inner::<test[9d35eded1c95d3be]::test_main_static::{closure#0}>::{closure#0}
[INFO] [stdout]    6:     0x5bdcd4c046e2 - std[70759c8f55707aa4]::panicking::panic_with_hook
[INFO] [stdout]    7:     0x5bdcd4be7842 - std[70759c8f55707aa4]::panicking::panic_handler::{closure#0}
[INFO] [stdout]    8:     0x5bdcd4be04a9 - std[70759c8f55707aa4]::sys::backtrace::__rust_end_short_backtrace::<std[70759c8f55707aa4]::panicking::panic_handler::{closure#0}, !>
[INFO] [stdout]    9:     0x5bdcd4be843d - __rustc[8fa7c3cbc660c2b3]::rust_begin_unwind
[INFO] [stdout]   10:     0x5bdcd4c208dc - core[df12db4294e9bfd3]::panicking::panic_fmt
[INFO] [stdout]   11:     0x5bdcd4b92d46 - <feature_isolation[8a779a98b1d45ffb]::a_consumer_with_test_helpers_never_resolves_the_fault_injection_feature::{closure#0} as core[df12db4294e9bfd3]::ops::function::FnOnce<()>>::call_once
[INFO] [stdout]   12:     0x5bdcd4b92f5b - test[9d35eded1c95d3be]::__rust_begin_short_backtrace::<core[df12db4294e9bfd3]::result::Result<(), alloc[2182bb758b4b3781]::string::String>, fn() -> core[df12db4294e9bfd3]::result::Result<(), alloc[2182bb758b4b3781]::string::String>>
[INFO] [stdout]   13:     0x5bdcd4ba05c5 - test[9d35eded1c95d3be]::run_test::{closure#0}
[INFO] [stdout]   14:     0x5bdcd4b99e84 - std[70759c8f55707aa4]::sys::backtrace::__rust_begin_short_backtrace::<test[9d35eded1c95d3be]::run_test::{closure#1}, ()>
[INFO] [stdout]   15:     0x5bdcd4ba3722 - <std[70759c8f55707aa4]::thread::lifecycle::spawn_unchecked<test[9d35eded1c95d3be]::run_test::{closure#1}, ()>::{closure#1} as core[df12db4294e9bfd3]::ops::function::FnOnce<()>>::call_once::{shim:vtable#0}
[INFO] [stdout]   16:     0x5bdcd4c0b699 - <std[70759c8f55707aa4]::sys::thread::unix::Thread>::new::thread_start
[INFO] [stdout]   17:     0x78c39c96adfa - <unknown>
[INFO] [stdout]   18:     0x78c39c9fe3d4 - clone
[INFO] [stdout]   19:                0x0 - <unknown>
[INFO] [stdout] 
[INFO] [stderr] error: test failed, to rerun pass `--test feature_isolation`
[INFO] [stdout] 
[INFO] [stdout] failures:
[INFO] [stdout]     a_consumer_with_test_helpers_never_resolves_the_fault_injection_feature
[INFO] [stdout] 
[INFO] [stdout] test result: FAILED. 0 passed; 1 failed; 0 ignored; 0 measured; 0 filtered out; finished in 0.03s
[INFO] [stdout] 
[INFO] running `Command { std: "docker" "inspect" "e1213b905777625603bf13cc00f4e3343fd1f5df04ab80eb7744588169d4556c", kill_on_drop: false }`
[INFO] running `Command { std: "docker" "rm" "-f" "e1213b905777625603bf13cc00f4e3343fd1f5df04ab80eb7744588169d4556c", kill_on_drop: false }`
[INFO] [stdout] e1213b905777625603bf13cc00f4e3343fd1f5df04ab80eb7744588169d4556c
