[INFO] fetching crate forgesync-core 0.1.2...
[INFO] testing forgesync-core-0.1.2 against 1.99.0-beta.8+cargoflags=--release for beta-release-1.100-2
[INFO] extracting crate forgesync-core 0.1.2 into /workspace/builds/worker-5-tc1/source
[INFO] started tweaking crates.io crate forgesync-core 0.1.2
[INFO] removed 0 missing tests
[INFO] finished tweaking crates.io crate forgesync-core 0.1.2
[INFO] tweaked toml for crates.io crate forgesync-core 0.1.2 written to /workspace/builds/worker-5-tc1/source/Cargo.toml
[INFO] validating manifest of crates.io crate forgesync-core 0.1.2 on toolchain 1.99.0-beta.8
[INFO] running `Command { std: CARGO_HOME="/workspace/cargo-home" RUSTUP_HOME="/workspace/rustup-home" "/workspace/cargo-home/bin/cargo" "+1.99.0-beta.8" "metadata" "--manifest-path" "Cargo.toml" "--no-deps", kill_on_drop: false }`
[INFO] crate crates.io crate forgesync-core 0.1.2 already has a lockfile, it will not be regenerated
[INFO] running `Command { std: CARGO_HOME="/workspace/cargo-home" RUSTUP_HOME="/workspace/rustup-home" "/workspace/cargo-home/bin/cargo" "+1.99.0-beta.8" "fetch" "--manifest-path" "Cargo.toml", kill_on_drop: false }`
[INFO] [stderr]  Downloading crates ...
[INFO] [stderr]   Downloaded rstest v0.27.0
[INFO] [stderr]   Downloaded rstest_macros v0.27.0
[INFO] running `Command { std: "docker" "create" "-v" "/var/lib/crater-agent-workspace/builds/worker-5-tc1/source:/opt/rustwide/workdir:ro,Z" "-v" "/var/lib/crater-agent-workspace/builds/worker-5-tc1/target:/opt/rustwide/target:rw,Z" "-v" "/var/lib/crater-agent-workspace/cargo-home:/opt/rustwide/cargo-home:ro,Z" "-v" "/var/lib/crater-agent-workspace/rustup-home:/opt/rustwide/rustup-home:ro,Z" "-m" "1610612736" "--network" "none" "ghcr.io/rust-lang/crates-build-env/linux@sha256:77db811e55d90add9212f6832c23229e3de5f1c1f9905e8cb07319ea15df73ac" "sleep" "infinity", kill_on_drop: false }`
[INFO] [stdout] 58910a24ad8949eddeb11bc73516c6529d2b9d7b864c6b73aea77e0a1cb73ca4
[INFO] running `Command { std: "docker" "start" "58910a24ad8949eddeb11bc73516c6529d2b9d7b864c6b73aea77e0a1cb73ca4", kill_on_drop: false }`
[INFO] running `Command { std: "docker" "inspect" "58910a24ad8949eddeb11bc73516c6529d2b9d7b864c6b73aea77e0a1cb73ca4", kill_on_drop: false }`
[INFO] running `Command { std: "docker" "exec" "-e" "SOURCE_DIR=/opt/rustwide/workdir" "-e" "CARGO_HOME=/opt/rustwide/cargo-home" "-e" "RUSTUP_HOME=/opt/rustwide/rustup-home" "-e" "CARGO_TARGET_DIR=/opt/rustwide/target" "-w" "/opt/rustwide/workdir" "--user" "0:0" "58910a24ad8949eddeb11bc73516c6529d2b9d7b864c6b73aea77e0a1cb73ca4" "/opt/rustwide/cargo-home/bin/cargo" "+1.99.0-beta.8" "metadata" "--no-deps" "--format-version=1", kill_on_drop: false }`
[INFO] running `Command { std: "docker" "inspect" "58910a24ad8949eddeb11bc73516c6529d2b9d7b864c6b73aea77e0a1cb73ca4", kill_on_drop: false }`
[INFO] running `Command { std: "docker" "exec" "-e" "SOURCE_DIR=/opt/rustwide/workdir" "-e" "CARGO_HOME=/opt/rustwide/cargo-home" "-e" "RUSTUP_HOME=/opt/rustwide/rustup-home" "-e" "CARGO_TARGET_DIR=/opt/rustwide/target" "-e" "CARGO_INCREMENTAL=0" "-e" "RUST_BACKTRACE=full" "-e" "RUSTFLAGS=--cap-lints=warn" "-e" "RUSTDOCFLAGS=--cap-lints=warn" "-w" "/opt/rustwide/workdir" "--user" "0:0" "58910a24ad8949eddeb11bc73516c6529d2b9d7b864c6b73aea77e0a1cb73ca4" "/opt/rustwide/cargo-home/bin/cargo" "+1.99.0-beta.8" "build" "--frozen" "--message-format=json" "--release", kill_on_drop: false }`
[INFO] [stderr]    Compiling hybrid-array v0.4.15
[INFO] [stderr]    Compiling serde_json v1.0.151
[INFO] [stderr]    Compiling cpufeatures v0.3.1
[INFO] [stderr]    Compiling time-core v0.1.9
[INFO] [stderr]    Compiling num-conv v0.2.2
[INFO] [stderr]    Compiling deranged v0.5.8
[INFO] [stderr]    Compiling zmij v1.0.23
[INFO] [stderr]    Compiling thiserror v2.0.21
[INFO] [stderr]    Compiling block-buffer v0.12.1
[INFO] [stderr]    Compiling crypto-common v0.2.2
[INFO] [stderr]    Compiling time v0.3.55
[INFO] [stderr]    Compiling digest v0.11.3
[INFO] [stderr]    Compiling sha2 v0.11.0
[INFO] [stderr]    Compiling forgesync-core v0.1.2 (/opt/rustwide/workdir)
[INFO] [stderr]     Finished `release` profile [optimized] target(s) in 10.38s
[INFO] running `Command { std: "docker" "inspect" "58910a24ad8949eddeb11bc73516c6529d2b9d7b864c6b73aea77e0a1cb73ca4", kill_on_drop: false }`
[INFO] running `Command { std: "docker" "exec" "-e" "SOURCE_DIR=/opt/rustwide/workdir" "-e" "CARGO_HOME=/opt/rustwide/cargo-home" "-e" "RUSTUP_HOME=/opt/rustwide/rustup-home" "-e" "CARGO_TARGET_DIR=/opt/rustwide/target" "-e" "CARGO_INCREMENTAL=0" "-e" "RUST_BACKTRACE=full" "-e" "RUSTFLAGS=--cap-lints=warn" "-e" "RUSTDOCFLAGS=--cap-lints=warn" "-w" "/opt/rustwide/workdir" "--user" "0:0" "58910a24ad8949eddeb11bc73516c6529d2b9d7b864c6b73aea77e0a1cb73ca4" "/opt/rustwide/cargo-home/bin/cargo" "+1.99.0-beta.8" "test" "--frozen" "--no-run" "--message-format=json" "--release", kill_on_drop: false }`
[INFO] [stderr]    Compiling memchr v2.8.3
[INFO] [stderr]    Compiling regex-syntax v0.8.11
[INFO] [stderr]    Compiling indexmap v2.14.2
[INFO] [stderr]    Compiling rstest_macros v0.27.0
[INFO] [stderr]    Compiling syn v2.0.119
[INFO] [stderr]    Compiling futures-task v0.3.34
[INFO] [stderr]    Compiling futures-core v0.3.34
[INFO] [stderr]    Compiling relative-path v1.9.3
[INFO] [stderr]    Compiling glob v0.3.4
[INFO] [stderr]    Compiling cfg-if v1.0.5
[INFO] [stderr]    Compiling futures-timer v3.0.4
[INFO] [stderr]    Compiling futures-util v0.3.34
[INFO] [stderr]    Compiling toml_edit v0.25.15+spec-1.1.0
[INFO] [stderr]    Compiling aho-corasick v1.1.5
[INFO] [stderr]    Compiling proc-macro-crate v3.5.0
[INFO] [stderr]    Compiling regex-automata v0.4.18
[INFO] [stderr]    Compiling regex v1.13.1
[INFO] [stderr]    Compiling rstest v0.27.0
[INFO] [stderr]    Compiling forgesync-core v0.1.2 (/opt/rustwide/workdir)
[INFO] [stderr]     Finished `release` profile [optimized] target(s) in 19.85s
[INFO] running `Command { std: "docker" "inspect" "58910a24ad8949eddeb11bc73516c6529d2b9d7b864c6b73aea77e0a1cb73ca4", kill_on_drop: false }`
[INFO] running `Command { std: "docker" "exec" "-e" "SOURCE_DIR=/opt/rustwide/workdir" "-e" "CARGO_HOME=/opt/rustwide/cargo-home" "-e" "RUSTUP_HOME=/opt/rustwide/rustup-home" "-e" "CARGO_TARGET_DIR=/opt/rustwide/target" "-e" "CARGO_INCREMENTAL=0" "-e" "RUST_BACKTRACE=full" "-e" "RUSTFLAGS=--cap-lints=warn" "-e" "RUSTDOCFLAGS=--cap-lints=warn" "-w" "/opt/rustwide/workdir" "--user" "0:0" "58910a24ad8949eddeb11bc73516c6529d2b9d7b864c6b73aea77e0a1cb73ca4" "/opt/rustwide/cargo-home/bin/cargo" "+1.99.0-beta.8" "test" "--frozen" "--release", kill_on_drop: false }`
[INFO] [stderr]     Finished `release` profile [optimized] target(s) in 0.10s
[INFO] [stderr]      Running unittests src/lib.rs (/opt/rustwide/target/release/deps/forgesync_core-18c9eb406ddd64de)
[INFO] [stdout] 
[INFO] [stdout] running 57 tests
[INFO] [stderr]      Running tests/fixture_catalog.rs (/opt/rustwide/target/release/deps/fixture_catalog-182ca5d4d590d547)
[INFO] [stdout] test coverage::tests::complete_empty_coverage_is_distinct_from_missing_coverage ... ok
[INFO] [stdout] test content::tests::unknown_provider_fields_survive_a_json_round_trip ... ok
[INFO] [stdout] test content::tests::unknown_review_states_remain_representable ... ok
[INFO] [stdout] test coverage::tests::stale_coverage_is_exposed_separately_from_completeness ... ok
[INFO] [stdout] test embedding::tests::invalid_archive_lengths_are_rejected::case_1_zero_dimension ... ok
[INFO] [stdout] test embedding::tests::invalid_archive_lengths_are_rejected::case_2_truncated ... ok
[INFO] [stdout] test identity::tests::abbreviated_commit_sha_is_rejected ... ok
[INFO] [stdout] test document::tests::changed_retrieval_inputs_invalidate_content_identity::case_1_recipe ... ok
[INFO] [stdout] test document::tests::changed_retrieval_inputs_invalidate_content_identity::case_2_text ... ok
[INFO] [stdout] test embedding::tests::invalid_model_vectors_have_specific_errors::case_4_nan ... ok
[INFO] [stdout] test document::tests::content_identity_ignores_provider_timestamp_changes ... ok
[INFO] [stdout] test embedding::tests::invalid_archive_lengths_are_rejected::case_3_trailing_byte ... ok
[INFO] [stdout] test document::tests::original_body_hash_retains_version_one_field_encoding ... ok
[INFO] [stdout] test embedding::tests::invalid_model_vectors_have_specific_errors::case_1_empty ... ok
[INFO] [stdout] test embedding::tests::invalid_model_vectors_have_specific_errors::case_5_infinity ... ok
[INFO] [stdout] test identity::tests::host_identity_normalizes_authority::case_2_ipv6 ... ok
[INFO] [stdout] test identity::tests::host_identity_normalizes_authority::case_3_default_port ... ok
[INFO] [stdout] test identity::tests::host_identity_rejects_invalid_authority::case_1_insecure_scheme ... ok
[INFO] [stdout] test identity::tests::host_identity_rejects_invalid_authority::case_2_api_path ... ok
[INFO] [stdout] test identity::tests::host_identity_rejects_invalid_authority::case_3_credentials ... ok
[INFO] [stdout] test identity::tests::host_identity_rejects_invalid_authority::case_5_whitespace ... ok
[INFO] [stdout] test identity::tests::host_identity_rejects_invalid_authority::case_6_zero_port ... ok
[INFO] [stdout] test embedding::tests::invalid_model_vectors_have_specific_errors::case_3_zero_norm ... ok
[INFO] [stdout] test identity::tests::host_identity_normalizes_authority::case_1_enterprise ... ok
[INFO] [stdout] test identity::tests::provider_identity_rejects_invalid_text::case_1_whitespace ... ok
[INFO] [stdout] test identity::tests::provider_identity_rejects_invalid_text::case_2_line_break ... ok
[INFO] [stdout] test identity::tests::repository_identity_round_trips_through_json ... ok
[INFO] [stdout] test identity::tests::zero_run_id_is_rejected ... ok
[INFO] [stdout] test identity::tests::full_commit_sha_normalizes_hexadecimal_case ... ok
[INFO] [stdout] test embedding::tests::little_endian_vector_round_trips_with_explicit_dimensions ... ok
[INFO] [stdout] test identity::tests::host_deserialization_enforces_authority_validation ... ok
[INFO] [stdout] test identity::tests::host_identity_rejects_invalid_authority::case_4_empty_dns_label ... ok
[INFO] [stdout] test identity::tests::host_identity_rejects_invalid_authority::case_7_invalid_ipv6 ... ok
[INFO] [stdout] test identity::tests::zero_thread_number_is_rejected ... ok
[INFO] [stdout] test observation::tests::absent_source_text_has_no_provider_clock::case_1_absent ... ok
[INFO] [stdout] test observation::tests::absent_source_text_has_no_provider_clock::case_2_empty ... ok
[INFO] [stdout] test observation::tests::absent_source_text_has_no_provider_clock::case_3_whitespace ... ok
[INFO] [stdout] test observation::tests::complete_empty_is_not_missing_or_incomplete ... ok
[INFO] [stdout] test observation::tests::malformed_source_time_retains_its_trimmed_spelling ... ok
[INFO] [stdout] test observation::tests::observation_round_trip_keeps_family_time_sequence_and_completeness ... ok
[INFO] [stdout] test observation::tests::offset_source_time_normalizes_to_the_same_utc_instant ... ok
[INFO] [stdout] test outcome::tests::terminal_outcomes_have_distinct_machine_readable_states::case_1_complete ... ok
[INFO] [stdout] test outcome::tests::terminal_outcomes_have_distinct_machine_readable_states::case_2_partial ... ok
[INFO] [stdout] test embedding::tests::invalid_model_vectors_have_specific_errors::case_2_dimension ... ok
[INFO] [stdout] test outcome::tests::terminal_outcomes_have_distinct_machine_readable_states::case_3_deferred ... ok
[INFO] [stdout] test outcome::tests::terminal_outcomes_have_distinct_machine_readable_states::case_4_failed ... ok
[INFO] [stdout] test outcome::tests::terminal_outcomes_have_distinct_machine_readable_states::case_5_interrupted ... ok
[INFO] [stdout] test timestamp::tests::formatting_does_not_restore_discarded_precision ... ok
[INFO] [stdout] test timestamp::tests::invalid_calendar_timestamp_is_rejected_during_deserialization ... ok
[INFO] [stdout] test timestamp::tests::malformed_source_timestamp_has_a_typed_parse_error ... ok
[INFO] [stdout] test timestamp::tests::pre_epoch_archive_microseconds_round_trip ... ok
[INFO] [stdout] test timestamp::tests::sub_microsecond_precision_truncates_toward_epoch::case_1_after_epoch ... ok
[INFO] [stdout] test timestamp::tests::sub_microsecond_precision_truncates_toward_epoch::case_2_before_epoch ... ok
[INFO] [stdout] test timestamp::tests::sub_microsecond_precision_truncates_toward_epoch::case_3_near_epoch ... ok
[INFO] [stdout] test timestamp::tests::timestamps_compare_as_instants_and_serialize_as_utc ... ok
[INFO] [stdout] test timestamp::tests::unsupported_archive_instants_are_rejected::case_1_maximum ... ok
[INFO] [stdout] test timestamp::tests::unsupported_archive_instants_are_rejected::case_2_minimum ... ok
[INFO] [stdout] 
[INFO] [stdout] test result: ok. 57 passed; 0 failed; 0 ignored; 0 measured; 0 filtered out; finished in 0.01s
[INFO] [stdout] 
[INFO] [stdout] 
[INFO] [stdout] running 4 tests
[INFO] [stdout] test catalog_references_existing_provider_fixtures_without_traversal ... FAILED
[INFO] [stdout] test every_fixture_is_valid_json_without_credential_fields ... FAILED
[INFO] [stderr] error: test failed, to rerun pass `--test fixture_catalog`
[INFO] [stdout] test observation_truth_table_has_named_rows_for_each_ordering_case ... FAILED
[INFO] [stdout] test named_scenarios_cover_the_declared_regression_invariants ... FAILED
[INFO] [stdout] 
[INFO] [stdout] failures:
[INFO] [stdout] 
[INFO] [stdout] ---- catalog_references_existing_provider_fixtures_without_traversal stdout ----
[INFO] [stdout] 
[INFO] [stdout] thread 'catalog_references_existing_provider_fixtures_without_traversal' (736) panicked at tests/fixture_catalog.rs:45:33:
[INFO] [stdout] read fixture directory /opt/rustwide/workdir/../../fixtures: No such file or directory (os error 2)
[INFO] [stdout] stack backtrace:
[INFO] [stdout]    0:     0x60736858fac1 - <<std[70759c8f55707aa4]::sys::backtrace::BacktraceLock>::print::DisplayBacktrace as core[df12db4294e9bfd3]::fmt::Display>::fmt
[INFO] [stdout]    1:     0x6073685a477a - core[df12db4294e9bfd3]::fmt::write
[INFO] [stdout]    2:     0x60736859424c - <alloc[2182bb758b4b3781]::vec::Vec<u8> as core[df12db4294e9bfd3]::io::write::Write>::write_fmt
[INFO] [stdout]    3:     0x60736856b346 - std[70759c8f55707aa4]::panicking::default_hook::{closure#0}
[INFO] [stdout]    4:     0x607368587ca9 - std[70759c8f55707aa4]::panicking::default_hook
[INFO] [stdout]    5:     0x60736851fe50 - test[9d35eded1c95d3be]::test_main_inner::<test[9d35eded1c95d3be]::test_main_static::{closure#0}>::{closure#0}
[INFO] [stdout]    6:     0x607368587e62 - std[70759c8f55707aa4]::panicking::panic_with_hook
[INFO] [stdout]    7:     0x60736856b3f2 - std[70759c8f55707aa4]::panicking::panic_handler::{closure#0}
[INFO] [stdout]    8:     0x607368563f49 - std[70759c8f55707aa4]::sys::backtrace::__rust_end_short_backtrace::<std[70759c8f55707aa4]::panicking::panic_handler::{closure#0}, !>
[INFO] [stdout]    9:     0x60736856bfed - __rustc[8fa7c3cbc660c2b3]::rust_begin_unwind
[INFO] [stdout]   10:     0x6073685a4eac - core[df12db4294e9bfd3]::panicking::panic_fmt
[INFO] [stdout]   11:     0x607368505679 - fixture_catalog[d51caf14d22f9849]::collect_json_files::{closure#0}
[INFO] [stdout]   12:     0x607368505bee - fixture_catalog[d51caf14d22f9849]::collect_json_files
[INFO] [stdout]   13:     0x607368509862 - <fixture_catalog[d51caf14d22f9849]::catalog_references_existing_provider_fixtures_without_traversal::{closure#0} as core[df12db4294e9bfd3]::ops::function::FnOnce<()>>::call_once
[INFO] [stdout]   14:     0x60736851313b - test[9d35eded1c95d3be]::__rust_begin_short_backtrace::<core[df12db4294e9bfd3]::result::Result<(), alloc[2182bb758b4b3781]::string::String>, fn() -> core[df12db4294e9bfd3]::result::Result<(), alloc[2182bb758b4b3781]::string::String>>
[INFO] [stdout]   15:     0x6073685207a5 - test[9d35eded1c95d3be]::run_test::{closure#0}
[INFO] [stdout]   16:     0x60736851a064 - std[70759c8f55707aa4]::sys::backtrace::__rust_begin_short_backtrace::<test[9d35eded1c95d3be]::run_test::{closure#1}, ()>
[INFO] [stdout]   17:     0x607368523902 - <std[70759c8f55707aa4]::thread::lifecycle::spawn_unchecked<test[9d35eded1c95d3be]::run_test::{closure#1}, ()>::{closure#1} as core[df12db4294e9bfd3]::ops::function::FnOnce<()>>::call_once::{shim:vtable#0}
[INFO] [stdout]   18:     0x60736858f029 - <std[70759c8f55707aa4]::sys::thread::unix::Thread>::new::thread_start
[INFO] [stdout]   19:     0x762ab970edfa - <unknown>
[INFO] [stdout]   20:     0x762ab97a23d4 - clone
[INFO] [stdout]   21:                0x0 - <unknown>
[INFO] [stdout] 
[INFO] [stdout] ---- every_fixture_is_valid_json_without_credential_fields stdout ----
[INFO] [stdout] 
[INFO] [stdout] thread 'every_fixture_is_valid_json_without_credential_fields' (737) panicked at tests/fixture_catalog.rs:45:33:
[INFO] [stdout] read fixture directory /opt/rustwide/workdir/../../fixtures: No such file or directory (os error 2)
[INFO] [stdout] stack backtrace:
[INFO] [stdout]    0:     0x60736858fac1 - <<std[70759c8f55707aa4]::sys::backtrace::BacktraceLock>::print::DisplayBacktrace as core[df12db4294e9bfd3]::fmt::Display>::fmt
[INFO] [stdout]    1:     0x6073685a477a - core[df12db4294e9bfd3]::fmt::write
[INFO] [stdout]    2:     0x60736859424c - <alloc[2182bb758b4b3781]::vec::Vec<u8> as core[df12db4294e9bfd3]::io::write::Write>::write_fmt
[INFO] [stdout]    3:     0x60736856b346 - std[70759c8f55707aa4]::panicking::default_hook::{closure#0}
[INFO] [stdout]    4:     0x607368587ca9 - std[70759c8f55707aa4]::panicking::default_hook
[INFO] [stdout]    5:     0x60736851fe50 - test[9d35eded1c95d3be]::test_main_inner::<test[9d35eded1c95d3be]::test_main_static::{closure#0}>::{closure#0}
[INFO] [stdout]    6:     0x607368587e62 - std[70759c8f55707aa4]::panicking::panic_with_hook
[INFO] [stdout]    7:     0x60736856b3f2 - std[70759c8f55707aa4]::panicking::panic_handler::{closure#0}
[INFO] [stdout]    8:     0x607368563f49 - std[70759c8f55707aa4]::sys::backtrace::__rust_end_short_backtrace::<std[70759c8f55707aa4]::panicking::panic_handler::{closure#0}, !>
[INFO] [stdout]    9:     0x60736856bfed - __rustc[8fa7c3cbc660c2b3]::rust_begin_unwind
[INFO] [stdout]   10:     0x6073685a4eac - core[df12db4294e9bfd3]::panicking::panic_fmt
[INFO] [stdout]   11:     0x607368505679 - fixture_catalog[d51caf14d22f9849]::collect_json_files::{closure#0}
[INFO] [stdout]   12:     0x607368505bee - fixture_catalog[d51caf14d22f9849]::collect_json_files
[INFO] [stdout]   13:     0x607368506728 - <fixture_catalog[d51caf14d22f9849]::every_fixture_is_valid_json_without_credential_fields::{closure#0} as core[df12db4294e9bfd3]::ops::function::FnOnce<()>>::call_once
[INFO] [stdout]   14:     0x60736851313b - test[9d35eded1c95d3be]::__rust_begin_short_backtrace::<core[df12db4294e9bfd3]::result::Result<(), alloc[2182bb758b4b3781]::string::String>, fn() -> core[df12db4294e9bfd3]::result::Result<(), alloc[2182bb758b4b3781]::string::String>>
[INFO] [stdout]   15:     0x6073685207a5 - test[9d35eded1c95d3be]::run_test::{closure#0}
[INFO] [stdout]   16:     0x60736851a064 - std[70759c8f55707aa4]::sys::backtrace::__rust_begin_short_backtrace::<test[9d35eded1c95d3be]::run_test::{closure#1}, ()>
[INFO] [stdout]   17:     0x607368523902 - <std[70759c8f55707aa4]::thread::lifecycle::spawn_unchecked<test[9d35eded1c95d3be]::run_test::{closure#1}, ()>::{closure#1} as core[df12db4294e9bfd3]::ops::function::FnOnce<()>>::call_once::{shim:vtable#0}
[INFO] [stdout]   18:     0x60736858f029 - <std[70759c8f55707aa4]::sys::thread::unix::Thread>::new::thread_start
[INFO] [stdout]   19:     0x762ab970edfa - <unknown>
[INFO] [stdout]   20:     0x762ab97a23d4 - clone
[INFO] [stdout]   21:                0x0 - <unknown>
[INFO] [stdout] 
[INFO] [stdout] ---- observation_truth_table_has_named_rows_for_each_ordering_case stdout ----
[INFO] [stdout] 
[INFO] [stdout] thread 'observation_truth_table_has_named_rows_for_each_ordering_case' (739) panicked at tests/fixture_catalog.rs:37:33:
[INFO] [stdout] read fixture /opt/rustwide/workdir/../../fixtures/scenarios/observation_ordering.json: No such file or directory (os error 2)
[INFO] [stdout] stack backtrace:
[INFO] [stdout]    0:     0x60736858fac1 - <<std[70759c8f55707aa4]::sys::backtrace::BacktraceLock>::print::DisplayBacktrace as core[df12db4294e9bfd3]::fmt::Display>::fmt
[INFO] [stdout]    1:     0x6073685a477a - core[df12db4294e9bfd3]::fmt::write
[INFO] [stdout]    2:     0x60736859424c - <alloc[2182bb758b4b3781]::vec::Vec<u8> as core[df12db4294e9bfd3]::io::write::Write>::write_fmt
[INFO] [stdout]    3:     0x60736856b346 - std[70759c8f55707aa4]::panicking::default_hook::{closure#0}
[INFO] [stdout]    4:     0x607368587ca9 - std[70759c8f55707aa4]::panicking::default_hook
[INFO] [stdout]    5:     0x60736851fe50 - test[9d35eded1c95d3be]::test_main_inner::<test[9d35eded1c95d3be]::test_main_static::{closure#0}>::{closure#0}
[INFO] [stdout]    6:     0x607368587e62 - std[70759c8f55707aa4]::panicking::panic_with_hook
[INFO] [stdout]    7:     0x60736856b3f2 - std[70759c8f55707aa4]::panicking::panic_handler::{closure#0}
[INFO] [stdout]    8:     0x607368563f49 - std[70759c8f55707aa4]::sys::backtrace::__rust_end_short_backtrace::<std[70759c8f55707aa4]::panicking::panic_handler::{closure#0}, !>
[INFO] [stdout]    9:     0x60736856bfed - __rustc[8fa7c3cbc660c2b3]::rust_begin_unwind
[INFO] [stdout]   10:     0x6073685a4eac - core[df12db4294e9bfd3]::panicking::panic_fmt
[INFO] [stdout]   11:     0x607368505719 - fixture_catalog[d51caf14d22f9849]::read_json::{closure#0}
[INFO] [stdout]   12:     0x607368505d7d - fixture_catalog[d51caf14d22f9849]::read_json
[INFO] [stdout]   13:     0x6073685083df - <fixture_catalog[d51caf14d22f9849]::observation_truth_table_has_named_rows_for_each_ordering_case::{closure#0} as core[df12db4294e9bfd3]::ops::function::FnOnce<()>>::call_once
[INFO] [stdout]   14:     0x60736851313b - test[9d35eded1c95d3be]::__rust_begin_short_backtrace::<core[df12db4294e9bfd3]::result::Result<(), alloc[2182bb758b4b3781]::string::String>, fn() -> core[df12db4294e9bfd3]::result::Result<(), alloc[2182bb758b4b3781]::string::String>>
[INFO] [stdout]   15:     0x6073685207a5 - test[9d35eded1c95d3be]::run_test::{closure#0}
[INFO] [stdout]   16:     0x60736851a064 - std[70759c8f55707aa4]::sys::backtrace::__rust_begin_short_backtrace::<test[9d35eded1c95d3be]::run_test::{closure#1}, ()>
[INFO] [stdout]   17:     0x607368523902 - <std[70759c8f55707aa4]::thread::lifecycle::spawn_unchecked<test[9d35eded1c95d3be]::run_test::{closure#1}, ()>::{closure#1} as core[df12db4294e9bfd3]::ops::function::FnOnce<()>>::call_once::{shim:vtable#0}
[INFO] [stdout]   18:     0x60736858f029 - <std[70759c8f55707aa4]::sys::thread::unix::Thread>::new::thread_start
[INFO] [stdout]   19:     0x762ab970edfa - <unknown>
[INFO] [stdout]   20:     0x762ab97a23d4 - clone
[INFO] [stdout]   21:                0x0 - <unknown>
[INFO] [stdout] 
[INFO] [stdout] ---- named_scenarios_cover_the_declared_regression_invariants stdout ----
[INFO] [stdout] 
[INFO] [stdout] thread 'named_scenarios_cover_the_declared_regression_invariants' (738) panicked at tests/fixture_catalog.rs:37:33:
[INFO] [stdout] read fixture /opt/rustwide/workdir/../../fixtures/scenarios/catalog.json: No such file or directory (os error 2)
[INFO] [stdout] stack backtrace:
[INFO] [stdout]    0:     0x60736858fac1 - <<std[70759c8f55707aa4]::sys::backtrace::BacktraceLock>::print::DisplayBacktrace as core[df12db4294e9bfd3]::fmt::Display>::fmt
[INFO] [stdout]    1:     0x6073685a477a - core[df12db4294e9bfd3]::fmt::write
[INFO] [stdout]    2:     0x60736859424c - <alloc[2182bb758b4b3781]::vec::Vec<u8> as core[df12db4294e9bfd3]::io::write::Write>::write_fmt
[INFO] [stdout]    3:     0x60736856b346 - std[70759c8f55707aa4]::panicking::default_hook::{closure#0}
[INFO] [stdout]    4:     0x607368587ca9 - std[70759c8f55707aa4]::panicking::default_hook
[INFO] [stdout]    5:     0x60736851fe50 - test[9d35eded1c95d3be]::test_main_inner::<test[9d35eded1c95d3be]::test_main_static::{closure#0}>::{closure#0}
[INFO] [stdout]    6:     0x607368587e62 - std[70759c8f55707aa4]::panicking::panic_with_hook
[INFO] [stdout]    7:     0x60736856b3f2 - std[70759c8f55707aa4]::panicking::panic_handler::{closure#0}
[INFO] [stdout]    8:     0x607368563f49 - std[70759c8f55707aa4]::sys::backtrace::__rust_end_short_backtrace::<std[70759c8f55707aa4]::panicking::panic_handler::{closure#0}, !>
[INFO] [stdout]    9:     0x60736856bfed - __rustc[8fa7c3cbc660c2b3]::rust_begin_unwind
[INFO] [stdout]   10:     0x6073685a4eac - core[df12db4294e9bfd3]::panicking::panic_fmt
[INFO] [stdout]   11:     0x607368505719 - fixture_catalog[d51caf14d22f9849]::read_json::{closure#0}
[INFO] [stdout]   12:     0x607368505d7d - fixture_catalog[d51caf14d22f9849]::read_json
[INFO] [stdout]   13:     0x607368507116 - <fixture_catalog[d51caf14d22f9849]::named_scenarios_cover_the_declared_regression_invariants::{closure#0} as core[df12db4294e9bfd3]::ops::function::FnOnce<()>>::call_once
[INFO] [stdout]   14:     0x60736851313b - test[9d35eded1c95d3be]::__rust_begin_short_backtrace::<core[df12db4294e9bfd3]::result::Result<(), alloc[2182bb758b4b3781]::string::String>, fn() -> core[df12db4294e9bfd3]::result::Result<(), alloc[2182bb758b4b3781]::string::String>>
[INFO] [stdout]   15:     0x6073685207a5 - test[9d35eded1c95d3be]::run_test::{closure#0}
[INFO] [stdout]   16:     0x60736851a064 - std[70759c8f55707aa4]::sys::backtrace::__rust_begin_short_backtrace::<test[9d35eded1c95d3be]::run_test::{closure#1}, ()>
[INFO] [stdout]   17:     0x607368523902 - <std[70759c8f55707aa4]::thread::lifecycle::spawn_unchecked<test[9d35eded1c95d3be]::run_test::{closure#1}, ()>::{closure#1} as core[df12db4294e9bfd3]::ops::function::FnOnce<()>>::call_once::{shim:vtable#0}
[INFO] [stdout]   18:     0x60736858f029 - <std[70759c8f55707aa4]::sys::thread::unix::Thread>::new::thread_start
[INFO] [stdout]   19:     0x762ab970edfa - <unknown>
[INFO] [stdout]   20:     0x762ab97a23d4 - clone
[INFO] [stdout]   21:                0x0 - <unknown>
[INFO] [stdout] 
[INFO] [stdout] 
[INFO] [stdout] failures:
[INFO] [stdout]     catalog_references_existing_provider_fixtures_without_traversal
[INFO] [stdout]     every_fixture_is_valid_json_without_credential_fields
[INFO] [stdout]     named_scenarios_cover_the_declared_regression_invariants
[INFO] [stdout]     observation_truth_table_has_named_rows_for_each_ordering_case
[INFO] [stdout] 
[INFO] [stdout] test result: FAILED. 0 passed; 4 failed; 0 ignored; 0 measured; 0 filtered out; finished in 0.02s
[INFO] [stdout] 
[INFO] running `Command { std: "docker" "inspect" "58910a24ad8949eddeb11bc73516c6529d2b9d7b864c6b73aea77e0a1cb73ca4", kill_on_drop: false }`
[INFO] running `Command { std: "docker" "rm" "-f" "58910a24ad8949eddeb11bc73516c6529d2b9d7b864c6b73aea77e0a1cb73ca4", kill_on_drop: false }`
[INFO] [stdout] 58910a24ad8949eddeb11bc73516c6529d2b9d7b864c6b73aea77e0a1cb73ca4
