[INFO] fetching crate forgejo-api 0.11.1...
[INFO] testing forgejo-api-0.11.1 against 1.99.0-beta.8+cargoflags=--release for beta-release-1.100-2
[INFO] extracting crate forgejo-api 0.11.1 into /workspace/builds/worker-3-tc1/source
[INFO] started tweaking crates.io crate forgejo-api 0.11.1
[INFO] removed 0 missing tests
[INFO] finished tweaking crates.io crate forgejo-api 0.11.1
[INFO] tweaked toml for crates.io crate forgejo-api 0.11.1 written to /workspace/builds/worker-3-tc1/source/Cargo.toml
[INFO] validating manifest of crates.io crate forgejo-api 0.11.1 on toolchain 1.99.0-beta.8
[INFO] running `Command { std: CARGO_HOME="/workspace/cargo-home" RUSTUP_HOME="/workspace/rustup-home" "/workspace/cargo-home/bin/cargo" "+1.99.0-beta.8" "metadata" "--manifest-path" "Cargo.toml" "--no-deps", kill_on_drop: false }`
[INFO] crate crates.io crate forgejo-api 0.11.1 already has a lockfile, it will not be regenerated
[INFO] running `Command { std: CARGO_HOME="/workspace/cargo-home" RUSTUP_HOME="/workspace/rustup-home" "/workspace/cargo-home/bin/cargo" "+1.99.0-beta.8" "fetch" "--manifest-path" "Cargo.toml", kill_on_drop: false }`
[INFO] [stderr]     Updating crates.io index
[INFO] [stderr]  Downloading crates ...
[INFO] [stderr]   Downloaded cc v1.2.66
[INFO] [stderr]   Downloaded time-macros v0.2.31
[INFO] [stderr]   Downloaded soft_assert v0.1.1
[INFO] [stderr]   Downloaded cookie v0.18.1
[INFO] [stderr]   Downloaded webpki-root-certs v1.0.8
[INFO] [stderr]   Downloaded h2 v0.4.15
[INFO] [stderr]   Downloaded aws-lc-rs v1.17.1
[INFO] [stderr]   Downloaded rustls v0.23.41
[INFO] [stderr]   Downloaded aws-lc-sys v0.42.0
[INFO] running `Command { std: "docker" "create" "-v" "/var/lib/crater-agent-workspace/builds/worker-3-tc1/source:/opt/rustwide/workdir:ro,Z" "-v" "/var/lib/crater-agent-workspace/builds/worker-3-tc1/target:/opt/rustwide/target:rw,Z" "-v" "/var/lib/crater-agent-workspace/cargo-home:/opt/rustwide/cargo-home:ro,Z" "-v" "/var/lib/crater-agent-workspace/rustup-home:/opt/rustwide/rustup-home:ro,Z" "-m" "1610612736" "--network" "none" "ghcr.io/rust-lang/crates-build-env/linux@sha256:77db811e55d90add9212f6832c23229e3de5f1c1f9905e8cb07319ea15df73ac" "sleep" "infinity", kill_on_drop: false }`
[INFO] [stdout] a3dd032cba574ee41364d6e49e2eb1a9fd95d4536e53accd84025bab1faacd78
[INFO] running `Command { std: "docker" "start" "a3dd032cba574ee41364d6e49e2eb1a9fd95d4536e53accd84025bab1faacd78", kill_on_drop: false }`
[INFO] running `Command { std: "docker" "inspect" "a3dd032cba574ee41364d6e49e2eb1a9fd95d4536e53accd84025bab1faacd78", kill_on_drop: false }`
[INFO] running `Command { std: "docker" "exec" "-e" "SOURCE_DIR=/opt/rustwide/workdir" "-e" "CARGO_HOME=/opt/rustwide/cargo-home" "-e" "RUSTUP_HOME=/opt/rustwide/rustup-home" "-e" "CARGO_TARGET_DIR=/opt/rustwide/target" "-w" "/opt/rustwide/workdir" "--user" "0:0" "a3dd032cba574ee41364d6e49e2eb1a9fd95d4536e53accd84025bab1faacd78" "/opt/rustwide/cargo-home/bin/cargo" "+1.99.0-beta.8" "metadata" "--no-deps" "--format-version=1", kill_on_drop: false }`
[INFO] running `Command { std: "docker" "inspect" "a3dd032cba574ee41364d6e49e2eb1a9fd95d4536e53accd84025bab1faacd78", kill_on_drop: false }`
[INFO] running `Command { std: "docker" "exec" "-e" "SOURCE_DIR=/opt/rustwide/workdir" "-e" "CARGO_HOME=/opt/rustwide/cargo-home" "-e" "RUSTUP_HOME=/opt/rustwide/rustup-home" "-e" "CARGO_TARGET_DIR=/opt/rustwide/target" "-e" "CARGO_INCREMENTAL=0" "-e" "RUST_BACKTRACE=full" "-e" "RUSTFLAGS=--cap-lints=warn" "-e" "RUSTDOCFLAGS=--cap-lints=warn" "-w" "/opt/rustwide/workdir" "--user" "0:0" "a3dd032cba574ee41364d6e49e2eb1a9fd95d4536e53accd84025bab1faacd78" "/opt/rustwide/cargo-home/bin/cargo" "+1.99.0-beta.8" "build" "--frozen" "--message-format=json" "--release", kill_on_drop: false }`
[INFO] [stderr]    Compiling quote v1.0.46
[INFO] [stderr]    Compiling aws-lc-rs v1.17.1
[INFO] [stderr]    Compiling smallvec v1.15.2
[INFO] [stderr]    Compiling serde_core v1.0.228
[INFO] [stderr]    Compiling http v1.4.2
[INFO] [stderr]    Compiling rustls-pki-types v1.15.0
[INFO] [stderr]    Compiling rustls v0.23.41
[INFO] [stderr]    Compiling jobserver v0.1.35
[INFO] [stderr]    Compiling socket2 v0.6.4
[INFO] [stderr]    Compiling mio v1.2.1
[INFO] [stderr]    Compiling mime_guess v2.0.5
[INFO] [stderr]    Compiling bitflags v2.13.0
[INFO] [stderr]    Compiling encoding_rs v0.8.35
[INFO] [stderr]    Compiling urlencoding v2.1.3
[INFO] [stderr]    Compiling soft_assert v0.1.1
[INFO] [stderr]    Compiling base64ct v1.8.3
[INFO] [stderr]    Compiling cc v1.2.66
[INFO] [stderr]    Compiling tokio v1.52.3
[INFO] [stderr]    Compiling syn v2.0.118
[INFO] [stderr]    Compiling rustls-native-certs v0.8.4
[INFO] [stderr]    Compiling cmake v0.1.58
[INFO] [stderr]    Compiling http-body v1.0.1
[INFO] [stderr]    Compiling http-body-util v0.1.3
[INFO] [stderr]    Compiling aws-lc-sys v0.42.0
[INFO] [stderr]    Compiling deranged v0.5.8
[INFO] [stderr]    Compiling serde_json v1.0.150
[INFO] [stderr]    Compiling time v0.3.53
[INFO] [stderr]    Compiling synstructure v0.13.2
[INFO] [stderr]    Compiling tokio-util v0.7.18
[INFO] [stderr]    Compiling zerofrom-derive v0.1.7
[INFO] [stderr]    Compiling yoke-derive v0.8.2
[INFO] [stderr]    Compiling zerovec-derive v0.11.3
[INFO] [stderr]    Compiling displaydoc v0.2.6
[INFO] [stderr]    Compiling futures-macro v0.3.32
[INFO] [stderr]    Compiling h2 v0.4.15
[INFO] [stderr]    Compiling serde_derive v1.0.228
[INFO] [stderr]    Compiling futures-util v0.3.32
[INFO] [stderr]    Compiling thiserror-impl v2.0.18
[INFO] [stderr]    Compiling zerofrom v0.1.8
[INFO] [stderr]    Compiling yoke v0.8.3
[INFO] [stderr]    Compiling zerovec v0.11.6
[INFO] [stderr]    Compiling zerotrie v0.2.4
[INFO] [stderr]    Compiling thiserror v2.0.18
[INFO] [stderr]    Compiling serde v1.0.228
[INFO] [stderr]    Compiling tinystr v0.8.3
[INFO] [stderr]    Compiling potential_utf v0.1.5
[INFO] [stderr]    Compiling icu_collections v2.2.0
[INFO] [stderr]    Compiling icu_locale_core v2.2.0
[INFO] [stderr]    Compiling icu_provider v2.2.0
[INFO] [stderr]    Compiling icu_normalizer v2.2.0
[INFO] [stderr]    Compiling icu_properties v2.2.0
[INFO] [stderr]    Compiling tower v0.5.3
[INFO] [stderr]    Compiling futures-executor v0.3.32
[INFO] [stderr]    Compiling hyper v1.10.1
[INFO] [stderr]    Compiling futures v0.3.32
[INFO] [stderr]    Compiling idna_adapter v1.2.2
[INFO] [stderr]    Compiling idna v1.1.0
[INFO] [stderr]    Compiling hyper-util v0.1.20
[INFO] [stderr]    Compiling url v2.5.8
[INFO] [stderr]    Compiling tower-http v0.6.11
[INFO] [stderr]    Compiling rustls-webpki v0.103.13
[INFO] [stderr]    Compiling tokio-rustls v0.26.4
[INFO] [stderr]    Compiling rustls-platform-verifier v0.7.0
[INFO] [stderr]    Compiling hyper-rustls v0.27.9
[INFO] [stderr]    Compiling reqwest v0.13.4
[INFO] [stderr]    Compiling forgejo-api v0.11.1 (/opt/rustwide/workdir)
[INFO] [stderr]     Finished `release` profile [optimized] target(s) in 2m 38s
[INFO] running `Command { std: "docker" "inspect" "a3dd032cba574ee41364d6e49e2eb1a9fd95d4536e53accd84025bab1faacd78", kill_on_drop: false }`
[INFO] running `Command { std: "docker" "exec" "-e" "SOURCE_DIR=/opt/rustwide/workdir" "-e" "CARGO_HOME=/opt/rustwide/cargo-home" "-e" "RUSTUP_HOME=/opt/rustwide/rustup-home" "-e" "CARGO_TARGET_DIR=/opt/rustwide/target" "-e" "CARGO_INCREMENTAL=0" "-e" "RUST_BACKTRACE=full" "-e" "RUSTFLAGS=--cap-lints=warn" "-e" "RUSTDOCFLAGS=--cap-lints=warn" "-w" "/opt/rustwide/workdir" "--user" "0:0" "a3dd032cba574ee41364d6e49e2eb1a9fd95d4536e53accd84025bab1faacd78" "/opt/rustwide/cargo-home/bin/cargo" "+1.99.0-beta.8" "test" "--frozen" "--no-run" "--message-format=json" "--release", kill_on_drop: false }`
[INFO] [stderr]    Compiling tokio-macros v2.7.0
[INFO] [stderr]    Compiling cookie v0.18.1
[INFO] [stderr]    Compiling time-macros v0.2.31
[INFO] [stderr]    Compiling psl-types v2.0.11
[INFO] [stderr]    Compiling litrs v1.0.0
[INFO] [stderr]    Compiling idna v1.1.0
[INFO] [stderr]    Compiling serde_urlencoded v0.7.1
[INFO] [stderr]    Compiling eyre v0.6.12
[INFO] [stderr]    Compiling indenter v0.3.4
[INFO] [stderr]    Compiling tokio v1.52.3
[INFO] [stderr]    Compiling url v2.5.8
[INFO] [stderr]    Compiling publicsuffix v2.3.0
[INFO] [stderr]    Compiling document-features v0.2.12
[INFO] [stderr]    Compiling time v0.3.53
[INFO] [stderr]    Compiling cookie_store v0.22.1
[INFO] [stderr]    Compiling tokio-util v0.7.18
[INFO] [stderr]    Compiling tower v0.5.3
[INFO] [stderr]    Compiling tokio-rustls v0.26.4
[INFO] [stderr]    Compiling tower-http v0.6.11
[INFO] [stderr]    Compiling h2 v0.4.15
[INFO] [stderr]    Compiling hyper v1.10.1
[INFO] [stderr]    Compiling hyper-util v0.1.20
[INFO] [stderr]    Compiling hyper-rustls v0.27.9
[INFO] [stderr]    Compiling reqwest v0.13.4
[INFO] [stderr]    Compiling forgejo-api v0.11.1 (/opt/rustwide/workdir)
[INFO] [stdout] warning: function `login_pass` is never used
[INFO] [stdout]   --> tests/common/mod.rs:17:8
[INFO] [stdout]    |
[INFO] [stdout] 17 | pub fn login_pass(username: &str, password: &str) -> Forgejo {
[INFO] [stdout]    |        ^^^^^^^^^^
[INFO] [stdout]    |
[INFO] [stdout]    = note: `#[warn(dead_code)]` (part of `#[warn(unused)]`) on by default
[INFO] [stdout] 
[INFO] [stdout] 
[INFO] [stdout] warning: struct `Git` is never constructed
[INFO] [stdout]   --> tests/common/mod.rs:27:12
[INFO] [stdout]    |
[INFO] [stdout] 27 | pub struct Git {
[INFO] [stdout]    |            ^^^
[INFO] [stdout] 
[INFO] [stdout] 
[INFO] [stdout] warning: associated items `new` and `run` are never used
[INFO] [stdout]   --> tests/common/mod.rs:32:12
[INFO] [stdout]    |
[INFO] [stdout] 31 | impl Git {
[INFO] [stdout]    | -------- associated items in this implementation
[INFO] [stdout] 32 |     pub fn new<T: AsRef<std::path::Path> + ?Sized>(path: &'static T) -> Self {
[INFO] [stdout]    |            ^^^
[INFO] [stdout] ...
[INFO] [stdout] 38 |     pub fn run(&self, args: &[impl AsRef<std::ffi::OsStr>]) {
[INFO] [stdout]    |            ^^^
[INFO] [stdout] 
[INFO] [stdout] 
[INFO] [stdout] warning: function `setup_local_repo` is never used
[INFO] [stdout]   --> tests/common/mod.rs:45:14
[INFO] [stdout]    |
[INFO] [stdout] 45 | pub async fn setup_local_repo(git: &Git) {
[INFO] [stdout]    |              ^^^^^^^^^^^^^^^^
[INFO] [stdout] 
[INFO] [stdout] 
[INFO] [stdout] warning: function `basic_repo` is never used
[INFO] [stdout]   --> tests/common/mod.rs:57:14
[INFO] [stdout]    |
[INFO] [stdout] 57 | pub async fn basic_repo(api: &forgejo_api::Forgejo, git: &Git, name: &str) -> Repository {
[INFO] [stdout]    |              ^^^^^^^^^^
[INFO] [stdout] 
[INFO] [stdout] 
[INFO] [stdout] warning: function `basic_org_repo` is never used
[INFO] [stdout]   --> tests/common/mod.rs:96:14
[INFO] [stdout]    |
[INFO] [stdout] 96 | pub async fn basic_org_repo(
[INFO] [stdout]    |              ^^^^^^^^^^^^^^
[INFO] [stdout] 
[INFO] [stdout] 
[INFO] [stdout] warning: function `login_pass` is never used
[INFO] [stdout]   --> tests/common/mod.rs:17:8
[INFO] [stdout]    |
[INFO] [stdout] 17 | pub fn login_pass(username: &str, password: &str) -> Forgejo {
[INFO] [stdout]    |        ^^^^^^^^^^
[INFO] [stdout]    |
[INFO] [stdout]    = note: `#[warn(dead_code)]` (part of `#[warn(unused)]`) on by default
[INFO] [stdout] 
[INFO] [stdout] 
[INFO] [stdout] warning: function `login_pass` is never used
[INFO] [stdout]   --> tests/common/mod.rs:17:8
[INFO] [stdout]    |
[INFO] [stdout] 17 | pub fn login_pass(username: &str, password: &str) -> Forgejo {
[INFO] [stdout]    |        ^^^^^^^^^^
[INFO] [stdout]    |
[INFO] [stdout]    = note: `#[warn(dead_code)]` (part of `#[warn(unused)]`) on by default
[INFO] [stdout] 
[INFO] [stdout] 
[INFO] [stdout] warning: struct `Git` is never constructed
[INFO] [stdout]   --> tests/common/mod.rs:27:12
[INFO] [stdout]    |
[INFO] [stdout] 27 | pub struct Git {
[INFO] [stdout]    |            ^^^
[INFO] [stdout] 
[INFO] [stdout] 
[INFO] [stdout] warning: associated items `new` and `run` are never used
[INFO] [stdout]   --> tests/common/mod.rs:32:12
[INFO] [stdout]    |
[INFO] [stdout] 31 | impl Git {
[INFO] [stdout]    | -------- associated items in this implementation
[INFO] [stdout] 32 |     pub fn new<T: AsRef<std::path::Path> + ?Sized>(path: &'static T) -> Self {
[INFO] [stdout]    |            ^^^
[INFO] [stdout] ...
[INFO] [stdout] 38 |     pub fn run(&self, args: &[impl AsRef<std::ffi::OsStr>]) {
[INFO] [stdout]    |            ^^^
[INFO] [stdout] 
[INFO] [stdout] 
[INFO] [stdout] warning: function `setup_local_repo` is never used
[INFO] [stdout]   --> tests/common/mod.rs:45:14
[INFO] [stdout]    |
[INFO] [stdout] 45 | pub async fn setup_local_repo(git: &Git) {
[INFO] [stdout]    |              ^^^^^^^^^^^^^^^^
[INFO] [stdout] 
[INFO] [stdout] 
[INFO] [stdout] warning: function `basic_repo` is never used
[INFO] [stdout]   --> tests/common/mod.rs:57:14
[INFO] [stdout]    |
[INFO] [stdout] 57 | pub async fn basic_repo(api: &forgejo_api::Forgejo, git: &Git, name: &str) -> Repository {
[INFO] [stdout]    |              ^^^^^^^^^^
[INFO] [stdout] 
[INFO] [stdout] 
[INFO] [stdout] warning: function `basic_org_repo` is never used
[INFO] [stdout]   --> tests/common/mod.rs:96:14
[INFO] [stdout]    |
[INFO] [stdout] 96 | pub async fn basic_org_repo(
[INFO] [stdout]    |              ^^^^^^^^^^^^^^
[INFO] [stdout] 
[INFO] [stdout] 
[INFO] [stdout] warning: struct `Git` is never constructed
[INFO] [stdout]   --> tests/common/mod.rs:27:12
[INFO] [stdout]    |
[INFO] [stdout] 27 | pub struct Git {
[INFO] [stdout]    |            ^^^
[INFO] [stdout]    |
[INFO] [stdout]    = note: `#[warn(dead_code)]` (part of `#[warn(unused)]`) on by default
[INFO] [stdout] 
[INFO] [stdout] 
[INFO] [stdout] warning: associated items `new` and `run` are never used
[INFO] [stdout]   --> tests/common/mod.rs:32:12
[INFO] [stdout]    |
[INFO] [stdout] 31 | impl Git {
[INFO] [stdout]    | -------- associated items in this implementation
[INFO] [stdout] 32 |     pub fn new<T: AsRef<std::path::Path> + ?Sized>(path: &'static T) -> Self {
[INFO] [stdout]    |            ^^^
[INFO] [stdout] ...
[INFO] [stdout] 38 |     pub fn run(&self, args: &[impl AsRef<std::ffi::OsStr>]) {
[INFO] [stdout]    |            ^^^
[INFO] [stdout] 
[INFO] [stdout] 
[INFO] [stdout] warning: function `setup_local_repo` is never used
[INFO] [stdout]   --> tests/common/mod.rs:45:14
[INFO] [stdout]    |
[INFO] [stdout] 45 | pub async fn setup_local_repo(git: &Git) {
[INFO] [stdout]    |              ^^^^^^^^^^^^^^^^
[INFO] [stdout] 
[INFO] [stdout] 
[INFO] [stdout] warning: function `basic_repo` is never used
[INFO] [stdout]   --> tests/common/mod.rs:57:14
[INFO] [stdout]    |
[INFO] [stdout] 57 | pub async fn basic_repo(api: &forgejo_api::Forgejo, git: &Git, name: &str) -> Repository {
[INFO] [stdout]    |              ^^^^^^^^^^
[INFO] [stdout] 
[INFO] [stdout] 
[INFO] [stdout] warning: function `basic_org_repo` is never used
[INFO] [stdout]   --> tests/common/mod.rs:96:14
[INFO] [stdout]    |
[INFO] [stdout] 96 | pub async fn basic_org_repo(
[INFO] [stdout]    |              ^^^^^^^^^^^^^^
[INFO] [stdout] 
[INFO] [stdout] 
[INFO] [stdout] warning: function `login` is never used
[INFO] [stdout]  --> tests/common/mod.rs:4:8
[INFO] [stdout]   |
[INFO] [stdout] 4 | pub fn login() -> Forgejo {
[INFO] [stdout]   |        ^^^^^
[INFO] [stdout]   |
[INFO] [stdout]   = note: `#[warn(dead_code)]` (part of `#[warn(unused)]`) on by default
[INFO] [stdout] 
[INFO] [stdout] 
[INFO] [stdout] warning: function `basic_org_repo` is never used
[INFO] [stdout]   --> tests/common/mod.rs:96:14
[INFO] [stdout]    |
[INFO] [stdout] 96 | pub async fn basic_org_repo(
[INFO] [stdout]    |              ^^^^^^^^^^^^^^
[INFO] [stdout] 
[INFO] [stdout] 
[INFO] [stderr]     Finished `release` profile [optimized] target(s) in 2m 02s
[INFO] running `Command { std: "docker" "inspect" "a3dd032cba574ee41364d6e49e2eb1a9fd95d4536e53accd84025bab1faacd78", kill_on_drop: false }`
[INFO] running `Command { std: "docker" "exec" "-e" "SOURCE_DIR=/opt/rustwide/workdir" "-e" "CARGO_HOME=/opt/rustwide/cargo-home" "-e" "RUSTUP_HOME=/opt/rustwide/rustup-home" "-e" "CARGO_TARGET_DIR=/opt/rustwide/target" "-e" "CARGO_INCREMENTAL=0" "-e" "RUST_BACKTRACE=full" "-e" "RUSTFLAGS=--cap-lints=warn" "-e" "RUSTDOCFLAGS=--cap-lints=warn" "-w" "/opt/rustwide/workdir" "--user" "0:0" "a3dd032cba574ee41364d6e49e2eb1a9fd95d4536e53accd84025bab1faacd78" "/opt/rustwide/cargo-home/bin/cargo" "+1.99.0-beta.8" "test" "--frozen" "--release", kill_on_drop: false }`
[INFO] [stderr] warning: function `login_pass` is never used
[INFO] [stderr]   --> tests/common/mod.rs:17:8
[INFO] [stderr]    |
[INFO] [stderr] 17 | pub fn login_pass(username: &str, password: &str) -> Forgejo {
[INFO] [stderr]    |        ^^^^^^^^^^
[INFO] [stderr]    |
[INFO] [stderr]    = note: `#[warn(dead_code)]` (part of `#[warn(unused)]`) on by default
[INFO] [stderr] 
[INFO] [stderr] warning: function `login` is never used
[INFO] [stderr]  --> tests/common/mod.rs:4:8
[INFO] [stderr]   |
[INFO] [stderr] 4 | pub fn login() -> Forgejo {
[INFO] [stderr]   |        ^^^^^
[INFO] [stderr]   |
[INFO] [stderr]   = note: `#[warn(dead_code)]` (part of `#[warn(unused)]`) on by default
[INFO] [stderr] 
[INFO] [stderr] warning: function `basic_org_repo` is never used
[INFO] [stderr]   --> tests/common/mod.rs:96:14
[INFO] [stderr]    |
[INFO] [stderr] 96 | pub async fn basic_org_repo(
[INFO] [stderr]    |              ^^^^^^^^^^^^^^
[INFO] [stderr] 
[INFO] [stderr] warning: struct `Git` is never constructed
[INFO] [stderr]   --> tests/common/mod.rs:27:12
[INFO] [stderr]    |
[INFO] [stderr] 27 | pub struct Git {
[INFO] [stderr]    |            ^^^
[INFO] [stderr]    |
[INFO] [stderr]    = note: `#[warn(dead_code)]` (part of `#[warn(unused)]`) on by default
[INFO] [stderr] 
[INFO] [stderr] warning: associated items `new` and `run` are never used
[INFO] [stderr]   --> tests/common/mod.rs:32:12
[INFO] [stderr]    |
[INFO] [stderr] 31 | impl Git {
[INFO] [stderr]    | -------- associated items in this implementation
[INFO] [stderr] 32 |     pub fn new<T: AsRef<std::path::Path> + ?Sized>(path: &'static T) -> Self {
[INFO] [stderr]    |            ^^^
[INFO] [stderr] ...
[INFO] [stderr] 38 |     pub fn run(&self, args: &[impl AsRef<std::ffi::OsStr>]) {
[INFO] [stderr]    |            ^^^
[INFO] [stderr] 
[INFO] [stderr] warning: function `setup_local_repo` is never used
[INFO] [stderr]   --> tests/common/mod.rs:45:14
[INFO] [stderr]    |
[INFO] [stderr] 45 | pub async fn setup_local_repo(git: &Git) {
[INFO] [stderr]    |              ^^^^^^^^^^^^^^^^
[INFO] [stderr] 
[INFO] [stderr] warning: function `basic_repo` is never used
[INFO] [stderr]   --> tests/common/mod.rs:57:14
[INFO] [stderr]    |
[INFO] [stderr] 57 | pub async fn basic_repo(api: &forgejo_api::Forgejo, git: &Git, name: &str) -> Repository {
[INFO] [stderr]    |              ^^^^^^^^^^
[INFO] [stderr] 
[INFO] [stderr] warning: struct `Git` is never constructed
[INFO] [stderr]   --> tests/common/mod.rs:27:12
[INFO] [stderr]    |
[INFO] [stderr] 27 | pub struct Git {
[INFO] [stderr]    |            ^^^
[INFO] [stderr] 
[INFO] [stderr] warning: `forgejo-api` (test "repo") generated 1 warning
[INFO] [stderr] warning: `forgejo-api` (test "headers") generated 2 warnings
[INFO] [stderr] warning: `forgejo-api` (test "user") generated 5 warnings (1 duplicate)
[INFO] [stderr] warning: `forgejo-api` (test "organization") generated 6 warnings (5 duplicates)
[INFO] [stderr] warning: `forgejo-api` (test "admin") generated 6 warnings (6 duplicates)
[INFO] [stderr]     Finished `release` profile [optimized] target(s) in 0.29s
[INFO] [stderr]      Running unittests src/lib.rs (/opt/rustwide/target/release/deps/forgejo_api-078538d183f4b8c7)
[INFO] [stdout] 
[INFO] [stdout] running 11 tests
[INFO] [stdout] test to_headers_oauth2_error ... ok
[INFO] [stdout] test missing_optional_fields ... ok
[INFO] [stdout] test to_headers_token ... ok
[INFO] [stdout] test to_headers_oauth2 ... ok
[INFO] [stdout] test to_headers_password_with_mfa ... ok
[INFO] [stdout] test to_headers_none ... ok
[INFO] [stdout] test ssh_url_deserialization ... ok
[INFO] [stdout] test commit_status_relative_target_url_deserializes ... ok
[INFO] [stdout] test to_headers_token_error ... ok
[INFO] [stdout] test to_headers_password_with_mfa_error ... ok
[INFO] [stdout] test to_headers_password ... ok
[INFO] [stdout] 
[INFO] [stdout] test result: ok. 11 passed; 0 failed; 0 ignored; 0 measured; 0 filtered out; finished in 0.01s
[INFO] [stdout] 
[INFO] [stderr]      Running tests/admin.rs (/opt/rustwide/target/release/deps/admin-b802e6072b72871f)
[INFO] [stdout] 
[INFO] [stdout] running 6 tests
[INFO] [stdout] test org ... FAILED
[INFO] [stdout] test quota_group ... FAILED
[INFO] [stdout] test cron ... FAILED
[INFO] [stdout] test key ... FAILED
[INFO] [stdout] test user ... FAILED
[INFO] [stdout] test hook ... FAILED
[INFO] [stdout] 
[INFO] [stdout] failures:
[INFO] [stdout] 
[INFO] [stdout] ---- org stdout ----
[INFO] [stdout] 
[INFO] [stdout] thread 'org' (3436) panicked at tests/common/mod.rs:5:77:
[INFO] [stdout] called `Result::unwrap()` on an `Err` value: NotPresent
[INFO] [stdout] stack backtrace:
[INFO] [stdout]    0:     0x648b79b938b1 - <<std[70759c8f55707aa4]::sys::backtrace::BacktraceLock>::print::DisplayBacktrace as core[df12db4294e9bfd3]::fmt::Display>::fmt
[INFO] [stdout]    1:     0x648b79baa15a - core[df12db4294e9bfd3]::fmt::write
[INFO] [stdout]    2:     0x648b79b9886c - <alloc[2182bb758b4b3781]::vec::Vec<u8> as core[df12db4294e9bfd3]::io::write::Write>::write_fmt
[INFO] [stdout]    3:     0x648b79b6e0a6 - std[70759c8f55707aa4]::panicking::default_hook::{closure#0}
[INFO] [stdout]    4:     0x648b79b8b049 - std[70759c8f55707aa4]::panicking::default_hook
[INFO] [stdout]    5:     0x648b79713080 - test[9d35eded1c95d3be]::test_main_inner::<test[9d35eded1c95d3be]::test_main_static::{closure#0}>::{closure#0}
[INFO] [stdout]    6:     0x648b79b8b372 - std[70759c8f55707aa4]::panicking::panic_with_hook
[INFO] [stdout]    7:     0x648b79b6e152 - std[70759c8f55707aa4]::panicking::panic_handler::{closure#0}
[INFO] [stdout]    8:     0x648b79b66d59 - std[70759c8f55707aa4]::sys::backtrace::__rust_end_short_backtrace::<std[70759c8f55707aa4]::panicking::panic_handler::{closure#0}, !>
[INFO] [stdout]    9:     0x648b79b6ef3d - __rustc[8fa7c3cbc660c2b3]::rust_begin_unwind
[INFO] [stdout]   10:     0x648b79baa8bc - core[df12db4294e9bfd3]::panicking::panic_fmt
[INFO] [stdout]   11:     0x648b79baa692 - core[df12db4294e9bfd3]::result::unwrap_failed
[INFO] [stdout]   12:     0x648b79703713 - admin[a75a3bc64d482c5c]::common::login
[INFO] [stdout]   13:     0x648b796f4111 - admin[a75a3bc64d482c5c]::org::{closure#0}
[INFO] [stdout]   14:     0x648b796fac63 - <tokio[3ebd046bc7237d49]::runtime::scheduler::current_thread::Context>::enter::<core[df12db4294e9bfd3]::task::poll::Poll<()>, <tokio[3ebd046bc7237d49]::runtime::scheduler::current_thread::CoreGuard>::block_on<core[df12db4294e9bfd3]::pin::Pin<&mut core[df12db4294e9bfd3]::pin::Pin<&mut dyn core[df12db4294e9bfd3]::future::future::Future<Output = ()>>>>::{closure#0}::{closure#0}>
[INFO] [stdout]   15:     0x648b7970219c - <tokio[3ebd046bc7237d49]::runtime::context::scoped::Scoped<tokio[3ebd046bc7237d49]::runtime::scheduler::Context>>::set::<<tokio[3ebd046bc7237d49]::runtime::scheduler::current_thread::CoreGuard>::enter<<tokio[3ebd046bc7237d49]::runtime::scheduler::current_thread::CoreGuard>::block_on<core[df12db4294e9bfd3]::pin::Pin<&mut core[df12db4294e9bfd3]::pin::Pin<&mut dyn core[df12db4294e9bfd3]::future::future::Future<Output = ()>>>>::{closure#0}, core[df12db4294e9bfd3]::option::Option<()>>::{closure#0}, (alloc[2182bb758b4b3781]::boxed::Box<tokio[3ebd046bc7237d49]::runtime::scheduler::current_thread::Core>, core[df12db4294e9bfd3]::option::Option<()>)>
[INFO] [stdout]   16:     0x648b796fb125 - <tokio[3ebd046bc7237d49]::runtime::scheduler::current_thread::CoreGuard>::block_on::<core[df12db4294e9bfd3]::pin::Pin<&mut core[df12db4294e9bfd3]::pin::Pin<&mut dyn core[df12db4294e9bfd3]::future::future::Future<Output = ()>>>>
[INFO] [stdout]   17:     0x648b796fcaf8 - tokio[3ebd046bc7237d49]::runtime::context::runtime::enter_runtime::<<tokio[3ebd046bc7237d49]::runtime::scheduler::current_thread::CurrentThread>::block_on<core[df12db4294e9bfd3]::pin::Pin<&mut dyn core[df12db4294e9bfd3]::future::future::Future<Output = ()>>>::{closure#0}, ()>
[INFO] [stdout]   18:     0x648b7970208b - <tokio[3ebd046bc7237d49]::runtime::runtime::Runtime>::block_on::<core[df12db4294e9bfd3]::pin::Pin<&mut dyn core[df12db4294e9bfd3]::future::future::Future<Output = ()>>>
[INFO] [stdout]   19:     0x648b796f7d1b - <admin[a75a3bc64d482c5c]::org::{closure#0} as core[df12db4294e9bfd3]::ops::function::FnOnce<()>>::call_once
[INFO] [stdout]   20:     0x648b7970636b - test[9d35eded1c95d3be]::__rust_begin_short_backtrace::<core[df12db4294e9bfd3]::result::Result<(), alloc[2182bb758b4b3781]::string::String>, fn() -> core[df12db4294e9bfd3]::result::Result<(), alloc[2182bb758b4b3781]::string::String>>
[INFO] [stdout]   21:     0x648b797139d5 - test[9d35eded1c95d3be]::run_test::{closure#0}
[INFO] [stdout]   22:     0x648b7970d294 - std[70759c8f55707aa4]::sys::backtrace::__rust_begin_short_backtrace::<test[9d35eded1c95d3be]::run_test::{closure#1}, ()>
[INFO] [stdout]   23:     0x648b79716b32 - <std[70759c8f55707aa4]::thread::lifecycle::spawn_unchecked<test[9d35eded1c95d3be]::run_test::{closure#1}, ()>::{closure#1} as core[df12db4294e9bfd3]::ops::function::FnOnce<()>>::call_once::{shim:vtable#0}
[INFO] [stdout]   24:     0x648b79b92dd9 - <std[70759c8f55707aa4]::sys::thread::unix::Thread>::new::thread_start
[INFO] [stdout]   25:     0x7e8334423dfa - <unknown>
[INFO] [stdout]   26:     0x7e83344b73d4 - clone
[INFO] [stdout]   27:                0x0 - <unknown>
[INFO] [stdout] 
[INFO] [stdout] ---- quota_group stdout ----
[INFO] [stdout] 
[INFO] [stdout] thread 'quota_group' (3437) panicked at tests/common/mod.rs:5:77:
[INFO] [stdout] called `Result::unwrap()` on an `Err` value: NotPresent
[INFO] [stdout] stack backtrace:
[INFO] [stdout]    0:     0x648b79b938b1 - <<std[70759c8f55707aa4]::sys::backtrace::BacktraceLock>::print::DisplayBacktrace as core[df12db4294e9bfd3]::fmt::Display>::fmt
[INFO] [stdout]    1:     0x648b79baa15a - core[df12db4294e9bfd3]::fmt::write
[INFO] [stdout]    2:     0x648b79b9886c - <alloc[2182bb758b4b3781]::vec::Vec<u8> as core[df12db4294e9bfd3]::io::write::Write>::write_fmt
[INFO] [stdout]    3:     0x648b79b6e0a6 - std[70759c8f55707aa4]::panicking::default_hook::{closure#0}
[INFO] [stdout]    4:     0x648b79b8b049 - std[70759c8f55707aa4]::panicking::default_hook
[INFO] [stdout]    5:     0x648b79713080 - test[9d35eded1c95d3be]::test_main_inner::<test[9d35eded1c95d3be]::test_main_static::{closure#0}>::{closure#0}
[INFO] [stdout]    6:     0x648b79b8b372 - std[70759c8f55707aa4]::panicking::panic_with_hook
[INFO] [stdout]    7:     0x648b79b6e152 - std[70759c8f55707aa4]::panicking::panic_handler::{closure#0}
[INFO] [stdout]    8:     0x648b79b66d59 - std[70759c8f55707aa4]::sys::backtrace::__rust_end_short_backtrace::<std[70759c8f55707aa4]::panicking::panic_handler::{closure#0}, !>
[INFO] [stdout]    9:     0x648b79b6ef3d - __rustc[8fa7c3cbc660c2b3]::rust_begin_unwind
[INFO] [stdout]   10:     0x648b79baa8bc - core[df12db4294e9bfd3]::panicking::panic_fmt
[INFO] [stdout]   11:     0x648b79baa692 - core[df12db4294e9bfd3]::result::unwrap_failed
[INFO] [stdout]   12:     0x648b79703713 - admin[a75a3bc64d482c5c]::common::login
[INFO] [stdout]   13:     0x648b796f13e6 - admin[a75a3bc64d482c5c]::quota_group::{closure#0}
[INFO] [stdout]   14:     0x648b796fac63 - <tokio[3ebd046bc7237d49]::runtime::scheduler::current_thread::Context>::enter::<core[df12db4294e9bfd3]::task::poll::Poll<()>, <tokio[3ebd046bc7237d49]::runtime::scheduler::current_thread::CoreGuard>::block_on<core[df12db4294e9bfd3]::pin::Pin<&mut core[df12db4294e9bfd3]::pin::Pin<&mut dyn core[df12db4294e9bfd3]::future::future::Future<Output = ()>>>>::{closure#0}::{closure#0}>
[INFO] [stdout]   15:     0x648b7970219c - <tokio[3ebd046bc7237d49]::runtime::context::scoped::Scoped<tokio[3ebd046bc7237d49]::runtime::scheduler::Context>>::set::<<tokio[3ebd046bc7237d49]::runtime::scheduler::current_thread::CoreGuard>::enter<<tokio[3ebd046bc7237d49]::runtime::scheduler::current_thread::CoreGuard>::block_on<core[df12db4294e9bfd3]::pin::Pin<&mut core[df12db4294e9bfd3]::pin::Pin<&mut dyn core[df12db4294e9bfd3]::future::future::Future<Output = ()>>>>::{closure#0}, core[df12db4294e9bfd3]::option::Option<()>>::{closure#0}, (alloc[2182bb758b4b3781]::boxed::Box<tokio[3ebd046bc7237d49]::runtime::scheduler::current_thread::Core>, core[df12db4294e9bfd3]::option::Option<()>)>
[INFO] [stdout]   16:     0x648b796fb125 - <tokio[3ebd046bc7237d49]::runtime::scheduler::current_thread::CoreGuard>::block_on::<core[df12db4294e9bfd3]::pin::Pin<&mut core[df12db4294e9bfd3]::pin::Pin<&mut dyn core[df12db4294e9bfd3]::future::future::Future<Output = ()>>>>
[INFO] [stdout]   17:     0x648b796fcaf8 - tokio[3ebd046bc7237d49]::runtime::context::runtime::enter_runtime::<<tokio[3ebd046bc7237d49]::runtime::scheduler::current_thread::CurrentThread>::block_on<core[df12db4294e9bfd3]::pin::Pin<&mut dyn core[df12db4294e9bfd3]::future::future::Future<Output = ()>>>::{closure#0}, ()>
[INFO] [stdout]   18:     0x648b7970208b - <tokio[3ebd046bc7237d49]::runtime::runtime::Runtime>::block_on::<core[df12db4294e9bfd3]::pin::Pin<&mut dyn core[df12db4294e9bfd3]::future::future::Future<Output = ()>>>
[INFO] [stdout]   19:     0x648b796f7a9b - <admin[a75a3bc64d482c5c]::quota_group::{closure#0} as core[df12db4294e9bfd3]::ops::function::FnOnce<()>>::call_once
[INFO] [stdout]   20:     0x648b7970636b - test[9d35eded1c95d3be]::__rust_begin_short_backtrace::<core[df12db4294e9bfd3]::result::Result<(), alloc[2182bb758b4b3781]::string::String>, fn() -> core[df12db4294e9bfd3]::result::Result<(), alloc[2182bb758b4b3781]::string::String>>
[INFO] [stdout]   21:     0x648b797139d5 - test[9d35eded1c95d3be]::run_test::{closure#0}
[INFO] [stdout]   22:     0x648b7970d294 - std[70759c8f55707aa4]::sys::backtrace::__rust_begin_short_backtrace::<test[9d35eded1c95d3be]::run_test::{closure#1}, ()>
[INFO] [stdout]   23:     0x648b79716b32 - <std[70759c8f55707aa4]::thread::lifecycle::spawn_unchecked<test[9d35eded1c95d3be]::run_test::{closure#1}, ()>::{closure#1} as core[df12db4294e9bfd3]::ops::function::FnOnce<()>>::call_once::{shim:vtable#0}
[INFO] [stdout]   24:     0x648b79b92dd9 - <std[70759c8f55707aa4]::sys::thread::unix::Thread>::new::thread_start
[INFO] [stdout]   25:     0x7e8334423dfa - <unknown>
[INFO] [stdout]   26:     0x7e83344b73d4 - clone
[INFO] [stdout]   27:                0x0 - <unknown>
[INFO] [stdout] 
[INFO] [stdout] ---- cron stdout ----
[INFO] [stdout] 
[INFO] [stdout] thread 'cron' (3433) panicked at tests/common/mod.rs:5:77:
[INFO] [stdout] called `Result::unwrap()` on an `Err` value: NotPresent
[INFO] [stdout] stack backtrace:
[INFO] [stdout]    0:     0x648b79b938b1 - <<std[70759c8f55707aa4]::sys::backtrace::BacktraceLock>::print::DisplayBacktrace as core[df12db4294e9bfd3]::fmt::Display>::fmt
[INFO] [stdout]    1:     0x648b79baa15a - core[df12db4294e9bfd3]::fmt::write
[INFO] [stdout]    2:     0x648b79b9886c - <alloc[2182bb758b4b3781]::vec::Vec<u8> as core[df12db4294e9bfd3]::io::write::Write>::write_fmt
[INFO] [stdout]    3:     0x648b79b6e0a6 - std[70759c8f55707aa4]::panicking::default_hook::{closure#0}
[INFO] [stdout]    4:     0x648b79b8b049 - std[70759c8f55707aa4]::panicking::default_hook
[INFO] [stdout]    5:     0x648b79713080 - test[9d35eded1c95d3be]::test_main_inner::<test[9d35eded1c95d3be]::test_main_static::{closure#0}>::{closure#0}
[INFO] [stdout]    6:     0x648b79b8b372 - std[70759c8f55707aa4]::panicking::panic_with_hook
[INFO] [stdout]    7:     0x648b79b6e152 - std[70759c8f55707aa4]::panicking::panic_handler::{closure#0}
[INFO] [stdout]    8:     0x648b79b66d59 - std[70759c8f55707aa4]::sys::backtrace::__rust_end_short_backtrace::<std[70759c8f55707aa4]::panicking::panic_handler::{closure#0}, !>
[INFO] [stdout]    9:     0x648b79b6ef3d - __rustc[8fa7c3cbc660c2b3]::rust_begin_unwind
[INFO] [stdout]   10:     0x648b79baa8bc - core[df12db4294e9bfd3]::panicking::panic_fmt
[INFO] [stdout]   11:     0x648b79baa692 - core[df12db4294e9bfd3]::result::unwrap_failed
[INFO] [stdout]   12:     0x648b79703713 - admin[a75a3bc64d482c5c]::common::login
[INFO] [stdout]   13:     0x648b796f5033 - admin[a75a3bc64d482c5c]::cron::{closure#0}
[INFO] [stdout]   14:     0x648b796fac63 - <tokio[3ebd046bc7237d49]::runtime::scheduler::current_thread::Context>::enter::<core[df12db4294e9bfd3]::task::poll::Poll<()>, <tokio[3ebd046bc7237d49]::runtime::scheduler::current_thread::CoreGuard>::block_on<core[df12db4294e9bfd3]::pin::Pin<&mut core[df12db4294e9bfd3]::pin::Pin<&mut dyn core[df12db4294e9bfd3]::future::future::Future<Output = ()>>>>::{closure#0}::{closure#0}>
[INFO] [stdout]   15:     0x648b7970219c - <tokio[3ebd046bc7237d49]::runtime::context::scoped::Scoped<tokio[3ebd046bc7237d49]::runtime::scheduler::Context>>::set::<<tokio[3ebd046bc7237d49]::runtime::scheduler::current_thread::CoreGuard>::enter<<tokio[3ebd046bc7237d49]::runtime::scheduler::current_thread::CoreGuard>::block_on<core[df12db4294e9bfd3]::pin::Pin<&mut core[df12db4294e9bfd3]::pin::Pin<&mut dyn core[df12db4294e9bfd3]::future::future::Future<Output = ()>>>>::{closure#0}, core[df12db4294e9bfd3]::option::Option<()>>::{closure#0}, (alloc[2182bb758b4b3781]::boxed::Box<tokio[3ebd046bc7237d49]::runtime::scheduler::current_thread::Core>, core[df12db4294e9bfd3]::option::Option<()>)>
[INFO] [stdout]   16:     0x648b796fb125 - <tokio[3ebd046bc7237d49]::runtime::scheduler::current_thread::CoreGuard>::block_on::<core[df12db4294e9bfd3]::pin::Pin<&mut core[df12db4294e9bfd3]::pin::Pin<&mut dyn core[df12db4294e9bfd3]::future::future::Future<Output = ()>>>>
[INFO] [stdout]   17:     0x648b796fcaf8 - tokio[3ebd046bc7237d49]::runtime::context::runtime::enter_runtime::<<tokio[3ebd046bc7237d49]::runtime::scheduler::current_thread::CurrentThread>::block_on<core[df12db4294e9bfd3]::pin::Pin<&mut dyn core[df12db4294e9bfd3]::future::future::Future<Output = ()>>>::{closure#0}, ()>
[INFO] [stdout]   18:     0x648b7970208b - <tokio[3ebd046bc7237d49]::runtime::runtime::Runtime>::block_on::<core[df12db4294e9bfd3]::pin::Pin<&mut dyn core[df12db4294e9bfd3]::future::future::Future<Output = ()>>>
[INFO] [stdout]   19:     0x648b796f7e5b - <admin[a75a3bc64d482c5c]::cron::{closure#0} as core[df12db4294e9bfd3]::ops::function::FnOnce<()>>::call_once
[INFO] [stdout]   20:     0x648b7970636b - test[9d35eded1c95d3be]::__rust_begin_short_backtrace::<core[df12db4294e9bfd3]::result::Result<(), alloc[2182bb758b4b3781]::string::String>, fn() -> core[df12db4294e9bfd3]::result::Result<(), alloc[2182bb758b4b3781]::string::String>>
[INFO] [stdout]   21:     0x648b797139d5 - test[9d35eded1c95d3be]::run_test::{closure#0}
[INFO] [stdout]   22:     0x648b7970d294 - std[70759c8f55707aa4]::sys::backtrace::__rust_begin_short_backtrace::<test[9d35eded1c95d3be]::run_test::{closure#1}, ()>
[INFO] [stdout]   23:     0x648b79716b32 - <std[70759c8f55707aa4]::thread::lifecycle::spawn_unchecked<test[9d35eded1c95d3be]::run_test::{closure#1}, ()>::{closure#1} as core[df12db4294e9bfd3]::ops::function::FnOnce<()>>::call_once::{shim:vtable#0}
[INFO] [stdout]   24:     0x648b79b92dd9 - <std[70759c8f55707aa4]::sys::thread::unix::Thread>::new::thread_start
[INFO] [stdout]   25:     0x7e8334423dfa - <unknown>
[INFO] [stdout]   26:     0x7e83344b73d4 - clone
[INFO] [stdout]   27:                0x0 - <unknown>
[INFO] [stdout] 
[INFO] [stdout] ---- key stdout ----
[INFO] [stdout] 
[INFO] [stdout] thread 'key' (3435) panicked at tests/common/mod.rs:5:77:
[INFO] [stdout] called `Result::unwrap()` on an `Err` value: NotPresent
[INFO] [stdout] stack backtrace:
[INFO] [stdout]    0:     0x648b79b938b1 - <<std[70759c8f55707aa4]::sys::backtrace::BacktraceLock>::print::DisplayBacktrace as core[df12db4294e9bfd3]::fmt::Display>::fmt
[INFO] [stdout]    1:     0x648b79baa15a - core[df12db4294e9bfd3]::fmt::write
[INFO] [stdout]    2:     0x648b79b9886c - <alloc[2182bb758b4b3781]::vec::Vec<u8> as core[df12db4294e9bfd3]::io::write::Write>::write_fmt
[INFO] [stdout]    3:     0x648b79b6e0a6 - std[70759c8f55707aa4]::panicking::default_hook::{closure#0}
[INFO] [stdout]    4:     0x648b79b8b049 - std[70759c8f55707aa4]::panicking::default_hook
[INFO] [stdout]    5:     0x648b79713080 - test[9d35eded1c95d3be]::test_main_inner::<test[9d35eded1c95d3be]::test_main_static::{closure#0}>::{closure#0}
[INFO] [stdout]    6:     0x648b79b8b372 - std[70759c8f55707aa4]::panicking::panic_with_hook
[INFO] [stdout]    7:     0x648b79b6e152 - std[70759c8f55707aa4]::panicking::panic_handler::{closure#0}
[INFO] [stdout]    8:     0x648b79b66d59 - std[70759c8f55707aa4]::sys::backtrace::__rust_end_short_backtrace::<std[70759c8f55707aa4]::panicking::panic_handler::{closure#0}, !>
[INFO] [stdout]    9:     0x648b79b6ef3d - __rustc[8fa7c3cbc660c2b3]::rust_begin_unwind
[INFO] [stdout]   10:     0x648b79baa8bc - core[df12db4294e9bfd3]::panicking::panic_fmt
[INFO] [stdout]   11:     0x648b79baa692 - core[df12db4294e9bfd3]::result::unwrap_failed
[INFO] [stdout]   12:     0x648b79703713 - admin[a75a3bc64d482c5c]::common::login
[INFO] [stdout]   13:     0x648b796f3453 - admin[a75a3bc64d482c5c]::key::{closure#0}
[INFO] [stdout]   14:     0x648b796fac63 - <tokio[3ebd046bc7237d49]::runtime::scheduler::current_thread::Context>::enter::<core[df12db4294e9bfd3]::task::poll::Poll<()>, <tokio[3ebd046bc7237d49]::runtime::scheduler::current_thread::CoreGuard>::block_on<core[df12db4294e9bfd3]::pin::Pin<&mut core[df12db4294e9bfd3]::pin::Pin<&mut dyn core[df12db4294e9bfd3]::future::future::Future<Output = ()>>>>::{closure#0}::{closure#0}>
[INFO] [stdout]   15:     0x648b7970219c - <tokio[3ebd046bc7237d49]::runtime::context::scoped::Scoped<tokio[3ebd046bc7237d49]::runtime::scheduler::Context>>::set::<<tokio[3ebd046bc7237d49]::runtime::scheduler::current_thread::CoreGuard>::enter<<tokio[3ebd046bc7237d49]::runtime::scheduler::current_thread::CoreGuard>::block_on<core[df12db4294e9bfd3]::pin::Pin<&mut core[df12db4294e9bfd3]::pin::Pin<&mut dyn core[df12db4294e9bfd3]::future::future::Future<Output = ()>>>>::{closure#0}, core[df12db4294e9bfd3]::option::Option<()>>::{closure#0}, (alloc[2182bb758b4b3781]::boxed::Box<tokio[3ebd046bc7237d49]::runtime::scheduler::current_thread::Core>, core[df12db4294e9bfd3]::option::Option<()>)>
[INFO] [stdout]   16:     0x648b796fb125 - <tokio[3ebd046bc7237d49]::runtime::scheduler::current_thread::CoreGuard>::block_on::<core[df12db4294e9bfd3]::pin::Pin<&mut core[df12db4294e9bfd3]::pin::Pin<&mut dyn core[df12db4294e9bfd3]::future::future::Future<Output = ()>>>>
[INFO] [stdout]   17:     0x648b796fcaf8 - tokio[3ebd046bc7237d49]::runtime::context::runtime::enter_runtime::<<tokio[3ebd046bc7237d49]::runtime::scheduler::current_thread::CurrentThread>::block_on<core[df12db4294e9bfd3]::pin::Pin<&mut dyn core[df12db4294e9bfd3]::future::future::Future<Output = ()>>>::{closure#0}, ()>
[INFO] [stdout]   18:     0x648b7970208b - <tokio[3ebd046bc7237d49]::runtime::runtime::Runtime>::block_on::<core[df12db4294e9bfd3]::pin::Pin<&mut dyn core[df12db4294e9bfd3]::future::future::Future<Output = ()>>>
[INFO] [stdout]   19:     0x648b796f7bdb - <admin[a75a3bc64d482c5c]::key::{closure#0} as core[df12db4294e9bfd3]::ops::function::FnOnce<()>>::call_once
[INFO] [stdout]   20:     0x648b7970636b - test[9d35eded1c95d3be]::__rust_begin_short_backtrace::<core[df12db4294e9bfd3]::result::Result<(), alloc[2182bb758b4b3781]::string::String>, fn() -> core[df12db4294e9bfd3]::result::Result<(), alloc[2182bb758b4b3781]::string::String>>
[INFO] [stdout]   21:     0x648b797139d5 - test[9d35eded1c95d3be]::run_test::{closure#0}
[INFO] [stdout]   22:     0x648b7970d294 - std[70759c8f55707aa4]::sys::backtrace::__rust_begin_short_backtrace::<test[9d35eded1c95d3be]::run_test::{closure#1}, ()>
[INFO] [stdout]   23:     0x648b79716b32 - <std[70759c8f55707aa4]::thread::lifecycle::spawn_unchecked<test[9d35eded1c95d3be]::run_test::{closure#1}, ()>::{closure#1} as core[df12db4294e9bfd3]::ops::function::FnOnce<()>>::call_once::{shim:vtable#0}
[INFO] [stdout]   24:     0x648b79b92dd9 - <std[70759c8f55707aa4]::sys::thread::unix::Thread>::new::thread_start
[INFO] [stdout]   25:     0x7e8334423dfa - <unknown>
[INFO] [stdout]   26:     0x7e83344b73d4 - clone
[INFO] [stdout]   27:                0x0 - <unknown>
[INFO] [stdout] 
[INFO] [stdout] ---- user stdout ----
[INFO] [stdout] 
[INFO] [stdout] thread 'user' (3438) panicked at tests/common/mod.rs:5:77:
[INFO] [stdout] called `Result::unwrap()` on an `Err` value: NotPresent
[INFO] [stdout] stack backtrace:
[INFO] [stdout]    0:     0x648b79b938b1 - <<std[70759c8f55707aa4]::sys::backtrace::BacktraceLock>::print::DisplayBacktrace as core[df12db4294e9bfd3]::fmt::Display>::fmt
[INFO] [stdout]    1:     0x648b79baa15a - core[df12db4294e9bfd3]::fmt::write
[INFO] [stdout]    2:     0x648b79b9886c - <alloc[2182bb758b4b3781]::vec::Vec<u8> as core[df12db4294e9bfd3]::io::write::Write>::write_fmt
[INFO] [stdout]    3:     0x648b79b6e0a6 - std[70759c8f55707aa4]::panicking::default_hook::{closure#0}
[INFO] [stdout]    4:     0x648b79b8b049 - std[70759c8f55707aa4]::panicking::default_hook
[INFO] [stdout]    5:     0x648b79713080 - test[9d35eded1c95d3be]::test_main_inner::<test[9d35eded1c95d3be]::test_main_static::{closure#0}>::{closure#0}
[INFO] [stdout]    6:     0x648b79b8b372 - std[70759c8f55707aa4]::panicking::panic_with_hook
[INFO] [stdout]    7:     0x648b79b6e152 - std[70759c8f55707aa4]::panicking::panic_handler::{closure#0}
[INFO] [stdout]    8:     0x648b79b66d59 - std[70759c8f55707aa4]::sys::backtrace::__rust_end_short_backtrace::<std[70759c8f55707aa4]::panicking::panic_handler::{closure#0}, !>
[INFO] [stdout]    9:     0x648b79b6ef3d - __rustc[8fa7c3cbc660c2b3]::rust_begin_unwind
[INFO] [stdout]   10:     0x648b79baa8bc - core[df12db4294e9bfd3]::panicking::panic_fmt
[INFO] [stdout]   11:     0x648b79baa692 - core[df12db4294e9bfd3]::result::unwrap_failed
[INFO] [stdout]   12:     0x648b79703713 - admin[a75a3bc64d482c5c]::common::login
[INFO] [stdout]   13:     0x648b796f6286 - admin[a75a3bc64d482c5c]::user::{closure#0}
[INFO] [stdout]   14:     0x648b796fac63 - <tokio[3ebd046bc7237d49]::runtime::scheduler::current_thread::Context>::enter::<core[df12db4294e9bfd3]::task::poll::Poll<()>, <tokio[3ebd046bc7237d49]::runtime::scheduler::current_thread::CoreGuard>::block_on<core[df12db4294e9bfd3]::pin::Pin<&mut core[df12db4294e9bfd3]::pin::Pin<&mut dyn core[df12db4294e9bfd3]::future::future::Future<Output = ()>>>>::{closure#0}::{closure#0}>
[INFO] [stdout]   15:     0x648b7970219c - <tokio[3ebd046bc7237d49]::runtime::context::scoped::Scoped<tokio[3ebd046bc7237d49]::runtime::scheduler::Context>>::set::<<tokio[3ebd046bc7237d49]::runtime::scheduler::current_thread::CoreGuard>::enter<<tokio[3ebd046bc7237d49]::runtime::scheduler::current_thread::CoreGuard>::block_on<core[df12db4294e9bfd3]::pin::Pin<&mut core[df12db4294e9bfd3]::pin::Pin<&mut dyn core[df12db4294e9bfd3]::future::future::Future<Output = ()>>>>::{closure#0}, core[df12db4294e9bfd3]::option::Option<()>>::{closure#0}, (alloc[2182bb758b4b3781]::boxed::Box<tokio[3ebd046bc7237d49]::runtime::scheduler::current_thread::Core>, core[df12db4294e9bfd3]::option::Option<()>)>
[INFO] [stdout]   16:     0x648b796fb125 - <tokio[3ebd046bc7237d49]::runtime::scheduler::current_thread::CoreGuard>::block_on::<core[df12db4294e9bfd3]::pin::Pin<&mut core[df12db4294e9bfd3]::pin::Pin<&mut dyn core[df12db4294e9bfd3]::future::future::Future<Output = ()>>>>
[INFO] [stdout]   17:     0x648b796fcaf8 - tokio[3ebd046bc7237d49]::runtime::context::runtime::enter_runtime::<<tokio[3ebd046bc7237d49]::runtime::scheduler::current_thread::CurrentThread>::block_on<core[df12db4294e9bfd3]::pin::Pin<&mut dyn core[df12db4294e9bfd3]::future::future::Future<Output = ()>>>::{closure#0}, ()>
[INFO] [stdout]   18:     0x648b7970208b - <tokio[3ebd046bc7237d49]::runtime::runtime::Runtime>::block_on::<core[df12db4294e9bfd3]::pin::Pin<&mut dyn core[df12db4294e9bfd3]::future::future::Future<Output = ()>>>
[INFO] [stdout]   19:     0x648b796f80db - <admin[a75a3bc64d482c5c]::user::{closure#0} as core[df12db4294e9bfd3]::ops::function::FnOnce<()>>::call_once
[INFO] [stdout]   20:     0x648b7970636b - test[9d35eded1c95d3be]::__rust_begin_short_backtrace::<core[df12db4294e9bfd3]::result::Result<(), alloc[2182bb758b4b3781]::string::String>, fn() -> core[df12db4294e9bfd3]::result::Result<(), alloc[2182bb758b4b3781]::string::String>>
[INFO] [stdout]   21:     0x648b797139d5 - test[9d35eded1c95d3be]::run_test::{closure#0}
[INFO] [stdout]   22:     0x648b7970d294 - std[70759c8f55707aa4]::sys::backtrace::__rust_begin_short_backtrace::<test[9d35eded1c95d3be]::run_test::{closure#1}, ()>
[INFO] [stdout]   23:     0x648b79716b32 - <std[70759c8f55707aa4]::thread::lifecycle::spawn_unchecked<test[9d35eded1c95d3be]::run_test::{closure#1}, ()>::{closure#1} as core[df12db4294e9bfd3]::ops::function::FnOnce<()>>::call_once::{shim:vtable#0}
[INFO] [stdout]   24:     0x648b79b92dd9 - <std[70759c8f55707aa4]::sys::thread::unix::Thread>::new::thread_start
[INFO] [stdout]   25:     0x7e8334423dfa - <unknown>
[INFO] [stdout]   26:     0x7e83344b73d4 - clone
[INFO] [stdout]   27:                0x0 - <unknown>
[INFO] [stdout] 
[INFO] [stdout] ---- hook stdout ----
[INFO] [stdout] 
[INFO] [stdout] thread 'hook' (3434) panicked at tests/common/mod.rs:5:77:
[INFO] [stdout] called `Result::unwrap()` on an `Err` value: NotPresent
[INFO] [stdout] stack backtrace:
[INFO] [stdout]    0:     0x648b79b938b1 - <<std[70759c8f55707aa4]::sys::backtrace::BacktraceLock>::print::DisplayBacktrace as core[df12db4294e9bfd3]::fmt::Display>::fmt
[INFO] [stdout]    1:     0x648b79baa15a - core[df12db4294e9bfd3]::fmt::write
[INFO] [stdout]    2:     0x648b79b9886c - <alloc[2182bb758b4b3781]::vec::Vec<u8> as core[df12db4294e9bfd3]::io::write::Write>::write_fmt
[INFO] [stdout]    3:     0x648b79b6e0a6 - std[70759c8f55707aa4]::panicking::default_hook::{closure#0}
[INFO] [stdout]    4:     0x648b79b8b049 - std[70759c8f55707aa4]::panicking::default_hook
[INFO] [stdout]    5:     0x648b79713080 - test[9d35eded1c95d3be]::test_main_inner::<test[9d35eded1c95d3be]::test_main_static::{closure#0}>::{closure#0}
[INFO] [stdout]    6:     0x648b79b8b372 - std[70759c8f55707aa4]::panicking::panic_with_hook
[INFO] [stdout]    7:     0x648b79b6e152 - std[70759c8f55707aa4]::panicking::panic_handler::{closure#0}
[INFO] [stdout]    8:     0x648b79b66d59 - std[70759c8f55707aa4]::sys::backtrace::__rust_end_short_backtrace::<std[70759c8f55707aa4]::panicking::panic_handler::{closure#0}, !>
[INFO] [stdout]    9:     0x648b79b6ef3d - __rustc[8fa7c3cbc660c2b3]::rust_begin_unwind
[INFO] [stdout]   10:     0x648b79baa8bc - core[df12db4294e9bfd3]::panicking::panic_fmt
[INFO] [stdout]   11:     0x648b79baa692 - core[df12db4294e9bfd3]::result::unwrap_failed
[INFO] [stdout]   12:     0x648b79703713 - admin[a75a3bc64d482c5c]::common::login
[INFO] [stdout]   13:     0x648b796f569d - admin[a75a3bc64d482c5c]::hook::{closure#0}
[INFO] [stdout]   14:     0x648b796fac63 - <tokio[3ebd046bc7237d49]::runtime::scheduler::current_thread::Context>::enter::<core[df12db4294e9bfd3]::task::poll::Poll<()>, <tokio[3ebd046bc7237d49]::runtime::scheduler::current_thread::CoreGuard>::block_on<core[df12db4294e9bfd3]::pin::Pin<&mut core[df12db4294e9bfd3]::pin::Pin<&mut dyn core[df12db4294e9bfd3]::future::future::Future<Output = ()>>>>::{closure#0}::{closure#0}>
[INFO] [stdout]   15:     0x648b7970219c - <tokio[3ebd046bc7237d49]::runtime::context::scoped::Scoped<tokio[3ebd046bc7237d49]::runtime::scheduler::Context>>::set::<<tokio[3ebd046bc7237d49]::runtime::scheduler::current_thread::CoreGuard>::enter<<tokio[3ebd046bc7237d49]::runtime::scheduler::current_thread::CoreGuard>::block_on<core[df12db4294e9bfd3]::pin::Pin<&mut core[df12db4294e9bfd3]::pin::Pin<&mut dyn core[df12db4294e9bfd3]::future::future::Future<Output = ()>>>>::{closure#0}, core[df12db4294e9bfd3]::option::Option<()>>::{closure#0}, (alloc[2182bb758b4b3781]::boxed::Box<tokio[3ebd046bc7237d49]::runtime::scheduler::current_thread::Core>, core[df12db4294e9bfd3]::option::Option<()>)>
[INFO] [stdout]   16:     0x648b796fb125 - <tokio[3ebd046bc7237d49]::runtime::scheduler::current_thread::CoreGuard>::block_on::<core[df12db4294e9bfd3]::pin::Pin<&mut core[df12db4294e9bfd3]::pin::Pin<&mut dyn core[df12db4294e9bfd3]::future::future::Future<Output = ()>>>>
[INFO] [stdout]   17:     0x648b796fcaf8 - tokio[3ebd046bc7237d49]::runtime::context::runtime::enter_runtime::<<tokio[3ebd046bc7237d49]::runtime::scheduler::current_thread::CurrentThread>::block_on<core[df12db4294e9bfd3]::pin::Pin<&mut dyn core[df12db4294e9bfd3]::future::future::Future<Output = ()>>>::{closure#0}, ()>
[INFO] [stdout]   18:     0x648b7970208b - <tokio[3ebd046bc7237d49]::runtime::runtime::Runtime>::block_on::<core[df12db4294e9bfd3]::pin::Pin<&mut dyn core[df12db4294e9bfd3]::future::future::Future<Output = ()>>>
[INFO] [stdout]   19:     0x648b796f7f9b - <admin[a75a3bc64d482c5c]::hook::{closure#0} as core[df12db4294e9bfd3]::ops::function::FnOnce<()>>::call_once
[INFO] [stdout]   20:     0x648b7970636b - test[9d35eded1c95d3be]::__rust_begin_short_backtrace::<core[df12db4294e9bfd3]::result::Result<(), alloc[2182bb758b4b3781]::string::String>, fn() -> core[df12db4294e9bfd3]::result::Result<(), alloc[2182bb758b4b3781]::string::String>>
[INFO] [stdout]   21:     0x648b797139d5 - test[9d35eded1c95d3be]::run_test::{closure#0}
[INFO] [stdout]   22:     0x648b7970d294 - std[70759c8f55707aa4]::sys::backtrace::__rust_begin_short_backtrace::<test[9d35eded1c95d3be]::run_test::{closure#1}, ()>
[INFO] [stdout]   23:     0x648b79716b32 - <std[70759c8f55707aa4]::thread::lifecycle::spawn_unchecked<test[9d35eded1c95d3be]::run_test::{closure#1}, ()>::{closure#1} as core[df12db4294e9bfd3]::ops::function::FnOnce<()>>::call_once::{shim:vtable#0}
[INFO] [stdout]   24:     0x648b79b92dd9 - <std[70759c8f55707aa4]::sys::thread::unix::Thread>::new::thread_start
[INFO] [stdout]   25:     0x7e8334423dfa - <unknown>
[INFO] [stdout]   26:     0x7e83344b73d4 - clone
[INFO] [stdout]   27:                0x0 - <unknown>
[INFO] [stdout] 
[INFO] [stdout] 
[INFO] [stdout] failures:
[INFO] [stdout]     cron
[INFO] [stdout]     hook
[INFO] [stdout]     key
[INFO] [stdout]     org
[INFO] [stdout]     quota_group
[INFO] [stdout]     user
[INFO] [stdout] 
[INFO] [stdout] test result: FAILED. 0 passed; 6 failed; 0 ignored; 0 measured; 0 filtered out; finished in 0.01s
[INFO] [stdout] 
[INFO] [stderr] error: test failed, to rerun pass `--test admin`
[INFO] running `Command { std: "docker" "inspect" "a3dd032cba574ee41364d6e49e2eb1a9fd95d4536e53accd84025bab1faacd78", kill_on_drop: false }`
[INFO] running `Command { std: "docker" "rm" "-f" "a3dd032cba574ee41364d6e49e2eb1a9fd95d4536e53accd84025bab1faacd78", kill_on_drop: false }`
[INFO] [stdout] a3dd032cba574ee41364d6e49e2eb1a9fd95d4536e53accd84025bab1faacd78
