[INFO] fetching crate forge-manifest 0.6.1...
[INFO] testing forge-manifest-0.6.1 against 1.99.0-beta.8+cargoflags=--release for beta-release-1.100-2
[INFO] extracting crate forge-manifest 0.6.1 into /workspace/builds/worker-7-tc1/source
[INFO] started tweaking crates.io crate forge-manifest 0.6.1
[INFO] removed 0 missing examples
[INFO] finished tweaking crates.io crate forge-manifest 0.6.1
[INFO] tweaked toml for crates.io crate forge-manifest 0.6.1 written to /workspace/builds/worker-7-tc1/source/Cargo.toml
[INFO] validating manifest of crates.io crate forge-manifest 0.6.1 on toolchain 1.99.0-beta.8
[INFO] running `Command { std: CARGO_HOME="/workspace/cargo-home" RUSTUP_HOME="/workspace/rustup-home" "/workspace/cargo-home/bin/cargo" "+1.99.0-beta.8" "metadata" "--manifest-path" "Cargo.toml" "--no-deps", kill_on_drop: false }`
[INFO] crate crates.io crate forge-manifest 0.6.1 already has a lockfile, it will not be regenerated
[INFO] running `Command { std: CARGO_HOME="/workspace/cargo-home" RUSTUP_HOME="/workspace/rustup-home" "/workspace/cargo-home/bin/cargo" "+1.99.0-beta.8" "fetch" "--manifest-path" "Cargo.toml", kill_on_drop: false }`
[INFO] running `Command { std: "docker" "create" "-v" "/var/lib/crater-agent-workspace/builds/worker-7-tc1/source:/opt/rustwide/workdir:ro,Z" "-v" "/var/lib/crater-agent-workspace/builds/worker-7-tc1/target:/opt/rustwide/target:rw,Z" "-v" "/var/lib/crater-agent-workspace/cargo-home:/opt/rustwide/cargo-home:ro,Z" "-v" "/var/lib/crater-agent-workspace/rustup-home:/opt/rustwide/rustup-home:ro,Z" "-m" "1610612736" "--network" "none" "ghcr.io/rust-lang/crates-build-env/linux@sha256:77db811e55d90add9212f6832c23229e3de5f1c1f9905e8cb07319ea15df73ac" "sleep" "infinity", kill_on_drop: false }`
[INFO] [stdout] a395d7b6ff2c37ad526d9f5d697b5aee839ad686235e0046bbe12457c15b16a3
[INFO] running `Command { std: "docker" "start" "a395d7b6ff2c37ad526d9f5d697b5aee839ad686235e0046bbe12457c15b16a3", kill_on_drop: false }`
[INFO] running `Command { std: "docker" "inspect" "a395d7b6ff2c37ad526d9f5d697b5aee839ad686235e0046bbe12457c15b16a3", kill_on_drop: false }`
[INFO] running `Command { std: "docker" "exec" "-e" "SOURCE_DIR=/opt/rustwide/workdir" "-e" "CARGO_HOME=/opt/rustwide/cargo-home" "-e" "RUSTUP_HOME=/opt/rustwide/rustup-home" "-e" "CARGO_TARGET_DIR=/opt/rustwide/target" "-w" "/opt/rustwide/workdir" "--user" "0:0" "a395d7b6ff2c37ad526d9f5d697b5aee839ad686235e0046bbe12457c15b16a3" "/opt/rustwide/cargo-home/bin/cargo" "+1.99.0-beta.8" "metadata" "--no-deps" "--format-version=1", kill_on_drop: false }`
[INFO] running `Command { std: "docker" "inspect" "a395d7b6ff2c37ad526d9f5d697b5aee839ad686235e0046bbe12457c15b16a3", kill_on_drop: false }`
[INFO] running `Command { std: "docker" "exec" "-e" "SOURCE_DIR=/opt/rustwide/workdir" "-e" "CARGO_HOME=/opt/rustwide/cargo-home" "-e" "RUSTUP_HOME=/opt/rustwide/rustup-home" "-e" "CARGO_TARGET_DIR=/opt/rustwide/target" "-e" "CARGO_INCREMENTAL=0" "-e" "RUST_BACKTRACE=full" "-e" "RUSTFLAGS=--cap-lints=warn" "-e" "RUSTDOCFLAGS=--cap-lints=warn" "-w" "/opt/rustwide/workdir" "--user" "0:0" "a395d7b6ff2c37ad526d9f5d697b5aee839ad686235e0046bbe12457c15b16a3" "/opt/rustwide/cargo-home/bin/cargo" "+1.99.0-beta.8" "build" "--frozen" "--message-format=json" "--release", kill_on_drop: false }`
[INFO] [stderr]    Compiling proc-macro2 v1.0.107
[INFO] [stderr]    Compiling quote v1.0.47
[INFO] [stderr]    Compiling unicode-ident v1.0.26
[INFO] [stderr]    Compiling serde_json v1.0.151
[INFO] [stderr]    Compiling forge-manifest v0.6.1 (/opt/rustwide/workdir)
[INFO] [stderr]    Compiling arc-swap v1.9.2
[INFO] [stderr]    Compiling syn v3.0.6
[INFO] [stderr]    Compiling serde_derive v1.0.229
[INFO] [stderr]    Compiling serde v1.0.229
[INFO] [stderr]     Finished `release` profile [optimized] target(s) in 10.12s
[INFO] running `Command { std: "docker" "inspect" "a395d7b6ff2c37ad526d9f5d697b5aee839ad686235e0046bbe12457c15b16a3", kill_on_drop: false }`
[INFO] running `Command { std: "docker" "exec" "-e" "SOURCE_DIR=/opt/rustwide/workdir" "-e" "CARGO_HOME=/opt/rustwide/cargo-home" "-e" "RUSTUP_HOME=/opt/rustwide/rustup-home" "-e" "CARGO_TARGET_DIR=/opt/rustwide/target" "-e" "CARGO_INCREMENTAL=0" "-e" "RUST_BACKTRACE=full" "-e" "RUSTFLAGS=--cap-lints=warn" "-e" "RUSTDOCFLAGS=--cap-lints=warn" "-w" "/opt/rustwide/workdir" "--user" "0:0" "a395d7b6ff2c37ad526d9f5d697b5aee839ad686235e0046bbe12457c15b16a3" "/opt/rustwide/cargo-home/bin/cargo" "+1.99.0-beta.8" "test" "--frozen" "--no-run" "--message-format=json" "--release", kill_on_drop: false }`
[INFO] [stderr]    Compiling forge-manifest v0.6.1 (/opt/rustwide/workdir)
[INFO] [stderr]     Finished `release` profile [optimized] target(s) in 4.21s
[INFO] running `Command { std: "docker" "inspect" "a395d7b6ff2c37ad526d9f5d697b5aee839ad686235e0046bbe12457c15b16a3", kill_on_drop: false }`
[INFO] running `Command { std: "docker" "exec" "-e" "SOURCE_DIR=/opt/rustwide/workdir" "-e" "CARGO_HOME=/opt/rustwide/cargo-home" "-e" "RUSTUP_HOME=/opt/rustwide/rustup-home" "-e" "CARGO_TARGET_DIR=/opt/rustwide/target" "-e" "CARGO_INCREMENTAL=0" "-e" "RUST_BACKTRACE=full" "-e" "RUSTFLAGS=--cap-lints=warn" "-e" "RUSTDOCFLAGS=--cap-lints=warn" "-w" "/opt/rustwide/workdir" "--user" "0:0" "a395d7b6ff2c37ad526d9f5d697b5aee839ad686235e0046bbe12457c15b16a3" "/opt/rustwide/cargo-home/bin/cargo" "+1.99.0-beta.8" "test" "--frozen" "--release", kill_on_drop: false }`
[INFO] [stderr]     Finished `release` profile [optimized] target(s) in 0.05s
[INFO] [stderr]      Running unittests src/lib.rs (/opt/rustwide/target/release/deps/forge_manifest-35d895171db499f0)
[INFO] [stdout] 
[INFO] [stdout] running 45 tests
[INFO] [stdout] test live::tests::dm_01_new_creates_with_initial_value ... ok
[INFO] [stdout] test live::tests::dm_02_update_swaps_atomically ... ok
[INFO] [stdout] test live::tests::dm_04_clone_shares_same_underlying_data ... ok
[INFO] [stdout] test live::tests::dm_06_multiple_updates_last_wins ... ok
[INFO] [stdout] test tests::build_dts_01_forge_dts_contains_forge_interface ... ok
[INFO] [stdout] test tests::manifest_built_from_multiple_servers ... ok
[INFO] [stdout] test live::tests::dm_03_old_snapshot_unaffected_by_update ... ok
[INFO] [stdout] test tests::builder_defaults ... ok
[INFO] [stdout] test live::tests::dm_07_load_arc_returns_same_as_current ... ok
[INFO] [stdout] test live::tests::dm_05_concurrent_reads_during_update ... ok
[INFO] [stdout] test tests::manifest_built_from_tools_list_response ... ok
[INFO] [stdout] test tests::manifest_counts ... ok
[INFO] [stdout] test tests::manifest_from_tools_serializes_consistently ... ok
[INFO] [stdout] test tests::manifest_handles_empty_server ... ok
[INFO] [stdout] test tests::layer0_summary_multiple_servers ... ok
[INFO] [stdout] test tests::manifest_carries_input_schema_through ... ok
[INFO] [stdout] test tests::manifest_handles_flat_tool_names ... ok
[INFO] [stdout] test tests::empty_manifest ... ok
[INFO] [stdout] test tests::multi_server_manifest ... ok
[INFO] [stdout] test tests::rs_m02_manifest_json_includes_resources ... ok
[INFO] [stdout] test tests::rs_m05_resource_uri_sanitization_strips_injection ... ok
[INFO] [stdout] test tests::rs_m06_layer0_summary_includes_resource_counts ... ok
[INFO] [stdout] test tests::sanitize_description_truncates ... ok
[INFO] [stdout] test tests::sanitize_name_strips_special_chars ... ok
[INFO] [stdout] test tests::sanitize_name_truncates_long_names ... ok
[INFO] [stdout] test tests::rs_m04_manifest_handles_server_with_resources_but_no_tools ... ok
[INFO] [stdout] test tests::manifest_serializes_to_json ... ok
[INFO] [stdout] test tests::no_tools_category ... ok
[INFO] [stdout] test tests::manifest_categorises_tools_by_prefix ... ok
[INFO] [stdout] test tests::server_entry_from_tools_sanitizes_metadata ... ok
[INFO] [stdout] test tests::sanitize_description_handles_multibyte ... ok
[INFO] [stdout] test tests::to_json_returns_ok ... ok
[INFO] [stdout] test tests::build_dts_04_upgrade_md_mentions_dispatch_error ... FAILED
[INFO] [stdout] test tests::btreemap_ordering_is_deterministic ... ok
[INFO] [stdout] test tests::build_dts_03_upgrade_md_exists ... FAILED
[INFO] [stdout] test tests::build_dts_02_forge_dts_contains_stash_types ... ok
[INFO] [stdout] test tests::duplicate_category_names_last_wins ... ok
[INFO] [stdout] test tests::rs_m01_server_entry_from_resources_creates_valid_list ... ok
[INFO] [stdout] test tests::rs_m03_manifest_handles_server_with_tools_but_no_resources ... ok
[INFO] [stdout] test tests::ts_02_forge_dts_contains_key_apis ... ok
[INFO] [stdout] test tests::server_entry_from_tools_preserves_valid_metadata ... ok
[INFO] [stdout] test tests::layer0_summary ... ok
[INFO] [stdout] test tests::to_json_roundtrip ... ok
[INFO] [stdout] test tests::ts_03_forge_dts_has_jsdoc_examples ... ok
[INFO] [stdout] test tests::ts_01_forge_dts_non_empty ... ok
[INFO] [stdout] 
[INFO] [stdout] failures:
[INFO] [stdout] 
[INFO] [stdout] ---- tests::build_dts_04_upgrade_md_mentions_dispatch_error stdout ----
[INFO] [stdout] 
[INFO] [stdout] thread 'tests::build_dts_04_upgrade_md_mentions_dispatch_error' (478) panicked at src/lib.rs:1106:62:
[INFO] [stdout] read UPGRADE.md: Os { code: 2, kind: NotFound, message: "No such file or directory" }
[INFO] [stdout] stack backtrace:
[INFO] [stdout]    0:     0x587012d1ddf1 - <<std[70759c8f55707aa4]::sys::backtrace::BacktraceLock>::print::DisplayBacktrace as core[df12db4294e9bfd3]::fmt::Display>::fmt
[INFO] [stdout]    1:     0x587012d32a3a - core[df12db4294e9bfd3]::fmt::write
[INFO] [stdout]    2:     0x587012d2228c - <alloc[2182bb758b4b3781]::vec::Vec<u8> as core[df12db4294e9bfd3]::io::write::Write>::write_fmt
[INFO] [stdout]    3:     0x587012cf9e66 - std[70759c8f55707aa4]::panicking::default_hook::{closure#0}
[INFO] [stdout]    4:     0x587012d161e9 - std[70759c8f55707aa4]::panicking::default_hook
[INFO] [stdout]    5:     0x587012cb1840 - test[9d35eded1c95d3be]::test_main_inner::<test[9d35eded1c95d3be]::test_main_static::{closure#0}>::{closure#0}
[INFO] [stdout]    6:     0x587012d163a2 - std[70759c8f55707aa4]::panicking::panic_with_hook
[INFO] [stdout]    7:     0x587012cf9f12 - std[70759c8f55707aa4]::panicking::panic_handler::{closure#0}
[INFO] [stdout]    8:     0x587012cf2b09 - std[70759c8f55707aa4]::sys::backtrace::__rust_end_short_backtrace::<std[70759c8f55707aa4]::panicking::panic_handler::{closure#0}, !>
[INFO] [stdout]    9:     0x587012cfab0d - __rustc[8fa7c3cbc660c2b3]::rust_begin_unwind
[INFO] [stdout]   10:     0x587012d3316c - core[df12db4294e9bfd3]::panicking::panic_fmt
[INFO] [stdout]   11:     0x587012d32f42 - core[df12db4294e9bfd3]::result::unwrap_failed
[INFO] [stdout]   12:     0x587012c7370e - forge_manifest[c494b6f50935cfb8]::tests::build_dts_04_upgrade_md_mentions_dispatch_error
[INFO] [stdout]   13:     0x587012c8b869 - <forge_manifest[c494b6f50935cfb8]::tests::build_dts_04_upgrade_md_mentions_dispatch_error::{closure#0} as core[df12db4294e9bfd3]::ops::function::FnOnce<()>>::call_once
[INFO] [stdout]   14:     0x587012ca4b2b - test[9d35eded1c95d3be]::__rust_begin_short_backtrace::<core[df12db4294e9bfd3]::result::Result<(), alloc[2182bb758b4b3781]::string::String>, fn() -> core[df12db4294e9bfd3]::result::Result<(), alloc[2182bb758b4b3781]::string::String>>
[INFO] [stdout]   15:     0x587012cb2195 - test[9d35eded1c95d3be]::run_test::{closure#0}
[INFO] [stdout]   16:     0x587012caba54 - std[70759c8f55707aa4]::sys::backtrace::__rust_begin_short_backtrace::<test[9d35eded1c95d3be]::run_test::{closure#1}, ()>
[INFO] [stdout]   17:     0x587012cb52f2 - <std[70759c8f55707aa4]::thread::lifecycle::spawn_unchecked<test[9d35eded1c95d3be]::run_test::{closure#1}, ()>::{closure#1} as core[df12db4294e9bfd3]::ops::function::FnOnce<()>>::call_once::{shim:vtable#0}
[INFO] [stdout]   18:     0x587012d1d359 - <std[70759c8f55707aa4]::sys::thread::unix::Thread>::new::thread_start
[INFO] [stdout]   19:     0x77aaf91f3dfa - <unknown>
[INFO] [stdout]   20:     0x77aaf92873d4 - clone
[INFO] [stdout]   21:                0x0 - <unknown>
[INFO] [stdout] 
[INFO] [stdout] ---- tests::build_dts_03_upgrade_md_exists stdout ----
[INFO] [stdout] 
[INFO] [stdout] thread 'tests::build_dts_03_upgrade_md_exists' (477) panicked at src/lib.rs:1091:9:
[INFO] [stdout] UPGRADE.md must exist at workspace root: "/opt/UPGRADE.md"
[INFO] [stdout] stack backtrace:
[INFO] [stderr] error: test failed, to rerun pass `--lib`
[INFO] [stdout]    0:     0x587012d1ddf1 - <<std[70759c8f55707aa4]::sys::backtrace::BacktraceLock>::print::DisplayBacktrace as core[df12db4294e9bfd3]::fmt::Display>::fmt
[INFO] [stdout]    1:     0x587012d32a3a - core[df12db4294e9bfd3]::fmt::write
[INFO] [stdout]    2:     0x587012d2228c - <alloc[2182bb758b4b3781]::vec::Vec<u8> as core[df12db4294e9bfd3]::io::write::Write>::write_fmt
[INFO] [stdout]    3:     0x587012cf9e66 - std[70759c8f55707aa4]::panicking::default_hook::{closure#0}
[INFO] [stdout]    4:     0x587012d161e9 - std[70759c8f55707aa4]::panicking::default_hook
[INFO] [stdout]    5:     0x587012cb1840 - test[9d35eded1c95d3be]::test_main_inner::<test[9d35eded1c95d3be]::test_main_static::{closure#0}>::{closure#0}
[INFO] [stdout]    6:     0x587012d163a2 - std[70759c8f55707aa4]::panicking::panic_with_hook
[INFO] [stdout]    7:     0x587012cf9f12 - std[70759c8f55707aa4]::panicking::panic_handler::{closure#0}
[INFO] [stdout]    8:     0x587012cf2b09 - std[70759c8f55707aa4]::sys::backtrace::__rust_end_short_backtrace::<std[70759c8f55707aa4]::panicking::panic_handler::{closure#0}, !>
[INFO] [stdout]    9:     0x587012cfab0d - __rustc[8fa7c3cbc660c2b3]::rust_begin_unwind
[INFO] [stdout]   10:     0x587012d3316c - core[df12db4294e9bfd3]::panicking::panic_fmt
[INFO] [stdout]   11:     0x587012c6c112 - forge_manifest[c494b6f50935cfb8]::tests::build_dts_03_upgrade_md_exists
[INFO] [stdout]   12:     0x587012c8b4f9 - <forge_manifest[c494b6f50935cfb8]::tests::build_dts_03_upgrade_md_exists::{closure#0} as core[df12db4294e9bfd3]::ops::function::FnOnce<()>>::call_once
[INFO] [stdout]   13:     0x587012ca4b2b - test[9d35eded1c95d3be]::__rust_begin_short_backtrace::<core[df12db4294e9bfd3]::result::Result<(), alloc[2182bb758b4b3781]::string::String>, fn() -> core[df12db4294e9bfd3]::result::Result<(), alloc[2182bb758b4b3781]::string::String>>
[INFO] [stdout]   14:     0x587012cb2195 - test[9d35eded1c95d3be]::run_test::{closure#0}
[INFO] [stdout]   15:     0x587012caba54 - std[70759c8f55707aa4]::sys::backtrace::__rust_begin_short_backtrace::<test[9d35eded1c95d3be]::run_test::{closure#1}, ()>
[INFO] [stdout]   16:     0x587012cb52f2 - <std[70759c8f55707aa4]::thread::lifecycle::spawn_unchecked<test[9d35eded1c95d3be]::run_test::{closure#1}, ()>::{closure#1} as core[df12db4294e9bfd3]::ops::function::FnOnce<()>>::call_once::{shim:vtable#0}
[INFO] [stdout]   17:     0x587012d1d359 - <std[70759c8f55707aa4]::sys::thread::unix::Thread>::new::thread_start
[INFO] [stdout]   18:     0x77aaf91f3dfa - <unknown>
[INFO] [stdout]   19:     0x77aaf92873d4 - clone
[INFO] [stdout]   20:                0x0 - <unknown>
[INFO] [stdout] 
[INFO] [stdout] 
[INFO] [stdout] failures:
[INFO] [stdout]     tests::build_dts_03_upgrade_md_exists
[INFO] [stdout]     tests::build_dts_04_upgrade_md_mentions_dispatch_error
[INFO] [stdout] 
[INFO] [stdout] test result: FAILED. 43 passed; 2 failed; 0 ignored; 0 measured; 0 filtered out; finished in 0.02s
[INFO] [stdout] 
[INFO] running `Command { std: "docker" "inspect" "a395d7b6ff2c37ad526d9f5d697b5aee839ad686235e0046bbe12457c15b16a3", kill_on_drop: false }`
[INFO] running `Command { std: "docker" "rm" "-f" "a395d7b6ff2c37ad526d9f5d697b5aee839ad686235e0046bbe12457c15b16a3", kill_on_drop: false }`
[INFO] [stdout] a395d7b6ff2c37ad526d9f5d697b5aee839ad686235e0046bbe12457c15b16a3
