[INFO] fetching crate forge-agent-mesh 2.12.1...
[INFO] testing forge-agent-mesh-2.12.1 against 1.100.0-beta.1+cargoflags=--release for beta-release-1.100-2
[INFO] extracting crate forge-agent-mesh 2.12.1 into /workspace/builds/worker-4-tc2/source
[INFO] started tweaking crates.io crate forge-agent-mesh 2.12.1
[INFO] finished tweaking crates.io crate forge-agent-mesh 2.12.1
[INFO] tweaked toml for crates.io crate forge-agent-mesh 2.12.1 written to /workspace/builds/worker-4-tc2/source/Cargo.toml
[INFO] validating manifest of crates.io crate forge-agent-mesh 2.12.1 on toolchain 1.100.0-beta.1
[INFO] running `Command { std: CARGO_HOME="/workspace/cargo-home" RUSTUP_HOME="/workspace/rustup-home" "/workspace/cargo-home/bin/cargo" "+1.100.0-beta.1" "metadata" "--manifest-path" "Cargo.toml" "--no-deps", kill_on_drop: false }`
[INFO] crate crates.io crate forge-agent-mesh 2.12.1 already has a lockfile, it will not be regenerated
[INFO] running `Command { std: CARGO_HOME="/workspace/cargo-home" RUSTUP_HOME="/workspace/rustup-home" "/workspace/cargo-home/bin/cargo" "+1.100.0-beta.1" "fetch" "--manifest-path" "Cargo.toml", kill_on_drop: false }`
[INFO] running `Command { std: "docker" "create" "-v" "/var/lib/crater-agent-workspace/builds/worker-4-tc2/source:/opt/rustwide/workdir:ro,Z" "-v" "/var/lib/crater-agent-workspace/builds/worker-4-tc2/target:/opt/rustwide/target:rw,Z" "-v" "/var/lib/crater-agent-workspace/cargo-home:/opt/rustwide/cargo-home:ro,Z" "-v" "/var/lib/crater-agent-workspace/rustup-home:/opt/rustwide/rustup-home:ro,Z" "-m" "1610612736" "--network" "none" "ghcr.io/rust-lang/crates-build-env/linux@sha256:77db811e55d90add9212f6832c23229e3de5f1c1f9905e8cb07319ea15df73ac" "sleep" "infinity", kill_on_drop: false }`
[INFO] [stdout] 56769c3696d0b196fbc4b6a7dfc5765b3e7f7dd3f7fd5c040072a2816accd761
[INFO] running `Command { std: "docker" "start" "56769c3696d0b196fbc4b6a7dfc5765b3e7f7dd3f7fd5c040072a2816accd761", kill_on_drop: false }`
[INFO] running `Command { std: "docker" "inspect" "56769c3696d0b196fbc4b6a7dfc5765b3e7f7dd3f7fd5c040072a2816accd761", kill_on_drop: false }`
[INFO] running `Command { std: "docker" "exec" "-e" "SOURCE_DIR=/opt/rustwide/workdir" "-e" "CARGO_HOME=/opt/rustwide/cargo-home" "-e" "RUSTUP_HOME=/opt/rustwide/rustup-home" "-e" "CARGO_TARGET_DIR=/opt/rustwide/target" "-w" "/opt/rustwide/workdir" "--user" "0:0" "56769c3696d0b196fbc4b6a7dfc5765b3e7f7dd3f7fd5c040072a2816accd761" "/opt/rustwide/cargo-home/bin/cargo" "+1.100.0-beta.1" "metadata" "--no-deps" "--format-version=1", kill_on_drop: false }`
[INFO] running `Command { std: "docker" "inspect" "56769c3696d0b196fbc4b6a7dfc5765b3e7f7dd3f7fd5c040072a2816accd761", kill_on_drop: false }`
[INFO] running `Command { std: "docker" "exec" "-e" "SOURCE_DIR=/opt/rustwide/workdir" "-e" "CARGO_HOME=/opt/rustwide/cargo-home" "-e" "RUSTUP_HOME=/opt/rustwide/rustup-home" "-e" "CARGO_TARGET_DIR=/opt/rustwide/target" "-e" "CARGO_INCREMENTAL=0" "-e" "RUST_BACKTRACE=full" "-e" "RUSTFLAGS=--cap-lints=warn" "-e" "RUSTDOCFLAGS=--cap-lints=warn" "-w" "/opt/rustwide/workdir" "--user" "0:0" "56769c3696d0b196fbc4b6a7dfc5765b3e7f7dd3f7fd5c040072a2816accd761" "/opt/rustwide/cargo-home/bin/cargo" "+1.100.0-beta.1" "build" "--frozen" "--message-format=json" "--release", kill_on_drop: false }`
[INFO] [stderr]    Compiling quote v1.0.46
[INFO] [stderr]    Compiling libc v0.2.188
[INFO] [stderr]    Compiling crossbeam-utils v0.8.21
[INFO] [stderr]    Compiling hybrid-array v0.4.13
[INFO] [stderr]    Compiling num-traits v0.2.19
[INFO] [stderr]    Compiling winnow v1.0.3
[INFO] [stderr]    Compiling digest v0.10.7
[INFO] [stderr]    Compiling futures-lite v2.6.1
[INFO] [stderr]    Compiling bitflags v2.13.0
[INFO] [stderr]    Compiling syn v2.0.118
[INFO] [stderr]    Compiling rustix v1.1.4
[INFO] [stderr]    Compiling concurrent-queue v2.5.0
[INFO] [stderr]    Compiling block-buffer v0.12.1
[INFO] [stderr]    Compiling event-listener v5.4.1
[INFO] [stderr]    Compiling syn v3.0.2
[INFO] [stderr]    Compiling block-padding v0.3.3
[INFO] [stderr]    Compiling async-task v4.7.1
[INFO] [stderr]    Compiling linux-raw-sys v0.12.1
[INFO] [stderr]    Compiling event-listener-strategy v0.5.4
[INFO] [stderr]    Compiling async-channel v2.5.0
[INFO] [stderr]    Compiling nix v0.29.0
[INFO] [stderr]    Compiling piper v0.2.5
[INFO] [stderr]    Compiling num-integer v0.1.46
[INFO] [stderr]    Compiling inout v0.1.4
[INFO] [stderr]    Compiling inout v0.2.2
[INFO] [stderr]    Compiling async-io v2.6.0
[INFO] [stderr]    Compiling endi v1.1.1
[INFO] [stderr]    Compiling num-bigint v0.4.6
[INFO] [stderr]    Compiling cipher v0.4.4
[INFO] [stderr]    Compiling toml_parser v1.1.2+spec-1.1.0
[INFO] [stderr]    Compiling blocking v1.6.2
[INFO] [stderr]    Compiling async-lock v3.4.2
[INFO] [stderr]    Compiling cmov v0.5.4
[INFO] [stderr]    Compiling toml_edit v0.25.12+spec-1.1.0
[INFO] [stderr]    Compiling getrandom v0.4.3
[INFO] [stderr]    Compiling getrandom v0.2.17
[INFO] [stderr]    Compiling crypto-common v0.2.2
[INFO] [stderr]    Compiling rand_core v0.6.4
[INFO] [stderr]    Compiling rand_chacha v0.3.1
[INFO] [stderr]    Compiling async-fs v2.2.0
[INFO] [stderr]    Compiling proc-macro-crate v3.5.0
[INFO] [stderr]    Compiling cipher v0.5.2
[INFO] [stderr]    Compiling num-rational v0.4.2
[INFO] [stderr]    Compiling rand v0.8.6
[INFO] [stderr]    Compiling xdg-home v1.3.0
[INFO] [stderr]    Compiling ctutils v0.4.2
[INFO] [stderr]    Compiling num-iter v0.1.45
[INFO] [stderr]    Compiling num-complex v0.4.6
[INFO] [stderr]    Compiling zvariant_utils v2.1.0
[INFO] [stderr]    Compiling proc-macro2-diagnostics v0.10.1
[INFO] [stderr]    Compiling async-executor v1.14.0
[INFO] [stderr]    Compiling sha1 v0.10.6
[INFO] [stderr]    Compiling async-broadcast v0.7.2
[INFO] [stderr]    Compiling async-trait v0.1.91
[INFO] [stderr]    Compiling hmac v0.12.1
[INFO] [stderr]    Compiling ordered-stream v0.2.0
[INFO] [stderr]    Compiling uncased v0.9.10
[INFO] [stderr]    Compiling serde_json v1.0.151
[INFO] [stderr]    Compiling hkdf v0.12.4
[INFO] [stderr]    Compiling num v0.4.3
[INFO] [stderr]    Compiling universal-hash v0.6.1
[INFO] [stderr]    Compiling chacha20 v0.10.1
[INFO] [stderr]    Compiling uuid v1.24.0
[INFO] [stderr]    Compiling aes v0.8.4
[INFO] [stderr]    Compiling cbc v0.1.2
[INFO] [stderr]    Compiling sha2 v0.10.9
[INFO] [stderr]    Compiling figment v0.10.19
[INFO] [stderr]    Compiling inlinable_string v0.1.15
[INFO] [stderr]    Compiling yansi v1.0.1
[INFO] [stderr]    Compiling serde_derive v1.0.228
[INFO] [stderr]    Compiling enumflags2_derive v0.7.12
[INFO] [stderr]    Compiling tracing-attributes v0.1.31
[INFO] [stderr]    Compiling zvariant_derive v4.2.0
[INFO] [stderr]    Compiling futures-macro v0.3.32
[INFO] [stderr]    Compiling serde_repr v0.1.20
[INFO] [stderr]    Compiling polling v3.11.0
[INFO] [stderr]    Compiling zbus_macros v4.4.0
[INFO] [stderr]    Compiling futures-util v0.3.32
[INFO] [stderr]    Compiling tracing v0.1.44
[INFO] [stderr]    Compiling pear_codegen v0.2.9
[INFO] [stderr]    Compiling dirs-sys v0.5.0
[INFO] [stderr]    Compiling pear v0.2.9
[INFO] [stderr]    Compiling digest v0.11.3
[INFO] [stderr]    Compiling poly1305 v0.9.0
[INFO] [stderr]    Compiling thiserror-impl v2.0.19
[INFO] [stderr]    Compiling aead v0.6.1
[INFO] [stderr]    Compiling serde_spanned v1.1.1
[INFO] [stderr]    Compiling toml_datetime v1.1.1+spec-1.1.0
[INFO] [stderr]    Compiling chacha20poly1305 v0.11.0
[INFO] [stderr]    Compiling toml v1.1.3+spec-1.1.0
[INFO] [stderr]    Compiling sha2 v0.11.0
[INFO] [stderr]    Compiling directories v6.0.0
[INFO] [stderr]    Compiling rand v0.10.2
[INFO] [stderr]    Compiling serde v1.0.228
[INFO] [stderr]    Compiling thiserror v2.0.19
[INFO] [stderr]    Compiling enumflags2 v0.7.12
[INFO] [stderr]    Compiling serde_spanned v0.6.9
[INFO] [stderr]    Compiling toml_datetime v0.6.11
[INFO] [stderr]    Compiling forge-agent-types v2.12.1
[INFO] [stderr]    Compiling zvariant v4.2.0
[INFO] [stderr]    Compiling toml_edit v0.22.27
[INFO] [stderr]    Compiling forge-agent-skills v2.12.1
[INFO] [stderr]    Compiling toml v0.8.23
[INFO] [stderr]    Compiling zbus_names v3.0.0
[INFO] [stderr]    Compiling zbus v4.4.0
[INFO] [stderr]    Compiling secret-service v4.0.0
[INFO] [stderr]    Compiling keyring v3.6.3
[INFO] [stderr]    Compiling forge-agent-config v2.12.1
[INFO] [stderr]    Compiling forge-agent-mesh v2.12.1 (/opt/rustwide/workdir)
[INFO] [stderr]     Finished `release` profile [optimized] target(s) in 4m 23s
[INFO] [stderr] warning: the following packages contain code that will be rejected by a future version of Rust: nix v0.29.0
[INFO] [stderr] note: to see what the problems were, use the option `--future-incompat-report`, or run `cargo report future-incompatibilities --id 3`
[INFO] running `Command { std: "docker" "inspect" "56769c3696d0b196fbc4b6a7dfc5765b3e7f7dd3f7fd5c040072a2816accd761", kill_on_drop: false }`
[INFO] running `Command { std: "docker" "exec" "-e" "SOURCE_DIR=/opt/rustwide/workdir" "-e" "CARGO_HOME=/opt/rustwide/cargo-home" "-e" "RUSTUP_HOME=/opt/rustwide/rustup-home" "-e" "CARGO_TARGET_DIR=/opt/rustwide/target" "-e" "CARGO_INCREMENTAL=0" "-e" "RUST_BACKTRACE=full" "-e" "RUSTFLAGS=--cap-lints=warn" "-e" "RUSTDOCFLAGS=--cap-lints=warn" "-w" "/opt/rustwide/workdir" "--user" "0:0" "56769c3696d0b196fbc4b6a7dfc5765b3e7f7dd3f7fd5c040072a2816accd761" "/opt/rustwide/cargo-home/bin/cargo" "+1.100.0-beta.1" "test" "--frozen" "--no-run" "--message-format=json" "--release", kill_on_drop: false }`
[INFO] [stderr]    Compiling errno v0.3.14
[INFO] [stderr]    Compiling tokio-macros v2.7.0
[INFO] [stderr]    Compiling socket2 v0.6.4
[INFO] [stderr]    Compiling forge-agent-config v2.12.1
[INFO] [stderr]    Compiling mio v1.2.1
[INFO] [stderr]    Compiling bytes v1.12.0
[INFO] [stderr]    Compiling signal-hook-registry v1.4.8
[INFO] [stderr]    Compiling tokio v1.53.1
[INFO] [stderr]    Compiling forge-agent-mesh v2.12.1 (/opt/rustwide/workdir)
[INFO] [stderr]     Finished `release` profile [optimized] target(s) in 1m 45s
[INFO] [stderr] warning: the following packages contain code that will be rejected by a future version of Rust: nix v0.29.0
[INFO] [stderr] note: to see what the problems were, use the option `--future-incompat-report`, or run `cargo report future-incompatibilities --id 3`
[INFO] running `Command { std: "docker" "inspect" "56769c3696d0b196fbc4b6a7dfc5765b3e7f7dd3f7fd5c040072a2816accd761", kill_on_drop: false }`
[INFO] running `Command { std: "docker" "exec" "-e" "SOURCE_DIR=/opt/rustwide/workdir" "-e" "CARGO_HOME=/opt/rustwide/cargo-home" "-e" "RUSTUP_HOME=/opt/rustwide/rustup-home" "-e" "CARGO_TARGET_DIR=/opt/rustwide/target" "-e" "CARGO_INCREMENTAL=0" "-e" "RUST_BACKTRACE=full" "-e" "RUSTFLAGS=--cap-lints=warn" "-e" "RUSTDOCFLAGS=--cap-lints=warn" "-w" "/opt/rustwide/workdir" "--user" "0:0" "56769c3696d0b196fbc4b6a7dfc5765b3e7f7dd3f7fd5c040072a2816accd761" "/opt/rustwide/cargo-home/bin/cargo" "+1.100.0-beta.1" "test" "--frozen" "--release", kill_on_drop: false }`
[INFO] [stderr]     Finished `release` profile [optimized] target(s) in 0.34s
[INFO] [stderr] warning: the following packages contain code that will be rejected by a future version of Rust: nix v0.29.0
[INFO] [stderr] note: to see what the problems were, use the option `--future-incompat-report`, or run `cargo report future-incompatibilities --id 3`
[INFO] [stderr]      Running unittests src/lib.rs (/opt/rustwide/target/release/build/forge-agent-mesh/5e09cb82c691f45f/out/forge_mesh-5e09cb82c691f45f)
[INFO] [stdout] 
[INFO] [stdout] running 212 tests
[INFO] [stdout] test bench::tests::bare_bridge_alias_maps_via_injected_family_token ... ok
[INFO] [stdout] test bench::tests::effort_variants_collapse_to_best ... ok
[INFO] [stdout] test bench::tests::does_not_match_on_a_stray_number_alone ... ok
[INFO] [stdout] test bench::tests::claude_opus_5_inherits_opus_4_8_until_its_own_row_exists ... ok
[INFO] [stdout] test bench::tests::opus_5_collapses_real_effort_variants_to_its_best_row ... ok
[INFO] [stdout] test bench::tests::exact_token_set_matches_regardless_of_word_order ... ok
[INFO] [stdout] test bench::tests::exact_score_for_does_not_cross_match_on_a_shared_role_word ... ok
[INFO] [stdout] test bench::tests::gpt_5_6_family_siblings_match_their_own_row ... ok
[INFO] [stdout] test bench::tests::parenthetical_decoration_does_not_cross_match ... ok
[INFO] [stdout] test bench::tests::unknown_model_has_no_score ... ok
[INFO] [stdout] test bench::tests::version_dotted_id_matches_dashed_source_slug ... ok
[INFO] [stdout] test capability::tests::complex_prefers_a_frontier_model_over_a_tiny_one ... ok
[INFO] [stdout] test capability::tests::deepseek_v4_flash_is_not_frontier ... ok
[INFO] [stdout] test capability::tests::fable_and_mythos_resolve_to_10_under_every_catalog_id_form ... ok
[INFO] [stdout] test capability::tests::fable_does_not_collide_with_the_opus_arm ... ok
[INFO] [stdout] test capability::tests::large_param_count_overrides_small_product_name ... ok
[INFO] [stdout] test bench::tests::fuzzy_score_for_does_not_cross_match_on_coder_role_word ... ok
[INFO] [stdout] test capability::tests::mini_and_haiku_are_small_not_frontier ... ok
[INFO] [stdout] test bench::tests::qwen_3_8_max_preview_inherits_3_7_max_until_its_own_row_exists ... ok
[INFO] [stdout] test capability::tests::minimax_is_not_classified_as_small ... ok
[INFO] [stdout] test capability::tests::niche_or_stale_70b_models_are_not_frontier ... ok
[INFO] [stdout] test capability::tests::ollama_colon_size_tags_are_classified_as_small ... ok
[INFO] [stdout] test bench::tests::fuzzy_score_for_does_not_cross_match_a_newer_unrated_version_to_an_older_row ... ok
[INFO] [stdout] test capability::tests::speed_class_derives_from_burn_weight_for_the_gpt56_family ... ok
[INFO] [stdout] test capability::tests::speed_class_for_fable_is_unchanged_and_never_leaks_into_the_speed_path ... ok
[INFO] [stdout] test capability::tests::speed_class_name_heuristic_unchanged_for_ids_with_no_burn_weight_entry ... ok
[INFO] [stdout] test capability::tests::trivial_prefers_a_fast_small_model_over_a_frontier_one ... ok
[INFO] [stdout] test catalog::tests::bare_bridge_ids_never_enter_the_catalog ... ok
[INFO] [stdout] test catalog::tests::bench_aware_conservation_guard_rejects_weak_large_models ... ok
[INFO] [stdout] test catalog::tests::bench_aware_frontier_classification ... ok
[INFO] [stdout] test catalog::tests::benchmark_scores_override_the_name_heuristic ... ok
[INFO] [stdout] test catalog::tests::bridge_model_absent_from_the_pair_list_is_never_penalized ... ok
[INFO] [stdout] test catalog::tests::bridge_with_no_live_oauth_twin_is_not_demoted ... ok
[INFO] [stdout] test capability::tests::subscription_burn_weight_config_override_wins_over_table ... ok
[INFO] [stdout] test capability::tests::subscription_burn_weight_matches_the_bundled_table ... ok
[INFO] [stdout] test capability::tests::subscription_burn_weight_defaults_unknown_models_to_neutral ... ok
[INFO] [stdout] test capability::tests::tool_reliability_penalty_flags_gemini_flash_across_providers_only ... ok
[INFO] [stdout] test catalog::tests::calibration_is_inert_until_it_has_enough_observations ... ok
[INFO] [stdout] test catalog::tests::calibration_is_bounded_after_the_sample_gate ... ok
[INFO] [stdout] test catalog::tests::claude_opus_5_outranks_opus_4_8_and_reads_as_frontier ... ok
[INFO] [stdout] test capability::tests::mid_param_count_overrides_small_product_name ... ok
[INFO] [stdout] test catalog::tests::code_conservation_still_reaches_one_at_the_warning_line ... ok
[INFO] [stdout] test catalog::tests::code_conservation_waits_for_pressure_on_complex_work ... ok
[INFO] [stdout] test catalog::tests::classifies_frontier_free_and_subscription ... ok
[INFO] [stdout] test catalog::tests::fast_small_model_leads_trivial_across_provider_mix ... ok
[INFO] [stdout] test catalog::tests::fine_capability_does_not_overflow_on_long_digit_runs ... ok
[INFO] [stdout] test catalog::tests::gpt56_sol_still_outranks_luna_at_complex_given_a_real_capability_gap ... ok
[INFO] [stdout] test catalog::tests::groups_by_provider_richest_first_frontier_leads ... ok
[INFO] [stdout] test catalog::tests::high_effort_prefers_higher_benchmark_over_lower_cost ... ok
[INFO] [stdout] test catalog::tests::low_effort_prefers_lower_cost_when_benchmark_gap_is_small ... ok
[INFO] [stdout] test catalog::tests::empty_catalog_ranks_to_nothing ... ok
[INFO] [stdout] test catalog::tests::minimax_m3_does_not_monopolise_all_tiers_with_high_bench_score ... ok
[INFO] [stdout] test catalog::tests::fine_capability_parses_versions ... ok
[INFO] [stdout] test catalog::tests::minimax_m3_does_not_monopolise_all_tiers_without_bench ... ok
[INFO] [stdout] test catalog::tests::gemini_flash_is_free_but_pro_is_paid ... ok
[INFO] [stdout] test catalog::tests::complex_conservation_keeps_only_close_measured_alternatives ... ok
[INFO] [stdout] test catalog::tests::conservation_is_per_provider_and_overrides_high_effort_bench_bands ... ok
[INFO] [stdout] test catalog::tests::gpt56_luna_outranks_sol_at_trivial_and_standard_with_a_fresh_quota ... ok
[INFO] [stdout] test catalog::tests::model_with_no_burn_weight_scores_exactly_as_before ... ok
[INFO] [stdout] test catalog::tests::effort_ranking_is_a_total_order_on_threshold_straddling_scores ... ok
[INFO] [stdout] test catalog::tests::non_chat_models_are_excluded_from_routing ... ok
[INFO] [stdout] test catalog::tests::minimax_m3_does_not_win_trivial_over_fast_small_model ... ok
[INFO] [stdout] test catalog::tests::on_a_score_tie_the_lighter_sibling_wins ... ok
[INFO] [stdout] test catalog::tests::oauth_twin_outranks_bridge_twin_at_every_tier_bridge_stays_in_the_chain ... ok
[INFO] [stdout] test catalog::tests::near_exhausted_quota_penalizes_sol_more_than_a_fresh_one ... ok
[INFO] [stdout] test catalog::tests::paid_free_and_subscription_are_mutually_exclusive ... ok
[INFO] [stdout] test catalog::tests::opencode_zen_unpriced_models_are_paid_not_free ... ok
[INFO] [stdout] test catalog::tests::no_provider_monopolises_all_three_tiers_in_realistic_catalog ... ok
[INFO] [stdout] test catalog::tests::openrouter_unpriced_models_are_paid_unless_free_suffixed ... ok
[INFO] [stdout] test catalog::tests::stats_count_each_category ... ok
[INFO] [stdout] test catalog::tests::oauth_and_api_key_plans_are_subscription_not_free ... ok
[INFO] [stdout] test catalog::tests::superseded_bridge_ids_only_flags_a_bridge_with_a_live_oauth_twin ... ok
[INFO] [stdout] test catalog::tests::ranks_a_frontier_model_first_for_complex ... ok
[INFO] [stdout] test catalog::tests::supports_vision_recognizes_known_vision_families ... ok
[INFO] [stdout] test catalog::tests::supports_vision_rejects_text_only_models ... ok
[INFO] [stdout] test catalog::tests::ranks_a_small_fast_model_first_for_trivial ... ok
[INFO] [stdout] test catalog::tests::standing_free_tiers_ignore_reference_prices ... ok
[INFO] [stdout] test catalog::tests::task_specific_models_are_excluded_from_general_routing ... ok
[INFO] [stdout] test catalog::tests::tool_unreliable_gemini_flash_ranks_below_a_comparable_tool_reliable_model ... ok
[INFO] [stdout] test catalog::tests::within_a_subscription_family_the_higher_version_wins ... ok
[INFO] [stdout] test catalog::tests::trivial_conservation_is_unconditional_across_plans ... ok
[INFO] [stdout] test catalog::tests::unpriced_metered_api_models_are_paid_not_free ... ok
[INFO] [stdout] test classification::tests::self_hosting_does_not_escalate_unrelated_infra_talk_in_a_different_project ... ok
[INFO] [stdout] test classification::tests::self_hosting_escalates_infra_talk_that_would_otherwise_be_trivial ... ok
[INFO] [stdout] test explain::tests::explanation_hides_a_cli_bridge_when_its_oauth_twin_is_usable ... ok
[INFO] [stdout] test explain::tests::explanation_pick_matches_the_real_route ... ok
[INFO] [stdout] test catalog::tests::none_and_medium_effort_keep_existing_routing_order ... ok
[INFO] [stdout] test catalog::tests::subunit_burn_weight_is_neutral ... ok
[INFO] [stdout] test explain::tests::explanation_uses_the_tier_supplied_by_the_live_classifier ... ok
[INFO] [stdout] test pricing::tests::authoritative_context_limit_covers_qwen_max_upgrade_family ... ok
[INFO] [stdout] test pricing::tests::config_overrides_win_over_defaults ... ok
[INFO] [stdout] test explain::tests::explanation_surfaces_the_conservation_roll ... ok
[INFO] [stdout] test classification::tests::classifier_accuracy_meets_bar ... ok
[INFO] [stdout] test doc_sync::token_matcher::value_must_be_a_standalone_number_token ... ok
[INFO] [stdout] test doc_sync::mesh_routing_doc_matches_live_constants ... FAILED
[INFO] [stdout] test explain::tests::candidate_usable_flag_matches_decides_real_credit_mode_filter ... ok
[INFO] [stdout] test pricing::tests::defaults_price_the_paid_models ... ok
[INFO] [stdout] test pricing::tests::unknown_model_is_free ... ok
[INFO] [stdout] test pricing::tests::unpriced_openrouter_model_is_free_not_a_panic ... ok
[INFO] [stdout] test session_affinity_tests::affinity_rationale_reports_warm_quality_advantage_without_clamping_it ... ok
[INFO] [stdout] test session_affinity_tests::calibrated_latency_gain_can_pay_for_cold_start ... ok
[INFO] [stdout] test session_affinity_tests::contextual_route_inspection_matches_execution_order ... ok
[INFO] [stdout] test pricing::tests::fable_and_mythos_are_priced_above_opus_not_free ... ok
[INFO] [stdout] test pricing::tests::context_limit_covers_subscription_bridges ... ok
[INFO] [stdout] test pricing::tests::cost_for_usage_prices_cached_tokens_at_the_discounted_rate ... ok
[INFO] [stdout] test pricing::tests::fetched_prices_track_otherwise_unpriced_models_config_still_wins ... ok
[INFO] [stdout] test session_affinity_tests::dependent_continuation_prefers_warm_model_inside_quality_band ... ok
[INFO] [stdout] test session_affinity_tests::detailed_continuations_use_general_references_not_benchmark_sentences ... ok
[INFO] [stdout] test session_affinity_tests::first_complex_task_still_uses_strongest_quality_anchor ... ok
[INFO] [stdout] test session_affinity_tests::first_complex_task_uses_faster_calibrated_member_of_top_quality_band ... ok
[INFO] [stdout] test session_affinity_tests::health_quota_context_and_task_class_override_affinity ... ok
[INFO] [stdout] test pricing::tests::cost_is_tokens_times_rate_per_1k ... ok
[INFO] [stdout] test pricing::tests::current_claude_line_is_priced_not_free_and_ordered_by_tier ... ok
[INFO] [stdout] test pricing::tests::defaults_price_the_new_byok_providers ... ok
[INFO] [stdout] test session_affinity_tests::measured_runtime_degradation_overrides_affinity ... ok
[INFO] [stdout] test session_affinity_tests::meaningful_quality_gap_overrides_affinity ... ok
[INFO] [stdout] test session_affinity_tests::long_adversarial_continuation_uses_tighter_quality_band ... ok
[INFO] [stdout] test session_affinity_tests::missing_quality_evidence_never_creates_speculative_stickiness ... ok
[INFO] [stdout] test tests::analysis_terms_alone_lift_to_standard_not_trivial ... ok
[INFO] [stdout] test tests::auto_discovery_off_uses_configured_candidates ... ok
[INFO] [stdout] test session_affinity_tests::unrelated_task_and_new_session_do_not_inherit_affinity ... ok
[INFO] [stdout] test tests::a_pace_projecting_near_exhaustion_ramps_conservation_like_a_full_window ... ok
[INFO] [stdout] test tests::action_and_multistep_is_standard_not_complex ... ok
[INFO] [stdout] test tests::all_benched_falls_through_to_the_no_fallback_warning ... ok
[INFO] [stdout] test tests::auto_discovery_trivial_prefers_the_small_fast_model ... ok
[INFO] [stdout] test tests::benched_model_is_skipped_and_next_best_chosen ... ok
[INFO] [stdout] test session_affinity_tests::retained_six_turn_replay_recognizes_long_continuations_and_avoids_luna ... ok
[INFO] [stdout] test tests::cheapest_usable_skips_models_without_a_key ... ok
[INFO] [stdout] test tests::budget_status_thresholds ... ok
[INFO] [stdout] test session_affinity_tests::significant_quality_gap_restores_anchor_after_transient_failover ... ok
[INFO] [stdout] test tests::cheapest_usable_picks_lowest_estimated_cost ... ok
[INFO] [stdout] test tests::activity_focused_compatibility_ignores_prepended_system_context ... ok
[INFO] [stdout] test tests::auto_discovery_routes_to_the_capability_ranked_catalog_model ... ok
[INFO] [stdout] test tests::classifier_candidates_prefer_low_latency_free_providers ... ok
[INFO] [stdout] test tests::classifier_candidates_exclude_measured_weak_models_when_capable_free_exists ... ok
[INFO] [stdout] test tests::combined_analysis_terms_reach_complex ... ok
[INFO] [stdout] test tests::code_heavy_complex_prefers_a_coding_provider ... ok
[INFO] [stdout] test tests::complex_coding_anchor_uses_best_measured_usable_model_before_conserving_followups ... ok
[INFO] [stdout] test tests::compaction_summary_can_anchor_a_continuation ... ok
[INFO] [stdout] test tests::complex_task_continuation_remains_complex ... ok
[INFO] [stdout] test tests::complex_tasks_use_the_subscription_flagship ... ok
[INFO] [stdout] test tests::contextual_tier_override_still_wins ... ok
[INFO] [stdout] test tests::current_tool_results_do_not_hide_a_referential_user_turn ... ok
[INFO] [stdout] test tests::decision_carries_an_ordered_failover_chain_excluding_the_pick ... ok
[INFO] [stdout] test tests::default_classifier_is_llm ... ok
[INFO] [stdout] test tests::dev_verb_lifts_short_prompt_to_standard ... ok
[INFO] [stdout] test tests::disabled_models_are_filtered_from_live_routing ... ok
[INFO] [stdout] test tests::endurance_history_keeps_followup_routing_bounded_and_complex ... ok
[INFO] [stdout] test tests::cost_rank_prefers_every_subscription_surface ... ok
[INFO] [stdout] test tests::depth_hints_force_complex_regardless_of_prompt_length ... ok
[INFO] [stdout] test tests::exhausted_budget_downshifts ... ok
[INFO] [stdout] test tests::exhausted_budget_overrides_pin ... ok
[INFO] [stdout] test tests::every_decision_names_a_signal ... ok
[INFO] [stdout] test tests::conservation_never_drops_a_complex_task_onto_a_weak_model ... ok
[INFO] [stdout] test tests::explicit_think_hard_hint_forces_complex ... ok
[INFO] [stdout] test tests::exhausted_subscription_is_routed_around ... ok
[INFO] [stdout] test tests::failover_chain_follows_mesh_rank_order_not_provider_interleave ... ok
[INFO] [stdout] test tests::explicit_new_trivial_task_does_not_inherit_complexity ... ok
[INFO] [stdout] test tests::fix_typo_stays_trivial_no_regression ... ok
[INFO] [stdout] test tests::hard_short_prompt_is_complex_despite_length ... ok
[INFO] [stdout] test tests::has_images_fails_open_when_no_vision_candidate_is_usable ... ok
[INFO] [stdout] test tests::fenced_code_is_at_least_standard_despite_short_length ... ok
[INFO] [stdout] test tests::has_images_filters_candidates_to_vision_capable_models ... ok
[INFO] [stdout] test tests::fully_exhausted_routes_around_subscriptions_for_every_tier ... ok
[INFO] [stdout] test tests::independent_turn_classifier_prompt_excludes_prior_task_context ... ok
[INFO] [stdout] test tests::falls_back_to_an_available_model_when_key_missing ... ok
[INFO] [stdout] test tests::investigation_terms_are_complex ... ok
[INFO] [stdout] test tests::keyword_forces_complex ... ok
[INFO] [stdout] test tests::latest_fastest_and_contest_do_not_falsely_match_test ... ok
[INFO] [stdout] test tests::legacy_single_string_tier_routes_unchanged ... ok
[INFO] [stdout] test tests::long_prose_without_signals_is_not_auto_complex ... ok
[INFO] [stdout] test tests::minor_qualifier_cancels_complexity_signal ... ok
[INFO] [stdout] test tests::multistep_with_parenthesised_numbers_is_detected ... ok
[INFO] [stdout] test tests::medium_prompt_is_standard ... ok
[INFO] [stdout] test tests::near_limit_subscription_is_demoted_below_alternatives ... ok
[INFO] [stdout] test tests::new_trivial_patterns_stay_trivial ... ok
[INFO] [stdout] test tests::no_cap_is_always_ok ... ok
[INFO] [stdout] test tests::numbered_build_brief_is_not_trivial_in_heuristic_mode ... ok
[INFO] [stdout] test tests::pin_overrides_classification ... ok
[INFO] [stdout] test tests::pin_honor_tracks_the_public_dispatchable_predicate ... ok
[INFO] [stdout] test tests::port_and_convert_are_standard_action_verbs ... ok
[INFO] [stdout] test tests::referential_refinement_inherits_active_task_tier ... ok
[INFO] [stdout] test tests::repeated_continuations_find_the_original_task_anchor ... ok
[INFO] [stdout] test tests::repo_boosts_float_a_winning_model_above_equally_ranked_peers ... ok
[INFO] [stdout] test tests::route_candidates_default_impl_falls_back_to_a_single_route ... ok
[INFO] [stdout] test tests::route_candidates_returns_distinct_providers_up_to_n ... ok
[INFO] [stdout] test tests::report_and_export_do_not_falsely_match_the_port_action_verb ... ok
[INFO] [stdout] test tests::route_picks_cheapest_standard_candidate_with_rationale ... ok
[INFO] [stdout] test tests::route_hinted_pins_the_given_tier_over_classification ... ok
[INFO] [stdout] test tests::routing_distribution_diagnostic ... ignored
[INFO] [stdout] test tests::no_usable_model_keeps_original_and_warns ... ok
[INFO] [stdout] test tests::pin_failover_escape_hatch_keeps_the_fallback_chain ... ok
[INFO] [stdout] test tests::routing_context_excludes_ui_chrome_and_bounds_classifier_prompt ... ok
[INFO] [stdout] test tests::strict_credit_mode_excludes_paid_models_from_routing_and_failover ... ok
[INFO] [stdout] test tests::strict_credit_mode_exclusion_reports_correct_fallback_reason ... ok
[INFO] [stdout] test tests::stricter_axis_wins ... ok
[INFO] [stdout] test tests::standard_task_do_it_remains_standard_and_code_heavy ... ok
[INFO] [stdout] test tests::short_prompt_is_trivial ... ok
[INFO] [stdout] test tests::subscription_still_cheapest_when_preference_disabled ... ok
[INFO] [stdout] test tests::terminal_acknowledgement_after_complex_task_stays_trivial ... ok
[INFO] [stdout] test tests::trivial_edit_stays_trivial_even_with_a_path ... ok
[INFO] [stdout] test tests::routing_spreads_across_providers_not_only_claude ... ok
[INFO] [stdout] test tests::unavailable_explicit_pin_is_not_silently_rerouted ... ok
[INFO] [stdout] test tests::unavailable_oauth_twin_keeps_cli_bridge_routable ... ok
[INFO] [stdout] test tests::conservation_disabled_keeps_the_greedy_flagship ... ok
[INFO] [stdout] test tests::weekly_warning_complex_picks_the_best_other_frontier ... ok
[INFO] [stdout] test tests::trivial_tasks_use_a_free_model_to_preserve_subscription_quota ... ok
[INFO] [stdout] test tests::subscription_is_preferred_when_enabled ... ok
[INFO] [stdout] test tests::usable_oauth_twin_removes_cli_bridge_from_routing_and_failover ... ok
[INFO] [stdout] test tests::conservation_spreads_some_complex_off_subscriptions_while_fresh ... ok
[INFO] [stdout] test tests::bigger_plan_is_spent_more_than_a_smaller_one ... ok
[INFO] [stderr] error: test failed, to rerun pass `--lib`
[INFO] [stdout] test tests::conservation_grows_as_the_weekly_window_fills ... ok
[INFO] [stdout] 
[INFO] [stdout] failures:
[INFO] [stdout] 
[INFO] [stdout] ---- doc_sync::mesh_routing_doc_matches_live_constants stdout ----
[INFO] [stdout] 
[INFO] [stdout] thread 'doc_sync::mesh_routing_doc_matches_live_constants' (2215) panicked at src/doc_sync.rs:86:9:
[INFO] [stdout] cannot read /opt/rustwide/workdir/../../docs/features/mesh-routing.md: No such file or directory (os error 2) — the normative mesh-routing reference must exist
[INFO] [stdout] stack backtrace:
[INFO] [stdout]    0:     0x59ca413a9d81 - <<std[617be2ca0a6fd877]::sys::backtrace::BacktraceLock>::print::DisplayBacktrace as core[a373ad73a504971]::fmt::Display>::fmt
[INFO] [stdout]    1:     0x59ca413c093a - core[a373ad73a504971]::fmt::write
[INFO] [stdout]    2:     0x59ca413ae1fc - <alloc[2e1b2a31b91974c5]::vec::Vec<u8> as core[a373ad73a504971]::io::write::Write>::write_fmt
[INFO] [stdout]    3:     0x59ca413854b6 - std[617be2ca0a6fd877]::panicking::default_hook::{closure#0}
[INFO] [stdout]    4:     0x59ca413a1f29 - std[617be2ca0a6fd877]::panicking::default_hook
[INFO] [stdout]    5:     0x59ca41146fa0 - test[aada8e7e76ba119b]::test_main_inner::{closure#0}
[INFO] [stdout]    6:     0x59ca413a20e2 - std[617be2ca0a6fd877]::panicking::panic_with_hook
[INFO] [stdout]    7:     0x59ca41385562 - std[617be2ca0a6fd877]::panicking::panic_handler::{closure#0}
[INFO] [stdout]    8:     0x59ca4137e0b9 - std[617be2ca0a6fd877]::sys::backtrace::__rust_end_short_backtrace::<std[617be2ca0a6fd877]::panicking::panic_handler::{closure#0}, !>
[INFO] [stdout]    9:     0x59ca4138616d - __rustc[ea4f61d10b84890b]::rust_begin_unwind
[INFO] [stdout]   10:     0x59ca413c10dc - core[a373ad73a504971]::panicking::panic_fmt
[INFO] [stdout]   11:     0x59ca410a63a1 - forge_mesh[2122874a61bcbedc]::doc_sync::mesh_routing_doc_matches_live_constants::{closure#0}
[INFO] [stdout]   12:     0x59ca410a8eb7 - <forge_mesh[2122874a61bcbedc]::doc_sync::mesh_routing_doc_matches_live_constants::{closure#0} as core[a373ad73a504971]::ops::function::FnOnce<()>>::call_once
[INFO] [stdout]   13:     0x59ca4113a3eb - test[aada8e7e76ba119b]::__rust_begin_short_backtrace::<core[a373ad73a504971]::result::Result<(), alloc[2e1b2a31b91974c5]::string::String>, fn() -> core[a373ad73a504971]::result::Result<(), alloc[2e1b2a31b91974c5]::string::String>>
[INFO] [stdout]   14:     0x59ca411475c5 - test[aada8e7e76ba119b]::run_test::{closure#0}
[INFO] [stdout]   15:     0x59ca41140eb4 - std[617be2ca0a6fd877]::sys::backtrace::__rust_begin_short_backtrace::<test[aada8e7e76ba119b]::run_test::{closure#1}, ()>
[INFO] [stdout]   16:     0x59ca4114a652 - <std[617be2ca0a6fd877]::thread::lifecycle::spawn_unchecked<test[aada8e7e76ba119b]::run_test::{closure#1}, ()>::{closure#1} as core[a373ad73a504971]::ops::function::FnOnce<()>>::call_once::{shim:vtable#0}
[INFO] [stdout]   17:     0x59ca413a924f - <std[617be2ca0a6fd877]::sys::thread::unix::Thread>::new::thread_start
[INFO] [stdout]   18:     0x7e4467581dfa - <unknown>
[INFO] [stdout]   19:     0x7e44676153d4 - clone
[INFO] [stdout]   20:                0x0 - <unknown>
[INFO] [stdout] 
[INFO] [stdout] 
[INFO] [stdout] failures:
[INFO] [stdout]     doc_sync::mesh_routing_doc_matches_live_constants
[INFO] [stdout] 
[INFO] [stdout] test result: FAILED. 210 passed; 1 failed; 1 ignored; 0 measured; 0 filtered out; finished in 0.39s
[INFO] [stdout] 
[INFO] running `Command { std: "docker" "inspect" "56769c3696d0b196fbc4b6a7dfc5765b3e7f7dd3f7fd5c040072a2816accd761", kill_on_drop: false }`
[INFO] running `Command { std: "docker" "rm" "-f" "56769c3696d0b196fbc4b6a7dfc5765b3e7f7dd3f7fd5c040072a2816accd761", kill_on_drop: false }`
[INFO] [stdout] 56769c3696d0b196fbc4b6a7dfc5765b3e7f7dd3f7fd5c040072a2816accd761
