[INFO] fetching crate font-model 0.1.0...
[INFO] testing font-model-0.1.0 against 1.99.0-beta.8+cargoflags=--release for beta-release-1.100-2
[INFO] extracting crate font-model 0.1.0 into /workspace/builds/worker-0-tc1/source
[INFO] started tweaking crates.io crate font-model 0.1.0
[INFO] removed 0 missing examples
[INFO] removed 0 missing tests
[INFO] finished tweaking crates.io crate font-model 0.1.0
[INFO] tweaked toml for crates.io crate font-model 0.1.0 written to /workspace/builds/worker-0-tc1/source/Cargo.toml
[INFO] validating manifest of crates.io crate font-model 0.1.0 on toolchain 1.99.0-beta.8
[INFO] running `Command { std: CARGO_HOME="/workspace/cargo-home" RUSTUP_HOME="/workspace/rustup-home" "/workspace/cargo-home/bin/cargo" "+1.99.0-beta.8" "metadata" "--manifest-path" "Cargo.toml" "--no-deps", kill_on_drop: false }`
[INFO] crate crates.io crate font-model 0.1.0 already has a lockfile, it will not be regenerated
[INFO] running `Command { std: CARGO_HOME="/workspace/cargo-home" RUSTUP_HOME="/workspace/rustup-home" "/workspace/cargo-home/bin/cargo" "+1.99.0-beta.8" "fetch" "--manifest-path" "Cargo.toml", kill_on_drop: false }`
[INFO] [stderr]     Updating crates.io index
[INFO] [stderr]  Downloading crates ...
[INFO] [stderr]   Downloaded font-parse v0.1.0
[INFO] [stderr]   Downloaded font-types v0.8.4
[INFO] [stderr]   Downloaded zerocopy-derive v0.8.60
[INFO] [stderr]   Downloaded zerocopy v0.8.60
[INFO] running `Command { std: "docker" "create" "-v" "/var/lib/crater-agent-workspace/builds/worker-0-tc1/source:/opt/rustwide/workdir:ro,Z" "-v" "/var/lib/crater-agent-workspace/builds/worker-0-tc1/target:/opt/rustwide/target:rw,Z" "-v" "/var/lib/crater-agent-workspace/cargo-home:/opt/rustwide/cargo-home:ro,Z" "-v" "/var/lib/crater-agent-workspace/rustup-home:/opt/rustwide/rustup-home:ro,Z" "-m" "1610612736" "--network" "none" "ghcr.io/rust-lang/crates-build-env/linux@sha256:77db811e55d90add9212f6832c23229e3de5f1c1f9905e8cb07319ea15df73ac" "sleep" "infinity", kill_on_drop: false }`
[INFO] [stdout] 01b5190983230b02c600f099383f2b975fcba64061fba6dea7a061357d106b13
[INFO] running `Command { std: "docker" "start" "01b5190983230b02c600f099383f2b975fcba64061fba6dea7a061357d106b13", kill_on_drop: false }`
[INFO] running `Command { std: "docker" "inspect" "01b5190983230b02c600f099383f2b975fcba64061fba6dea7a061357d106b13", kill_on_drop: false }`
[INFO] running `Command { std: "docker" "exec" "-e" "SOURCE_DIR=/opt/rustwide/workdir" "-e" "CARGO_HOME=/opt/rustwide/cargo-home" "-e" "RUSTUP_HOME=/opt/rustwide/rustup-home" "-e" "CARGO_TARGET_DIR=/opt/rustwide/target" "-w" "/opt/rustwide/workdir" "--user" "0:0" "01b5190983230b02c600f099383f2b975fcba64061fba6dea7a061357d106b13" "/opt/rustwide/cargo-home/bin/cargo" "+1.99.0-beta.8" "metadata" "--no-deps" "--format-version=1", kill_on_drop: false }`
[INFO] running `Command { std: "docker" "inspect" "01b5190983230b02c600f099383f2b975fcba64061fba6dea7a061357d106b13", kill_on_drop: false }`
[INFO] running `Command { std: "docker" "exec" "-e" "SOURCE_DIR=/opt/rustwide/workdir" "-e" "CARGO_HOME=/opt/rustwide/cargo-home" "-e" "RUSTUP_HOME=/opt/rustwide/rustup-home" "-e" "CARGO_TARGET_DIR=/opt/rustwide/target" "-e" "CARGO_INCREMENTAL=0" "-e" "RUST_BACKTRACE=full" "-e" "RUSTFLAGS=--cap-lints=warn" "-e" "RUSTDOCFLAGS=--cap-lints=warn" "-w" "/opt/rustwide/workdir" "--user" "0:0" "01b5190983230b02c600f099383f2b975fcba64061fba6dea7a061357d106b13" "/opt/rustwide/cargo-home/bin/cargo" "+1.99.0-beta.8" "build" "--frozen" "--message-format=json" "--release", kill_on_drop: false }`
[INFO] [stderr]    Compiling proc-macro2 v1.0.107
[INFO] [stderr]    Compiling unicode-ident v1.0.26
[INFO] [stderr]    Compiling quote v1.0.47
[INFO] [stderr]    Compiling thiserror v2.0.21
[INFO] [stderr]    Compiling font-types v0.8.4
[INFO] [stderr]    Compiling syn v3.0.6
[INFO] [stderr]    Compiling thiserror-impl v2.0.21
[INFO] [stderr]    Compiling font-parse v0.1.0
[INFO] [stderr]    Compiling font-model v0.1.0 (/opt/rustwide/workdir)
[INFO] [stderr]     Finished `release` profile [optimized] target(s) in 8.17s
[INFO] running `Command { std: "docker" "inspect" "01b5190983230b02c600f099383f2b975fcba64061fba6dea7a061357d106b13", kill_on_drop: false }`
[INFO] running `Command { std: "docker" "exec" "-e" "SOURCE_DIR=/opt/rustwide/workdir" "-e" "CARGO_HOME=/opt/rustwide/cargo-home" "-e" "RUSTUP_HOME=/opt/rustwide/rustup-home" "-e" "CARGO_TARGET_DIR=/opt/rustwide/target" "-e" "CARGO_INCREMENTAL=0" "-e" "RUST_BACKTRACE=full" "-e" "RUSTFLAGS=--cap-lints=warn" "-e" "RUSTDOCFLAGS=--cap-lints=warn" "-w" "/opt/rustwide/workdir" "--user" "0:0" "01b5190983230b02c600f099383f2b975fcba64061fba6dea7a061357d106b13" "/opt/rustwide/cargo-home/bin/cargo" "+1.99.0-beta.8" "test" "--frozen" "--no-run" "--message-format=json" "--release", kill_on_drop: false }`
[INFO] [stderr]    Compiling libc v0.2.190
[INFO] [stderr]    Compiling cfg-if v1.0.5
[INFO] [stderr]    Compiling getrandom v0.3.4
[INFO] [stderr]    Compiling getrandom v0.4.3
[INFO] [stderr]    Compiling zerocopy v0.8.60
[INFO] [stderr]    Compiling rustix v1.1.5
[INFO] [stderr]    Compiling autocfg v1.5.1
[INFO] [stderr]    Compiling bitflags v2.13.2
[INFO] [stderr]    Compiling linux-raw-sys v0.12.1
[INFO] [stderr]    Compiling once_cell v1.21.4
[INFO] [stderr]    Compiling fastrand v2.5.0
[INFO] [stderr]    Compiling serde_core v1.0.229
[INFO] [stderr]    Compiling zmij v1.0.23
[INFO] [stderr]    Compiling serde_json v1.0.151
[INFO] [stderr]    Compiling quick-error v1.2.3
[INFO] [stderr]    Compiling bit-vec v0.8.0
[INFO] [stderr]    Compiling fnv v1.0.7
[INFO] [stderr]    Compiling unarray v0.1.4
[INFO] [stderr]    Compiling itoa v1.0.18
[INFO] [stderr]    Compiling memchr v2.8.3
[INFO] [stderr]    Compiling regex-syntax v0.8.11
[INFO] [stderr]    Compiling num-traits v0.2.19
[INFO] [stderr]    Compiling bit-set v0.8.0
[INFO] [stderr]    Compiling wait-timeout v0.2.1
[INFO] [stderr]    Compiling rand_core v0.9.5
[INFO] [stderr]    Compiling rand v0.9.5
[INFO] [stderr]    Compiling rand_xorshift v0.4.0
[INFO] [stderr]    Compiling tempfile v3.27.0
[INFO] [stderr]    Compiling rusty-fork v0.3.1
[INFO] [stderr]    Compiling ppv-lite86 v0.2.21
[INFO] [stderr]    Compiling rand_chacha v0.9.0
[INFO] [stderr]    Compiling proptest v1.11.0
[INFO] [stderr]    Compiling font-model v0.1.0 (/opt/rustwide/workdir)
[INFO] [stderr]     Finished `release` profile [optimized] target(s) in 53.65s
[INFO] running `Command { std: "docker" "inspect" "01b5190983230b02c600f099383f2b975fcba64061fba6dea7a061357d106b13", kill_on_drop: false }`
[INFO] running `Command { std: "docker" "exec" "-e" "SOURCE_DIR=/opt/rustwide/workdir" "-e" "CARGO_HOME=/opt/rustwide/cargo-home" "-e" "RUSTUP_HOME=/opt/rustwide/rustup-home" "-e" "CARGO_TARGET_DIR=/opt/rustwide/target" "-e" "CARGO_INCREMENTAL=0" "-e" "RUST_BACKTRACE=full" "-e" "RUSTFLAGS=--cap-lints=warn" "-e" "RUSTDOCFLAGS=--cap-lints=warn" "-w" "/opt/rustwide/workdir" "--user" "0:0" "01b5190983230b02c600f099383f2b975fcba64061fba6dea7a061357d106b13" "/opt/rustwide/cargo-home/bin/cargo" "+1.99.0-beta.8" "test" "--frozen" "--release", kill_on_drop: false }`
[INFO] [stderr]     Finished `release` profile [optimized] target(s) in 0.06s
[INFO] [stderr]      Running unittests src/lib.rs (/opt/rustwide/target/release/deps/font_model-75f5eb28da389e6b)
[INFO] [stdout] 
[INFO] [stdout] running 135 tests
[INFO] [stdout] test cmap::tests::decode_rejects_unsupported_and_truncated ... ok
[INFO] [stdout] test cmap::tests::cmap_lookups_fall_through_subtables ... ok
[INFO] [stdout] test cmap::tests::format4_never_maps_the_terminator ... ok
[INFO] [stdout] test cmap::tests::tiny_and_degenerate_subtables ... ok
[INFO] [stdout] test cmap::tests::cmap_table_round_trip ... ok
[INFO] [stdout] test cmap::tests::subtable_codepoints_and_entries ... ok
[INFO] [stdout] test cmap::tests::codepoint_set_operations ... ok
[INFO] [stdout] test cmap::tests::format4_round_trips_random_bmp_runs ... ok
[INFO] [stdout] test cmap::tests::format12_round_trips_above_the_bmp ... ok
[INFO] [stdout] test font::tests::builder_overrides_and_metadata ... ok
[INFO] [stdout] test cmap::tests::validate_rejects_non_monotonic ... ok
[INFO] [stdout] test font::tests::builder_assembles_a_valid_font ... ok
[INFO] [stdout] test font::tests::builder_metrics_wholesale_and_glyphs_bulk ... ok
[INFO] [stdout] test error::tests::display_names_the_glyph_and_field ... ok
[INFO] [stdout] test error::tests::parse_error_converts ... ok
[INFO] [stdout] test font::tests::codepoints_and_glyph_for ... ok
[INFO] [stdout] test font::tests::builder_surfaces_the_same_errors_as_validate ... ok
[INFO] [stdout] test cmap::tests::format4_always_appends_the_ffff_terminator ... ok
[INFO] [stdout] test cmap::tests::format4_decodes_spec_example ... ok
[INFO] [stdout] test cmap::tests::insert_entry_extends_runs ... ok
[INFO] [stdout] test cmap::tests::insert_entry_on_empty_and_overwrite_glyph_zero ... ok
[INFO] [stdout] test cmap::tests::format4_round_trips_the_spec_example ... ok
[INFO] [stdout] test cmap::tests::lookup_of_mapped_unmapped_and_surrogate ... ok
[INFO] [stdout] test cmap::tests::format4_with_array_encodes_back_to_an_array ... ok
[INFO] [stdout] test cmap::tests::from_entries_format4_clips_astral ... ok
[INFO] [stdout] test cmap::tests::format12_handles_a_span_past_the_bmp ... ok
[INFO] [stdout] test cmap::tests::validate_accepts_well_formed ... ok
[INFO] [stdout] test font::tests::encoding_subtables_split_by_plane ... ok
[INFO] [stdout] test font::tests::font_empty_is_a_starting_point ... ok
[INFO] [stdout] test font::tests::subset_of_everything_is_the_original ... ok
[INFO] [stdout] test font::tests::subset_of_nothing_keeps_only_notdef ... ok
[INFO] [stdout] test font::tests::validate_rejects_a_non_dense_glyph_store ... ok
[INFO] [stdout] test font::tests::font_bbox_spans_every_glyph ... ok
[INFO] [stdout] test font::tests::kerning_crud_and_bytes_round_trip ... ok
[INFO] [stdout] test font::tests::subset_pulls_ascender_back_to_surviving_ink ... ok
[INFO] [stdout] test font::tests::stub_font_helper_is_valid ... ok
[INFO] [stdout] test font::tests::subset_keeps_requested_and_notdef ... ok
[INFO] [stdout] test font::tests::validate_accepts_a_well_formed_font ... ok
[INFO] [stdout] test font::tests::validate_rejects_a_dangling_cmap_reference ... ok
[INFO] [stdout] test font::tests::subset_remaps_kerning_and_drops_dangling_pairs ... ok
[INFO] [stdout] test font::tests::validate_rejects_bad_units_per_em ... ok
[INFO] [stdout] test font::tests::validate_rejects_dangling_kerning ... ok
[INFO] [stdout] test font::tests::validate_rejects_zero_advance_on_a_non_empty_glyph ... ok
[INFO] [stdout] test glyph::tests::glyph_id_ordering_is_numeric ... ok
[INFO] [stdout] test glyph::tests::glyph_accessors_and_setters ... ok
[INFO] [stdout] test font::tests::metrics_accessors_and_recompute ... ok
[INFO] [stdout] test font::tests::opaque_table_crud ... ok
[INFO] [stdout] test font::tests::subset_carries_opaque_tables_and_names ... ok
[INFO] [stdout] test font::tests::subset_rejects_a_dangling_request ... ok
[INFO] [stdout] test font::tests::validate_rejects_a_non_finite_coordinate ... ok
[INFO] [stdout] test font::tests::validate_rejects_an_empty_glyph_store ... ok
[INFO] [stdout] test glyph::tests::glyph_id_try_from_is_checked ... ok
[INFO] [stdout] test glyph::tests::glyph_validate_rejects_zero_advance_with_ink ... ok
[INFO] [stdout] test glyph::tests::glyph_validate_accepts_well_formed ... ok
[INFO] [stdout] test metrics::tests::advance_for_reports_overflow ... ok
[INFO] [stdout] test glyph::tests::glyph_default_is_notdef ... ok
[INFO] [stdout] test glyph::tests::glyph_id_construction_and_bounds ... ok
[INFO] [stdout] test glyph::tests::glyph_id_display_and_hash ... ok
[INFO] [stdout] test font::tests::validate_rejects_a_non_monotonic_cmap ... ok
[INFO] [stdout] test glyph::tests::validate_glyphs_requires_dense_ids ... ok
[INFO] [stdout] test metrics::tests::advance_for_rounds_a_fractional_width_up ... ok
[INFO] [stdout] test glyph::tests::recompute_metrics_from_outline ... ok
[INFO] [stdout] test metrics::tests::advance_for_saturates_an_unrepresentable_bearing ... ok
[INFO] [stdout] test glyph::tests::recompute_reports_overflow ... ok
[INFO] [stdout] test metrics::tests::advance_for_computes_from_the_outline ... ok
[INFO] [stdout] test metrics::tests::font_metrics_vertical ... ok
[INFO] [stdout] test name::tests::name_id_constants_are_the_spec_values ... ok
[INFO] [stdout] test font::tests::validate_rejects_an_unclosed_contour ... ok
[INFO] [stdout] test name::tests::with_locale_is_explicit ... ok
[INFO] [stdout] test metrics::tests::builder_overrides_survive ... ok
[INFO] [stdout] test num::tests::abs_matches_std ... ok
[INFO] [stdout] test metrics::tests::builder_round_trips_a_whole_store ... ok
[INFO] [stdout] test metrics::tests::right_side_bearing_from_outline ... ok
[INFO] [stdout] test metrics::tests::font_metrics_defaults_and_line_height ... ok
[INFO] [stdout] test metrics::tests::builder_accumulates_and_matches_derive ... ok
[INFO] [stdout] test metrics::tests::builder_advance_for_matches_glyph_recompute ... ok
[INFO] [stdout] test metrics::tests::metrics_pair_accessors ... ok
[INFO] [stdout] test name::tests::new_record_defaults_to_windows_english ... ok
[INFO] [stdout] test metrics::tests::derive_computes_running_extents ... ok
[INFO] [stdout] test name::tests::preferred_record_prefers_windows_english ... ok
[INFO] [stdout] test glyph::tests::stub_glyphs_are_well_formed ... ok
[INFO] [stdout] test name::tests::record_display_is_the_value ... ok
[INFO] [stdout] test num::tests::ceil_matches_std ... ok
[INFO] [stdout] test num::tests::round_matches_std ... ok
[INFO] [stdout] test num::tests::sqrt_is_correctly_rounded_to_within_one_ulp ... ok
[INFO] [stdout] test os2::tests::struct_update_and_clone ... ok
[INFO] [stdout] test outline::tests::bbox_cubic_holds_the_curve_not_the_hull ... ok
[INFO] [stdout] test outline::tests::area_and_winding_sign ... ok
[INFO] [stdout] test outline::tests::absolute_and_relative_agree ... ok
[INFO] [stdout] test outline::tests::bbox_helpers ... ok
[INFO] [stdout] test outline::tests::bbox_of_empty_and_point_only_paths ... ok
[INFO] [stdout] test outline::tests::bbox_of_lines ... ok
[INFO] [stdout] test num::tests::to_i32_matches_the_saturating_cast ... ok
[INFO] [stdout] test os2::tests::class_constants ... ok
[INFO] [stdout] test os2::tests::fs_selection_bits ... ok
[INFO] [stdout] test os2::tests::line_heights ... ok
[INFO] [stdout] test outline::tests::cubic_circle_area_is_pi_to_1e_3 ... ok
[INFO] [stdout] test outline::tests::end_point_of_each_command ... ok
[INFO] [stdout] test outline::tests::bbox_quadratic_interior_extremum ... ok
[INFO] [stdout] test outline::tests::move_by_starts_a_subpath ... ok
[INFO] [stdout] test outline::tests::degenerate_winding ... ok
[INFO] [stdout] test outline::tests::outline_aggregates_and_nets_holes ... ok
[INFO] [stdout] test outline::tests::many_points_bbox_contains_all ... ok
[INFO] [stdout] test outline::tests::outline_push_closes_and_validate_accepts ... ok
[INFO] [stdout] test outline::tests::close_is_implicit_but_accounted ... ok
[INFO] [stdout] test outline::tests::outline_default_is_empty ... ok
[INFO] [stdout] test outline::tests::points_lists_controls ... ok
[INFO] [stdout] test outline::tests::push_matches_typed_constructors ... ok
[INFO] [stdout] test num::tests::sqrt_is_accurate_over_a_sweep ... ok
[INFO] [stdout] test os2::tests::embedding_permissions ... ok
[INFO] [stdout] test outline::tests::bbox_contains_every_sampled_point ... ok
[INFO] [stdout] test outline::tests::ensure_closed_is_idempotent ... ok
[INFO] [stdout] test outline::tests::relative_to_reports_every_opcode ... ok
[INFO] [stdout] test outline::tests::reverse_multi_subpath_keeps_areas ... ok
[INFO] [stdout] test outline::tests::reverse_of_a_path_with_no_segments_is_empty ... ok
[INFO] [stdout] test outline::tests::validate_reports_each_non_finite_field ... ok
[INFO] [stdout] test parse::tests::contour_starting_off_curve_starts_at_the_midpoint ... ok
[INFO] [stdout] test parse::tests::contour_with_only_on_curve_points_becomes_lines ... ok
[INFO] [stdout] test parse::tests::degenerate_contours ... ok
[INFO] [stdout] test parse::tests::empty_outline_default_is_blank ... ok
[INFO] [stdout] test parse::tests::hmtx_rows_follow_the_glyph_store ... ok
[INFO] [stdout] test parse::tests::opaque_tag_helpers ... ok
[INFO] [stdout] test parse::tests::rejects_non_font_bytes ... ok
[INFO] [stdout] test parse::tests::two_controls_in_a_row_imply_an_on_curve_midpoint ... ok
[INFO] [stdout] test outline::tests::subpaths_of_open_and_empty_paths ... ok
[INFO] [stdout] test outline::tests::reverse_preserves_curve_geometry ... ok
[INFO] [stdout] test parse::tests::to_outline_assembles_contours ... ok
[INFO] [stdout] test outline::tests::subpath_exposes_segments ... ok
[INFO] [stdout] test outline::tests::quadratic_circle_area_matches_its_own_polygon ... ok
[INFO] [stdout] test outline::tests::reverse_flips_winding ... ok
[INFO] [stdout] test outline::tests::validate_reports_unclosed_contour_index ... ok
[INFO] [stdout] test parse::tests::contour_with_one_control_becomes_a_quad ... ok
[INFO] [stdout] test os2::tests::defaults_are_a_regular_latin_face ... ok
[INFO] [stdout] test os2::tests::unicode_range_bits ... ok
[INFO] [stdout] test glyph::tests::identity_cmap_matches_the_glyph_store ... ok
[INFO] [stderr]      Running tests/model.rs (/opt/rustwide/target/release/deps/model-796d3e81526a2496)
[INFO] [stdout] 
[INFO] [stdout] test result: ok. 135 passed; 0 failed; 0 ignored; 0 measured; 0 filtered out; finished in 1.66s
[INFO] [stdout] 
[INFO] [stdout] 
[INFO] [stdout] running 8 tests
[INFO] [stdout] test every_error_variant_renders_informatively ... ok
[INFO] [stdout] test cmap_encode_decode_round_trips_through_the_public_api ... ok
[INFO] [stdout] test outline_geometry_helpers_agree_with_each_other ... ok
[INFO] [stdout] test metrics_round_trip_through_the_builder ... ok
[INFO] [stdout] test builder_to_validate_to_subset_pipeline ... ok
[INFO] [stdout] test stub_font_covers_the_bmp_and_beyond ... ok
[INFO] [stdout] test every_invariant_is_reachable_and_names_its_subject ... ok
[INFO] [stdout] test font_edits_are_visible_through_the_accessors ... ok
[INFO] [stdout] 
[INFO] [stdout] test result: ok. 8 passed; 0 failed; 0 ignored; 0 measured; 0 filtered out; finished in 0.01s
[INFO] [stdout] 
[INFO] [stderr]      Running tests/properties.rs (/opt/rustwide/target/release/deps/properties-38bcf4cc455eaf25)
[INFO] [stdout] 
[INFO] [stdout] running 6 tests
[INFO] [stdout] test codepoint_set_algebra ... ok
[INFO] [stdout] test reverse_preserves_geometry ... ok
[INFO] [stdout] test format12_round_trips_arbitrary_codepoints ... ok
[INFO] [stdout] test outline_bbox_covers_its_contours ... ok
[INFO] [stdout] test format4_round_trips_arbitrary_sorted_sets ... ok
[INFO] [stdout] test bbox_contains_every_sampled_point ... ok
[INFO] [stderr]    Doc-tests font_model
[INFO] [stdout] 
[INFO] [stdout] test result: ok. 6 passed; 0 failed; 0 ignored; 0 measured; 0 filtered out; finished in 0.01s
[INFO] [stdout] 
[INFO] [stdout] 
[INFO] [stdout] running 16 tests
[INFO] [stdout] test src/os2.rs - os2::Os2Metrics (line 45) ... FAILED
[INFO] [stdout] test src/lib.rs - (line 11) ... FAILED
[INFO] [stdout] test src/parse.rs - parse::from_sfnt (line 50) ... FAILED
[INFO] [stdout] test src/name.rs - name::NameRecord (line 59) ... FAILED
[INFO] [stdout] test src/glyph.rs - glyph::GlyphId (line 16) ... FAILED
[INFO] [stdout] test src/outline.rs - outline::Subpath::segments (line 842) ... FAILED
[INFO] [stdout] test src/cmap.rs - cmap (line 16) ... FAILED
[INFO] [stdout] test src/metrics.rs - metrics::Metrics (line 14) ... ok
[INFO] [stdout] test src/font.rs - font::Font (line 91) ... ok
[INFO] [stdout] test src/font.rs - font::build_stub_font (line 855) ... ok
[INFO] [stdout] test src/outline.rs - outline (line 28) ... ok
[INFO] [stdout] test src/font.rs - font (line 26) ... ok
[INFO] [stdout] test src/cmap.rs - cmap::CmapSubtable::bmp_entries (line 609) ... ok
[INFO] [stdout] test src/outline.rs - outline::Path::bbox (line 515) ... ok
[INFO] [stdout] test src/metrics.rs - metrics::MetricsBuilder (line 298) ... ok
[INFO] [stdout] test src/font.rs - font::FontBuilder (line 557) ... ok
[INFO] [stdout] 
[INFO] [stdout] failures:
[INFO] [stdout] 
[INFO] [stdout] ---- src/os2.rs - os2::Os2Metrics (line 45) stdout ----
[INFO] [stdout] Couldn't compile the test.
[INFO] [stdout] ---- src/lib.rs - (line 11) stdout ----
[INFO] [stdout] Couldn't compile the test.
[INFO] [stdout] ---- src/parse.rs - parse::from_sfnt (line 50) stdout ----
[INFO] [stdout] Couldn't compile the test.
[INFO] [stdout] ---- src/name.rs - name::NameRecord (line 59) stdout ----
[INFO] [stdout] Couldn't compile the test.
[INFO] [stdout] ---- src/glyph.rs - glyph::GlyphId (line 16) stdout ----
[INFO] [stdout] Couldn't compile the test.
[INFO] [stdout] ---- src/outline.rs - outline::Subpath::segments (line 842) stdout ----
[INFO] [stdout] Couldn't compile the test.
[INFO] [stdout] ---- src/cmap.rs - cmap (line 16) stdout ----
[INFO] [stdout] Couldn't compile the test.
[INFO] [stdout] 
[INFO] [stdout] failures:
[INFO] [stdout]     src/cmap.rs - cmap (line 16)
[INFO] [stdout]     src/glyph.rs - glyph::GlyphId (line 16)
[INFO] [stdout]     src/lib.rs - (line 11)
[INFO] [stdout]     src/name.rs - name::NameRecord (line 59)
[INFO] [stdout]     src/os2.rs - os2::Os2Metrics (line 45)
[INFO] [stdout]     src/outline.rs - outline::Subpath::segments (line 842)
[INFO] [stdout]     src/parse.rs - parse::from_sfnt (line 50)
[INFO] [stdout] 
[INFO] [stdout] test result: FAILED. 9 passed; 7 failed; 0 ignored; 0 measured; 0 filtered out; finished in 14.30s
[INFO] [stdout] 
[INFO] [stderr] error: doctest failed, to rerun pass `--doc`
[INFO] running `Command { std: "docker" "inspect" "01b5190983230b02c600f099383f2b975fcba64061fba6dea7a061357d106b13", kill_on_drop: false }`
[INFO] running `Command { std: "docker" "rm" "-f" "01b5190983230b02c600f099383f2b975fcba64061fba6dea7a061357d106b13", kill_on_drop: false }`
[INFO] [stdout] 01b5190983230b02c600f099383f2b975fcba64061fba6dea7a061357d106b13
