[INFO] fetching crate font-kit 0.14.3...
[INFO] testing font-kit-0.14.3 against 1.100.0-beta.1+cargoflags=--release for beta-release-1.100-2
[INFO] extracting crate font-kit 0.14.3 into /workspace/builds/worker-2-tc2/source
[INFO] started tweaking crates.io crate font-kit 0.14.3
[INFO] removed 0 missing examples
[INFO] removed 0 missing tests
[INFO] finished tweaking crates.io crate font-kit 0.14.3
[INFO] tweaked toml for crates.io crate font-kit 0.14.3 written to /workspace/builds/worker-2-tc2/source/Cargo.toml
[INFO] validating manifest of crates.io crate font-kit 0.14.3 on toolchain 1.100.0-beta.1
[INFO] running `Command { std: CARGO_HOME="/workspace/cargo-home" RUSTUP_HOME="/workspace/rustup-home" "/workspace/cargo-home/bin/cargo" "+1.100.0-beta.1" "metadata" "--manifest-path" "Cargo.toml" "--no-deps", kill_on_drop: false }`
[INFO] crate crates.io crate font-kit 0.14.3 already has a lockfile, it will not be regenerated
[INFO] running `Command { std: CARGO_HOME="/workspace/cargo-home" RUSTUP_HOME="/workspace/rustup-home" "/workspace/cargo-home/bin/cargo" "+1.100.0-beta.1" "fetch" "--manifest-path" "Cargo.toml", kill_on_drop: false }`
[INFO] running `Command { std: "docker" "create" "-v" "/var/lib/crater-agent-workspace/builds/worker-2-tc2/source:/opt/rustwide/workdir:ro,Z" "-v" "/var/lib/crater-agent-workspace/builds/worker-2-tc2/target:/opt/rustwide/target:rw,Z" "-v" "/var/lib/crater-agent-workspace/cargo-home:/opt/rustwide/cargo-home:ro,Z" "-v" "/var/lib/crater-agent-workspace/rustup-home:/opt/rustwide/rustup-home:ro,Z" "-m" "1610612736" "--network" "none" "ghcr.io/rust-lang/crates-build-env/linux@sha256:77db811e55d90add9212f6832c23229e3de5f1c1f9905e8cb07319ea15df73ac" "sleep" "infinity", kill_on_drop: false }`
[INFO] [stdout] 3515f26ff5c784d5275d5b095d8ed294fec4309e7c8d6964dc746f2e63c4527f
[INFO] running `Command { std: "docker" "start" "3515f26ff5c784d5275d5b095d8ed294fec4309e7c8d6964dc746f2e63c4527f", kill_on_drop: false }`
[INFO] running `Command { std: "docker" "inspect" "3515f26ff5c784d5275d5b095d8ed294fec4309e7c8d6964dc746f2e63c4527f", kill_on_drop: false }`
[INFO] running `Command { std: "docker" "exec" "-e" "SOURCE_DIR=/opt/rustwide/workdir" "-e" "CARGO_HOME=/opt/rustwide/cargo-home" "-e" "RUSTUP_HOME=/opt/rustwide/rustup-home" "-e" "CARGO_TARGET_DIR=/opt/rustwide/target" "-w" "/opt/rustwide/workdir" "--user" "0:0" "3515f26ff5c784d5275d5b095d8ed294fec4309e7c8d6964dc746f2e63c4527f" "/opt/rustwide/cargo-home/bin/cargo" "+1.100.0-beta.1" "metadata" "--no-deps" "--format-version=1", kill_on_drop: false }`
[INFO] running `Command { std: "docker" "inspect" "3515f26ff5c784d5275d5b095d8ed294fec4309e7c8d6964dc746f2e63c4527f", kill_on_drop: false }`
[INFO] running `Command { std: "docker" "exec" "-e" "SOURCE_DIR=/opt/rustwide/workdir" "-e" "CARGO_HOME=/opt/rustwide/cargo-home" "-e" "RUSTUP_HOME=/opt/rustwide/rustup-home" "-e" "CARGO_TARGET_DIR=/opt/rustwide/target" "-e" "CARGO_INCREMENTAL=0" "-e" "RUST_BACKTRACE=full" "-e" "RUSTFLAGS=--cap-lints=warn" "-e" "RUSTDOCFLAGS=--cap-lints=warn" "-w" "/opt/rustwide/workdir" "--user" "0:0" "3515f26ff5c784d5275d5b095d8ed294fec4309e7c8d6964dc746f2e63c4527f" "/opt/rustwide/cargo-home/bin/cargo" "+1.100.0-beta.1" "build" "--frozen" "--message-format=json" "--release", kill_on_drop: false }`
[INFO] [stderr]    Compiling semver v1.0.26
[INFO] [stderr]    Compiling libc v0.2.172
[INFO] [stderr]    Compiling cc v1.2.24
[INFO] [stderr]    Compiling yeslogic-fontconfig-sys v6.0.0
[INFO] [stderr]    Compiling font-kit v0.14.3 (/opt/rustwide/workdir)
[INFO] [stderr]    Compiling log v0.4.27
[INFO] [stderr]    Compiling float-ord v0.3.2
[INFO] [stderr]    Compiling libloading v0.8.7
[INFO] [stderr]    Compiling dlib v0.5.2
[INFO] [stderr]    Compiling rustc_version v0.4.1
[INFO] [stderr]    Compiling pathfinder_simd v0.5.5
[INFO] [stderr]    Compiling dirs-sys v0.5.0
[INFO] [stderr]    Compiling dirs v6.0.0
[INFO] [stderr]    Compiling freetype-sys v0.20.1
[INFO] [stderr]    Compiling pathfinder_geometry v0.5.1
[INFO] [stderr]     Finished `release` profile [optimized] target(s) in 4.89s
[INFO] running `Command { std: "docker" "inspect" "3515f26ff5c784d5275d5b095d8ed294fec4309e7c8d6964dc746f2e63c4527f", kill_on_drop: false }`
[INFO] running `Command { std: "docker" "exec" "-e" "SOURCE_DIR=/opt/rustwide/workdir" "-e" "CARGO_HOME=/opt/rustwide/cargo-home" "-e" "RUSTUP_HOME=/opt/rustwide/rustup-home" "-e" "CARGO_TARGET_DIR=/opt/rustwide/target" "-e" "CARGO_INCREMENTAL=0" "-e" "RUST_BACKTRACE=full" "-e" "RUSTFLAGS=--cap-lints=warn" "-e" "RUSTDOCFLAGS=--cap-lints=warn" "-w" "/opt/rustwide/workdir" "--user" "0:0" "3515f26ff5c784d5275d5b095d8ed294fec4309e7c8d6964dc746f2e63c4527f" "/opt/rustwide/cargo-home/bin/cargo" "+1.100.0-beta.1" "test" "--frozen" "--no-run" "--message-format=json" "--release", kill_on_drop: false }`
[INFO] [stderr]    Compiling serde v1.0.219
[INFO] [stderr]    Compiling dirs-sys-next v0.1.2
[INFO] [stderr]    Compiling anstyle v1.0.10
[INFO] [stderr]    Compiling anstyle-query v1.1.2
[INFO] [stderr]    Compiling is_terminal_polyfill v1.70.1
[INFO] [stderr]    Compiling memchr v2.7.4
[INFO] [stderr]    Compiling colorchoice v1.0.3
[INFO] [stderr]    Compiling clap_lex v0.7.4
[INFO] [stderr]    Compiling anstyle-parse v0.2.6
[INFO] [stderr]    Compiling crossbeam-channel v0.5.15
[INFO] [stderr]    Compiling is-terminal v0.4.16
[INFO] [stderr]    Compiling encode_unicode v1.0.0
[INFO] [stderr]    Compiling anstream v0.6.18
[INFO] [stderr]    Compiling dirs-next v2.0.0
[INFO] [stderr]    Compiling term v0.7.0
[INFO] [stderr]    Compiling clap_builder v4.5.38
[INFO] [stderr]    Compiling csv-core v0.1.12
[INFO] [stderr]    Compiling pbr v1.1.1
[INFO] [stderr]    Compiling clap v4.5.38
[INFO] [stderr]    Compiling csv v1.3.1
[INFO] [stderr]    Compiling prettytable-rs v0.10.0
[INFO] [stderr]    Compiling font-kit v0.14.3 (/opt/rustwide/workdir)
[INFO] [stderr]     Finished `release` profile [optimized] target(s) in 17.17s
[INFO] running `Command { std: "docker" "inspect" "3515f26ff5c784d5275d5b095d8ed294fec4309e7c8d6964dc746f2e63c4527f", kill_on_drop: false }`
[INFO] running `Command { std: "docker" "exec" "-e" "SOURCE_DIR=/opt/rustwide/workdir" "-e" "CARGO_HOME=/opt/rustwide/cargo-home" "-e" "RUSTUP_HOME=/opt/rustwide/rustup-home" "-e" "CARGO_TARGET_DIR=/opt/rustwide/target" "-e" "CARGO_INCREMENTAL=0" "-e" "RUST_BACKTRACE=full" "-e" "RUSTFLAGS=--cap-lints=warn" "-e" "RUSTDOCFLAGS=--cap-lints=warn" "-w" "/opt/rustwide/workdir" "--user" "0:0" "3515f26ff5c784d5275d5b095d8ed294fec4309e7c8d6964dc746f2e63c4527f" "/opt/rustwide/cargo-home/bin/cargo" "+1.100.0-beta.1" "test" "--frozen" "--release", kill_on_drop: false }`
[INFO] [stderr]     Finished `release` profile [optimized] target(s) in 0.14s
[INFO] [stderr]      Running unittests src/lib.rs (/opt/rustwide/target/release/build/font-kit/d5f5cc0346cd1c1a/out/font_kit-d5f5cc0346cd1c1a)
[INFO] [stdout] 
[INFO] [stdout] running 1 test
[INFO] [stdout] test loaders::freetype::test::get_pcf_postscript_name ... FAILED
[INFO] [stdout] 
[INFO] [stdout] failures:
[INFO] [stdout] 
[INFO] [stdout] ---- loaders::freetype::test::get_pcf_postscript_name stdout ----
[INFO] [stdout] 
[INFO] [stdout] thread 'loaders::freetype::test::get_pcf_postscript_name' (941) panicked at src/loaders/freetype.rs:1246:54:
[INFO] [stdout] called `Result::unwrap()` on an `Err` value: Io(Os { code: 2, kind: NotFound, message: "No such file or directory" })
[INFO] [stdout] stack backtrace:
[INFO] [stdout]    0:     0x55edc71961a1 - <<std[617be2ca0a6fd877]::sys::backtrace::BacktraceLock>::print::DisplayBacktrace as core[a373ad73a504971]::fmt::Display>::fmt
[INFO] [stdout]    1:     0x55edc71aa1ea - core[a373ad73a504971]::fmt::write
[INFO] [stdout]    2:     0x55edc719a43c - <alloc[2e1b2a31b91974c5]::vec::Vec<u8> as core[a373ad73a504971]::io::write::Write>::write_fmt
[INFO] [stdout]    3:     0x55edc71724b6 - std[617be2ca0a6fd877]::panicking::default_hook::{closure#0}
[INFO] [stdout]    4:     0x55edc718e839 - std[617be2ca0a6fd877]::panicking::default_hook
[INFO] [stdout]    5:     0x55edc712ad90 - test[aada8e7e76ba119b]::test_main_inner::{closure#0}
[INFO] [stdout]    6:     0x55edc718e9f2 - std[617be2ca0a6fd877]::panicking::panic_with_hook
[INFO] [stdout]    7:     0x55edc7172562 - std[617be2ca0a6fd877]::panicking::panic_handler::{closure#0}
[INFO] [stdout]    8:     0x55edc716b279 - std[617be2ca0a6fd877]::sys::backtrace::__rust_end_short_backtrace::<std[617be2ca0a6fd877]::panicking::panic_handler::{closure#0}, !>
[INFO] [stdout]    9:     0x55edc717316d - __rustc[ea4f61d10b84890b]::rust_begin_unwind
[INFO] [stdout]   10:     0x55edc71aa91c - core[a373ad73a504971]::panicking::panic_fmt
[INFO] [stdout]   11:     0x55edc71aa6f2 - core[a373ad73a504971]::result::unwrap_failed
[INFO] [stdout]   12:     0x55edc711debb - <font_kit[25f925061a0cf939]::loaders::freetype::test::get_pcf_postscript_name::{closure#0} as core[a373ad73a504971]::ops::function::FnOnce<()>>::call_once
[INFO] [stdout]   13:     0x55edc711e1db - test[aada8e7e76ba119b]::__rust_begin_short_backtrace::<core[a373ad73a504971]::result::Result<(), alloc[2e1b2a31b91974c5]::string::String>, fn() -> core[a373ad73a504971]::result::Result<(), alloc[2e1b2a31b91974c5]::string::String>>
[INFO] [stdout]   14:     0x55edc712b3b5 - test[aada8e7e76ba119b]::run_test::{closure#0}
[INFO] [stdout]   15:     0x55edc7124ca4 - std[617be2ca0a6fd877]::sys::backtrace::__rust_begin_short_backtrace::<test[aada8e7e76ba119b]::run_test::{closure#1}, ()>
[INFO] [stdout]   16:     0x55edc712e442 - <std[617be2ca0a6fd877]::thread::lifecycle::spawn_unchecked<test[aada8e7e76ba119b]::run_test::{closure#1}, ()>::{closure#1} as core[a373ad73a504971]::ops::function::FnOnce<()>>::call_once::{shim:vtable#0}
[INFO] [stdout]   17:     0x55edc71959ff - <std[617be2ca0a6fd877]::sys::thread::unix::Thread>::new::thread_start
[INFO] [stdout]   18:     0x7270222f6dfa - <unknown>
[INFO] [stdout]   19:     0x72702238a3d4 - clone
[INFO] [stdout]   20:                0x0 - <unknown>
[INFO] [stdout] 
[INFO] [stdout] 
[INFO] [stdout] failures:
[INFO] [stdout]     loaders::freetype::test::get_pcf_postscript_name
[INFO] [stdout] 
[INFO] [stdout] test result: FAILED. 0 passed; 1 failed; 0 ignored; 0 measured; 0 filtered out; finished in 0.00s
[INFO] [stdout] 
[INFO] [stderr] error: test failed, to rerun pass `--lib`
[INFO] running `Command { std: "docker" "inspect" "3515f26ff5c784d5275d5b095d8ed294fec4309e7c8d6964dc746f2e63c4527f", kill_on_drop: false }`
[INFO] running `Command { std: "docker" "rm" "-f" "3515f26ff5c784d5275d5b095d8ed294fec4309e7c8d6964dc746f2e63c4527f", kill_on_drop: false }`
[INFO] [stdout] 3515f26ff5c784d5275d5b095d8ed294fec4309e7c8d6964dc746f2e63c4527f
