[INFO] fetching crate foam 0.6.1...
[INFO] testing foam-0.6.1 against 1.99.0-beta.8+cargoflags=--release for beta-release-1.100-2
[INFO] extracting crate foam 0.6.1 into /workspace/builds/worker-3-tc1/source
[INFO] started tweaking crates.io crate foam 0.6.1
[INFO] removed 0 missing examples
[INFO] removed 0 missing tests
[INFO] finished tweaking crates.io crate foam 0.6.1
[INFO] tweaked toml for crates.io crate foam 0.6.1 written to /workspace/builds/worker-3-tc1/source/Cargo.toml
[INFO] validating manifest of crates.io crate foam 0.6.1 on toolchain 1.99.0-beta.8
[INFO] running `Command { std: CARGO_HOME="/workspace/cargo-home" RUSTUP_HOME="/workspace/rustup-home" "/workspace/cargo-home/bin/cargo" "+1.99.0-beta.8" "metadata" "--manifest-path" "Cargo.toml" "--no-deps", kill_on_drop: false }`
[INFO] crate crates.io crate foam 0.6.1 already has a lockfile, it will not be regenerated
[INFO] running `Command { std: CARGO_HOME="/workspace/cargo-home" RUSTUP_HOME="/workspace/rustup-home" "/workspace/cargo-home/bin/cargo" "+1.99.0-beta.8" "fetch" "--manifest-path" "Cargo.toml", kill_on_drop: false }`
[INFO] [stderr]  Downloading crates ...
[INFO] [stderr]   Downloaded terminal_size v0.4.4
[INFO] [stderr]   Downloaded pest_generator v2.9.3
[INFO] [stderr]   Downloaded pest_derive v2.9.3
[INFO] [stderr]   Downloaded indoc v2.0.8
[INFO] [stderr]   Downloaded pest_meta v2.9.3
[INFO] [stderr]   Downloaded pest v2.9.3
[INFO] running `Command { std: "docker" "create" "-v" "/var/lib/crater-agent-workspace/builds/worker-3-tc1/source:/opt/rustwide/workdir:ro,Z" "-v" "/var/lib/crater-agent-workspace/builds/worker-3-tc1/target:/opt/rustwide/target:rw,Z" "-v" "/var/lib/crater-agent-workspace/cargo-home:/opt/rustwide/cargo-home:ro,Z" "-v" "/var/lib/crater-agent-workspace/rustup-home:/opt/rustwide/rustup-home:ro,Z" "-m" "1610612736" "--network" "none" "ghcr.io/rust-lang/crates-build-env/linux@sha256:77db811e55d90add9212f6832c23229e3de5f1c1f9905e8cb07319ea15df73ac" "sleep" "infinity", kill_on_drop: false }`
[INFO] [stdout] 19ed76349d3b0876d0229eaf0c5f8f56a3f8dacf2fedf34eddec5d1e0b550cd8
[INFO] running `Command { std: "docker" "start" "19ed76349d3b0876d0229eaf0c5f8f56a3f8dacf2fedf34eddec5d1e0b550cd8", kill_on_drop: false }`
[INFO] running `Command { std: "docker" "inspect" "19ed76349d3b0876d0229eaf0c5f8f56a3f8dacf2fedf34eddec5d1e0b550cd8", kill_on_drop: false }`
[INFO] running `Command { std: "docker" "exec" "-e" "SOURCE_DIR=/opt/rustwide/workdir" "-e" "CARGO_HOME=/opt/rustwide/cargo-home" "-e" "RUSTUP_HOME=/opt/rustwide/rustup-home" "-e" "CARGO_TARGET_DIR=/opt/rustwide/target" "-w" "/opt/rustwide/workdir" "--user" "0:0" "19ed76349d3b0876d0229eaf0c5f8f56a3f8dacf2fedf34eddec5d1e0b550cd8" "/opt/rustwide/cargo-home/bin/cargo" "+1.99.0-beta.8" "metadata" "--no-deps" "--format-version=1", kill_on_drop: false }`
[INFO] running `Command { std: "docker" "inspect" "19ed76349d3b0876d0229eaf0c5f8f56a3f8dacf2fedf34eddec5d1e0b550cd8", kill_on_drop: false }`
[INFO] running `Command { std: "docker" "exec" "-e" "SOURCE_DIR=/opt/rustwide/workdir" "-e" "CARGO_HOME=/opt/rustwide/cargo-home" "-e" "RUSTUP_HOME=/opt/rustwide/rustup-home" "-e" "CARGO_TARGET_DIR=/opt/rustwide/target" "-e" "CARGO_INCREMENTAL=0" "-e" "RUST_BACKTRACE=full" "-e" "RUSTFLAGS=--cap-lints=warn" "-e" "RUSTDOCFLAGS=--cap-lints=warn" "-w" "/opt/rustwide/workdir" "--user" "0:0" "19ed76349d3b0876d0229eaf0c5f8f56a3f8dacf2fedf34eddec5d1e0b550cd8" "/opt/rustwide/cargo-home/bin/cargo" "+1.99.0-beta.8" "build" "--frozen" "--message-format=json" "--release", kill_on_drop: false }`
[INFO] [stderr]    Compiling unicode-ident v1.0.26
[INFO] [stderr]    Compiling libc v0.2.189
[INFO] [stderr]    Compiling bitflags v2.13.2
[INFO] [stderr]    Compiling thiserror v2.0.21
[INFO] [stderr]    Compiling strsim v0.11.1
[INFO] [stderr]    Compiling castaway v0.2.4
[INFO] [stderr]    Compiling itertools v0.14.0
[INFO] [stderr]    Compiling hashbrown v0.17.1
[INFO] [stderr]    Compiling proc-macro2 v1.0.107
[INFO] [stderr]    Compiling signal-hook v0.3.18
[INFO] [stderr]    Compiling unicode-segmentation v1.13.3
[INFO] [stderr]    Compiling unicode-width v0.2.2
[INFO] [stderr]    Compiling rustix v1.1.5
[INFO] [stderr]    Compiling compact_str v0.9.1
[INFO] [stderr]    Compiling convert_case v0.10.0
[INFO] [stderr]    Compiling indoc v2.0.8
[INFO] [stderr]    Compiling quote v1.0.47
[INFO] [stderr]    Compiling lru v0.18.5
[INFO] [stderr]    Compiling critical-section v1.2.0
[INFO] [stderr]    Compiling smallvec v1.16.2
[INFO] [stderr]    Compiling litrs v1.0.0
[INFO] [stderr]    Compiling syn v3.0.6
[INFO] [stderr]    Compiling syn v2.0.119
[INFO] [stderr]    Compiling num_threads v0.1.7
[INFO] [stderr]    Compiling deranged v0.5.8
[INFO] [stderr]    Compiling document-features v0.2.12
[INFO] [stderr]    Compiling errno v0.3.14
[INFO] [stderr]    Compiling mio v1.2.4
[INFO] [stderr]    Compiling signal-hook-registry v1.4.8
[INFO] [stderr]    Compiling parking_lot_core v0.9.12
[INFO] [stderr]    Compiling signal-hook-mio v0.2.5
[INFO] [stderr]    Compiling anstyle-parse v1.0.0
[INFO] [stderr]    Compiling unicode-truncate v2.0.1
[INFO] [stderr]    Compiling parking_lot v0.12.5
[INFO] [stderr]    Compiling line-clipping v0.3.8
[INFO] [stderr]    Compiling is_terminal_polyfill v1.70.2
[INFO] [stderr]    Compiling anstyle-query v1.1.5
[INFO] [stderr]    Compiling getrandom v0.4.3
[INFO] [stderr]    Compiling colorchoice v1.0.5
[INFO] [stderr]    Compiling anstyle v1.0.14
[INFO] [stderr]    Compiling clap_lex v1.1.1
[INFO] [stderr]    Compiling cpufeatures v0.3.1
[INFO] [stderr]    Compiling chacha20 v0.10.2
[INFO] [stderr]    Compiling time v0.3.55
[INFO] [stderr]    Compiling anstream v1.0.0
[INFO] [stderr]    Compiling jiff-core v0.1.1
[INFO] [stderr]    Compiling rand v0.10.3
[INFO] [stderr]    Compiling clap_builder v4.6.7
[INFO] [stderr]    Compiling terminal_size v0.4.4
[INFO] [stderr]    Compiling strum_macros v0.28.0
[INFO] [stderr]    Compiling derive_more-impl v2.1.1
[INFO] [stderr]    Compiling derive_more v2.1.1
[INFO] [stderr]    Compiling crossterm v0.29.0
[INFO] [stderr]    Compiling jiff v0.2.37
[INFO] [stderr]    Compiling darling_core v0.24.1
[INFO] [stderr]    Compiling strum v0.28.0
[INFO] [stderr]    Compiling thiserror-impl v2.0.21
[INFO] [stderr]    Compiling serde_derive v1.0.229
[INFO] [stderr]    Compiling clap_derive v4.6.7
[INFO] [stderr]    Compiling kasuari v0.4.12
[INFO] [stderr]    Compiling ratatui-core v0.1.2
[INFO] [stderr]    Compiling clap v4.6.7
[INFO] [stderr]    Compiling darling_macro v0.24.1
[INFO] [stderr]    Compiling darling v0.24.1
[INFO] [stderr]    Compiling instability v0.3.14
[INFO] [stderr]    Compiling serde v1.0.229
[INFO] [stderr]    Compiling ratatui-widgets v0.3.2
[INFO] [stderr]    Compiling ratatui-crossterm v0.1.2
[INFO] [stderr]    Compiling ratatui-macros v0.7.2
[INFO] [stderr]    Compiling ratatui v0.30.2
[INFO] [stderr]    Compiling foam v0.6.1 (/opt/rustwide/workdir)
[INFO] [stderr]     Finished `release` profile [optimized] target(s) in 2m 00s
[INFO] running `Command { std: "docker" "inspect" "19ed76349d3b0876d0229eaf0c5f8f56a3f8dacf2fedf34eddec5d1e0b550cd8", kill_on_drop: false }`
[INFO] running `Command { std: "docker" "exec" "-e" "SOURCE_DIR=/opt/rustwide/workdir" "-e" "CARGO_HOME=/opt/rustwide/cargo-home" "-e" "RUSTUP_HOME=/opt/rustwide/rustup-home" "-e" "CARGO_TARGET_DIR=/opt/rustwide/target" "-e" "CARGO_INCREMENTAL=0" "-e" "RUST_BACKTRACE=full" "-e" "RUSTFLAGS=--cap-lints=warn" "-e" "RUSTDOCFLAGS=--cap-lints=warn" "-w" "/opt/rustwide/workdir" "--user" "0:0" "19ed76349d3b0876d0229eaf0c5f8f56a3f8dacf2fedf34eddec5d1e0b550cd8" "/opt/rustwide/cargo-home/bin/cargo" "+1.99.0-beta.8" "test" "--frozen" "--no-run" "--message-format=json" "--release", kill_on_drop: false }`
[INFO] [stderr]    Compiling rustix v1.1.5
[INFO] [stderr]    Compiling predicates-core v1.0.10
[INFO] [stderr]    Compiling difflib v0.4.0
[INFO] [stderr]    Compiling termtree v0.5.1
[INFO] [stderr]    Compiling regex-automata v0.4.18
[INFO] [stderr]    Compiling assert_cmd v2.2.2
[INFO] [stderr]    Compiling wait-timeout v0.2.1
[INFO] [stderr]    Compiling fastrand v2.5.0
[INFO] [stderr]    Compiling predicates-tree v1.0.13
[INFO] [stderr]    Compiling predicates v3.1.4
[INFO] [stderr]    Compiling bstr v1.13.1
[INFO] [stderr]    Compiling crossterm v0.29.0
[INFO] [stderr]    Compiling terminal_size v0.4.4
[INFO] [stderr]    Compiling tempfile v3.27.0
[INFO] [stderr]    Compiling ratatui-crossterm v0.1.2
[INFO] [stderr]    Compiling ratatui v0.30.2
[INFO] [stderr]    Compiling foam v0.6.1 (/opt/rustwide/workdir)
[INFO] [stderr]     Finished `release` profile [optimized] target(s) in 1m 31s
[INFO] running `Command { std: "docker" "inspect" "19ed76349d3b0876d0229eaf0c5f8f56a3f8dacf2fedf34eddec5d1e0b550cd8", kill_on_drop: false }`
[INFO] running `Command { std: "docker" "exec" "-e" "SOURCE_DIR=/opt/rustwide/workdir" "-e" "CARGO_HOME=/opt/rustwide/cargo-home" "-e" "RUSTUP_HOME=/opt/rustwide/rustup-home" "-e" "CARGO_TARGET_DIR=/opt/rustwide/target" "-e" "CARGO_INCREMENTAL=0" "-e" "RUST_BACKTRACE=full" "-e" "RUSTFLAGS=--cap-lints=warn" "-e" "RUSTDOCFLAGS=--cap-lints=warn" "-w" "/opt/rustwide/workdir" "--user" "0:0" "19ed76349d3b0876d0229eaf0c5f8f56a3f8dacf2fedf34eddec5d1e0b550cd8" "/opt/rustwide/cargo-home/bin/cargo" "+1.99.0-beta.8" "test" "--frozen" "--release", kill_on_drop: false }`
[INFO] [stderr]     Finished `release` profile [optimized] target(s) in 0.23s
[INFO] [stderr]      Running unittests src/main.rs (/opt/rustwide/target/release/deps/foam-d65c8cda7167c1d8)
[INFO] [stdout] 
[INFO] [stdout] running 113 tests
[INFO] [stdout] test compose::tests::wrapping_breaks_long_lines_and_places_the_cursor ... ok
[INFO] [stdout] test graph::tests::a_diamond_needs_both_sides_closed ... ok
[INFO] [stdout] test compose::tests::a_form_walks_its_fields_and_turns_its_choices ... ok
[INFO] [stdout] test graph::tests::cycles_are_detected_at_any_depth ... ok
[INFO] [stdout] test graph::tests::a_rollup_counts_the_leaves_of_the_whole_tree ... ok
[INFO] [stdout] test compose::tests::typing_breaking_and_joining_lines ... ok
[INFO] [stdout] test compose::tests::an_edit_starts_with_the_text_and_the_cursor_at_its_end ... ok
[INFO] [stdout] test graph::tests::a_chain_frees_one_link_at_a_time ... ok
[INFO] [stdout] test graph::tests::a_milestone_waits_on_its_open_children ... ok
[INFO] [stdout] test graph::tests::a_parent_loop_is_refused_and_found ... ok
[INFO] [stdout] test graph::tests::deferral_and_dangling_blockers ... ok
[INFO] [stdout] test hl::tests::a_comment_marker_in_a_string_is_text ... ok
[INFO] [stdout] test hl::tests::a_digit_glued_to_a_word_is_plain ... ok
[INFO] [stdout] test graph::tests::tree_renders_depth_and_missing ... ok
[INFO] [stdout] test hl::tests::an_unknown_language_has_no_lexer ... ok
[INFO] [stdout] test hl::tests::a_rust_char_literal_quote_does_not_open_a_string ... ok
[INFO] [stdout] test hl::tests::diff_lines_are_one_segment_each ... ok
[INFO] [stdout] test hl::tests::a_rust_raw_string_runs_across_lines ... ok
[INFO] [stdout] test hl::tests::dollar_hash_in_sh_is_not_a_comment ... ok
[INFO] [stdout] test hl::tests::sh_line ... ok
[INFO] [stdout] test hl::tests::yaml_line ... ok
[INFO] [stdout] test hl::tests::json_line ... ok
[INFO] [stdout] test hl::tests::python_line ... ok
[INFO] [stdout] test hl::tests::rust_line ... ok
[INFO] [stdout] test hl::tests::toml_line ... ok
[INFO] [stdout] test md::tests::a_deep_item_keeps_its_text_at_a_narrow_width ... ok
[INFO] [stdout] test md::tests::a_fence_with_a_language_names_it_over_the_gutter ... ok
[INFO] [stdout] test hl::tests::a_python_triple_quote_runs_across_lines ... ok
[INFO] [stdout] test hl::tests::a_rust_block_comment_runs_across_lines ... ok
[INFO] [stdout] test md::tests::a_numbered_list_after_a_bulleted_one_is_its_own_block ... ok
[INFO] [stdout] test md::tests::a_fence_without_a_language_cuts_long_lines ... ok
[INFO] [stdout] test md::tests::a_table_too_narrow_for_its_columns_stacks ... ok
[INFO] [stdout] test md::tests::an_unclosed_fence_runs_to_the_end ... ok
[INFO] [stdout] test md::tests::a_heading_ends_the_block_before_it_and_is_bold ... ok
[INFO] [stdout] test md::tests::a_table_header_is_bold_and_its_rows_are_not ... ok
[INFO] [stdout] test md::tests::a_table_that_fits_takes_its_natural_widths ... ok
[INFO] [stdout] test md::tests::a_known_fence_highlights_and_an_unknown_one_stays_plain ... ok
[INFO] [stdout] test md::tests::four_hashes_or_a_bare_hash_stay_text ... ok
[INFO] [stdout] test md::tests::every_line_is_exactly_the_width ... ok
[INFO] [stdout] test md::tests::nested_bullets_hang_under_their_text ... ok
[INFO] [stdout] test md::tests::numbers_align_to_the_widest_sibling ... ok
[INFO] [stdout] test md::tests::terminal_text_drops_trailing_blanks_and_paints_only_in_color ... ok
[INFO] [stdout] test md::tests::plain_paragraphs_wrap_as_wrap_at_does ... ok
[INFO] [stdout] test md::tests::a_line_of_dashes_is_a_rule_and_ends_the_block_before_it ... ok
[INFO] [stdout] test md::tests::a_lone_backtick_is_text ... ok
[INFO] [stdout] test merge::tests::both_changed_takes_the_newer_record ... ok
[INFO] [stdout] test md::tests::a_table_too_wide_shrinks_its_widest_column ... ok
[INFO] [stdout] test merge::tests::deletion_yields_to_a_change ... ok
[INFO] [stdout] test md::tests::lines_join_into_one_paragraph_and_blank_lines_separate_blocks ... ok
[INFO] [stdout] test md::tests::inline_code_has_the_colour_and_the_space_between_does_not ... ok
[INFO] [stdout] test md::tests::inline_code_moves_whole_unless_longer_than_the_width ... ok
[INFO] [stdout] test merge::tests::notes_from_both_sides_interleave_by_time ... ok
[INFO] [stdout] test merge::tests::removals_survive_unrelated_edits_on_the_other_side ... ok
[INFO] [stdout] test merge::tests::the_same_note_changed_on_both_sides_takes_the_later_change ... ok
[INFO] [stdout] test migrate::tests::a_newer_or_retired_schema_is_refused_with_the_way_through ... ok
[INFO] [stdout] test migrate::tests::schema_two_gives_every_old_note_the_same_id_everywhere ... ok
[INFO] [stdout] test migrate::tests::every_step_is_within_the_window_and_every_schema_has_a_foam ... ok
[INFO] [stdout] test migrate::tests::the_chain_runs_every_step_from_the_ref_up_to_the_binary ... ok
[INFO] [stdout] test migrate::tests::this_foam_reads_its_own_schema_without_a_step ... ok
[INFO] [stdout] test model::tests::canonical_bytes_are_stable_and_newline_terminated ... ok
[INFO] [stdout] test model::tests::a_record_written_as_epic_loads_as_a_milestone ... ok
[INFO] [stdout] test model::tests::ids_have_the_prefix_and_six_hex_digits ... ok
[INFO] [stdout] test prime::tests::the_readme_shows_the_contract_and_cheat_sheet_as_prime_prints_them ... ok
[INFO] [stdout] test render::tests::bytes_pick_the_unit ... ok
[INFO] [stdout] test render::tests::an_issue_renders_its_body_and_notes_as_markdown_in_the_terminal_form ... ok
[INFO] [stdout] test render::tests::issue_wraps_bodies_and_relative_times_only_in_the_terminal_form ... ok
[INFO] [stdout] test merge::tests::one_sided_changes_pass_through ... ok
[INFO] [stdout] test render::tests::listing_aligns_columns_in_the_terminal_form ... ok
[INFO] [stdout] test merge::tests::same_slug_written_on_both_sides_takes_the_newer ... ok
[INFO] [stdout] test merge::tests::status_moves_as_a_group ... ok
[INFO] [stdout] test render::tests::listing_nests_children_under_a_listed_parent ... ok
[INFO] [stdout] test render::tests::listing_wraps_a_long_title_under_its_column ... ok
[INFO] [stdout] test tui::tests::a_box_taller_than_the_pane_scrolls_through_before_the_cursor_leaves ... ok
[INFO] [stdout] test render::tests::wrap_breaks_on_words_and_keeps_paragraphs ... ok
[INFO] [stdout] test tui::tests::a_filter_narrows_the_rows_and_says_what_is_on ... ok
[INFO] [stdout] test tui::tests::a_folded_row_hides_everything_under_it_and_says_how_much ... ok
[INFO] [stdout] test tui::tests::a_log_line_colours_the_verb_the_ids_and_whoever_acted ... ok
[INFO] [stdout] test tui::tests::a_long_box_stops_at_five_lines_and_counts_the_rest ... ok
[INFO] [stdout] test tui::tests::a_page_follows_ties_and_comes_back_the_same_way ... ok
[INFO] [stdout] test model::tests::when_accepts_dates_and_timestamps ... ok
[INFO] [stdout] test tui::tests::a_rail_runs_past_earlier_replies_while_a_later_one_is_due ... ok
[INFO] [stdout] test tui::tests::a_thread_page_is_the_note_and_every_reply_whole ... ok
[INFO] [stdout] test tui::tests::an_empty_ready_section_says_so ... ok
[INFO] [stdout] test tui::tests::a_thread_opens_in_place_under_the_issue_card ... ok
[INFO] [stdout] test tui::tests::board_rows_follow_the_sections_and_the_cursor_skips_the_edges ... ok
[INFO] [stdout] test tui::tests::keys_on_a_page_scroll_the_notes_or_walk_the_ties ... ok
[INFO] [stdout] test tui::tests::keys_on_the_rows_move_open_and_come_back ... ok
[INFO] [stdout] test render::tests::relative_times_pick_the_largest_unit ... ok
[INFO] [stdout] test tui::tests::list_rows_nest_children_and_say_what_a_row_waits_on ... ok
[INFO] [stdout] test tui::tests::on_a_thread_h_and_l_select_and_enter_offers_reply_or_edit ... ok
[INFO] [stdout] test tui::tests::space_folds_an_issue_with_children_and_tab_swaps_the_view ... ok
[INFO] [stdout] test tui::tests::memory_rows_match_the_text_and_mark_the_old_ones ... ok
[INFO] [stdout] test tui::tests::n_on_the_rows_opens_a_form_that_walks_types_and_creates ... ok
[INFO] [stdout] test tui::tests::tab_reaches_the_memories_and_the_cursor_walks_them ... ok
[INFO] [stdout] test tui::tests::the_about_pane_has_badges_dates_and_ties_in_order ... ok
[INFO] [stdout] test tui::tests::the_chosen_box_is_drawn_plain_and_scrolled_into_view ... ok
[INFO] [stdout] test tui::tests::the_compose_box_sits_where_the_note_will_and_holds_the_cursor ... ok
[INFO] [stdout] test tui::tests::the_filter_takes_typed_text_and_esc_clears_it ... ok
[INFO] [stdout] test tui::tests::the_form_is_drawn_under_the_chosen_row_with_the_cursor_in_its_field ... ok
[INFO] [stdout] test tui::tests::the_choice_box_and_the_cursor_are_drawn ... ok
[INFO] [stdout] test tui::tests::the_heading_wraps_the_title ... ok
[INFO] [stdout] test tui::tests::the_issue_page_shows_the_top_level_notes_with_their_threads_in_the_border ... ok
[INFO] [stdout] test tui::tests::the_posts_are_the_body_then_the_notes_as_boxes ... ok
[INFO] [stdout] test tui::tests::the_memories_are_boxes_beside_an_about_pane ... ok
[INFO] [stdout] test tui::tests::the_strip_counts_every_status_in_its_colour ... ok
[INFO] [stdout] test tui::tests::the_page_puts_the_about_pane_beside_or_under_the_card ... ok
[INFO] [stdout] test tui::tests::the_preview_stands_beside_the_rows_or_under_them ... ok
[INFO] [stdout] test tui::tests::the_title_keeps_its_room_before_the_tail ... ok
[INFO] [stdout] test store::tests::a_lost_swap_reloads_and_retries ... FAILED
[INFO] [stdout] test store::tests::write_commits_on_top_of_the_last_commit ... FAILED
[INFO] [stdout] test store::tests::unchanged_files_keep_their_oid ... FAILED
[INFO] [stdout] test store::tests::init_then_load_round_trips ... FAILED
[INFO] [stdout] test tui::tests::the_board_keeps_the_chosen_row_in_view_all_the_way_down_and_back ... ok
[INFO] [stderr] error: test failed, to rerun pass `--bin foam`
[INFO] [stdout] 
[INFO] [stdout] failures:
[INFO] [stdout] 
[INFO] [stdout] ---- store::tests::a_lost_swap_reloads_and_retries stdout ----
[INFO] [stdout] 
[INFO] [stdout] thread 'store::tests::a_lost_swap_reloads_and_retries' (1752) panicked at src/store.rs:496:25:
[INFO] [stdout] called `Result::unwrap()` on an `Err` value: git commit-tree 9bfdc736fc28164090b3e82a5ef469e1f3d231a3 -m init failed: Author identity unknown
[INFO] [stdout] 
[INFO] [stdout] *** Please tell me who you are.
[INFO] [stdout] 
[INFO] [stdout] Run
[INFO] [stdout] 
[INFO] [stdout]   git config --global user.email "you@example.com"
[INFO] [stdout]   git config --global user.name "Your Name"
[INFO] [stdout] 
[INFO] [stdout] to set your account's default identity.
[INFO] [stdout] Omit --global to set the identity only in this repository.
[INFO] [stdout] 
[INFO] [stdout] fatal: unable to auto-detect email address (got 'root@19ed76349d3b.(none)')
[INFO] [stdout] 
[INFO] [stdout] Stack backtrace:
[INFO] [stdout]    0: <anyhow::Error>::msg::<alloc::string::String>
[INFO] [stdout]    1: <foam::git::Git>::run_with_input
[INFO] [stdout]    2: <foam::git::Git>::commit_tree
[INFO] [stdout]    3: <foam::store::Store>::init
[INFO] [stdout]    4: <foam::store::tests::a_lost_swap_reloads_and_retries::{closure#0} as core::ops::function::FnOnce<()>>::call_once
[INFO] [stdout]    5: test::__rust_begin_short_backtrace::<core::result::Result<(), alloc::string::String>, fn() -> core::result::Result<(), alloc::string::String>>
[INFO] [stdout]    6: test::run_test::{closure#0}
[INFO] [stdout]    7: std::sys::backtrace::__rust_begin_short_backtrace::<test::run_test::{closure#1}, ()>
[INFO] [stdout]    8: <std::thread::lifecycle::spawn_unchecked<test::run_test::{closure#1}, ()>::{closure#1} as core::ops::function::FnOnce<()>>::call_once::{shim:vtable#0}
[INFO] [stdout]    9: <std::sys::thread::unix::Thread>::new::thread_start
[INFO] [stdout]   10: <unknown>
[INFO] [stdout]   11: clone
[INFO] [stdout] stack backtrace:
[INFO] [stdout]    0:     0x5f361866efa1 - <<std[70759c8f55707aa4]::sys::backtrace::BacktraceLock>::print::DisplayBacktrace as core[df12db4294e9bfd3]::fmt::Display>::fmt
[INFO] [stdout]    1:     0x5f361868674a - core[df12db4294e9bfd3]::fmt::write
[INFO] [stdout]    2:     0x5f3618673c9c - <alloc[2182bb758b4b3781]::vec::Vec<u8> as core[df12db4294e9bfd3]::io::write::Write>::write_fmt
[INFO] [stdout]    3:     0x5f36186489d6 - std[70759c8f55707aa4]::panicking::default_hook::{closure#0}
[INFO] [stdout]    4:     0x5f3618666829 - std[70759c8f55707aa4]::panicking::default_hook
[INFO] [stdout]    5:     0x5f361859f230 - test[9d35eded1c95d3be]::test_main_inner::<test[9d35eded1c95d3be]::test_main_static::{closure#0}>::{closure#0}
[INFO] [stdout]    6:     0x5f36186669e2 - std[70759c8f55707aa4]::panicking::panic_with_hook
[INFO] [stdout]    7:     0x5f3618648a82 - std[70759c8f55707aa4]::panicking::panic_handler::{closure#0}
[INFO] [stdout]    8:     0x5f3618640f29 - std[70759c8f55707aa4]::sys::backtrace::__rust_end_short_backtrace::<std[70759c8f55707aa4]::panicking::panic_handler::{closure#0}, !>
[INFO] [stdout]    9:     0x5f361864978d - __rustc[8fa7c3cbc660c2b3]::rust_begin_unwind
[INFO] [stdout]   10:     0x5f3618686efc - core[df12db4294e9bfd3]::panicking::panic_fmt
[INFO] [stdout]   11:     0x5f3618686cd2 - core[df12db4294e9bfd3]::result::unwrap_failed
[INFO] [stdout]   12:     0x5f3618569151 - <foam[cf1bbfc97e340954]::store::tests::a_lost_swap_reloads_and_retries::{closure#0} as core[df12db4294e9bfd3]::ops::function::FnOnce<()>>::call_once
[INFO] [stdout]   13:     0x5f361859251b - test[9d35eded1c95d3be]::__rust_begin_short_backtrace::<core[df12db4294e9bfd3]::result::Result<(), alloc[2182bb758b4b3781]::string::String>, fn() -> core[df12db4294e9bfd3]::result::Result<(), alloc[2182bb758b4b3781]::string::String>>
[INFO] [stdout]   14:     0x5f361859fb85 - test[9d35eded1c95d3be]::run_test::{closure#0}
[INFO] [stdout]   15:     0x5f3618599444 - std[70759c8f55707aa4]::sys::backtrace::__rust_begin_short_backtrace::<test[9d35eded1c95d3be]::run_test::{closure#1}, ()>
[INFO] [stdout]   16:     0x5f36185a2ce2 - <std[70759c8f55707aa4]::thread::lifecycle::spawn_unchecked<test[9d35eded1c95d3be]::run_test::{closure#1}, ()>::{closure#1} as core[df12db4294e9bfd3]::ops::function::FnOnce<()>>::call_once::{shim:vtable#0}
[INFO] [stdout]   17:     0x5f361866e4e9 - <std[70759c8f55707aa4]::sys::thread::unix::Thread>::new::thread_start
[INFO] [stdout]   18:     0x7d12a1e6cdfa - <unknown>
[INFO] [stdout]   19:     0x7d12a1f003d4 - clone
[INFO] [stdout]   20:                0x0 - <unknown>
[INFO] [stdout] 
[INFO] [stdout] ---- store::tests::write_commits_on_top_of_the_last_commit stdout ----
[INFO] [stdout] 
[INFO] [stdout] thread 'store::tests::write_commits_on_top_of_the_last_commit' (1755) panicked at src/store.rs:454:25:
[INFO] [stdout] called `Result::unwrap()` on an `Err` value: git commit-tree e08b55339e36dc2eed9880df2c8b51faf5dcb2b9 -m init failed: Author identity unknown
[INFO] [stdout] 
[INFO] [stdout] *** Please tell me who you are.
[INFO] [stdout] 
[INFO] [stdout] Run
[INFO] [stdout] 
[INFO] [stdout]   git config --global user.email "you@example.com"
[INFO] [stdout]   git config --global user.name "Your Name"
[INFO] [stdout] 
[INFO] [stdout] to set your account's default identity.
[INFO] [stdout] Omit --global to set the identity only in this repository.
[INFO] [stdout] 
[INFO] [stdout] fatal: unable to auto-detect email address (got 'root@19ed76349d3b.(none)')
[INFO] [stdout] 
[INFO] [stdout] Stack backtrace:
[INFO] [stdout]    0: <anyhow::Error>::msg::<alloc::string::String>
[INFO] [stdout]    1: <foam::git::Git>::run_with_input
[INFO] [stdout]    2: <foam::git::Git>::commit_tree
[INFO] [stdout]    3: <foam::store::Store>::init
[INFO] [stdout]    4: <foam::store::tests::write_commits_on_top_of_the_last_commit::{closure#0} as core::ops::function::FnOnce<()>>::call_once
[INFO] [stdout]    5: test::__rust_begin_short_backtrace::<core::result::Result<(), alloc::string::String>, fn() -> core::result::Result<(), alloc::string::String>>
[INFO] [stdout]    6: test::run_test::{closure#0}
[INFO] [stdout]    7: std::sys::backtrace::__rust_begin_short_backtrace::<test::run_test::{closure#1}, ()>
[INFO] [stdout]    8: <std::thread::lifecycle::spawn_unchecked<test::run_test::{closure#1}, ()>::{closure#1} as core::ops::function::FnOnce<()>>::call_once::{shim:vtable#0}
[INFO] [stdout]    9: <std::sys::thread::unix::Thread>::new::thread_start
[INFO] [stdout]   10: <unknown>
[INFO] [stdout]   11: clone
[INFO] [stdout] stack backtrace:
[INFO] [stdout]    0:     0x5f361866efa1 - <<std[70759c8f55707aa4]::sys::backtrace::BacktraceLock>::print::DisplayBacktrace as core[df12db4294e9bfd3]::fmt::Display>::fmt
[INFO] [stdout]    1:     0x5f361868674a - core[df12db4294e9bfd3]::fmt::write
[INFO] [stdout]    2:     0x5f3618673c9c - <alloc[2182bb758b4b3781]::vec::Vec<u8> as core[df12db4294e9bfd3]::io::write::Write>::write_fmt
[INFO] [stdout]    3:     0x5f36186489d6 - std[70759c8f55707aa4]::panicking::default_hook::{closure#0}
[INFO] [stdout]    4:     0x5f3618666829 - std[70759c8f55707aa4]::panicking::default_hook
[INFO] [stdout]    5:     0x5f361859f230 - test[9d35eded1c95d3be]::test_main_inner::<test[9d35eded1c95d3be]::test_main_static::{closure#0}>::{closure#0}
[INFO] [stdout]    6:     0x5f36186669e2 - std[70759c8f55707aa4]::panicking::panic_with_hook
[INFO] [stdout]    7:     0x5f3618648a82 - std[70759c8f55707aa4]::panicking::panic_handler::{closure#0}
[INFO] [stdout]    8:     0x5f3618640f29 - std[70759c8f55707aa4]::sys::backtrace::__rust_end_short_backtrace::<std[70759c8f55707aa4]::panicking::panic_handler::{closure#0}, !>
[INFO] [stdout]    9:     0x5f361864978d - __rustc[8fa7c3cbc660c2b3]::rust_begin_unwind
[INFO] [stdout]   10:     0x5f3618686efc - core[df12db4294e9bfd3]::panicking::panic_fmt
[INFO] [stdout]   11:     0x5f3618686cd2 - core[df12db4294e9bfd3]::result::unwrap_failed
[INFO] [stdout]   12:     0x5f361856979b - <foam[cf1bbfc97e340954]::store::tests::write_commits_on_top_of_the_last_commit::{closure#0} as core[df12db4294e9bfd3]::ops::function::FnOnce<()>>::call_once
[INFO] [stdout]   13:     0x5f361859251b - test[9d35eded1c95d3be]::__rust_begin_short_backtrace::<core[df12db4294e9bfd3]::result::Result<(), alloc[2182bb758b4b3781]::string::String>, fn() -> core[df12db4294e9bfd3]::result::Result<(), alloc[2182bb758b4b3781]::string::String>>
[INFO] [stdout]   14:     0x5f361859fb85 - test[9d35eded1c95d3be]::run_test::{closure#0}
[INFO] [stdout]   15:     0x5f3618599444 - std[70759c8f55707aa4]::sys::backtrace::__rust_begin_short_backtrace::<test[9d35eded1c95d3be]::run_test::{closure#1}, ()>
[INFO] [stdout]   16:     0x5f36185a2ce2 - <std[70759c8f55707aa4]::thread::lifecycle::spawn_unchecked<test[9d35eded1c95d3be]::run_test::{closure#1}, ()>::{closure#1} as core[df12db4294e9bfd3]::ops::function::FnOnce<()>>::call_once::{shim:vtable#0}
[INFO] [stdout]   17:     0x5f361866e4e9 - <std[70759c8f55707aa4]::sys::thread::unix::Thread>::new::thread_start
[INFO] [stdout]   18:     0x7d12a1e6cdfa - <unknown>
[INFO] [stdout]   19:     0x7d12a1f003d4 - clone
[INFO] [stdout]   20:                0x0 - <unknown>
[INFO] [stdout] 
[INFO] [stdout] ---- store::tests::unchanged_files_keep_their_oid stdout ----
[INFO] [stdout] 
[INFO] [stdout] thread 'store::tests::unchanged_files_keep_their_oid' (1754) panicked at src/store.rs:471:25:
[INFO] [stdout] called `Result::unwrap()` on an `Err` value: git commit-tree edab7fe23f592c48cfd37537fbf127794b9797c6 -m init failed: Author identity unknown
[INFO] [stdout] 
[INFO] [stdout] *** Please tell me who you are.
[INFO] [stdout] 
[INFO] [stdout] Run
[INFO] [stdout] 
[INFO] [stdout]   git config --global user.email "you@example.com"
[INFO] [stdout]   git config --global user.name "Your Name"
[INFO] [stdout] 
[INFO] [stdout] to set your account's default identity.
[INFO] [stdout] Omit --global to set the identity only in this repository.
[INFO] [stdout] 
[INFO] [stdout] fatal: unable to auto-detect email address (got 'root@19ed76349d3b.(none)')
[INFO] [stdout] 
[INFO] [stdout] Stack backtrace:
[INFO] [stdout]    0: <anyhow::Error>::msg::<alloc::string::String>
[INFO] [stdout]    1: <foam::git::Git>::run_with_input
[INFO] [stdout]    2: <foam::git::Git>::commit_tree
[INFO] [stdout]    3: <foam::store::Store>::init
[INFO] [stdout]    4: <foam::store::tests::unchanged_files_keep_their_oid::{closure#0} as core::ops::function::FnOnce<()>>::call_once
[INFO] [stdout]    5: test::__rust_begin_short_backtrace::<core::result::Result<(), alloc::string::String>, fn() -> core::result::Result<(), alloc::string::String>>
[INFO] [stdout]    6: test::run_test::{closure#0}
[INFO] [stdout]    7: std::sys::backtrace::__rust_begin_short_backtrace::<test::run_test::{closure#1}, ()>
[INFO] [stdout]    8: <std::thread::lifecycle::spawn_unchecked<test::run_test::{closure#1}, ()>::{closure#1} as core::ops::function::FnOnce<()>>::call_once::{shim:vtable#0}
[INFO] [stdout]    9: <std::sys::thread::unix::Thread>::new::thread_start
[INFO] [stdout]   10: <unknown>
[INFO] [stdout]   11: clone
[INFO] [stdout] stack backtrace:
[INFO] [stdout]    0:     0x5f361866efa1 - <<std[70759c8f55707aa4]::sys::backtrace::BacktraceLock>::print::DisplayBacktrace as core[df12db4294e9bfd3]::fmt::Display>::fmt
[INFO] [stdout]    1:     0x5f361868674a - core[df12db4294e9bfd3]::fmt::write
[INFO] [stdout]    2:     0x5f3618673c9c - <alloc[2182bb758b4b3781]::vec::Vec<u8> as core[df12db4294e9bfd3]::io::write::Write>::write_fmt
[INFO] [stdout]    3:     0x5f36186489d6 - std[70759c8f55707aa4]::panicking::default_hook::{closure#0}
[INFO] [stdout]    4:     0x5f3618666829 - std[70759c8f55707aa4]::panicking::default_hook
[INFO] [stdout]    5:     0x5f361859f230 - test[9d35eded1c95d3be]::test_main_inner::<test[9d35eded1c95d3be]::test_main_static::{closure#0}>::{closure#0}
[INFO] [stdout]    6:     0x5f36186669e2 - std[70759c8f55707aa4]::panicking::panic_with_hook
[INFO] [stdout]    7:     0x5f3618648a82 - std[70759c8f55707aa4]::panicking::panic_handler::{closure#0}
[INFO] [stdout]    8:     0x5f3618640f29 - std[70759c8f55707aa4]::sys::backtrace::__rust_end_short_backtrace::<std[70759c8f55707aa4]::panicking::panic_handler::{closure#0}, !>
[INFO] [stdout]    9:     0x5f361864978d - __rustc[8fa7c3cbc660c2b3]::rust_begin_unwind
[INFO] [stdout]   10:     0x5f3618686efc - core[df12db4294e9bfd3]::panicking::panic_fmt
[INFO] [stdout]   11:     0x5f3618686cd2 - core[df12db4294e9bfd3]::result::unwrap_failed
[INFO] [stdout]   12:     0x5f3618568c5f - <foam[cf1bbfc97e340954]::store::tests::unchanged_files_keep_their_oid::{closure#0} as core[df12db4294e9bfd3]::ops::function::FnOnce<()>>::call_once
[INFO] [stdout]   13:     0x5f361859251b - test[9d35eded1c95d3be]::__rust_begin_short_backtrace::<core[df12db4294e9bfd3]::result::Result<(), alloc[2182bb758b4b3781]::string::String>, fn() -> core[df12db4294e9bfd3]::result::Result<(), alloc[2182bb758b4b3781]::string::String>>
[INFO] [stdout]   14:     0x5f361859fb85 - test[9d35eded1c95d3be]::run_test::{closure#0}
[INFO] [stdout]   15:     0x5f3618599444 - std[70759c8f55707aa4]::sys::backtrace::__rust_begin_short_backtrace::<test[9d35eded1c95d3be]::run_test::{closure#1}, ()>
[INFO] [stdout]   16:     0x5f36185a2ce2 - <std[70759c8f55707aa4]::thread::lifecycle::spawn_unchecked<test[9d35eded1c95d3be]::run_test::{closure#1}, ()>::{closure#1} as core[df12db4294e9bfd3]::ops::function::FnOnce<()>>::call_once::{shim:vtable#0}
[INFO] [stdout]   17:     0x5f361866e4e9 - <std[70759c8f55707aa4]::sys::thread::unix::Thread>::new::thread_start
[INFO] [stdout]   18:     0x7d12a1e6cdfa - <unknown>
[INFO] [stdout]   19:     0x7d12a1f003d4 - clone
[INFO] [stdout]   20:                0x0 - <unknown>
[INFO] [stdout] 
[INFO] [stdout] ---- store::tests::init_then_load_round_trips stdout ----
[INFO] [stdout] 
[INFO] [stdout] thread 'store::tests::init_then_load_round_trips' (1753) panicked at src/store.rs:444:25:
[INFO] [stdout] called `Result::unwrap()` on an `Err` value: git commit-tree ad0cd888efa6c9e0032543781317c2bc5efb8244 -m init failed: Author identity unknown
[INFO] [stdout] 
[INFO] [stdout] *** Please tell me who you are.
[INFO] [stdout] 
[INFO] [stdout] Run
[INFO] [stdout] 
[INFO] [stdout]   git config --global user.email "you@example.com"
[INFO] [stdout]   git config --global user.name "Your Name"
[INFO] [stdout] 
[INFO] [stdout] to set your account's default identity.
[INFO] [stdout] Omit --global to set the identity only in this repository.
[INFO] [stdout] 
[INFO] [stdout] fatal: unable to auto-detect email address (got 'root@19ed76349d3b.(none)')
[INFO] [stdout] 
[INFO] [stdout] Stack backtrace:
[INFO] [stdout]    0: <anyhow::Error>::msg::<alloc::string::String>
[INFO] [stdout]    1: <foam::git::Git>::run_with_input
[INFO] [stdout]    2: <foam::git::Git>::commit_tree
[INFO] [stdout]    3: <foam::store::Store>::init
[INFO] [stdout]    4: <foam::store::tests::init_then_load_round_trips::{closure#0} as core::ops::function::FnOnce<()>>::call_once
[INFO] [stdout]    5: test::__rust_begin_short_backtrace::<core::result::Result<(), alloc::string::String>, fn() -> core::result::Result<(), alloc::string::String>>
[INFO] [stdout]    6: test::run_test::{closure#0}
[INFO] [stdout]    7: std::sys::backtrace::__rust_begin_short_backtrace::<test::run_test::{closure#1}, ()>
[INFO] [stdout]    8: <std::thread::lifecycle::spawn_unchecked<test::run_test::{closure#1}, ()>::{closure#1} as core::ops::function::FnOnce<()>>::call_once::{shim:vtable#0}
[INFO] [stdout]    9: <std::sys::thread::unix::Thread>::new::thread_start
[INFO] [stdout]   10: <unknown>
[INFO] [stdout]   11: clone
[INFO] [stdout] stack backtrace:
[INFO] [stdout]    0:     0x5f361866efa1 - <<std[70759c8f55707aa4]::sys::backtrace::BacktraceLock>::print::DisplayBacktrace as core[df12db4294e9bfd3]::fmt::Display>::fmt
[INFO] [stdout]    1:     0x5f361868674a - core[df12db4294e9bfd3]::fmt::write
[INFO] [stdout]    2:     0x5f3618673c9c - <alloc[2182bb758b4b3781]::vec::Vec<u8> as core[df12db4294e9bfd3]::io::write::Write>::write_fmt
[INFO] [stdout]    3:     0x5f36186489d6 - std[70759c8f55707aa4]::panicking::default_hook::{closure#0}
[INFO] [stdout]    4:     0x5f3618666829 - std[70759c8f55707aa4]::panicking::default_hook
[INFO] [stdout]    5:     0x5f361859f230 - test[9d35eded1c95d3be]::test_main_inner::<test[9d35eded1c95d3be]::test_main_static::{closure#0}>::{closure#0}
[INFO] [stdout]    6:     0x5f36186669e2 - std[70759c8f55707aa4]::panicking::panic_with_hook
[INFO] [stdout]    7:     0x5f3618648a82 - std[70759c8f55707aa4]::panicking::panic_handler::{closure#0}
[INFO] [stdout]    8:     0x5f3618640f29 - std[70759c8f55707aa4]::sys::backtrace::__rust_end_short_backtrace::<std[70759c8f55707aa4]::panicking::panic_handler::{closure#0}, !>
[INFO] [stdout]    9:     0x5f361864978d - __rustc[8fa7c3cbc660c2b3]::rust_begin_unwind
[INFO] [stdout]   10:     0x5f3618686efc - core[df12db4294e9bfd3]::panicking::panic_fmt
[INFO] [stdout]   11:     0x5f3618686cd2 - core[df12db4294e9bfd3]::result::unwrap_failed
[INFO] [stdout]   12:     0x5f361856840e - <foam[cf1bbfc97e340954]::store::tests::init_then_load_round_trips::{closure#0} as core[df12db4294e9bfd3]::ops::function::FnOnce<()>>::call_once
[INFO] [stdout]   13:     0x5f361859251b - test[9d35eded1c95d3be]::__rust_begin_short_backtrace::<core[df12db4294e9bfd3]::result::Result<(), alloc[2182bb758b4b3781]::string::String>, fn() -> core[df12db4294e9bfd3]::result::Result<(), alloc[2182bb758b4b3781]::string::String>>
[INFO] [stdout]   14:     0x5f361859fb85 - test[9d35eded1c95d3be]::run_test::{closure#0}
[INFO] [stdout]   15:     0x5f3618599444 - std[70759c8f55707aa4]::sys::backtrace::__rust_begin_short_backtrace::<test[9d35eded1c95d3be]::run_test::{closure#1}, ()>
[INFO] [stdout]   16:     0x5f36185a2ce2 - <std[70759c8f55707aa4]::thread::lifecycle::spawn_unchecked<test[9d35eded1c95d3be]::run_test::{closure#1}, ()>::{closure#1} as core[df12db4294e9bfd3]::ops::function::FnOnce<()>>::call_once::{shim:vtable#0}
[INFO] [stdout]   17:     0x5f361866e4e9 - <std[70759c8f55707aa4]::sys::thread::unix::Thread>::new::thread_start
[INFO] [stdout]   18:     0x7d12a1e6cdfa - <unknown>
[INFO] [stdout]   19:     0x7d12a1f003d4 - clone
[INFO] [stdout]   20:                0x0 - <unknown>
[INFO] [stdout] 
[INFO] [stdout] 
[INFO] [stdout] failures:
[INFO] [stdout]     store::tests::a_lost_swap_reloads_and_retries
[INFO] [stdout]     store::tests::init_then_load_round_trips
[INFO] [stdout]     store::tests::unchanged_files_keep_their_oid
[INFO] [stdout]     store::tests::write_commits_on_top_of_the_last_commit
[INFO] [stdout] 
[INFO] [stdout] test result: FAILED. 109 passed; 4 failed; 0 ignored; 0 measured; 0 filtered out; finished in 0.49s
[INFO] [stdout] 
[INFO] running `Command { std: "docker" "inspect" "19ed76349d3b0876d0229eaf0c5f8f56a3f8dacf2fedf34eddec5d1e0b550cd8", kill_on_drop: false }`
[INFO] running `Command { std: "docker" "rm" "-f" "19ed76349d3b0876d0229eaf0c5f8f56a3f8dacf2fedf34eddec5d1e0b550cd8", kill_on_drop: false }`
[INFO] [stdout] 19ed76349d3b0876d0229eaf0c5f8f56a3f8dacf2fedf34eddec5d1e0b550cd8
