[INFO] fetching crate fnp-runtime 0.5.0...
[INFO] testing fnp-runtime-0.5.0 against 1.99.0-beta.8+cargoflags=--release for beta-release-1.100-2
[INFO] extracting crate fnp-runtime 0.5.0 into /workspace/builds/worker-0-tc1/source
[INFO] started tweaking crates.io crate fnp-runtime 0.5.0
[INFO] removed 0 missing tests
[INFO] finished tweaking crates.io crate fnp-runtime 0.5.0
[INFO] tweaked toml for crates.io crate fnp-runtime 0.5.0 written to /workspace/builds/worker-0-tc1/source/Cargo.toml
[INFO] validating manifest of crates.io crate fnp-runtime 0.5.0 on toolchain 1.99.0-beta.8
[INFO] running `Command { std: CARGO_HOME="/workspace/cargo-home" RUSTUP_HOME="/workspace/rustup-home" "/workspace/cargo-home/bin/cargo" "+1.99.0-beta.8" "metadata" "--manifest-path" "Cargo.toml" "--no-deps", kill_on_drop: false }`
[INFO] crate crates.io crate fnp-runtime 0.5.0 already has a lockfile, it will not be regenerated
[INFO] running `Command { std: CARGO_HOME="/workspace/cargo-home" RUSTUP_HOME="/workspace/rustup-home" "/workspace/cargo-home/bin/cargo" "+1.99.0-beta.8" "fetch" "--manifest-path" "Cargo.toml", kill_on_drop: false }`
[INFO] [stderr]     Updating crates.io index
[INFO] [stderr]  Downloading crates ...
[INFO] [stderr]   Downloaded ftui v0.9.0
[INFO] [stderr]   Downloaded unicode-display-width v0.3.0
[INFO] [stderr]   Downloaded signal-hook v0.4.5
[INFO] [stderr]   Downloaded ftui-style v0.9.0
[INFO] [stderr]   Downloaded ftui-backend v0.9.0
[INFO] [stderr]   Downloaded ftui-i18n v0.9.0
[INFO] [stderr]   Downloaded franken-evidence v0.5.0
[INFO] [stderr]   Downloaded franken-decision v0.5.0
[INFO] [stderr]   Downloaded ftui-a11y v0.9.0
[INFO] [stderr]   Downloaded franken-kernel v0.5.0
[INFO] [stderr]   Downloaded bincode_derive-next v3.1.1
[INFO] [stderr]   Downloaded virtue-next v0.1.3
[INFO] [stderr]   Downloaded ftui-text v0.9.0
[INFO] [stderr]   Downloaded ftui-core v0.9.0
[INFO] [stderr]   Downloaded ftui-layout v0.9.0
[INFO] [stderr]   Downloaded ftui-render v0.9.0
[INFO] [stderr]   Downloaded ftui-widgets v0.9.0
[INFO] [stderr]   Downloaded ftui-runtime v0.9.0
[INFO] [stderr]   Downloaded asupersync v0.5.0
[INFO] running `Command { std: "docker" "create" "-v" "/var/lib/crater-agent-workspace/builds/worker-0-tc1/source:/opt/rustwide/workdir:ro,Z" "-v" "/var/lib/crater-agent-workspace/builds/worker-0-tc1/target:/opt/rustwide/target:rw,Z" "-v" "/var/lib/crater-agent-workspace/cargo-home:/opt/rustwide/cargo-home:ro,Z" "-v" "/var/lib/crater-agent-workspace/rustup-home:/opt/rustwide/rustup-home:ro,Z" "-m" "1610612736" "--network" "none" "ghcr.io/rust-lang/crates-build-env/linux@sha256:77db811e55d90add9212f6832c23229e3de5f1c1f9905e8cb07319ea15df73ac" "sleep" "infinity", kill_on_drop: false }`
[INFO] [stdout] 2ebc117c25f2fcac6e756b485536ed9358b707d6ca54f01c42353e10b3aaf2e6
[INFO] running `Command { std: "docker" "start" "2ebc117c25f2fcac6e756b485536ed9358b707d6ca54f01c42353e10b3aaf2e6", kill_on_drop: false }`
[INFO] running `Command { std: "docker" "inspect" "2ebc117c25f2fcac6e756b485536ed9358b707d6ca54f01c42353e10b3aaf2e6", kill_on_drop: false }`
[INFO] running `Command { std: "docker" "exec" "-e" "SOURCE_DIR=/opt/rustwide/workdir" "-e" "CARGO_HOME=/opt/rustwide/cargo-home" "-e" "RUSTUP_HOME=/opt/rustwide/rustup-home" "-e" "CARGO_TARGET_DIR=/opt/rustwide/target" "-w" "/opt/rustwide/workdir" "--user" "0:0" "2ebc117c25f2fcac6e756b485536ed9358b707d6ca54f01c42353e10b3aaf2e6" "/opt/rustwide/cargo-home/bin/cargo" "+1.99.0-beta.8" "metadata" "--no-deps" "--format-version=1", kill_on_drop: false }`
[INFO] running `Command { std: "docker" "inspect" "2ebc117c25f2fcac6e756b485536ed9358b707d6ca54f01c42353e10b3aaf2e6", kill_on_drop: false }`
[INFO] running `Command { std: "docker" "exec" "-e" "SOURCE_DIR=/opt/rustwide/workdir" "-e" "CARGO_HOME=/opt/rustwide/cargo-home" "-e" "RUSTUP_HOME=/opt/rustwide/rustup-home" "-e" "CARGO_TARGET_DIR=/opt/rustwide/target" "-e" "CARGO_INCREMENTAL=0" "-e" "RUST_BACKTRACE=full" "-e" "RUSTFLAGS=--cap-lints=warn" "-e" "RUSTDOCFLAGS=--cap-lints=warn" "-w" "/opt/rustwide/workdir" "--user" "0:0" "2ebc117c25f2fcac6e756b485536ed9358b707d6ca54f01c42353e10b3aaf2e6" "/opt/rustwide/cargo-home/bin/cargo" "+1.99.0-beta.8" "build" "--frozen" "--message-format=json" "--release", kill_on_drop: false }`
[INFO] [stderr]    Compiling fnp-runtime v0.5.0 (/opt/rustwide/workdir)
[INFO] [stderr]     Finished `release` profile [optimized] target(s) in 0.57s
[INFO] running `Command { std: "docker" "inspect" "2ebc117c25f2fcac6e756b485536ed9358b707d6ca54f01c42353e10b3aaf2e6", kill_on_drop: false }`
[INFO] running `Command { std: "docker" "exec" "-e" "SOURCE_DIR=/opt/rustwide/workdir" "-e" "CARGO_HOME=/opt/rustwide/cargo-home" "-e" "RUSTUP_HOME=/opt/rustwide/rustup-home" "-e" "CARGO_TARGET_DIR=/opt/rustwide/target" "-e" "CARGO_INCREMENTAL=0" "-e" "RUST_BACKTRACE=full" "-e" "RUSTFLAGS=--cap-lints=warn" "-e" "RUSTDOCFLAGS=--cap-lints=warn" "-w" "/opt/rustwide/workdir" "--user" "0:0" "2ebc117c25f2fcac6e756b485536ed9358b707d6ca54f01c42353e10b3aaf2e6" "/opt/rustwide/cargo-home/bin/cargo" "+1.99.0-beta.8" "test" "--frozen" "--no-run" "--message-format=json" "--release", kill_on_drop: false }`
[INFO] [stderr]    Compiling fnp-runtime v0.5.0 (/opt/rustwide/workdir)
[INFO] [stderr]     Finished `release` profile [optimized] target(s) in 1.87s
[INFO] running `Command { std: "docker" "inspect" "2ebc117c25f2fcac6e756b485536ed9358b707d6ca54f01c42353e10b3aaf2e6", kill_on_drop: false }`
[INFO] running `Command { std: "docker" "exec" "-e" "SOURCE_DIR=/opt/rustwide/workdir" "-e" "CARGO_HOME=/opt/rustwide/cargo-home" "-e" "RUSTUP_HOME=/opt/rustwide/rustup-home" "-e" "CARGO_TARGET_DIR=/opt/rustwide/target" "-e" "CARGO_INCREMENTAL=0" "-e" "RUST_BACKTRACE=full" "-e" "RUSTFLAGS=--cap-lints=warn" "-e" "RUSTDOCFLAGS=--cap-lints=warn" "-w" "/opt/rustwide/workdir" "--user" "0:0" "2ebc117c25f2fcac6e756b485536ed9358b707d6ca54f01c42353e10b3aaf2e6" "/opt/rustwide/cargo-home/bin/cargo" "+1.99.0-beta.8" "test" "--frozen" "--release", kill_on_drop: false }`
[INFO] [stderr]     Finished `release` profile [optimized] target(s) in 0.07s
[INFO] [stderr]      Running unittests src/lib.rs (/opt/rustwide/target/release/deps/fnp_runtime-f78fd4839e0b0489)
[INFO] [stdout] 
[INFO] [stdout] running 57 tests
[INFO] [stdout] test tests::decide_compatibility_full_grid ... ok
[INFO] [stdout] test tests::decide_and_record_captures_all_loss_components ... ok
[INFO] [stdout] test tests::compatibility_class_as_str_is_stable ... ok
[INFO] [stdout] test tests::expected_loss_at_one_posterior_favors_fail_closed ... ok
[INFO] [stdout] test tests::decision_context_is_recorded_for_forensics ... ok
[INFO] [stdout] test tests::expected_loss_all_equal_model_is_constant ... ok
[INFO] [stdout] test tests::expected_loss_at_zero_posterior_favors_allow ... ok
[INFO] [stdout] test tests::expected_loss_matches_loss_matrix_intuition ... ok
[INFO] [stdout] test tests::bounded_ledger_keeps_newest_events_in_order_and_counts_evictions ... ok
[INFO] [stdout] test tests::hardened_exact_threshold_triggers_full_validate ... ok
[INFO] [stdout] test tests::expected_loss_with_custom_model ... ok
[INFO] [stdout] test tests::hardened_infinity_risk_full_validates ... ok
[INFO] [stdout] test tests::context_normalization_drops_blank_artifact_refs ... ok
[INFO] [stdout] test tests::evidence_ledger_records_multiple_events_in_order ... ok
[INFO] [stdout] test tests::context_normalization_fills_empty_fields ... ok
[INFO] [stdout] test tests::hardened_mode_full_validates_nan_threshold ... ok
[INFO] [stdout] test tests::hardened_mode_full_validates_out_of_range_probability_inputs ... ok
[INFO] [stdout] test tests::hardened_neg_infinity_risk_full_validates ... ok
[INFO] [stdout] test tests::hardened_neg_infinity_threshold_full_validates ... ok
[INFO] [stdout] test tests::integration_capability_constructor_preserves_fields ... ok
[INFO] [stdout] test tests::known_incompatible_always_fails_closed_hardened ... ok
[INFO] [stdout] test tests::override_audit_ref_format_is_stable ... ok
[INFO] [stdout] test tests::hardened_just_below_threshold_allows ... ok
[INFO] [stdout] test tests::hardened_mode_full_validates_nan_risk ... ok
[INFO] [stdout] test tests::decision_action_as_str_is_stable ... ok
[INFO] [stdout] test tests::override_denied_for_incompatible_even_if_allowlisted ... ok
[INFO] [stdout] test tests::override_denied_for_unknown_class_even_if_allowlisted ... ok
[INFO] [stdout] test tests::override_empty_deviation_class_is_denied ... ok
[INFO] [stdout] test tests::override_normalizes_empty_metadata_fields ... ok
[INFO] [stdout] test tests::override_whitespace_deviation_class_is_denied ... ok
[INFO] [stdout] test tests::override_with_empty_allowlist_always_denies ... ok
[INFO] [stdout] test tests::policy_override_requires_hardened_allowlist_and_known_compatible ... ok
[INFO] [stdout] test tests::posterior_determinism ... ok
[INFO] [stdout] test tests::posterior_is_finite_for_extreme_inputs ... ok
[INFO] [stdout] test tests::posterior_is_finite_for_nan_inputs ... ok
[INFO] [stdout] test tests::posterior_monotonicity_across_risk_values ... ok
[INFO] [stdout] test tests::posterior_prior_dominance_at_equal_risk_threshold ... ok
[INFO] [stdout] test tests::posterior_known_incompatible_is_high ... ok
[INFO] [stdout] test tests::posterior_unknown_class_is_moderate ... ok
[INFO] [stdout] test tests::strict_mode_allows_only_known_compatible ... ok
[INFO] [stdout] test tests::recorded_decision_full_validates_malformed_probability_inputs ... ok
[INFO] [stdout] test tests::runtime_mode_as_str_is_stable ... ok
[INFO] [stdout] test tests::records_evidence ... ok
[INFO] [stdout] test tests::runtime_mode_from_wire_roundtrip ... ok
[INFO] [stdout] test tests::unknown_class_always_fails_closed_hardened ... ok
[INFO] [stdout] test tests::hardened_mode_allows_low_risk_known_compatible ... ok
[INFO] [stdout] test tests::compatibility_class_from_wire_defaults_to_unknown ... ok
[INFO] [stdout] test tests::expected_loss_is_finite_for_extreme_posteriors ... ok
[INFO] [stdout] test tests::hardened_mode_escalates_risky_inputs ... ok
[INFO] [stdout] test tests::context_preserves_non_empty_fields ... ok
[INFO] [stdout] test tests::known_incompatible_always_fails_closed_strict ... ok
[INFO] [stdout] test tests::wire_decoding_fails_closed_for_unknown_inputs ... ok
[INFO] [stdout] test tests::ledger_empty_last_returns_none ... ok
[INFO] [stdout] test tests::posterior_rises_with_risk_score ... ok
[INFO] [stderr]      Running tests/golden_runtime.rs (/opt/rustwide/target/release/deps/golden_runtime-a6a886805131ce1a)
[INFO] [stdout] test tests::unknown_class_always_fails_closed_strict ... ok
[INFO] [stdout] test tests::wire_decoding_trims_metadata_before_parsing ... ok
[INFO] [stdout] test tests::wire_decoding_valid_combinations ... ok
[INFO] [stdout] 
[INFO] [stdout] test result: ok. 57 passed; 0 failed; 0 ignored; 0 measured; 0 filtered out; finished in 0.02s
[INFO] [stdout] 
[INFO] [stdout] 
[INFO] [stdout] running 43 tests
[INFO] [stdout] test golden_compatibility_class_from_wire_fallback ... ok
[INFO] [stdout] test golden_compatibility_class_parse_invalid ... ok
[INFO] [stdout] test golden_decide_from_wire_invalid_mode ... ok
[INFO] [stdout] test golden_compatibility_class_parse_known_incompatible ... ok
[INFO] [stdout] test golden_decide_strict_known_compatible_allows ... ok
[INFO] [stdout] test golden_compatibility_class_parse_known_compatible ... ok
[INFO] [stdout] test golden_decide_hardened_nan_risk_validates ... ok
[INFO] [stdout] test golden_decide_hardened_incompatible_fails ... ok
[INFO] [stdout] test golden_compatibility_class_parse_unknown ... ok
[INFO] [stdout] test golden_decide_strict_known_compatible_high_risk_still_allows ... ok
[INFO] [stdout] test golden_expected_loss_fail_closed_high_posterior ... ok
[INFO] [stdout] test golden_expected_loss_fail_closed_low_posterior ... ok
[INFO] [stdout] test golden_decide_from_wire_valid ... ok
[INFO] [stdout] test golden_decide_strict_unknown_fails ... ok
[INFO] [stdout] test golden_expected_loss_full_validate_moderate ... ok
[INFO] [stdout] test golden_decide_hardened_infinite_risk_validates ... ok
[INFO] [stdout] test golden_loss_model_default_values ... ok
[INFO] [stdout] test golden_decide_from_wire_whitespace_tolerant ... ok
[INFO] [stdout] test golden_decide_strict_known_incompatible_fails ... ok
[INFO] [stdout] test golden_decide_hardened_below_threshold_allows ... ok
[INFO] [stdout] test golden_decide_from_wire_invalid_class_treated_as_unknown ... ok
[INFO] [stdout] test golden_override_normalizes_empty_reason ... ok
[INFO] [stdout] test golden_override_hardened_with_allowlist_approves ... ok
[INFO] [stdout] test golden_override_strict_mode_never_approves ... ok
[INFO] [stdout] test golden_posterior_known_compatible_low_risk ... ok
[INFO] [stdout] test golden_override_incompatible_class_never_approves ... ok
[INFO] [stdout] test golden_override_normalizes_empty_packet ... ok
[INFO] [stdout] test golden_posterior_known_compatible_high_risk ... ok
[INFO] [stdout] test golden_posterior_known_incompatible ... ok
[INFO] [stdout] test golden_decide_hardened_low_risk_allows ... ok
[INFO] [stdout] test golden_decide_hardened_high_risk_validates ... ok
[INFO] [stdout] test golden_decide_hardened_at_threshold_validates ... ok
[INFO] [stdout] test golden_decision_action_as_str ... ok
[INFO] [stdout] test golden_expected_loss_allow_high_posterior ... ok
[INFO] [stdout] test golden_expected_loss_allow_low_posterior ... ok
[INFO] [stdout] test golden_override_audit_ref_format ... ok
[INFO] [stdout] test golden_override_empty_deviation_never_approves ... ok
[INFO] [stdout] test golden_override_hardened_not_in_allowlist ... ok
[INFO] [stdout] test golden_runtime_mode_from_wire_strict ... ok
[INFO] [stdout] test golden_posterior_unknown_class ... ok
[INFO] [stdout] test golden_runtime_mode_as_str ... ok
[INFO] [stdout] test golden_runtime_mode_from_wire_hardened ... ok
[INFO] [stdout] test golden_runtime_mode_from_wire_invalid ... ok
[INFO] [stdout] 
[INFO] [stdout] test result: ok. 43 passed; 0 failed; 0 ignored; 0 measured; 0 filtered out; finished in 0.01s
[INFO] [stdout] 
[INFO] [stderr]      Running tests/runtime_comprehensive.rs (/opt/rustwide/target/release/deps/runtime_comprehensive-4ad45d0a03923422)
[INFO] [stdout] 
[INFO] [stdout] running 32 tests
[INFO] [stdout] test audit_context_default_values ... ok
[INFO] [stdout] test compatibility_class_parse_known_incompatible ... ok
[INFO] [stdout] test compatibility_class_as_str_roundtrip ... ok
[INFO] [stdout] test decision_action_as_str ... ok
[INFO] [stdout] test from_wire_parses_valid_inputs ... ok
[INFO] [stdout] test compatibility_class_from_wire_defaults_to_unknown ... ok
[INFO] [stdout] test from_wire_fails_on_invalid_mode ... ok
[INFO] [stdout] test hardened_mode_allows_low_risk_compatible ... ok
[INFO] [stdout] test compatibility_class_parse_known_compatible ... ok
[INFO] [stdout] test from_wire_trims_whitespace ... ok
[INFO] [stdout] test hardened_mode_fails_incompatible ... ok
[INFO] [stdout] test hardened_mode_validates_at_threshold ... ok
[INFO] [stdout] test override_rejected_when_not_allowlisted ... ok
[INFO] [stdout] test hardened_mode_validates_on_nan_risk ... ok
[INFO] [stdout] test hardened_mode_validates_high_risk_compatible ... ok
[INFO] [stdout] test runtime_mode_from_wire_strict ... ok
[INFO] [stdout] test strict_mode_allows_known_compatible ... ok
[INFO] [stdout] test strict_mode_fails_known_incompatible ... ok
[INFO] [stdout] test strict_mode_fails_unknown ... ok
[INFO] [stdout] test compatibility_class_parse_unknown ... ok
[INFO] [stdout] test runtime_mode_from_wire_hardened ... ok
[INFO] [stdout] test hardened_mode_validates_on_infinite_risk ... ok
[INFO] [stdout] test runtime_mode_as_str_roundtrip ... ok
[INFO] [stdout] test runtime_mode_from_wire_invalid ... ok
[INFO] [stdout] test decide_and_record_adds_event ... ok
[INFO] [stdout] test ledger_records_multiple_events ... ok
[INFO] [stdout] test ledger_starts_empty ... ok
[INFO] [stdout] test loss_model_default_values ... ok
[INFO] [stdout] test override_approved_in_hardened_compatible_allowlisted ... ok
[INFO] [stdout] test override_rejected_in_strict_mode ... ok
[INFO] [stderr]      Running tests/worker_isa_probe.rs (/opt/rustwide/target/release/deps/worker_isa_probe-1528e83637dea7f3)
[INFO] [stdout] test override_normalizes_empty_fields ... ok
[INFO] [stdout] test override_rejected_for_incompatible_class ... ok
[INFO] [stdout] 
[INFO] [stdout] test result: ok. 32 passed; 0 failed; 0 ignored; 0 measured; 0 filtered out; finished in 0.01s
[INFO] [stdout] 
[INFO] [stdout] 
[INFO] [stdout] running 1 test
[INFO] [stdout] test worker_isa_probe ... FAILED
[INFO] [stdout] 
[INFO] [stdout] failures:
[INFO] [stdout] 
[INFO] [stdout] ---- worker_isa_probe stdout ----
[INFO] [stdout] ISA_PROBE compiled_target_features: sse2=true sse4.2=false avx=false avx2=false fma=false avx512f=false
[INFO] [stdout] ISA_PROBE runtime_cpu_features: sse2=true sse4.2=true avx=true avx2=true fma=true avx512f=false
[INFO] [stdout] 
[INFO] [stdout] thread 'worker_isa_probe' (369) panicked at tests/worker_isa_probe.rs:52:5:
[INFO] [stdout] ISA_PROBE: this binary was built WITHOUT +avx2 - project rustflags were not applied
[INFO] [stdout] stack backtrace:
[INFO] [stdout]    0:     0x611d37ad5e61 - <<std[70759c8f55707aa4]::sys::backtrace::BacktraceLock>::print::DisplayBacktrace as core[df12db4294e9bfd3]::fmt::Display>::fmt
[INFO] [stdout]    1:     0x611d37aea73a - core[df12db4294e9bfd3]::fmt::write
[INFO] [stdout]    2:     0x611d37ada2fc - <alloc[2182bb758b4b3781]::vec::Vec<u8> as core[df12db4294e9bfd3]::io::write::Write>::write_fmt
[INFO] [stdout]    3:     0x611d37ab2456 - std[70759c8f55707aa4]::panicking::default_hook::{closure#0}
[INFO] [stdout]    4:     0x611d37ace5c9 - std[70759c8f55707aa4]::panicking::default_hook
[INFO] [stdout]    5:     0x611d37a6aa50 - test[9d35eded1c95d3be]::test_main_inner::<test[9d35eded1c95d3be]::test_main_static::{closure#0}>::{closure#0}
[INFO] [stdout]    6:     0x611d37ace782 - std[70759c8f55707aa4]::panicking::panic_with_hook
[INFO] [stdout]    7:     0x611d37ab2534 - std[70759c8f55707aa4]::panicking::panic_handler::{closure#0}
[INFO] [stdout]    8:     0x611d37aab289 - std[70759c8f55707aa4]::sys::backtrace::__rust_end_short_backtrace::<std[70759c8f55707aa4]::panicking::panic_handler::{closure#0}, !>
[INFO] [stdout]    9:     0x611d37ab30fd - __rustc[8fa7c3cbc660c2b3]::rust_begin_unwind
[INFO] [stdout]   10:     0x611d37aeae6c - core[df12db4294e9bfd3]::panicking::panic_fmt
[INFO] [stdout]   11:     0x611d37a5d957 - <worker_isa_probe[f3a84ea8cff515bf]::worker_isa_probe::{closure#0} as core[df12db4294e9bfd3]::ops::function::FnOnce<()>>::call_once
[INFO] [stdout]   12:     0x611d37a5dd3b - test[9d35eded1c95d3be]::__rust_begin_short_backtrace::<core[df12db4294e9bfd3]::result::Result<(), alloc[2182bb758b4b3781]::string::String>, fn() -> core[df12db4294e9bfd3]::result::Result<(), alloc[2182bb758b4b3781]::string::String>>
[INFO] [stdout]   13:     0x611d37a6b3a5 - test[9d35eded1c95d3be]::run_test::{closure#0}
[INFO] [stdout]   14:     0x611d37a64c64 - std[70759c8f55707aa4]::sys::backtrace::__rust_begin_short_backtrace::<test[9d35eded1c95d3be]::run_test::{closure#1}, ()>
[INFO] [stdout]   15:     0x611d37a6e502 - <std[70759c8f55707aa4]::thread::lifecycle::spawn_unchecked<test[9d35eded1c95d3be]::run_test::{closure#1}, ()>::{closure#1} as core[df12db4294e9bfd3]::ops::function::FnOnce<()>>::call_once::{shim:vtable#0}
[INFO] [stdout]   16:     0x611d37ad5739 - <std[70759c8f55707aa4]::sys::thread::unix::Thread>::new::thread_start
[INFO] [stdout]   17:     0x7761b3bf5dfa - <unknown>
[INFO] [stdout]   18:     0x7761b3c893d4 - clone
[INFO] [stdout]   19:                0x0 - <unknown>
[INFO] [stdout] 
[INFO] [stdout] 
[INFO] [stdout] failures:
[INFO] [stdout]     worker_isa_probe
[INFO] [stdout] 
[INFO] [stdout] test result: FAILED. 0 passed; 1 failed; 0 ignored; 0 measured; 0 filtered out; finished in 0.00s
[INFO] [stdout] 
[INFO] [stderr] error: test failed, to rerun pass `--test worker_isa_probe`
[INFO] running `Command { std: "docker" "inspect" "2ebc117c25f2fcac6e756b485536ed9358b707d6ca54f01c42353e10b3aaf2e6", kill_on_drop: false }`
[INFO] running `Command { std: "docker" "rm" "-f" "2ebc117c25f2fcac6e756b485536ed9358b707d6ca54f01c42353e10b3aaf2e6", kill_on_drop: false }`
[INFO] [stdout] 2ebc117c25f2fcac6e756b485536ed9358b707d6ca54f01c42353e10b3aaf2e6
