[INFO] fetching crate fn0rd 0.1.2...
[INFO] testing fn0rd-0.1.2 against 1.100.0-beta.1+cargoflags=--release for beta-release-1.100-2
[INFO] extracting crate fn0rd 0.1.2 into /workspace/builds/worker-4-tc2/source
[INFO] removed /workspace/builds/worker-4-tc2/source/rust-toolchain.toml
[INFO] started tweaking crates.io crate fn0rd 0.1.2
[INFO] removed 0 missing tests
[INFO] finished tweaking crates.io crate fn0rd 0.1.2
[INFO] tweaked toml for crates.io crate fn0rd 0.1.2 written to /workspace/builds/worker-4-tc2/source/Cargo.toml
[INFO] validating manifest of crates.io crate fn0rd 0.1.2 on toolchain 1.100.0-beta.1
[INFO] running `Command { std: CARGO_HOME="/workspace/cargo-home" RUSTUP_HOME="/workspace/rustup-home" "/workspace/cargo-home/bin/cargo" "+1.100.0-beta.1" "metadata" "--manifest-path" "Cargo.toml" "--no-deps", kill_on_drop: false }`
[INFO] crate crates.io crate fn0rd 0.1.2 already has a lockfile, it will not be regenerated
[INFO] running `Command { std: CARGO_HOME="/workspace/cargo-home" RUSTUP_HOME="/workspace/rustup-home" "/workspace/cargo-home/bin/cargo" "+1.100.0-beta.1" "fetch" "--manifest-path" "Cargo.toml", kill_on_drop: false }`
[INFO] [stderr] warning: `package.homepage` is redundant with `package.repository`
[INFO] [stderr]    --> Cargo.toml:107:12
[INFO] [stderr]     |
[INFO] [stderr] 107 | homepage = "https://github.com/maravexa/fnord"
[INFO] [stderr]     |            ^^^^^^^^^^^^^^^^^^^^^^^^^^^^^^^^^^^
[INFO] [stderr] ...
[INFO] [stderr] 112 | repository = "https://github.com/maravexa/fnord"
[INFO] [stderr]     |              -----------------------------------
[INFO] [stderr]     |
[INFO] [stderr]     = note: `cargo::redundant_homepage` is set to `warn` by default
[INFO] [stderr] help: consider removing `package.homepage`
[INFO] [stderr] warning: `fn0rd` (manifest) generated 1 warning
[INFO] running `Command { std: "docker" "create" "-v" "/var/lib/crater-agent-workspace/builds/worker-4-tc2/source:/opt/rustwide/workdir:ro,Z" "-v" "/var/lib/crater-agent-workspace/builds/worker-4-tc2/target:/opt/rustwide/target:rw,Z" "-v" "/var/lib/crater-agent-workspace/cargo-home:/opt/rustwide/cargo-home:ro,Z" "-v" "/var/lib/crater-agent-workspace/rustup-home:/opt/rustwide/rustup-home:ro,Z" "-m" "1610612736" "--network" "none" "ghcr.io/rust-lang/crates-build-env/linux@sha256:77db811e55d90add9212f6832c23229e3de5f1c1f9905e8cb07319ea15df73ac" "sleep" "infinity", kill_on_drop: false }`
[INFO] [stdout] 06a0e89eda51e488c7750b1e64ca2e5170d444951a3d648d699c471e7240dc03
[INFO] running `Command { std: "docker" "start" "06a0e89eda51e488c7750b1e64ca2e5170d444951a3d648d699c471e7240dc03", kill_on_drop: false }`
[INFO] running `Command { std: "docker" "inspect" "06a0e89eda51e488c7750b1e64ca2e5170d444951a3d648d699c471e7240dc03", kill_on_drop: false }`
[INFO] running `Command { std: "docker" "exec" "-e" "SOURCE_DIR=/opt/rustwide/workdir" "-e" "CARGO_HOME=/opt/rustwide/cargo-home" "-e" "RUSTUP_HOME=/opt/rustwide/rustup-home" "-e" "CARGO_TARGET_DIR=/opt/rustwide/target" "-w" "/opt/rustwide/workdir" "--user" "0:0" "06a0e89eda51e488c7750b1e64ca2e5170d444951a3d648d699c471e7240dc03" "/opt/rustwide/cargo-home/bin/cargo" "+1.100.0-beta.1" "metadata" "--no-deps" "--format-version=1", kill_on_drop: false }`
[INFO] running `Command { std: "docker" "inspect" "06a0e89eda51e488c7750b1e64ca2e5170d444951a3d648d699c471e7240dc03", kill_on_drop: false }`
[INFO] running `Command { std: "docker" "exec" "-e" "SOURCE_DIR=/opt/rustwide/workdir" "-e" "CARGO_HOME=/opt/rustwide/cargo-home" "-e" "RUSTUP_HOME=/opt/rustwide/rustup-home" "-e" "CARGO_TARGET_DIR=/opt/rustwide/target" "-e" "CARGO_INCREMENTAL=0" "-e" "RUST_BACKTRACE=full" "-e" "RUSTFLAGS=--cap-lints=warn" "-e" "RUSTDOCFLAGS=--cap-lints=warn" "-w" "/opt/rustwide/workdir" "--user" "0:0" "06a0e89eda51e488c7750b1e64ca2e5170d444951a3d648d699c471e7240dc03" "/opt/rustwide/cargo-home/bin/cargo" "+1.100.0-beta.1" "build" "--frozen" "--message-format=json" "--release", kill_on_drop: false }`
[INFO] [stderr] warning: `package.homepage` is redundant with `package.repository`
[INFO] [stderr]    --> Cargo.toml:107:12
[INFO] [stderr]     |
[INFO] [stderr] 107 | homepage = "https://github.com/maravexa/fnord"
[INFO] [stderr]     |            ^^^^^^^^^^^^^^^^^^^^^^^^^^^^^^^^^^^
[INFO] [stderr] ...
[INFO] [stderr] 112 | repository = "https://github.com/maravexa/fnord"
[INFO] [stderr]     |              -----------------------------------
[INFO] [stderr]     |
[INFO] [stderr]     = note: `cargo::redundant_homepage` is set to `warn` by default
[INFO] [stderr] help: consider removing `package.homepage`
[INFO] [stderr] warning: `fn0rd` (manifest) generated 1 warning
[INFO] [stderr]    Compiling libc v0.2.186
[INFO] [stderr]    Compiling hashbrown v0.17.0
[INFO] [stderr]    Compiling aws-lc-rs v1.16.3
[INFO] [stderr]    Compiling utf8parse v0.2.2
[INFO] [stderr]    Compiling rustls-pki-types v1.14.0
[INFO] [stderr]    Compiling is_terminal_polyfill v1.70.2
[INFO] [stderr]    Compiling anstyle v1.0.14
[INFO] [stderr]    Compiling colorchoice v1.0.5
[INFO] [stderr]    Compiling anstyle-query v1.1.5
[INFO] [stderr]    Compiling rustls v0.23.39
[INFO] [stderr]    Compiling clap_lex v1.1.0
[INFO] [stderr]    Compiling futures-io v0.3.32
[INFO] [stderr]    Compiling proc-macro2-diagnostics v0.10.1
[INFO] [stderr]    Compiling yansi v1.0.1
[INFO] [stderr]    Compiling serde_spanned v0.6.9
[INFO] [stderr]    Compiling toml_datetime v0.6.11
[INFO] [stderr]    Compiling anstyle-parse v1.0.0
[INFO] [stderr]    Compiling uncased v0.9.10
[INFO] [stderr]    Compiling winnow v0.7.15
[INFO] [stderr]    Compiling roff v1.1.1
[INFO] [stderr]    Compiling toml_write v0.1.2
[INFO] [stderr]    Compiling form_urlencoded v1.2.2
[INFO] [stderr]    Compiling figment v0.10.19
[INFO] [stderr]    Compiling anyhow v1.0.102
[INFO] [stderr]    Compiling anstream v1.0.0
[INFO] [stderr]    Compiling bitflags v2.11.1
[INFO] [stderr]    Compiling inlinable_string v0.1.15
[INFO] [stderr]    Compiling futures-util v0.3.32
[INFO] [stderr]    Compiling owo-colors v4.3.0
[INFO] [stderr]    Compiling winnow v1.0.2
[INFO] [stderr]    Compiling url v2.5.8
[INFO] [stderr]    Compiling clap_derive v4.6.1
[INFO] [stderr]    Compiling clap_builder v4.6.0
[INFO] [stderr]    Compiling rustls-native-certs v0.8.3
[INFO] [stderr]    Compiling serde_json v1.0.149
[INFO] [stderr]    Compiling toml_parser v1.1.2+spec-1.1.0
[INFO] [stderr]    Compiling pear_codegen v0.2.9
[INFO] [stderr]    Compiling toml_writer v1.1.1+spec-1.1.0
[INFO] [stderr]    Compiling chrono v0.4.44
[INFO] [stderr]    Compiling indexmap v2.14.0
[INFO] [stderr]    Compiling pear v0.2.9
[INFO] [stderr]    Compiling toml v1.1.2+spec-1.1.0
[INFO] [stderr]    Compiling jobserver v0.1.34
[INFO] [stderr]    Compiling unicode-width v0.2.2
[INFO] [stderr]    Compiling cc v1.2.60
[INFO] [stderr]    Compiling mio v1.2.0
[INFO] [stderr]    Compiling socket2 v0.6.3
[INFO] [stderr]    Compiling toml_edit v0.22.27
[INFO] [stderr]    Compiling dirs-sys v0.4.1
[INFO] [stderr]    Compiling sysinfo v0.38.4
[INFO] [stderr]    Compiling similar v2.7.0
[INFO] [stderr]    Compiling dirs v5.0.1
[INFO] [stderr]    Compiling tokio v1.52.1
[INFO] [stderr]    Compiling cmake v0.1.58
[INFO] [stderr]    Compiling clap v4.6.1
[INFO] [stderr]    Compiling clap_complete v4.6.2
[INFO] [stderr]    Compiling clap_mangen v0.2.33
[INFO] [stderr]    Compiling aws-lc-sys v0.40.0
[INFO] [stderr]    Compiling fn0rd v0.1.2 (/opt/rustwide/workdir)
[INFO] [stderr]    Compiling toml v0.8.23
[INFO] [stderr]    Compiling tokio-util v0.7.18
[INFO] [stderr]    Compiling tower v0.5.3
[INFO] [stderr]    Compiling tower-http v0.6.8
[INFO] [stderr]    Compiling h2 v0.4.13
[INFO] [stderr]    Compiling hyper v1.9.0
[INFO] [stderr]    Compiling hyper-util v0.1.20
[INFO] [stderr]    Compiling rustls-webpki v0.103.13
[INFO] [stderr]    Compiling tokio-rustls v0.26.4
[INFO] [stderr]    Compiling rustls-platform-verifier v0.6.2
[INFO] [stderr]    Compiling hyper-rustls v0.27.9
[INFO] [stderr]    Compiling reqwest v0.13.2
[INFO] [stderr] warning: unused dependency `anyhow`
[INFO] [stderr]   --> Cargo.toml:20:15
[INFO] [stderr]    |
[INFO] [stderr] 20 | [dependencies.anyhow]
[INFO] [stderr]    |               ^^^^^^^
[INFO] [stderr]    |
[INFO] [stderr]    = note: `cargo::unused_dependencies` is set to `warn` by default
[INFO] [stderr] help: consider removing the dependency on `anyhow`
[INFO] [stderr] warning: unused dependency `unicode-width`
[INFO] [stderr]   --> Cargo.toml:71:15
[INFO] [stderr]    |
[INFO] [stderr] 71 | [dependencies.unicode-width]
[INFO] [stderr]    |               ^^^^^^^^^^^^^^
[INFO] [stderr]    |
[INFO] [stderr] help: consider removing the dependency on `unicode-width`
[INFO] [stderr] warning: unused dependency `clap_complete`
[INFO] [stderr]   --> Cargo.toml:14:21
[INFO] [stderr]    |
[INFO] [stderr] 14 | [build-dependencies.clap_complete]
[INFO] [stderr]    |                     ^^^^^^^^^^^^^^
[INFO] [stderr]    |
[INFO] [stderr] help: consider removing the dependency on `clap_complete`
[INFO] [stderr] warning: unused dependency `clap_mangen`
[INFO] [stderr]   --> Cargo.toml:17:21
[INFO] [stderr]    |
[INFO] [stderr] 17 | [build-dependencies.clap_mangen]
[INFO] [stderr]    |                     ^^^^^^^^^^^^
[INFO] [stderr]    |
[INFO] [stderr] help: consider removing the dependency on `clap_mangen`
[INFO] [stderr] warning: `fn0rd` (manifest) generated 4 warnings
[INFO] [stderr]     Finished `release` profile [optimized] target(s) in 2m 55s
[INFO] running `Command { std: "docker" "inspect" "06a0e89eda51e488c7750b1e64ca2e5170d444951a3d648d699c471e7240dc03", kill_on_drop: false }`
[INFO] running `Command { std: "docker" "exec" "-e" "SOURCE_DIR=/opt/rustwide/workdir" "-e" "CARGO_HOME=/opt/rustwide/cargo-home" "-e" "RUSTUP_HOME=/opt/rustwide/rustup-home" "-e" "CARGO_TARGET_DIR=/opt/rustwide/target" "-e" "CARGO_INCREMENTAL=0" "-e" "RUST_BACKTRACE=full" "-e" "RUSTFLAGS=--cap-lints=warn" "-e" "RUSTDOCFLAGS=--cap-lints=warn" "-w" "/opt/rustwide/workdir" "--user" "0:0" "06a0e89eda51e488c7750b1e64ca2e5170d444951a3d648d699c471e7240dc03" "/opt/rustwide/cargo-home/bin/cargo" "+1.100.0-beta.1" "test" "--frozen" "--no-run" "--message-format=json" "--release", kill_on_drop: false }`
[INFO] [stderr] warning: `package.homepage` is redundant with `package.repository`
[INFO] [stderr]    --> Cargo.toml:107:12
[INFO] [stderr]     |
[INFO] [stderr] 107 | homepage = "https://github.com/maravexa/fnord"
[INFO] [stderr]     |            ^^^^^^^^^^^^^^^^^^^^^^^^^^^^^^^^^^^
[INFO] [stderr] ...
[INFO] [stderr] 112 | repository = "https://github.com/maravexa/fnord"
[INFO] [stderr]     |              -----------------------------------
[INFO] [stderr]     |
[INFO] [stderr]     = note: `cargo::redundant_homepage` is set to `warn` by default
[INFO] [stderr] help: consider removing `package.homepage`
[INFO] [stderr] warning: `fn0rd` (manifest) generated 1 warning
[INFO] [stderr]    Compiling bitflags v2.11.1
[INFO] [stderr]    Compiling aho-corasick v1.1.4
[INFO] [stderr]    Compiling rustix v1.1.4
[INFO] [stderr]    Compiling assert_cmd v2.2.1
[INFO] [stderr]    Compiling getrandom v0.4.2
[INFO] [stderr]    Compiling wait-timeout v0.2.1
[INFO] [stderr]    Compiling fastrand v2.4.1
[INFO] [stderr]    Compiling tower-http v0.6.8
[INFO] [stderr]    Compiling reqwest v0.13.2
[INFO] [stderr]    Compiling regex-automata v0.4.14
[INFO] [stderr]    Compiling tempfile v3.27.0
[INFO] [stderr]    Compiling fn0rd v0.1.2 (/opt/rustwide/workdir)
[INFO] [stderr]    Compiling regex v1.12.3
[INFO] [stderr]    Compiling bstr v1.12.1
[INFO] [stderr]    Compiling predicates v3.1.4
[INFO] [stderr] warning: unused dependency `anyhow`
[INFO] [stderr]   --> Cargo.toml:20:15
[INFO] [stderr]    |
[INFO] [stderr] 20 | [dependencies.anyhow]
[INFO] [stderr]    |               ^^^^^^^
[INFO] [stderr]    |
[INFO] [stderr]    = note: `cargo::unused_dependencies` is set to `warn` by default
[INFO] [stderr] help: consider removing the dependency on `anyhow`
[INFO] [stderr] warning: unused dependency `unicode-width`
[INFO] [stderr]   --> Cargo.toml:71:15
[INFO] [stderr]    |
[INFO] [stderr] 71 | [dependencies.unicode-width]
[INFO] [stderr]    |               ^^^^^^^^^^^^^^
[INFO] [stderr]    |
[INFO] [stderr] help: consider removing the dependency on `unicode-width`
[INFO] [stderr] warning: unused dependency `clap_complete`
[INFO] [stderr]   --> Cargo.toml:14:21
[INFO] [stderr]    |
[INFO] [stderr] 14 | [build-dependencies.clap_complete]
[INFO] [stderr]    |                     ^^^^^^^^^^^^^^
[INFO] [stderr]    |
[INFO] [stderr] help: consider removing the dependency on `clap_complete`
[INFO] [stderr] warning: unused dependency `clap_mangen`
[INFO] [stderr]   --> Cargo.toml:17:21
[INFO] [stderr]    |
[INFO] [stderr] 17 | [build-dependencies.clap_mangen]
[INFO] [stderr]    |                     ^^^^^^^^^^^^
[INFO] [stderr]    |
[INFO] [stderr] help: consider removing the dependency on `clap_mangen`
[INFO] [stderr] warning: `fn0rd` (manifest) generated 4 warnings
[INFO] [stderr]     Finished `release` profile [optimized] target(s) in 1m 18s
[INFO] running `Command { std: "docker" "inspect" "06a0e89eda51e488c7750b1e64ca2e5170d444951a3d648d699c471e7240dc03", kill_on_drop: false }`
[INFO] running `Command { std: "docker" "exec" "-e" "SOURCE_DIR=/opt/rustwide/workdir" "-e" "CARGO_HOME=/opt/rustwide/cargo-home" "-e" "RUSTUP_HOME=/opt/rustwide/rustup-home" "-e" "CARGO_TARGET_DIR=/opt/rustwide/target" "-e" "CARGO_INCREMENTAL=0" "-e" "RUST_BACKTRACE=full" "-e" "RUSTFLAGS=--cap-lints=warn" "-e" "RUSTDOCFLAGS=--cap-lints=warn" "-w" "/opt/rustwide/workdir" "--user" "0:0" "06a0e89eda51e488c7750b1e64ca2e5170d444951a3d648d699c471e7240dc03" "/opt/rustwide/cargo-home/bin/cargo" "+1.100.0-beta.1" "test" "--frozen" "--release", kill_on_drop: false }`
[INFO] [stderr] warning: `package.homepage` is redundant with `package.repository`
[INFO] [stderr]    --> Cargo.toml:107:12
[INFO] [stderr]     |
[INFO] [stderr] 107 | homepage = "https://github.com/maravexa/fnord"
[INFO] [stderr]     |            ^^^^^^^^^^^^^^^^^^^^^^^^^^^^^^^^^^^
[INFO] [stderr] ...
[INFO] [stderr] 112 | repository = "https://github.com/maravexa/fnord"
[INFO] [stderr]     |              -----------------------------------
[INFO] [stderr]     |
[INFO] [stderr]     = note: `cargo::redundant_homepage` is set to `warn` by default
[INFO] [stderr] help: consider removing `package.homepage`
[INFO] [stderr] warning: `fn0rd` (manifest) generated 1 warning
[INFO] [stderr] warning: unused dependency `anyhow`
[INFO] [stderr]   --> Cargo.toml:20:15
[INFO] [stderr]    |
[INFO] [stderr] 20 | [dependencies.anyhow]
[INFO] [stderr]    |               ^^^^^^^
[INFO] [stderr]    |
[INFO] [stderr]    = note: `cargo::unused_dependencies` is set to `warn` by default
[INFO] [stderr] help: consider removing the dependency on `anyhow`
[INFO] [stderr] warning: unused dependency `unicode-width`
[INFO] [stderr]   --> Cargo.toml:71:15
[INFO] [stderr]    |
[INFO] [stderr] 71 | [dependencies.unicode-width]
[INFO] [stderr]    |               ^^^^^^^^^^^^^^
[INFO] [stderr]    |
[INFO] [stderr] help: consider removing the dependency on `unicode-width`
[INFO] [stderr] warning: unused dependency `clap_complete`
[INFO] [stderr]   --> Cargo.toml:14:21
[INFO] [stderr]    |
[INFO] [stderr] 14 | [build-dependencies.clap_complete]
[INFO] [stderr]    |                     ^^^^^^^^^^^^^^
[INFO] [stderr]    |
[INFO] [stderr] help: consider removing the dependency on `clap_complete`
[INFO] [stderr] warning: unused dependency `clap_mangen`
[INFO] [stderr]   --> Cargo.toml:17:21
[INFO] [stderr]    |
[INFO] [stderr] 17 | [build-dependencies.clap_mangen]
[INFO] [stderr]    |                     ^^^^^^^^^^^^
[INFO] [stderr]    |
[INFO] [stderr] help: consider removing the dependency on `clap_mangen`
[INFO] [stderr] warning: `fn0rd` (manifest) generated 4 warnings
[INFO] [stderr]     Finished `release` profile [optimized] target(s) in 0.29s
[INFO] [stderr]      Running unittests src/lib.rs (/opt/rustwide/target/release/build/fn0rd/7ae90a7a7ccdded1/out/fn0rd_lib-7ae90a7a7ccdded1)
[INFO] [stdout] 
[INFO] [stdout] running 183 tests
[INFO] [stdout] test date::convert::tests::test_chaos50_chaoflux ... ok
[INFO] [stdout] test date::convert::tests::test_discord1_boundary ... ok
[INFO] [stdout] test date::convert::tests::test_dec31_aftermath73 ... ok
[INFO] [stdout] test date::convert::tests::test_feb28_nonleap_chaos59 ... ok
[INFO] [stdout] test date::convert::tests::test_mar1_leap_chaos60 ... ok
[INFO] [stdout] test date::convert::tests::test_jan1_chaos1 ... ok
[INFO] [stdout] test date::convert::tests::test_mar1_nonleap_chaos60 ... ok
[INFO] [stdout] test date::convert::tests::test_parse_date_arg_iso ... ok
[INFO] [stdout] test date::convert::tests::test_parse_date_arg_invalid ... ok
[INFO] [stdout] test date::convert::tests::test_jan5_chaos5_mungday ... ok
[INFO] [stdout] test date::types::tests::test_weekday_cycling ... ok
[INFO] [stdout] test date::types::tests::test_discordian_date_display ... ok
[INFO] [stdout] test moon::ascii::tests::ascii_art_for_phase_all_distinct ... ok
[INFO] [stdout] test moon::ascii::tests::ascii_art_for_phase_has_seven_lines ... ok
[INFO] [stdout] test date::convert::tests::test_feb29_leap_st_tibs ... ok
[INFO] [stdout] test holydays::registry::tests::test_one_time_does_not_shadow_other_years ... ok
[INFO] [stdout] test moon::ascii::tests::ascii_moon_default_dimensions ... ok
[INFO] [stdout] test moon::ascii::tests::ascii_moon_no_panic_edge_cases ... ok
[INFO] [stdout] test holydays::registry::tests::test_no_holyday_on_plain_day ... ok
[INFO] [stdout] test moon::ascii::tests::ascii_new_moon_mostly_shadow ... ok
[INFO] [stdout] test holydays::registry::tests::test_cabal_overrides_default ... ok
[INFO] [stdout] test moon::ascii::tests::moon_status_line_contains_name_and_percent ... ok
[INFO] [stdout] test holydays::registry::tests::test_builtin_lookup_mungday ... ok
[INFO] [stdout] test moon::calc::tests::illumination_zero_at_new_and_one_at_full ... ok
[INFO] [stdout] test moon::calc::tests::luna_known_full_moon ... ok
[INFO] [stdout] test moon::calc::tests::days_to_full_at_new_is_half_period ... ok
[INFO] [stdout] test moon::ascii::tests::ascii_moon_unicode_produces_output ... ok
[INFO] [stdout] test moon::calc::tests::random_body_is_stable_for_a_date ... ok
[INFO] [stdout] test holydays::registry::tests::test_personal_overrides_cabal ... ok
[INFO] [stdout] test moon::calc::tests::days_to_new_at_full_is_half_period ... ok
[INFO] [stdout] test moon::calc::tests::luna_reference_is_new_moon ... ok
[INFO] [stdout] test moon::calc::tests::phobos_cycles_in_its_period ... ok
[INFO] [stdout] test date::convert::tests::test_jul4_bureaucracy2 ... ok
[INFO] [stdout] test holydays::registry::tests::test_personal_overrides_default ... ok
[INFO] [stdout] test holydays::registry::tests::test_st_tibs_lookup ... ok
[INFO] [stdout] test moon::info::tests::lunar_info_illumination_in_range ... ok
[INFO] [stdout] test moon::info::tests::lunar_info_upcoming_all_future ... ok
[INFO] [stdout] test moon::phase::tests::illumination_percent_range ... ok
[INFO] [stdout] test moon::ascii::tests::ascii_full_moon_mostly_lit ... ok
[INFO] [stdout] test date::convert::tests::test_aftermath1_boundary ... ok
[INFO] [stdout] test moon::phase::tests::phase_name_simple_boundaries ... ok
[INFO] [stdout] test moon::phase::tests::phase_name_wraps ... ok
[INFO] [stdout] test moon::info::tests::lunar_info_fraction_matches_phase_angle ... ok
[INFO] [stdout] test moon::upcoming::tests::upcoming_phases_all_in_future ... ok
[INFO] [stdout] test moon::phase::tests::phase_name_standard_boundaries ... ok
[INFO] [stdout] test moon::phase::tests::phase_age_fraction_in_range ... ok
[INFO] [stdout] test holydays::registry::tests::test_one_time_holyday_matches_year ... ok
[INFO] [stdout] test moon::upcoming::tests::upcoming_phases_within_one_synodic_month ... ok
[INFO] [stdout] test subcommands::cabbage::tests::test_byte_count ... ok
[INFO] [stdout] test subcommands::cabbage::tests::test_fnord_density_all_identical ... ok
[INFO] [stdout] test subcommands::cabbage::tests::test_fnord_density_all_unique ... ok
[INFO] [stdout] test subcommands::cabbage::tests::test_line_count ... ok
[INFO] [stdout] test moon::phase::tests::phase_age_new_moon_epoch ... ok
[INFO] [stdout] test subcommands::chaos::tests::test_different_seeds_differ ... ok
[INFO] [stdout] test moon::phase::tests::phase_age_full_moon ... ok
[INFO] [stdout] test subcommands::chaos::tests::test_line_shuffle_preserves_content ... ok
[INFO] [stdout] test subcommands::erisian::tests::test_completely_different_files ... ok
[INFO] [stdout] test subcommands::cabbage::tests::test_word_count ... ok
[INFO] [stdout] test subcommands::chaos::tests::test_char_shuffle_preserves_newlines ... ok
[INFO] [stdout] test subcommands::fortune::tests::compute_weight_holyday_and_season_stack ... ok
[INFO] [stdout] test subcommands::cabbage::tests::test_line_count_no_trailing_newline ... ok
[INFO] [stdout] test subcommands::cabbage::tests::test_assessment_thresholds ... ok
[INFO] [stdout] test subcommands::erisian::tests::test_identical_files_have_no_disputes ... ok
[INFO] [stdout] test subcommands::fortune::tests::parse_fortune_file_splits_on_percent ... ok
[INFO] [stdout] test subcommands::fortune::tests::builtin_disabled_excludes_builtin ... ok
[INFO] [stdout] test subcommands::erisian::tests::test_changed_line_count_is_order_plus_chaos ... ok
[INFO] [stdout] test subcommands::cabbage::tests::test_lof_index_counts_fives_and_fs ... ok
[INFO] [stdout] test subcommands::fortune::tests::builtin_corpus_loads ... ok
[INFO] [stdout] test subcommands::fortune::tests::parse_fortune_file_parses_tags ... ok
[INFO] [stdout] test subcommands::chaos::tests::test_same_seed_same_shuffle ... ok
[INFO] [stdout] test subcommands::chaos::tests::test_word_shuffle_preserves_words_per_line ... ok
[INFO] [stdout] test subcommands::hotdog::tests::test_filename_contains_fnord_is_hotdog ... ok
[INFO] [stdout] test subcommands::hotdog::tests::test_filename_contains_config_is_not_hotdog ... ok
[INFO] [stdout] test subcommands::hotdog::tests::test_toml_not_hotdog ... ok
[INFO] [stdout] test subcommands::koan::tests::parts_are_non_empty ... ok
[INFO] [stdout] test subcommands::koan::tests::same_seed_produces_same_koan ... ok
[INFO] [stdout] test subcommands::koan::tests::truncate_chars_limits_length ... ok
[INFO] [stdout] test subcommands::hotdog::tests::test_no_extension_is_hotdog ... ok
[INFO] [stdout] test subcommands::law::tests::test_invert ... ok
[INFO] [stdout] test subcommands::erisian::tests::test_partial_change ... ok
[INFO] [stdout] test subcommands::koan::tests::piped_input_appends_reflection ... ok
[INFO] [stdout] test subcommands::law::tests::test_law_of_fives_zero ... ok
[INFO] [stdout] test subcommands::koan::tests::different_seeds_can_produce_different_koans ... ok
[INFO] [stdout] test subcommands::law::tests::test_law_of_fives_five ... ok
[INFO] [stdout] test subcommands::fortune::tests::weighted_selection_favors_tagged_fortunes ... ok
[INFO] [stdout] test subcommands::law::tests::test_whole_word ... ok
[INFO] [stdout] test subcommands::law::tests::test_basic_match ... ok
[INFO] [stdout] test subcommands::law::tests::test_ignore_case ... ok
[INFO] [stdout] test subcommands::log::tests::org_entry_uses_star_headers ... ok
[INFO] [stdout] test subcommands::log::tests::plaintext_entry_has_header_and_separator ... ok
[INFO] [stdout] test subcommands::moon::tests::short_discordian_terse_formats_seasonday ... ok
[INFO] [stdout] test subcommands::log::tests::plaintext_list_parses_last_n_entries ... ok
[INFO] [stdout] test subcommands::moon::tests::short_discordian_terse_handles_st_tibs ... ok
[INFO] [stdout] test subcommands::law::tests::test_law_of_fives_distance ... ok
[INFO] [stdout] test subcommands::law::tests::test_law_of_fives_divisible ... ok
[INFO] [stdout] test subcommands::omens::fetch::tests::encode_location_handles_spaces ... ok
[INFO] [stdout] test subcommands::omens::fetch::tests::invalid_location_errors ... ok
[INFO] [stdout] test subcommands::omens::interpretations::tests::all_condition_omens_non_empty ... ok
[INFO] [stdout] test subcommands::omens::fetch::tests::parse_j1_extracts_fields ... ok
[INFO] [stdout] test subcommands::log::tests::ensure_file_creates_grimoire_with_header ... ok
[INFO] [stdout] test subcommands::log::tests::expand_tilde_passthrough_absolute ... ok
[INFO] [stdout] test subcommands::log::tests::expand_tilde_resolves_home ... ok
[INFO] [stdout] test subcommands::omens::fetch::tests::parse_j1_missing_fields_is_error ... ok
[INFO] [stdout] test subcommands::log::tests::markdown_entry_uses_h2_headers ... ok
[INFO] [stdout] test subcommands::omens::interpretations::tests::all_conditions_map_to_non_empty_omen ... ok
[INFO] [stdout] test subcommands::log::tests::markdown_list_parses_entries ... ok
[INFO] [stdout] test subcommands::log::tests::org_list_parses_entries ... ok
[INFO] [stdout] test subcommands::omens::interpretations::tests::all_wind_directions_map_to_directive ... ok
[INFO] [stdout] test subcommands::omens::interpretations::tests::all_wind_directives_non_empty ... ok
[INFO] [stdout] test subcommands::omens::interpretations::tests::interpret_is_case_insensitive ... ok
[INFO] [stdout] test subcommands::omens::interpretations::tests::interpret_unknown_returns_fallback ... ok
[INFO] [stdout] test subcommands::omens::interpretations::tests::normalise_wind_handles_16_point ... ok
[INFO] [stdout] test subcommands::omens::tests::all_weather_conditions_have_omen ... ok
[INFO] [stdout] test subcommands::omens::tests::discordian_conversion_32f_is_23_fn ... ok
[INFO] [stdout] test subcommands::omens::tests::fetch_with_empty_location_errors ... ok
[INFO] [stdout] test subcommands::omens::tests::generative_is_deterministic ... ok
[INFO] [stdout] test subcommands::oracle::tests::chaos_flag_does_not_panic ... ok
[INFO] [stdout] test subcommands::oracle::tests::answer_contains_components ... ok
[INFO] [stdout] test subcommands::omens::tests::generative_varies_across_dates ... ok
[INFO] [stdout] test subcommands::oracle::tests::count_fives_counts_5s_and_fs ... ok
[INFO] [stdout] test subcommands::pentabarf::tests::test_commandment_i_other_deities ... ok
[INFO] [stdout] test subcommands::pentabarf::tests::test_commandment_i_eris ... ok
[INFO] [stdout] test subcommands::oracle::tests::same_question_same_answer ... ok
[INFO] [stdout] test moon::calc::tests::triton_is_inverted_relative_to_non_retrograde ... ok
[INFO] [stdout] test subcommands::pentabarf::tests::test_commandment_ii_with_contradiction ... ok
[INFO] [stdout] test subcommands::pentabarf::tests::test_commandment_ii_no_contradictions ... ok
[INFO] [stdout] test subcommands::pentabarf::tests::test_commandment_iii_high_diversity ... ok
[INFO] [stdout] test subcommands::pentabarf::tests::test_commandment_iv_compliant ... ok
[INFO] [stdout] test subcommands::pentabarf::tests::test_commandment_iv_violation ... ok
[INFO] [stdout] test subcommands::pentabarf::tests::test_perfect_score_verdict ... ok
[INFO] [stdout] test subcommands::pentabarf::tests::test_zero_score_verdict ... ok
[INFO] [stdout] test subcommands::pineal::tests::consciousness_level_is_clamped_to_valid_range ... ok
[INFO] [stdout] test subcommands::pentabarf::tests::test_commandment_v_compliant ... ok
[INFO] [stdout] test subcommands::pentabarf::tests::test_commandment_v_violation ... ok
[INFO] [stdout] test subcommands::pentabarf::tests::test_perfect_score_is_achievable ... ok
[INFO] [stdout] test subcommands::pineal::tests::consciousness_level_is_at_least_23_for_reasonable_system ... ok
[INFO] [stdout] test subcommands::pineal::tests::format_uptime_days_hours_minutes ... ok
[INFO] [stdout] test subcommands::pope::tests::config_override_used_when_set ... ok
[INFO] [stdout] test subcommands::pineal::tests::prophecy_corpus_has_at_least_fifteen_entries ... ok
[INFO] [stdout] test subcommands::pineal::tests::format_uptime_handles_zero ... ok
[INFO] [stdout] test subcommands::pineal::tests::prophecy_selection_is_deterministic ... ok
[INFO] [stdout] test subcommands::pope::tests::different_users_different_titles ... ok
[INFO] [stdout] test subcommands::pineal::tests::labels_cover_all_ranges_including_boundaries ... ok
[INFO] [stdout] test subcommands::pope::tests::empty_config_generates_title ... ok
[INFO] [stdout] test subcommands::redact::tests::test_capitalization_preserved_on_replacement ... ok
[INFO] [stdout] test subcommands::redact::tests::test_apply_case_pattern ... ok
[INFO] [stdout] test subcommands::pope::tests::same_user_host_same_title ... ok
[INFO] [stdout] test subcommands::redact::tests::test_tokenize_basic ... ok
[INFO] [stdout] test subcommands::redact::tests::test_different_seeds_differ ... ok
[INFO] [stdout] test wake::font::tests::ascii_fallback_uses_hash_not_block ... ok
[INFO] [stdout] test subcommands::redact::tests::test_rate_one_with_pure_chaos_replaces_all ... ok
[INFO] [stdout] test subcommands::redact::tests::test_rate_zero_replaces_nothing ... ok
[INFO] [stdout] test subcommands::redact::tests::test_same_seed_same_output ... ok
[INFO] [stdout] test subcommands::redact::tests::test_structural_words_preserved ... ok
[INFO] [stdout] test subcommands::zodiac::tests::pretty_key_capitalises_and_spaces ... ok
[INFO] [stdout] test wake::font::tests::font_style_parse ... ok
[INFO] [stdout] test zodiac::chinese::tests::element_rotates_every_two_years ... ok
[INFO] [stdout] test wake::font::tests::single_char_has_five_columns ... ok
[INFO] [stdout] test wake::font::tests::two_chars_have_correct_width ... ok
[INFO] [stdout] test wake::font::tests::unknown_char_renders_as_space ... ok
[INFO] [stdout] test zodiac::chinese::tests::negative_year_offsets_do_not_panic ... ok
[INFO] [stdout] test wake::font::tests::renders_all_digits_without_panic ... ok
[INFO] [stdout] test zodiac::chinese::tests::year_1900_is_rat ... ok
[INFO] [stdout] test wake::font::tests::standard_height_is_five ... ok
[INFO] [stdout] test wake::font::tests::unicode_mode_uses_block_char ... ok
[INFO] [stdout] test wake::font::tests::banner_height_is_seven ... ok
[INFO] [stdout] test zodiac::vedic::tests::vedic_shifts_western_by_roughly_23_days ... ok
[INFO] [stdout] test zodiac::chinese::tests::year_1984_is_rat_cycle_repeats ... ok
[INFO] [stdout] test zodiac::chinese::tests::year_2000_is_dragon ... ok
[INFO] [stdout] test zodiac::discordian::tests::horoscope_replaces_name_placeholder ... ok
[INFO] [stdout] test zodiac::discordian::tests::aftermath_day_73_is_the_aftermath ... ok
[INFO] [stdout] test zodiac::discordian::tests::st_tibs_is_the_void ... ok
[INFO] [stdout] test zodiac::discordian::tests::chaos_day_1_is_the_chao ... ok
[INFO] [stdout] test zodiac::western::tests::feb_29_leap_is_pisces ... ok
[INFO] [stdout] test zodiac::western::tests::all_twelve_signs_are_reachable ... ok
[INFO] [stdout] test zodiac::western::tests::jan_1_is_capricorn ... ok
[INFO] [stdout] test zodiac::western::tests::jul_4_is_cancer ... ok
[INFO] [stdout] test date::types::tests::test_ordinal_suffix ... ok
[INFO] [stdout] test date::types::tests::test_season_display ... ok
[INFO] [stderr]      Running unittests src/main.rs (/opt/rustwide/target/release/build/fn0rd/0481f8a371ee3667/out/fnord-0481f8a371ee3667)
[INFO] [stdout] test date::types::tests::test_st_tibs_display ... ok
[INFO] [stdout] test subcommands::pineal::tests::verbosity_parse_accepts_known_values ... ok
[INFO] [stdout] test subcommands::pope::tests::decree_selection_is_deterministic_and_unique ... ok
[INFO] [stdout] test subcommands::pope::tests::reroll_produces_a_valid_title ... ok
[INFO] [stdout] 
[INFO] [stdout] test result: ok. 183 passed; 0 failed; 0 ignored; 0 measured; 0 filtered out; finished in 0.26s
[INFO] [stdout] 
[INFO] [stdout] 
[INFO] [stdout] running 183 tests
[INFO] [stdout] test date::convert::tests::test_jan5_chaos5_mungday ... ok
[INFO] [stdout] test date::convert::tests::test_aftermath1_boundary ... ok
[INFO] [stdout] test date::convert::tests::test_parse_date_arg_iso ... ok
[INFO] [stdout] test date::types::tests::test_discordian_date_display ... ok
[INFO] [stdout] test date::convert::tests::test_feb29_leap_st_tibs ... ok
[INFO] [stdout] test date::convert::tests::test_chaos50_chaoflux ... ok
[INFO] [stdout] test date::convert::tests::test_jul4_bureaucracy2 ... ok
[INFO] [stdout] test date::convert::tests::test_jan1_chaos1 ... ok
[INFO] [stdout] test date::convert::tests::test_mar1_leap_chaos60 ... ok
[INFO] [stdout] test date::convert::tests::test_mar1_nonleap_chaos60 ... ok
[INFO] [stdout] test date::convert::tests::test_parse_date_arg_invalid ... ok
[INFO] [stdout] test holydays::registry::tests::test_builtin_lookup_mungday ... ok
[INFO] [stdout] test holydays::registry::tests::test_cabal_overrides_default ... ok
[INFO] [stdout] test date::convert::tests::test_discord1_boundary ... ok
[INFO] [stdout] test date::convert::tests::test_feb28_nonleap_chaos59 ... ok
[INFO] [stdout] test date::convert::tests::test_dec31_aftermath73 ... ok
[INFO] [stdout] test date::types::tests::test_season_display ... ok
[INFO] [stdout] test date::types::tests::test_st_tibs_display ... ok
[INFO] [stdout] test holydays::registry::tests::test_no_holyday_on_plain_day ... ok
[INFO] [stdout] test holydays::registry::tests::test_personal_overrides_cabal ... ok
[INFO] [stdout] test holydays::registry::tests::test_personal_overrides_default ... ok
[INFO] [stdout] test holydays::registry::tests::test_st_tibs_lookup ... ok
[INFO] [stdout] test moon::ascii::tests::ascii_art_for_phase_has_seven_lines ... ok
[INFO] [stdout] test moon::ascii::tests::ascii_moon_default_dimensions ... ok
[INFO] [stdout] test moon::ascii::tests::ascii_art_for_phase_all_distinct ... ok
[INFO] [stdout] test holydays::registry::tests::test_one_time_does_not_shadow_other_years ... ok
[INFO] [stdout] test moon::ascii::tests::ascii_full_moon_mostly_lit ... ok
[INFO] [stdout] test holydays::registry::tests::test_one_time_holyday_matches_year ... ok
[INFO] [stdout] test date::types::tests::test_weekday_cycling ... ok
[INFO] [stdout] test date::types::tests::test_ordinal_suffix ... ok
[INFO] [stdout] test moon::calc::tests::days_to_full_at_new_is_half_period ... ok
[INFO] [stdout] test moon::calc::tests::luna_reference_is_new_moon ... ok
[INFO] [stdout] test moon::calc::tests::illumination_zero_at_new_and_one_at_full ... ok
[INFO] [stdout] test moon::phase::tests::phase_age_fraction_in_range ... ok
[INFO] [stdout] test moon::info::tests::lunar_info_fraction_matches_phase_angle ... ok
[INFO] [stdout] test moon::ascii::tests::moon_status_line_contains_name_and_percent ... ok
[INFO] [stdout] test moon::info::tests::lunar_info_upcoming_all_future ... ok
[INFO] [stdout] test moon::ascii::tests::ascii_moon_unicode_produces_output ... ok
[INFO] [stdout] test moon::phase::tests::phase_age_new_moon_epoch ... ok
[INFO] [stdout] test moon::calc::tests::random_body_is_stable_for_a_date ... ok
[INFO] [stdout] test moon::ascii::tests::ascii_new_moon_mostly_shadow ... ok
[INFO] [stdout] test moon::calc::tests::triton_is_inverted_relative_to_non_retrograde ... ok
[INFO] [stdout] test moon::info::tests::lunar_info_illumination_in_range ... ok
[INFO] [stdout] test moon::ascii::tests::ascii_moon_no_panic_edge_cases ... ok
[INFO] [stdout] test moon::phase::tests::phase_name_wraps ... ok
[INFO] [stdout] test moon::upcoming::tests::upcoming_phases_all_in_future ... ok
[INFO] [stdout] test moon::phase::tests::phase_name_simple_boundaries ... ok
[INFO] [stdout] test moon::phase::tests::phase_name_standard_boundaries ... ok
[INFO] [stdout] test subcommands::cabbage::tests::test_fnord_density_all_unique ... ok
[INFO] [stdout] test subcommands::chaos::tests::test_line_shuffle_preserves_content ... ok
[INFO] [stdout] test moon::calc::tests::phobos_cycles_in_its_period ... ok
[INFO] [stdout] test subcommands::chaos::tests::test_same_seed_same_shuffle ... ok
[INFO] [stdout] test subcommands::chaos::tests::test_word_shuffle_preserves_words_per_line ... ok
[INFO] [stdout] test subcommands::erisian::tests::test_changed_line_count_is_order_plus_chaos ... ok
[INFO] [stdout] test subcommands::erisian::tests::test_completely_different_files ... ok
[INFO] [stdout] test subcommands::erisian::tests::test_identical_files_have_no_disputes ... ok
[INFO] [stdout] test subcommands::chaos::tests::test_char_shuffle_preserves_newlines ... ok
[INFO] [stdout] test subcommands::erisian::tests::test_partial_change ... ok
[INFO] [stdout] test moon::calc::tests::days_to_new_at_full_is_half_period ... ok
[INFO] [stdout] test moon::phase::tests::illumination_percent_range ... ok
[INFO] [stdout] test moon::phase::tests::phase_age_full_moon ... ok
[INFO] [stdout] test moon::calc::tests::luna_known_full_moon ... ok
[INFO] [stdout] test subcommands::cabbage::tests::test_fnord_density_all_identical ... ok
[INFO] [stdout] test subcommands::cabbage::tests::test_line_count ... ok
[INFO] [stdout] test subcommands::fortune::tests::parse_fortune_file_parses_tags ... ok
[INFO] [stdout] test subcommands::hotdog::tests::test_filename_contains_fnord_is_hotdog ... ok
[INFO] [stdout] test subcommands::fortune::tests::builtin_corpus_loads ... ok
[INFO] [stdout] test subcommands::hotdog::tests::test_filename_contains_config_is_not_hotdog ... ok
[INFO] [stdout] test subcommands::fortune::tests::builtin_disabled_excludes_builtin ... ok
[INFO] [stdout] test moon::upcoming::tests::upcoming_phases_within_one_synodic_month ... ok
[INFO] [stdout] test subcommands::cabbage::tests::test_assessment_thresholds ... ok
[INFO] [stdout] test subcommands::fortune::tests::compute_weight_holyday_and_season_stack ... ok
[INFO] [stdout] test subcommands::cabbage::tests::test_line_count_no_trailing_newline ... ok
[INFO] [stdout] test subcommands::hotdog::tests::test_no_extension_is_hotdog ... ok
[INFO] [stdout] test subcommands::fortune::tests::parse_fortune_file_splits_on_percent ... ok
[INFO] [stdout] test subcommands::koan::tests::different_seeds_can_produce_different_koans ... ok
[INFO] [stdout] test subcommands::koan::tests::parts_are_non_empty ... ok
[INFO] [stdout] test subcommands::koan::tests::truncate_chars_limits_length ... ok
[INFO] [stdout] test subcommands::koan::tests::piped_input_appends_reflection ... ok
[INFO] [stdout] test subcommands::law::tests::test_law_of_fives_divisible ... ok
[INFO] [stdout] test subcommands::koan::tests::same_seed_produces_same_koan ... ok
[INFO] [stdout] test subcommands::law::tests::test_basic_match ... ok
[INFO] [stdout] test subcommands::hotdog::tests::test_toml_not_hotdog ... ok
[INFO] [stdout] test subcommands::law::tests::test_ignore_case ... ok
[INFO] [stdout] test subcommands::law::tests::test_invert ... ok
[INFO] [stdout] test subcommands::law::tests::test_law_of_fives_distance ... ok
[INFO] [stdout] test subcommands::cabbage::tests::test_lof_index_counts_fives_and_fs ... ok
[INFO] [stdout] test subcommands::cabbage::tests::test_byte_count ... ok
[INFO] [stdout] test subcommands::fortune::tests::weighted_selection_favors_tagged_fortunes ... ok
[INFO] [stdout] test subcommands::log::tests::expand_tilde_passthrough_absolute ... ok
[INFO] [stdout] test subcommands::log::tests::plaintext_entry_has_header_and_separator ... ok
[INFO] [stdout] test subcommands::log::tests::plaintext_list_parses_last_n_entries ... ok
[INFO] [stdout] test subcommands::moon::tests::short_discordian_terse_formats_seasonday ... ok
[INFO] [stdout] test subcommands::log::tests::org_list_parses_entries ... ok
[INFO] [stdout] test subcommands::law::tests::test_whole_word ... ok
[INFO] [stdout] test subcommands::log::tests::expand_tilde_resolves_home ... ok
[INFO] [stdout] test subcommands::log::tests::ensure_file_creates_grimoire_with_header ... ok
[INFO] [stdout] test subcommands::log::tests::org_entry_uses_star_headers ... ok
[INFO] [stdout] test subcommands::log::tests::markdown_entry_uses_h2_headers ... ok
[INFO] [stdout] test subcommands::cabbage::tests::test_word_count ... ok
[INFO] [stdout] test subcommands::log::tests::markdown_list_parses_entries ... ok
[INFO] [stdout] test subcommands::law::tests::test_law_of_fives_five ... ok
[INFO] [stdout] test subcommands::omens::fetch::tests::invalid_location_errors ... ok
[INFO] [stdout] test subcommands::omens::fetch::tests::parse_j1_missing_fields_is_error ... ok
[INFO] [stdout] test subcommands::omens::interpretations::tests::normalise_wind_handles_16_point ... ok
[INFO] [stdout] test subcommands::chaos::tests::test_different_seeds_differ ... ok
[INFO] [stdout] test subcommands::law::tests::test_law_of_fives_zero ... ok
[INFO] [stdout] test subcommands::omens::interpretations::tests::all_wind_directives_non_empty ... ok
[INFO] [stdout] test subcommands::oracle::tests::answer_contains_components ... ok
[INFO] [stdout] test subcommands::omens::tests::generative_is_deterministic ... ok
[INFO] [stdout] test subcommands::oracle::tests::count_fives_counts_5s_and_fs ... ok
[INFO] [stdout] test subcommands::pentabarf::tests::test_commandment_i_eris ... ok
[INFO] [stdout] test subcommands::oracle::tests::same_question_same_answer ... ok
[INFO] [stdout] test subcommands::moon::tests::short_discordian_terse_handles_st_tibs ... ok
[INFO] [stdout] test subcommands::omens::tests::generative_varies_across_dates ... ok
[INFO] [stdout] test subcommands::omens::fetch::tests::encode_location_handles_spaces ... ok
[INFO] [stdout] test subcommands::omens::interpretations::tests::all_conditions_map_to_non_empty_omen ... ok
[INFO] [stdout] test subcommands::omens::fetch::tests::parse_j1_extracts_fields ... ok
[INFO] [stdout] test subcommands::omens::interpretations::tests::all_wind_directions_map_to_directive ... ok
[INFO] [stdout] test subcommands::omens::tests::fetch_with_empty_location_errors ... ok
[INFO] [stdout] test subcommands::omens::tests::discordian_conversion_32f_is_23_fn ... ok
[INFO] [stdout] test subcommands::oracle::tests::chaos_flag_does_not_panic ... ok
[INFO] [stdout] test subcommands::pentabarf::tests::test_commandment_iv_compliant ... ok
[INFO] [stdout] test subcommands::pentabarf::tests::test_commandment_v_violation ... ok
[INFO] [stdout] test subcommands::pentabarf::tests::test_zero_score_verdict ... ok
[INFO] [stdout] test subcommands::pentabarf::tests::test_commandment_iii_high_diversity ... ok
[INFO] [stdout] test subcommands::pentabarf::tests::test_perfect_score_is_achievable ... ok
[INFO] [stdout] test subcommands::pentabarf::tests::test_commandment_i_other_deities ... ok
[INFO] [stdout] test subcommands::pentabarf::tests::test_commandment_ii_with_contradiction ... ok
[INFO] [stdout] test subcommands::pineal::tests::consciousness_level_is_at_least_23_for_reasonable_system ... ok
[INFO] [stdout] test subcommands::pentabarf::tests::test_commandment_ii_no_contradictions ... ok
[INFO] [stdout] test subcommands::pineal::tests::prophecy_selection_is_deterministic ... ok
[INFO] [stdout] test subcommands::pineal::tests::verbosity_parse_accepts_known_values ... ok
[INFO] [stdout] test subcommands::pope::tests::config_override_used_when_set ... ok
[INFO] [stdout] test subcommands::pineal::tests::format_uptime_handles_zero ... ok
[INFO] [stdout] test subcommands::pineal::tests::prophecy_corpus_has_at_least_fifteen_entries ... ok
[INFO] [stdout] test subcommands::pineal::tests::labels_cover_all_ranges_including_boundaries ... ok
[INFO] [stdout] test subcommands::pope::tests::empty_config_generates_title ... ok
[INFO] [stdout] test subcommands::pope::tests::reroll_produces_a_valid_title ... ok
[INFO] [stdout] test subcommands::pope::tests::decree_selection_is_deterministic_and_unique ... ok
[INFO] [stdout] test subcommands::pope::tests::different_users_different_titles ... ok
[INFO] [stdout] test subcommands::pope::tests::same_user_host_same_title ... ok
[INFO] [stdout] test subcommands::redact::tests::test_apply_case_pattern ... ok
[INFO] [stdout] test subcommands::redact::tests::test_capitalization_preserved_on_replacement ... ok
[INFO] [stdout] test subcommands::pentabarf::tests::test_perfect_score_verdict ... ok
[INFO] [stdout] test subcommands::pentabarf::tests::test_commandment_iv_violation ... ok
[INFO] [stdout] test subcommands::redact::tests::test_different_seeds_differ ... ok
[INFO] [stdout] test subcommands::pineal::tests::consciousness_level_is_clamped_to_valid_range ... ok
[INFO] [stdout] test subcommands::pentabarf::tests::test_commandment_v_compliant ... ok
[INFO] [stdout] test subcommands::pineal::tests::format_uptime_days_hours_minutes ... ok
[INFO] [stdout] test subcommands::redact::tests::test_rate_one_with_pure_chaos_replaces_all ... ok
[INFO] [stdout] test subcommands::redact::tests::test_rate_zero_replaces_nothing ... ok
[INFO] [stdout] test subcommands::redact::tests::test_same_seed_same_output ... ok
[INFO] [stdout] test subcommands::redact::tests::test_structural_words_preserved ... ok
[INFO] [stdout] test wake::font::tests::two_chars_have_correct_width ... ok
[INFO] [stdout] test subcommands::omens::interpretations::tests::all_condition_omens_non_empty ... ok
[INFO] [stdout] test wake::font::tests::ascii_fallback_uses_hash_not_block ... ok
[INFO] [stdout] test subcommands::redact::tests::test_tokenize_basic ... ok
[INFO] [stdout] test subcommands::zodiac::tests::pretty_key_capitalises_and_spaces ... ok
[INFO] [stdout] test wake::font::tests::banner_height_is_seven ... ok
[INFO] [stdout] test wake::font::tests::font_style_parse ... ok
[INFO] [stdout] test wake::font::tests::renders_all_digits_without_panic ... ok
[INFO] [stdout] test wake::font::tests::single_char_has_five_columns ... ok
[INFO] [stdout] test wake::font::tests::standard_height_is_five ... ok
[INFO] [stdout] test zodiac::chinese::tests::year_2000_is_dragon ... ok
[INFO] [stdout] test zodiac::discordian::tests::chaos_day_1_is_the_chao ... ok
[INFO] [stdout] test wake::font::tests::unicode_mode_uses_block_char ... ok
[INFO] [stdout] test wake::font::tests::unknown_char_renders_as_space ... ok
[INFO] [stdout] test zodiac::discordian::tests::horoscope_replaces_name_placeholder ... ok
[INFO] [stdout] test zodiac::western::tests::feb_29_leap_is_pisces ... ok
[INFO] [stdout] test zodiac::discordian::tests::aftermath_day_73_is_the_aftermath ... ok
[INFO] [stdout] test zodiac::chinese::tests::year_1900_is_rat ... ok
[INFO] [stdout] test zodiac::chinese::tests::negative_year_offsets_do_not_panic ... ok
[INFO] [stdout] test zodiac::western::tests::jan_1_is_capricorn ... ok
[INFO] [stdout] test zodiac::chinese::tests::year_1984_is_rat_cycle_repeats ... ok
[INFO] [stdout] test zodiac::vedic::tests::vedic_shifts_western_by_roughly_23_days ... ok
[INFO] [stdout] test zodiac::western::tests::all_twelve_signs_are_reachable ... ok
[INFO] [stdout] test zodiac::western::tests::jul_4_is_cancer ... ok
[INFO] [stdout] test zodiac::chinese::tests::element_rotates_every_two_years ... ok
[INFO] [stdout] test zodiac::discordian::tests::st_tibs_is_the_void ... ok
[INFO] [stdout] test subcommands::omens::interpretations::tests::interpret_is_case_insensitive ... ok
[INFO] [stdout] test subcommands::omens::interpretations::tests::interpret_unknown_returns_fallback ... ok
[INFO] [stdout] test subcommands::omens::tests::all_weather_conditions_have_omen ... ok
[INFO] [stdout] 
[INFO] [stdout] test result: ok. 183 passed; 0 failed; 0 ignored; 0 measured; 0 filtered out; finished in 0.07s
[INFO] [stdout] 
[INFO] [stderr]      Running tests/integration.rs (/opt/rustwide/target/release/build/fn0rd/9aa9ecb927f120ef/out/integration-9aa9ecb927f120ef)
[INFO] [stdout] 
[INFO] [stdout] running 74 tests
[INFO] [stdout] test date_format_year_token ... ok
[INFO] [stdout] test generate_completions_binary_exists ... ok
[INFO] [stdout] test date_format_season_token ... ok
[INFO] [stdout] test holyday_list_json_is_valid_json ... ok
[INFO] [stdout] test date_format_weekday_token ... ok
[INFO] [stdout] test help_flag_exits_zero ... ok
[INFO] [stdout] test holyday_show_exits_zero ... ok
[INFO] [stdout] test fortune_json_is_valid_json ... ok
[INFO] [stdout] test holyday_list_exits_zero ... ok
[INFO] [stdout] test fortune_exits_zero ... ok
[INFO] [stdout] test date_help_format_exits_zero ... ok
[INFO] [stdout] test koan_exits_zero ... ok
[INFO] [stdout] test koan_count_returns_n ... ok
[INFO] [stdout] test moon_exits_zero ... ok
[INFO] [stdout] test koan_json_is_valid_json ... ok
[INFO] [stdout] test log_writes_entry_to_tempfile ... ok
[INFO] [stdout] test json_flag_on_date_is_valid_json ... ok
[INFO] [stdout] test moon_random_exits_zero ... ok
[INFO] [stdout] test no_unicode_flag_produces_no_unicode ... ok
[INFO] [stdout] test omens_generative_raw_exits_zero ... ok
[INFO] [stdout] test omens_generative_discordian_units ... ok
[INFO] [stdout] test log_creates_file_if_not_exists ... ok
[INFO] [stdout] test koan_seed_is_reproducible ... ok
[INFO] [stdout] test fortune_count_returns_n ... ok
[INFO] [stdout] test omens_generative_exits_zero ... ok
[INFO] [stdout] test log_list_exits_zero ... ok
[INFO] [stdout] test no_color_flag_produces_no_ansi ... ok
[INFO] [stdout] test omens_generative_is_deterministic ... ok
[INFO] [stdout] test moon_json_is_valid_json ... ok
[INFO] [stdout] test moon_season_exits_zero ... ok
[INFO] [stdout] test moon_next_exits_zero ... ok
[INFO] [stdout] test oracle_with_question_exits_zero ... ok
[INFO] [stdout] test log_json_list_is_valid_json ... ok
[INFO] [stdout] test oracle_json_is_valid_json ... ok
[INFO] [stdout] test moon_phobos_exits_zero ... ok
[INFO] [stdout] test oracle_deterministic ... ok
[INFO] [stdout] test pope_exits_zero ... ok
[INFO] [stdout] test test_cal_exits_zero ... ok
[INFO] [stdout] test pope_bull_contains_decrees ... ok
[INFO] [stdout] test pope_short_contains_username ... ok
[INFO] [stdout] test pope_json_is_valid_json ... ok
[INFO] [stdout] test test_cal_all_flag ... ok
[INFO] [stdout] test pineal_json_is_valid_json ... ok
[INFO] [stdout] test test_date_offset_positive ... ok
[INFO] [stdout] test test_cabbage_reads_stdin ... ok
[INFO] [stdout] test pineal_raw_exits_zero ... ok
[INFO] [stdout] test test_date_help ... ok
[INFO] [stdout] test test_date_st_tibs ... ok
[INFO] [stdout] test test_chaos_reads_stdin ... ok
[INFO] [stdout] test pineal_exits_zero ... ok
[INFO] [stdout] test test_date_subcommand_today ... ok
[INFO] [stdout] test test_date_short_exits_zero ... ok
[INFO] [stdout] test test_help_lists_subcommands ... ok
[INFO] [stdout] test test_no_args_exits_zero_and_prints_date ... ok
[INFO] [stdout] test wake_json_is_valid_json ... ok
[INFO] [stdout] test version_flag_exits_zero ... FAILED
[INFO] [stdout] test wake_with_fortune_exits_zero ... ok
[INFO] [stdout] test wake_no_unicode_exits_zero ... ok
[INFO] [stdout] test wake_exits_zero ... ok
[INFO] [stdout] test test_date_today_keyword ... ok
[INFO] [stdout] test zodiac_jul4_is_cancer ... ok
[INFO] [stdout] test test_law_searches_stdin ... ok
[INFO] [stdout] test zodiac_discordian_exits_zero ... ok
[INFO] [stdout] test test_date_json_flag ... ok
[INFO] [stdout] test omens_json_is_valid_json ... ok
[INFO] [stdout] test test_cal_specific_season ... ok
[INFO] [stdout] test test_date_format_flag ... ok
[INFO] [stdout] test zodiac_exits_zero ... ok
[INFO] [stdout] test zodiac_json_is_valid_json ... ok
[INFO] [stdout] test pineal_minimal_exits_zero ... ok
[INFO] [stdout] test test_date_mungday ... ok
[INFO] [stdout] test test_fnord_redact_reads_stdin ... ok
[INFO] [stdout] test zodiac_all_systems_exit_zero ... ok
[INFO] [stdout] test pineal_enlightened_exits_zero ... ok
[INFO] [stdout] 
[INFO] [stdout] failures:
[INFO] [stdout] 
[INFO] [stdout] ---- version_flag_exits_zero stdout ----
[INFO] [stdout] 
[INFO] [stdout] thread 'version_flag_exits_zero' (4011) panicked at /rustc/e3feeb59cd1bdd011a2bfcc0747b55125d9b8527/library/core/src/ops/function.rs:250:5:
[INFO] [stdout] Unexpected stdout, failed var.contains(0.1.1)
[INFO] [stdout] ├── var: fnord 0.1.2
[INFO] [stdout] └── var as str: fnord 0.1.2
[INFO] [stdout] 
[INFO] [stdout] command=`"/opt/rustwide/target/release/fnord" "--version"`
[INFO] [stdout] code=0
[INFO] [stdout] stdout="fnord 0.1.2\n"
[INFO] [stdout] stderr=""
[INFO] [stdout] 
[INFO] [stdout] stack backtrace:
[INFO] [stdout]    0:     0x5f348baf5721 - <<std[617be2ca0a6fd877]::sys::backtrace::BacktraceLock>::print::DisplayBacktrace as core[a373ad73a504971]::fmt::Display>::fmt
[INFO] [stdout]    1:     0x5f348bb0c2fa - core[a373ad73a504971]::fmt::write
[INFO] [stdout]    2:     0x5f348bafb01c - <alloc[2e1b2a31b91974c5]::vec::Vec<u8> as core[a373ad73a504971]::io::write::Write>::write_fmt
[INFO] [stdout]    3:     0x5f348bacfdb6 - std[617be2ca0a6fd877]::panicking::default_hook::{closure#0}
[INFO] [stdout]    4:     0x5f348baed2b9 - std[617be2ca0a6fd877]::panicking::default_hook
[INFO] [stdout]    5:     0x5f348ba776f0 - test[aada8e7e76ba119b]::test_main_inner::{closure#0}
[INFO] [stdout]    6:     0x5f348baed472 - std[617be2ca0a6fd877]::panicking::panic_with_hook
[INFO] [stdout]    7:     0x5f348bacfe62 - std[617be2ca0a6fd877]::panicking::panic_handler::{closure#0}
[INFO] [stdout]    8:     0x5f348bac88c9 - std[617be2ca0a6fd877]::sys::backtrace::__rust_end_short_backtrace::<std[617be2ca0a6fd877]::panicking::panic_handler::{closure#0}, !>
[INFO] [stdout]    9:     0x5f348bad0a6d - __rustc[ea4f61d10b84890b]::rust_begin_unwind
[INFO] [stdout]   10:     0x5f348bb0caac - core[a373ad73a504971]::panicking::panic_fmt
[INFO] [stdout]   11:     0x5f348ba5fdc4 - <assert_cmd[a2a31604835a8627]::assert::AssertError>::panic::<assert_cmd[a2a31604835a8627]::assert::Assert>
[INFO] [stdout]   12:     0x5f348ba55160 - <integration[1fce489790336f11]::version_flag_exits_zero::{closure#0} as core[a373ad73a504971]::ops::function::FnOnce<()>>::call_once
[INFO] [stdout]   13:     0x5f348ba6ab3b - test[aada8e7e76ba119b]::__rust_begin_short_backtrace::<core[a373ad73a504971]::result::Result<(), alloc[2e1b2a31b91974c5]::string::String>, fn() -> core[a373ad73a504971]::result::Result<(), alloc[2e1b2a31b91974c5]::string::String>>
[INFO] [stdout]   14:     0x5f348ba77d15 - test[aada8e7e76ba119b]::run_test::{closure#0}
[INFO] [stdout]   15:     0x5f348ba71604 - std[617be2ca0a6fd877]::sys::backtrace::__rust_begin_short_backtrace::<test[aada8e7e76ba119b]::run_test::{closure#1}, ()>
[INFO] [stdout]   16:     0x5f348ba7ada2 - <std[617be2ca0a6fd877]::thread::lifecycle::spawn_unchecked<test[aada8e7e76ba119b]::run_test::{closure#1}, ()>::{closure#1} as core[a373ad73a504971]::ops::function::FnOnce<()>>::call_once::{shim:vtable#0}
[INFO] [stdout]   17:     0x5f348baf4b9f - <std[617be2ca0a6fd877]::sys::thread::unix::Thread>::new::thread_start
[INFO] [stdout]   18:     0x7873ba270dfa - <unknown>
[INFO] [stdout]   19:     0x7873ba3043d4 - clone
[INFO] [stdout]   20:                0x0 - <unknown>
[INFO] [stdout] 
[INFO] [stdout] 
[INFO] [stdout] failures:
[INFO] [stdout]     version_flag_exits_zero
[INFO] [stdout] 
[INFO] [stdout] test result: FAILED. 73 passed; 1 failed; 0 ignored; 0 measured; 0 filtered out; finished in 0.34s
[INFO] [stdout] 
[INFO] [stderr] error: test failed, to rerun pass `--test integration`
[INFO] running `Command { std: "docker" "inspect" "06a0e89eda51e488c7750b1e64ca2e5170d444951a3d648d699c471e7240dc03", kill_on_drop: false }`
[INFO] running `Command { std: "docker" "rm" "-f" "06a0e89eda51e488c7750b1e64ca2e5170d444951a3d648d699c471e7240dc03", kill_on_drop: false }`
[INFO] [stdout] 06a0e89eda51e488c7750b1e64ca2e5170d444951a3d648d699c471e7240dc03
