[INFO] fetching crate fmeca-mcp 0.2.0...
[INFO] testing fmeca-mcp-0.2.0 against 1.99.0-beta.8+cargoflags=--release for beta-release-1.100-2
[INFO] extracting crate fmeca-mcp 0.2.0 into /workspace/builds/worker-7-tc1/source
[INFO] started tweaking crates.io crate fmeca-mcp 0.2.0
[INFO] removed 0 missing examples
[INFO] removed 0 missing tests
[INFO] finished tweaking crates.io crate fmeca-mcp 0.2.0
[INFO] tweaked toml for crates.io crate fmeca-mcp 0.2.0 written to /workspace/builds/worker-7-tc1/source/Cargo.toml
[INFO] validating manifest of crates.io crate fmeca-mcp 0.2.0 on toolchain 1.99.0-beta.8
[INFO] running `Command { std: CARGO_HOME="/workspace/cargo-home" RUSTUP_HOME="/workspace/rustup-home" "/workspace/cargo-home/bin/cargo" "+1.99.0-beta.8" "metadata" "--manifest-path" "Cargo.toml" "--no-deps", kill_on_drop: false }`
[INFO] crate crates.io crate fmeca-mcp 0.2.0 already has a lockfile, it will not be regenerated
[INFO] running `Command { std: CARGO_HOME="/workspace/cargo-home" RUSTUP_HOME="/workspace/rustup-home" "/workspace/cargo-home/bin/cargo" "+1.99.0-beta.8" "fetch" "--manifest-path" "Cargo.toml", kill_on_drop: false }`
[INFO] [stderr]     Updating crates.io index
[INFO] [stderr]  Downloading crates ...
[INFO] [stderr]   Downloaded regex v1.13.0
[INFO] [stderr]   Downloaded rmcp-macros v3.5.1
[INFO] [stderr]   Downloaded rig-reqwest v0.44.0
[INFO] [stderr]   Downloaded rig-http v0.44.0
[INFO] [stderr]   Downloaded rig-typesafeai v0.44.0
[INFO] [stderr]   Downloaded fmeca v0.2.0
[INFO] [stderr]   Downloaded ordered-float v5.5.0
[INFO] [stderr]   Downloaded fmeca-policy v0.2.0
[INFO] [stderr]   Downloaded rmcp v3.5.1
[INFO] [stderr]   Downloaded rig-core v0.44.0
[INFO] running `Command { std: "docker" "create" "-v" "/var/lib/crater-agent-workspace/builds/worker-7-tc1/source:/opt/rustwide/workdir:ro,Z" "-v" "/var/lib/crater-agent-workspace/builds/worker-7-tc1/target:/opt/rustwide/target:rw,Z" "-v" "/var/lib/crater-agent-workspace/cargo-home:/opt/rustwide/cargo-home:ro,Z" "-v" "/var/lib/crater-agent-workspace/rustup-home:/opt/rustwide/rustup-home:ro,Z" "-m" "1610612736" "--network" "none" "ghcr.io/rust-lang/crates-build-env/linux@sha256:77db811e55d90add9212f6832c23229e3de5f1c1f9905e8cb07319ea15df73ac" "sleep" "infinity", kill_on_drop: false }`
[INFO] [stdout] e076d31cefa50531c5e846a491de0c6d3f97d498384614323946971b996d8855
[INFO] running `Command { std: "docker" "start" "e076d31cefa50531c5e846a491de0c6d3f97d498384614323946971b996d8855", kill_on_drop: false }`
[INFO] running `Command { std: "docker" "inspect" "e076d31cefa50531c5e846a491de0c6d3f97d498384614323946971b996d8855", kill_on_drop: false }`
[INFO] running `Command { std: "docker" "exec" "-e" "SOURCE_DIR=/opt/rustwide/workdir" "-e" "CARGO_HOME=/opt/rustwide/cargo-home" "-e" "RUSTUP_HOME=/opt/rustwide/rustup-home" "-e" "CARGO_TARGET_DIR=/opt/rustwide/target" "-w" "/opt/rustwide/workdir" "--user" "0:0" "e076d31cefa50531c5e846a491de0c6d3f97d498384614323946971b996d8855" "/opt/rustwide/cargo-home/bin/cargo" "+1.99.0-beta.8" "metadata" "--no-deps" "--format-version=1", kill_on_drop: false }`
[INFO] running `Command { std: "docker" "inspect" "e076d31cefa50531c5e846a491de0c6d3f97d498384614323946971b996d8855", kill_on_drop: false }`
[INFO] running `Command { std: "docker" "exec" "-e" "SOURCE_DIR=/opt/rustwide/workdir" "-e" "CARGO_HOME=/opt/rustwide/cargo-home" "-e" "RUSTUP_HOME=/opt/rustwide/rustup-home" "-e" "CARGO_TARGET_DIR=/opt/rustwide/target" "-e" "CARGO_INCREMENTAL=0" "-e" "RUST_BACKTRACE=full" "-e" "RUSTFLAGS=--cap-lints=warn" "-e" "RUSTDOCFLAGS=--cap-lints=warn" "-w" "/opt/rustwide/workdir" "--user" "0:0" "e076d31cefa50531c5e846a491de0c6d3f97d498384614323946971b996d8855" "/opt/rustwide/cargo-home/bin/cargo" "+1.99.0-beta.8" "build" "--frozen" "--message-format=json" "--release", kill_on_drop: false }`
[INFO] [stderr]    Compiling quote v1.0.46
[INFO] [stderr]    Compiling smallvec v1.15.2
[INFO] [stderr]    Compiling serde_core v1.0.229
[INFO] [stderr]    Compiling bytes v1.12.0
[INFO] [stderr]    Compiling memchr v2.8.2
[INFO] [stderr]    Compiling mio v1.2.1
[INFO] [stderr]    Compiling socket2 v0.6.4
[INFO] [stderr]    Compiling cc v1.2.65
[INFO] [stderr]    Compiling serde v1.0.229
[INFO] [stderr]    Compiling getrandom v0.2.17
[INFO] [stderr]    Compiling serde_json v1.0.154
[INFO] [stderr]    Compiling log v0.4.33
[INFO] [stderr]    Compiling thiserror v2.0.21
[INFO] [stderr]    Compiling rustversion v1.0.22
[INFO] [stderr]    Compiling rustls v0.23.45
[INFO] [stderr]    Compiling mime_guess v2.0.5
[INFO] [stderr]    Compiling ref-cast v1.0.25
[INFO] [stderr]    Compiling rustls-native-certs v0.8.4
[INFO] [stderr]    Compiling crypto-common v0.1.7
[INFO] [stderr]    Compiling parking_lot_core v0.9.12
[INFO] [stderr]    Compiling bitflags v2.13.0
[INFO] [stderr]    Compiling unicase v2.10.0
[INFO] [stderr]    Compiling digest v0.10.7
[INFO] [stderr]    Compiling getrandom v0.4.3
[INFO] [stderr]    Compiling zmij v1.0.21
[INFO] [stderr]    Compiling parking_lot v0.12.5
[INFO] [stderr]    Compiling futures-timer v3.0.4
[INFO] [stderr]    Compiling syn v3.0.8
[INFO] [stderr]    Compiling syn v2.0.118
[INFO] [stderr]    Compiling sha2 v0.10.9
[INFO] [stderr]    Compiling encoding_rs v0.8.42
[INFO] [stderr]    Compiling itoa v1.0.18
[INFO] [stderr]    Compiling http v1.5.0
[INFO] [stderr]    Compiling winnow v1.0.4
[INFO] [stderr]    Compiling regex-automata v0.4.14
[INFO] [stderr]    Compiling ordered-float v5.5.0
[INFO] [stderr]    Compiling rmcp v3.5.1
[INFO] [stderr]    Compiling toml_writer v1.1.3+spec-1.1.0
[INFO] [stderr]    Compiling glob v0.3.4
[INFO] [stderr]    Compiling tracing-log v0.2.0
[INFO] [stderr]    Compiling toml_parser v1.1.5+spec-1.1.0
[INFO] [stderr]    Compiling powerfmt v0.2.1
[INFO] [stderr]    Compiling pastey v0.2.3
[INFO] [stderr]    Compiling fmeca-mcp v0.2.0 (/opt/rustwide/workdir)
[INFO] [stderr]    Compiling time v0.3.55
[INFO] [stderr]    Compiling ring v0.17.14
[INFO] [stderr]    Compiling http-body v1.1.0
[INFO] [stderr]    Compiling http-body-util v0.1.5
[INFO] [stderr]    Compiling matchers v0.2.0
[INFO] [stderr]    Compiling indexmap v2.14.2
[INFO] [stderr]    Compiling uuid v1.28.0
[INFO] [stderr]    Compiling toml_datetime v1.1.2+spec-1.1.0
[INFO] [stderr]    Compiling serde_spanned v1.1.2
[INFO] [stderr]    Compiling toml v1.1.8+spec-1.1.0
[INFO] [stderr]    Compiling serde_derive_internals v0.29.1
[INFO] [stderr]    Compiling synstructure v0.14.0
[INFO] [stderr]    Compiling darling_core v0.24.1
[INFO] [stderr]    Compiling tokio-macros v2.7.0
[INFO] [stderr]    Compiling futures-macro v0.3.32
[INFO] [stderr]    Compiling tracing-attributes v0.1.31
[INFO] [stderr]    Compiling ref-cast-impl v1.0.25
[INFO] [stderr]    Compiling async-stream-impl v0.3.6
[INFO] [stderr]    Compiling zerofrom-derive v0.1.8
[INFO] [stderr]    Compiling yoke-derive v0.8.4
[INFO] [stderr]    Compiling zerovec-derive v0.11.6
[INFO] [stderr]    Compiling displaydoc v0.2.7
[INFO] [stderr]    Compiling serde_derive v1.0.229
[INFO] [stderr]    Compiling thiserror-impl v2.0.21
[INFO] [stderr]    Compiling async-stream v0.3.6
[INFO] [stderr]    Compiling tokio v1.53.2
[INFO] [stderr]    Compiling async-trait v0.1.92
[INFO] [stderr]    Compiling schemars_derive v1.2.1
[INFO] [stderr]    Compiling futures-util v0.3.32
[INFO] [stderr]    Compiling zerofrom v0.1.8
[INFO] [stderr]    Compiling yoke v0.8.3
[INFO] [stderr]    Compiling tracing v0.1.44
[INFO] [stderr]    Compiling zerovec v0.11.8
[INFO] [stderr]    Compiling zerotrie v0.2.5
[INFO] [stderr]    Compiling tracing-subscriber v0.3.23
[INFO] [stderr]    Compiling tinystr v0.8.4
[INFO] [stderr]    Compiling potential_utf v0.1.6
[INFO] [stderr]    Compiling icu_locale_core v2.3.0
[INFO] [stderr]    Compiling icu_collections v2.3.0
[INFO] [stderr]    Compiling darling_macro v0.24.1
[INFO] [stderr]    Compiling darling v0.24.1
[INFO] [stderr]    Compiling rmcp-macros v3.5.1
[INFO] [stderr]    Compiling icu_provider v2.3.1
[INFO] [stderr]    Compiling chrono v0.4.45
[INFO] [stderr]    Compiling fmeca v0.2.0
[INFO] [stderr]    Compiling icu_normalizer v2.3.0
[INFO] [stderr]    Compiling icu_properties v2.3.0
[INFO] [stderr]    Compiling futures-executor v0.3.32
[INFO] [stderr]    Compiling schemars v1.2.1
[INFO] [stderr]    Compiling idna_adapter v1.2.2
[INFO] [stderr]    Compiling futures v0.3.32
[INFO] [stderr]    Compiling idna v1.1.0
[INFO] [stderr]    Compiling url v2.5.8
[INFO] [stderr]    Compiling rig-http v0.44.0
[INFO] [stderr]    Compiling fmeca-policy v0.2.0
[INFO] [stderr]    Compiling tokio-util v0.7.18
[INFO] [stderr]    Compiling tower v0.5.3
[INFO] [stderr]    Compiling h2 v0.4.20
[INFO] [stderr]    Compiling tower-http v0.6.11
[INFO] [stderr]    Compiling rustls-webpki v0.103.15
[INFO] [stderr]    Compiling hyper v1.12.0
[INFO] [stderr]    Compiling hyper-util v0.1.21
[INFO] [stderr]    Compiling tokio-rustls v0.26.6
[INFO] [stderr]    Compiling rustls-platform-verifier v0.7.1
[INFO] [stderr]    Compiling hyper-rustls v0.27.10
[INFO] [stderr]    Compiling reqwest v0.13.5
[INFO] [stderr]    Compiling rig-reqwest v0.44.0
[INFO] [stderr]    Compiling rig-core v0.44.0
[INFO] [stderr]    Compiling rig-typesafeai v0.44.0
[INFO] [stderr]     Finished `release` profile [optimized] target(s) in 4m 10s
[INFO] running `Command { std: "docker" "inspect" "e076d31cefa50531c5e846a491de0c6d3f97d498384614323946971b996d8855", kill_on_drop: false }`
[INFO] running `Command { std: "docker" "exec" "-e" "SOURCE_DIR=/opt/rustwide/workdir" "-e" "CARGO_HOME=/opt/rustwide/cargo-home" "-e" "RUSTUP_HOME=/opt/rustwide/rustup-home" "-e" "CARGO_TARGET_DIR=/opt/rustwide/target" "-e" "CARGO_INCREMENTAL=0" "-e" "RUST_BACKTRACE=full" "-e" "RUSTFLAGS=--cap-lints=warn" "-e" "RUSTDOCFLAGS=--cap-lints=warn" "-w" "/opt/rustwide/workdir" "--user" "0:0" "e076d31cefa50531c5e846a491de0c6d3f97d498384614323946971b996d8855" "/opt/rustwide/cargo-home/bin/cargo" "+1.99.0-beta.8" "test" "--frozen" "--no-run" "--message-format=json" "--release", kill_on_drop: false }`
[INFO] [stderr]    Compiling bitflags v2.13.0
[INFO] [stderr]    Compiling hyper v1.12.0
[INFO] [stderr]    Compiling aho-corasick v1.1.4
[INFO] [stderr]    Compiling num_cpus v1.17.0
[INFO] [stderr]    Compiling time v0.3.55
[INFO] [stderr]    Compiling deadpool-runtime v0.1.4
[INFO] [stderr]    Compiling assert-json-diff v2.0.2
[INFO] [stderr]    Compiling deadpool v0.12.3
[INFO] [stderr]    Compiling tower-http v0.6.11
[INFO] [stderr]    Compiling rustix v1.1.4
[INFO] [stderr]    Compiling regex-automata v0.4.14
[INFO] [stderr]    Compiling hyper-util v0.1.21
[INFO] [stderr]    Compiling tempfile v3.27.0
[INFO] [stderr]    Compiling hyper-rustls v0.27.10
[INFO] [stderr]    Compiling reqwest v0.13.5
[INFO] [stderr]    Compiling matchers v0.2.0
[INFO] [stderr]    Compiling regex v1.13.0
[INFO] [stderr]    Compiling tracing-subscriber v0.3.23
[INFO] [stderr]    Compiling wiremock v0.6.5
[INFO] [stderr]    Compiling rig-reqwest v0.44.0
[INFO] [stderr]    Compiling rig-core v0.44.0
[INFO] [stderr]    Compiling rig-typesafeai v0.44.0
[INFO] [stderr]    Compiling fmeca-mcp v0.2.0 (/opt/rustwide/workdir)
[INFO] [stderr]     Finished `release` profile [optimized] target(s) in 2m 55s
[INFO] running `Command { std: "docker" "inspect" "e076d31cefa50531c5e846a491de0c6d3f97d498384614323946971b996d8855", kill_on_drop: false }`
[INFO] running `Command { std: "docker" "exec" "-e" "SOURCE_DIR=/opt/rustwide/workdir" "-e" "CARGO_HOME=/opt/rustwide/cargo-home" "-e" "RUSTUP_HOME=/opt/rustwide/rustup-home" "-e" "CARGO_TARGET_DIR=/opt/rustwide/target" "-e" "CARGO_INCREMENTAL=0" "-e" "RUST_BACKTRACE=full" "-e" "RUSTFLAGS=--cap-lints=warn" "-e" "RUSTDOCFLAGS=--cap-lints=warn" "-w" "/opt/rustwide/workdir" "--user" "0:0" "e076d31cefa50531c5e846a491de0c6d3f97d498384614323946971b996d8855" "/opt/rustwide/cargo-home/bin/cargo" "+1.99.0-beta.8" "test" "--frozen" "--release", kill_on_drop: false }`
[INFO] [stderr]     Finished `release` profile [optimized] target(s) in 0.35s
[INFO] [stderr]      Running unittests src/lib.rs (/opt/rustwide/target/release/deps/fmeca_mcp-a2cdabc20ec9637d)
[INFO] [stdout] 
[INFO] [stdout] running 40 tests
[INFO] [stdout] test jev::client::tests::non_object_usage_is_none ... ok
[INFO] [stdout] test jev::client::tests::duplicate_answer_ids_fail_to_decode ... ok
[INFO] [stdout] test jev::client::tests::bad_counter_keeps_the_cost ... ok
[INFO] [stdout] test jev::client::tests::reply_ignores_unknown_fields ... ok
[INFO] [stdout] test jev::client::tests::object_cost_total_is_read ... ok
[INFO] [stdout] test jev::fake::tests::calls_records_each_question_set ... ok
[INFO] [stdout] test jev::client::tests::numeric_cost_is_the_total ... ok
[INFO] [stdout] test jev::fake::tests::answering_judge_answers_every_question ... ok
[INFO] [stdout] test jev::tests::excerpt_caps_length ... ok
[INFO] [stdout] test jev::fake::tests::failing_judge_reports_its_reason ... ok
[INFO] [stdout] test jev::tests::bad_timeout_without_key_is_bad_config ... ok
[INFO] [stdout] test jev::tests::excerpt_drops_a_key_prefix_cut_at_the_boundary ... ok
[INFO] [stdout] test jev::client::tests::negative_object_cost_is_dropped ... ok
[INFO] [stdout] test jev::client::tests::negative_cost_counts_as_dropped_accounting ... ok
[INFO] [stdout] test jev::tests::http_5xx_reason_serializes_with_underscore ... ok
[INFO] [stdout] test jev::tests::key_debug_is_redacted ... ok
[INFO] [stdout] test jev::tests::model_containing_key_is_bad_config_without_echo ... ok
[INFO] [stdout] test jev::tests::scrubbed_unavailable_detail_omits_key ... ok
[INFO] [stdout] test skills::tests::gemini_command_escapes_windows_backslashes ... ok
[INFO] [stdout] test skills::tests::manifest_keys_must_be_plain_known_paths ... ok
[INFO] [stdout] test jev::client::tests::negative_cost_is_dropped ... ok
[INFO] [stdout] test jev::tests::model_with_bad_chars_is_bad_config ... ok
[INFO] [stdout] test skills::tests::posix_quote_wraps_spaces_and_single_quotes ... ok
[INFO] [stdout] test skills::tests::posix_quote_leaves_plain_paths_bare ... ok
[INFO] [stdout] test jev::client::tests::malformed_cost_counts_as_dropped_accounting ... ok
[INFO] [stdout] test skills::tests::toml_string_escapes_quotes_backslashes_and_newlines ... ok
[INFO] [stdout] test skills::tests::windows_quote_double_quotes_a_spaced_path ... ok
[INFO] [stdout] test skills::tests::windows_quote_escapes_json_quotes ... ok
[INFO] [stdout] test vet::tests::mitigation_questions_are_score_then_class ... ok
[INFO] [stdout] test vet::tests::score_of_two_is_one_half ... ok
[INFO] [stdout] test skills::tests::markers_inside_a_line_are_not_markers ... ok
[INFO] [stdout] test skills::tests::gemini_command_toml_round_trips_quotes_and_backslashes ... ok
[INFO] [stdout] test skills::tests::windows_quote_leaves_plain_paths_bare ... ok
[INFO] [stdout] test vet::tests::hash_ignores_map_insertion_order ... ok
[INFO] [stdout] test vet::tests::top_level_claim_asks_no_unclaimed_severity_question ... ok
[INFO] [stdout] test jev::tests::scrub_replaces_every_key_occurrence ... ok
[INFO] [stdout] test server::tests::base_instructions_do_not_mention_vet ... ok
[INFO] [stdout] test vet::tests::hash_matches_the_canonical_document ... ok
[INFO] [stdout] test jev::tests::reason_serializes_snake_case ... ok
[INFO] [stdout] test jev::client::tests::judge_debug_redacts_key ... ok
[INFO] [stdout] 
[INFO] [stdout] test result: ok. 40 passed; 0 failed; 0 ignored; 0 measured; 0 filtered out; finished in 0.09s
[INFO] [stdout] 
[INFO] [stderr]      Running unittests src/main.rs (/opt/rustwide/target/release/deps/fmeca_mcp-1df0fc3999f23372)
[INFO] [stdout] 
[INFO] [stdout] running 0 tests
[INFO] [stdout] 
[INFO] [stdout] test result: ok. 0 passed; 0 failed; 0 ignored; 0 measured; 0 filtered out; finished in 0.00s
[INFO] [stdout] 
[INFO] [stderr]      Running tests/cli.rs (/opt/rustwide/target/release/deps/cli-3f527ff1bc8e52a3)
[INFO] [stdout] 
[INFO] [stdout] running 7 tests
[INFO] [stdout] test no_args_is_serve ... ok
[INFO] [stdout] test skills_install_unknown_target_is_usage_error ... ok
[INFO] [stdout] test version_flag_parses ... ok
[INFO] [stdout] test unknown_flag_is_usage_error ... ok
[INFO] [stdout] test skills_install_target_claude_parses ... ok
[INFO] [stdout] test init_with_dir_parses ... ok
[INFO] [stderr]      Running tests/cli_suggest.rs (/opt/rustwide/target/release/deps/cli_suggest-fd2e9c269854610f)
[INFO] [stdout] test version_flag_prints_package_version ... ok
[INFO] [stdout] 
[INFO] [stdout] test result: ok. 7 passed; 0 failed; 0 ignored; 0 measured; 0 filtered out; finished in 0.01s
[INFO] [stdout] 
[INFO] [stdout] 
[INFO] [stdout] running 19 tests
[INFO] [stdout] test policy_validate_invalid_exits_2 ... ok
[INFO] [stdout] test policy_validate_name_differing_from_file_stem_exits_2 ... ok
[INFO] [stdout] test suggest_failing_analysis_exits_1 ... ok
[INFO] [stdout] test suggest_passing_analysis_exits_0 ... ok
[INFO] [stdout] test suggest_unknown_policy_exits_2 ... ok
[INFO] [stdout] test suggest_markdown_has_band_headings ... ok
[INFO] [stdout] test suggest_format_given_twice_exits_2 ... ok
[INFO] [stdout] test policy_list_includes_presets ... ok
[INFO] [stdout] test suggest_session_with_missing_dir_exits_2_without_creating_it ... ok
[INFO] [stdout] test policy_list_dir_without_value_exits_2 ... ok
[INFO] [stdout] test policy_validate_preset_stem_exits_2_as_shadowed ... ok
[INFO] [stdout] test policy_validate_ok_prints_hash ... ok
[INFO] [stdout] test policy_list_prints_an_invalid_project_file_as_an_error_row_naming_it ... ok
[INFO] [stdout] test policy_list_with_unloadable_project_files_exits_0_without_stderr ... ok
[INFO] [stdout] test policy_list_project_rows_match_mcp_policy_list ... ok
[INFO] [stdout] test suggest_on_session_id_exits_by_signoff ... ok
[INFO] [stdout] test policy_validate_accepts_the_skill_policy_template ... FAILED
[INFO] [stdout] test policy_list_marks_preset_shadowed_project_file ... ok
[INFO] [stdout] test suggest_with_both_session_and_analysis_exits_2 ... ok
[INFO] [stdout] 
[INFO] [stdout] failures:
[INFO] [stdout] 
[INFO] [stdout] ---- policy_validate_accepts_the_skill_policy_template stdout ----
[INFO] [stdout] 
[INFO] [stdout] thread 'policy_validate_accepts_the_skill_policy_template' (4005) panicked at tests/cli_suggest.rs:362:5:
[INFO] [stdout] assertion `left == right` failed: INVALID_POLICY: /opt/rustwide/workdir/../../skills/fmeca-policy/policy-template.toml: No such file or directory (os error 2)
[INFO] [stdout] 
[INFO] [stdout]   left: Some(2)
[INFO] [stdout]  right: Some(0)
[INFO] [stdout] stack backtrace:
[INFO] [stdout]    0:     0x6037dc4099b1 - <<std[70759c8f55707aa4]::sys::backtrace::BacktraceLock>::print::DisplayBacktrace as core[df12db4294e9bfd3]::fmt::Display>::fmt
[INFO] [stdout]    1:     0x6037dc41f8fa - core[df12db4294e9bfd3]::fmt::write
[INFO] [stdout]    2:     0x6037dc40e13c - <alloc[2182bb758b4b3781]::vec::Vec<u8> as core[df12db4294e9bfd3]::io::write::Write>::write_fmt
[INFO] [stdout]    3:     0x6037dc3e3e76 - std[70759c8f55707aa4]::panicking::default_hook::{closure#0}
[INFO] [stdout]    4:     0x6037dc4011f9 - std[70759c8f55707aa4]::panicking::default_hook
[INFO] [stdout]    5:     0x6037dc245680 - test[9d35eded1c95d3be]::test_main_inner::<test[9d35eded1c95d3be]::test_main_static::{closure#0}>::{closure#0}
[INFO] [stdout]    6:     0x6037dc4013b2 - std[70759c8f55707aa4]::panicking::panic_with_hook
[INFO] [stdout]    7:     0x6037dc3e3f22 - std[70759c8f55707aa4]::panicking::panic_handler::{closure#0}
[INFO] [stdout]    8:     0x6037dc3dc959 - std[70759c8f55707aa4]::sys::backtrace::__rust_end_short_backtrace::<std[70759c8f55707aa4]::panicking::panic_handler::{closure#0}, !>
[INFO] [stdout]    9:     0x6037dc3e4b1d - __rustc[8fa7c3cbc660c2b3]::rust_begin_unwind
[INFO] [stdout]   10:     0x6037dc42006c - core[df12db4294e9bfd3]::panicking::panic_fmt
[INFO] [stdout]   11:     0x6037dc41ffe3 - core[df12db4294e9bfd3]::panicking::assert_failed_inner
[INFO] [stdout]   12:     0x6037dc2363c9 - core[df12db4294e9bfd3]::panicking::assert_failed::<core[df12db4294e9bfd3]::option::Option<i32>, core[df12db4294e9bfd3]::option::Option<i32>>
[INFO] [stdout]   13:     0x6037dc233925 - <cli_suggest[7275aac7002ce718]::policy_validate_accepts_the_skill_policy_template::{closure#0} as core[df12db4294e9bfd3]::ops::function::FnOnce<()>>::call_once
[INFO] [stdout]   14:     0x6037dc23896b - test[9d35eded1c95d3be]::__rust_begin_short_backtrace::<core[df12db4294e9bfd3]::result::Result<(), alloc[2182bb758b4b3781]::string::String>, fn() -> core[df12db4294e9bfd3]::result::Result<(), alloc[2182bb758b4b3781]::string::String>>
[INFO] [stdout]   15:     0x6037dc245fd5 - test[9d35eded1c95d3be]::run_test::{closure#0}
[INFO] [stdout]   16:     0x6037dc23f894 - std[70759c8f55707aa4]::sys::backtrace::__rust_begin_short_backtrace::<test[9d35eded1c95d3be]::run_test::{closure#1}, ()>
[INFO] [stdout]   17:     0x6037dc249132 - <std[70759c8f55707aa4]::thread::lifecycle::spawn_unchecked<test[9d35eded1c95d3be]::run_test::{closure#1}, ()>::{closure#1} as core[df12db4294e9bfd3]::ops::function::FnOnce<()>>::call_once::{shim:vtable#0}
[INFO] [stdout]   18:     0x6037dc408d29 - <std[70759c8f55707aa4]::sys::thread::unix::Thread>::new::thread_start
[INFO] [stdout]   19:     0x750d0908fdfa - <unknown>
[INFO] [stdout]   20:     0x750d091233d4 - clone
[INFO] [stdout]   21:                0x0 - <unknown>
[INFO] [stdout] 
[INFO] [stdout] 
[INFO] [stdout] failures:
[INFO] [stdout]     policy_validate_accepts_the_skill_policy_template
[INFO] [stdout] 
[INFO] [stdout] test result: FAILED. 18 passed; 1 failed; 0 ignored; 0 measured; 0 filtered out; finished in 0.03s
[INFO] [stdout] 
[INFO] [stderr] error: test failed, to rerun pass `--test cli_suggest`
[INFO] running `Command { std: "docker" "inspect" "e076d31cefa50531c5e846a491de0c6d3f97d498384614323946971b996d8855", kill_on_drop: false }`
[INFO] running `Command { std: "docker" "rm" "-f" "e076d31cefa50531c5e846a491de0c6d3f97d498384614323946971b996d8855", kill_on_drop: false }`
[INFO] [stdout] e076d31cefa50531c5e846a491de0c6d3f97d498384614323946971b996d8855
