[INFO] fetching crate fluxus-source-gharchive 0.1.0...
[INFO] testing fluxus-source-gharchive-0.1.0 against 1.99.0-beta.8+cargoflags=--release for beta-release-1.100-2
[INFO] extracting crate fluxus-source-gharchive 0.1.0 into /workspace/builds/worker-3-tc1/source
[INFO] started tweaking crates.io crate fluxus-source-gharchive 0.1.0
[INFO] removed 0 missing examples
[INFO] removed 0 missing tests
[INFO] finished tweaking crates.io crate fluxus-source-gharchive 0.1.0
[INFO] tweaked toml for crates.io crate fluxus-source-gharchive 0.1.0 written to /workspace/builds/worker-3-tc1/source/Cargo.toml
[INFO] validating manifest of crates.io crate fluxus-source-gharchive 0.1.0 on toolchain 1.99.0-beta.8
[INFO] running `Command { std: CARGO_HOME="/workspace/cargo-home" RUSTUP_HOME="/workspace/rustup-home" "/workspace/cargo-home/bin/cargo" "+1.99.0-beta.8" "metadata" "--manifest-path" "Cargo.toml" "--no-deps", kill_on_drop: false }`
[INFO] crate crates.io crate fluxus-source-gharchive 0.1.0 already has a lockfile, it will not be regenerated
[INFO] running `Command { std: CARGO_HOME="/workspace/cargo-home" RUSTUP_HOME="/workspace/rustup-home" "/workspace/cargo-home/bin/cargo" "+1.99.0-beta.8" "fetch" "--manifest-path" "Cargo.toml", kill_on_drop: false }`
[INFO] [stderr]     Updating crates.io index
[INFO] [stderr]  Downloading crates ...
[INFO] [stderr]   Downloaded icu_normalizer_data v1.5.1
[INFO] [stderr]   Downloaded litemap v0.7.5
[INFO] [stderr]   Downloaded fluxus v0.2.0
[INFO] [stderr]   Downloaded fluxus-sinks v0.2.0
[INFO] [stderr]   Downloaded windows-strings v0.4.0
[INFO] [stderr]   Downloaded windows-targets v0.53.0
[INFO] [stderr]   Downloaded windows-result v0.3.2
[INFO] [stderr]   Downloaded fluxus-utils v0.2.0
[INFO] [stderr]   Downloaded fluxus-runtime v0.2.0
[INFO] [stderr]   Downloaded windows-registry v0.4.0
[INFO] [stderr]   Downloaded cargo-husky v1.5.0
[INFO] [stderr]   Downloaded fluxus-sources v0.2.0
[INFO] [stderr]   Downloaded fluxus-api v0.2.0
[INFO] [stderr]   Downloaded fluxus-transformers v0.2.0
[INFO] [stderr]   Downloaded fluxus-core v0.2.0
[INFO] [stderr]   Downloaded redox_syscall v0.5.12
[INFO] [stderr]   Downloaded csv-core v0.1.12
[INFO] [stderr]   Downloaded icu_locid_transform_data v1.5.1
[INFO] [stderr]   Downloaded deflate64 v0.1.9
[INFO] [stderr]   Downloaded tempfile v3.19.1
[INFO] [stderr]   Downloaded uuid v1.16.0
[INFO] [stderr]   Downloaded lz4 v1.28.1
[INFO] [stderr]   Downloaded tokio-util v0.7.15
[INFO] [stderr]   Downloaded rustls-pki-types v1.11.0
[INFO] [stderr]   Downloaded getrandom v0.3.2
[INFO] [stderr]   Downloaded windows-core v0.61.0
[INFO] [stderr]   Downloaded rustls-webpki v0.103.2
[INFO] [stderr]   Downloaded liblzma v0.4.1
[INFO] [stderr]   Downloaded bzip2 v0.5.2
[INFO] [stderr]   Downloaded hyper-util v0.1.11
[INFO] [stderr]   Downloaded openssl-sys v0.9.108
[INFO] [stderr]   Downloaded flate2 v1.1.1
[INFO] [stderr]   Downloaded async-compression v0.4.23
[INFO] [stderr]   Downloaded cc v1.2.21
[INFO] [stderr]   Downloaded h2 v0.4.10
[INFO] [stderr]   Downloaded reqwest v0.12.15
[INFO] [stderr]   Downloaded icu_properties_data v1.5.1
[INFO] [stderr]   Downloaded openssl v0.10.72
[INFO] [stderr]   Downloaded rustls v0.23.27
[INFO] [stderr]   Downloaded brotli v8.0.1
[INFO] [stderr]   Downloaded zstd-sys v2.0.15+zstd.1.5.7
[INFO] [stderr]   Downloaded csv v1.3.1
[INFO] [stderr]   Downloaded liblzma-sys v0.4.3
[INFO] running `Command { std: "docker" "create" "-v" "/var/lib/crater-agent-workspace/builds/worker-3-tc1/source:/opt/rustwide/workdir:ro,Z" "-v" "/var/lib/crater-agent-workspace/builds/worker-3-tc1/target:/opt/rustwide/target:rw,Z" "-v" "/var/lib/crater-agent-workspace/cargo-home:/opt/rustwide/cargo-home:ro,Z" "-v" "/var/lib/crater-agent-workspace/rustup-home:/opt/rustwide/rustup-home:ro,Z" "-m" "1610612736" "--network" "none" "ghcr.io/rust-lang/crates-build-env/linux@sha256:77db811e55d90add9212f6832c23229e3de5f1c1f9905e8cb07319ea15df73ac" "sleep" "infinity", kill_on_drop: false }`
[INFO] [stdout] 63f0b2f244d440e2bbd6e2d8697d20ddf0d4376bacbd1476e1238c2f7f67721c
[INFO] running `Command { std: "docker" "start" "63f0b2f244d440e2bbd6e2d8697d20ddf0d4376bacbd1476e1238c2f7f67721c", kill_on_drop: false }`
[INFO] running `Command { std: "docker" "inspect" "63f0b2f244d440e2bbd6e2d8697d20ddf0d4376bacbd1476e1238c2f7f67721c", kill_on_drop: false }`
[INFO] running `Command { std: "docker" "exec" "-e" "SOURCE_DIR=/opt/rustwide/workdir" "-e" "CARGO_HOME=/opt/rustwide/cargo-home" "-e" "RUSTUP_HOME=/opt/rustwide/rustup-home" "-e" "CARGO_TARGET_DIR=/opt/rustwide/target" "-w" "/opt/rustwide/workdir" "--user" "0:0" "63f0b2f244d440e2bbd6e2d8697d20ddf0d4376bacbd1476e1238c2f7f67721c" "/opt/rustwide/cargo-home/bin/cargo" "+1.99.0-beta.8" "metadata" "--no-deps" "--format-version=1", kill_on_drop: false }`
[INFO] running `Command { std: "docker" "inspect" "63f0b2f244d440e2bbd6e2d8697d20ddf0d4376bacbd1476e1238c2f7f67721c", kill_on_drop: false }`
[INFO] running `Command { std: "docker" "exec" "-e" "SOURCE_DIR=/opt/rustwide/workdir" "-e" "CARGO_HOME=/opt/rustwide/cargo-home" "-e" "RUSTUP_HOME=/opt/rustwide/rustup-home" "-e" "CARGO_TARGET_DIR=/opt/rustwide/target" "-e" "CARGO_INCREMENTAL=0" "-e" "RUST_BACKTRACE=full" "-e" "RUSTFLAGS=--cap-lints=warn" "-e" "RUSTDOCFLAGS=--cap-lints=warn" "-w" "/opt/rustwide/workdir" "--user" "0:0" "63f0b2f244d440e2bbd6e2d8697d20ddf0d4376bacbd1476e1238c2f7f67721c" "/opt/rustwide/cargo-home/bin/cargo" "+1.99.0-beta.8" "build" "--frozen" "--message-format=json" "--release", kill_on_drop: false }`
[INFO] [stderr]    Compiling proc-macro2 v1.0.95
[INFO] [stderr]    Compiling libc v0.2.172
[INFO] [stderr]    Compiling smallvec v1.15.0
[INFO] [stderr]    Compiling litemap v0.7.5
[INFO] [stderr]    Compiling icu_locid_transform_data v1.5.1
[INFO] [stderr]    Compiling tracing-core v0.1.33
[INFO] [stderr]    Compiling icu_properties_data v1.5.1
[INFO] [stderr]    Compiling http v1.3.1
[INFO] [stderr]    Compiling icu_normalizer_data v1.5.1
[INFO] [stderr]    Compiling hashbrown v0.15.3
[INFO] [stderr]    Compiling openssl v0.10.72
[INFO] [stderr]    Compiling bitflags v2.9.0
[INFO] [stderr]    Compiling csv-core v0.1.12
[INFO] [stderr]    Compiling quote v1.0.40
[INFO] [stderr]    Compiling rustls-pki-types v1.11.0
[INFO] [stderr]    Compiling jobserver v0.1.33
[INFO] [stderr]    Compiling syn v2.0.101
[INFO] [stderr]    Compiling parking_lot_core v0.9.10
[INFO] [stderr]    Compiling signal-hook-registry v1.4.5
[INFO] [stderr]    Compiling socket2 v0.5.9
[INFO] [stderr]    Compiling mio v1.0.3
[INFO] [stderr]    Compiling cc v1.2.21
[INFO] [stderr]    Compiling parking_lot v0.12.3
[INFO] [stderr]    Compiling http-body v1.0.1
[INFO] [stderr]    Compiling indexmap v2.9.0
[INFO] [stderr]    Compiling num_cpus v1.16.0
[INFO] [stderr]    Compiling http-body-util v0.1.3
[INFO] [stderr]    Compiling rustls-pemfile v2.2.0
[INFO] [stderr]    Compiling getrandom v0.3.2
[INFO] [stderr]    Compiling zstd-safe v7.2.4
[INFO] [stderr]    Compiling alloc-no-stdlib v2.0.4
[INFO] [stderr]    Compiling hashbrown v0.14.5
[INFO] [stderr]    Compiling uuid v1.16.0
[INFO] [stderr]    Compiling alloc-stdlib v0.2.2
[INFO] [stderr]    Compiling num-traits v0.2.19
[INFO] [stderr]    Compiling miniz_oxide v0.8.8
[INFO] [stderr]    Compiling brotli-decompressor v5.0.0
[INFO] [stderr]    Compiling deflate64 v0.1.9
[INFO] [stderr]    Compiling iana-time-zone v0.1.63
[INFO] [stderr]    Compiling openssl-sys v0.9.108
[INFO] [stderr]    Compiling zstd-sys v2.0.15+zstd.1.5.7
[INFO] [stderr]    Compiling lz4-sys v1.11.1+lz4-1.10.0
[INFO] [stderr]    Compiling native-tls v0.2.14
[INFO] [stderr]    Compiling bzip2-sys v0.1.13+1.0.8
[INFO] [stderr]    Compiling liblzma-sys v0.4.3
[INFO] [stderr]    Compiling dashmap v5.5.3
[INFO] [stderr]    Compiling bzip2 v0.5.2
[INFO] [stderr]    Compiling liblzma v0.4.1
[INFO] [stderr]    Compiling brotli v8.0.1
[INFO] [stderr]    Compiling flate2 v1.1.1
[INFO] [stderr]    Compiling synstructure v0.13.2
[INFO] [stderr]    Compiling zerofrom-derive v0.1.6
[INFO] [stderr]    Compiling yoke-derive v0.7.5
[INFO] [stderr]    Compiling zerofrom v0.1.6
[INFO] [stderr]    Compiling zerovec-derive v0.10.3
[INFO] [stderr]    Compiling yoke v0.7.5
[INFO] [stderr]    Compiling tokio-macros v2.5.0
[INFO] [stderr]    Compiling tokio v1.45.0
[INFO] [stderr]    Compiling zerovec v0.10.4
[INFO] [stderr]    Compiling displaydoc v0.2.5
[INFO] [stderr]    Compiling futures-macro v0.3.31
[INFO] [stderr]    Compiling tinystr v0.7.6
[INFO] [stderr]    Compiling icu_locid v1.5.0
[INFO] [stderr]    Compiling futures-util v0.3.31
[INFO] [stderr]    Compiling serde_derive v1.0.219
[INFO] [stderr]    Compiling tracing-attributes v0.1.28
[INFO] [stderr]    Compiling icu_provider_macros v1.5.0
[INFO] [stderr]    Compiling icu_provider v1.5.0
[INFO] [stderr]    Compiling tracing v0.1.41
[INFO] [stderr]    Compiling icu_locid_transform v1.5.0
[INFO] [stderr]    Compiling icu_collections v1.5.0
[INFO] [stderr]    Compiling tokio-util v0.7.15
[INFO] [stderr]    Compiling icu_properties v1.5.1
[INFO] [stderr]    Compiling openssl-macros v0.1.1
[INFO] [stderr]    Compiling serde v1.0.219
[INFO] [stderr]    Compiling h2 v0.4.10
[INFO] [stderr]    Compiling icu_normalizer v1.5.0
[INFO] [stderr]    Compiling futures-executor v0.3.31
[INFO] [stderr]    Compiling thiserror-impl v1.0.69
[INFO] [stderr]    Compiling futures v0.3.31
[INFO] [stderr]    Compiling serde_json v1.0.140
[INFO] [stderr]    Compiling idna_adapter v1.2.0
[INFO] [stderr]    Compiling idna v1.0.3
[INFO] [stderr]    Compiling thiserror v1.0.69
[INFO] [stderr]    Compiling tokio-native-tls v0.3.1
[INFO] [stderr]    Compiling csv v1.3.1
[INFO] [stderr]    Compiling async-trait v0.1.88
[INFO] [stderr]    Compiling fluxus-utils v0.2.0
[INFO] [stderr]    Compiling url v2.5.4
[INFO] [stderr]    Compiling hyper v1.6.0
[INFO] [stderr]    Compiling serde_urlencoded v0.7.1
[INFO] [stderr]    Compiling tower v0.5.2
[INFO] [stderr]    Compiling fluxus-sinks v0.2.0
[INFO] [stderr]    Compiling lz4 v1.28.1
[INFO] [stderr]    Compiling chrono v0.4.41
[INFO] [stderr]    Compiling zstd v0.13.3
[INFO] [stderr]    Compiling async-compression v0.4.23
[INFO] [stderr]    Compiling hyper-util v0.1.11
[INFO] [stderr]    Compiling hyper-tls v0.6.0
[INFO] [stderr]    Compiling reqwest v0.12.15
[INFO] [stderr]    Compiling fluxus-sources v0.2.0
[INFO] [stderr]    Compiling fluxus-transformers v0.2.0
[INFO] [stderr]    Compiling fluxus-core v0.2.0
[INFO] [stderr]    Compiling fluxus-runtime v0.2.0
[INFO] [stderr]    Compiling fluxus-api v0.2.0
[INFO] [stderr]    Compiling fluxus v0.2.0
[INFO] [stderr]    Compiling fluxus-source-gharchive v0.1.0 (/opt/rustwide/workdir)
[INFO] [stderr]     Finished `release` profile [optimized] target(s) in 3m 35s
[INFO] running `Command { std: "docker" "inspect" "63f0b2f244d440e2bbd6e2d8697d20ddf0d4376bacbd1476e1238c2f7f67721c", kill_on_drop: false }`
[INFO] running `Command { std: "docker" "exec" "-e" "SOURCE_DIR=/opt/rustwide/workdir" "-e" "CARGO_HOME=/opt/rustwide/cargo-home" "-e" "RUSTUP_HOME=/opt/rustwide/rustup-home" "-e" "CARGO_TARGET_DIR=/opt/rustwide/target" "-e" "CARGO_INCREMENTAL=0" "-e" "RUST_BACKTRACE=full" "-e" "RUSTFLAGS=--cap-lints=warn" "-e" "RUSTDOCFLAGS=--cap-lints=warn" "-w" "/opt/rustwide/workdir" "--user" "0:0" "63f0b2f244d440e2bbd6e2d8697d20ddf0d4376bacbd1476e1238c2f7f67721c" "/opt/rustwide/cargo-home/bin/cargo" "+1.99.0-beta.8" "test" "--frozen" "--no-run" "--message-format=json" "--release", kill_on_drop: false }`
[INFO] [stderr]    Compiling openssl v0.10.72
[INFO] [stderr]    Compiling rustix v1.0.7
[INFO] [stderr]    Compiling cargo-husky v1.5.0
[INFO] [stderr]    Compiling fastrand v2.3.0
[INFO] [stderr]    Compiling tempfile v3.19.1
[INFO] [stderr]    Compiling native-tls v0.2.14
[INFO] [stderr]    Compiling tokio-native-tls v0.3.1
[INFO] [stderr]    Compiling hyper-tls v0.6.0
[INFO] [stderr]    Compiling reqwest v0.12.15
[INFO] [stderr]    Compiling fluxus-sources v0.2.0
[INFO] [stderr]    Compiling fluxus-transformers v0.2.0
[INFO] [stderr]    Compiling fluxus-core v0.2.0
[INFO] [stderr]    Compiling fluxus-runtime v0.2.0
[INFO] [stderr]    Compiling fluxus-api v0.2.0
[INFO] [stderr]    Compiling fluxus v0.2.0
[INFO] [stderr]    Compiling fluxus-source-gharchive v0.1.0 (/opt/rustwide/workdir)
[INFO] [stderr]     Finished `release` profile [optimized] target(s) in 42.16s
[INFO] running `Command { std: "docker" "inspect" "63f0b2f244d440e2bbd6e2d8697d20ddf0d4376bacbd1476e1238c2f7f67721c", kill_on_drop: false }`
[INFO] running `Command { std: "docker" "exec" "-e" "SOURCE_DIR=/opt/rustwide/workdir" "-e" "CARGO_HOME=/opt/rustwide/cargo-home" "-e" "RUSTUP_HOME=/opt/rustwide/rustup-home" "-e" "CARGO_TARGET_DIR=/opt/rustwide/target" "-e" "CARGO_INCREMENTAL=0" "-e" "RUST_BACKTRACE=full" "-e" "RUSTFLAGS=--cap-lints=warn" "-e" "RUSTDOCFLAGS=--cap-lints=warn" "-w" "/opt/rustwide/workdir" "--user" "0:0" "63f0b2f244d440e2bbd6e2d8697d20ddf0d4376bacbd1476e1238c2f7f67721c" "/opt/rustwide/cargo-home/bin/cargo" "+1.99.0-beta.8" "test" "--frozen" "--release", kill_on_drop: false }`
[INFO] [stderr]     Finished `release` profile [optimized] target(s) in 0.32s
[INFO] [stderr]      Running unittests src/lib.rs (/opt/rustwide/target/release/deps/fluxus_source_gharchive-3cc65399feb10224)
[INFO] [stdout] 
[INFO] [stdout] running 0 tests
[INFO] [stdout] 
[INFO] [stdout] test result: ok. 0 passed; 0 failed; 0 ignored; 0 measured; 0 filtered out; finished in 0.00s
[INFO] [stdout] 
[INFO] [stderr]      Running tests/test_gharchive.rs (/opt/rustwide/target/release/deps/test_gharchive-b60c9135217c5ce3)
[INFO] [stdout] 
[INFO] [stdout] running 3 tests
[INFO] [stdout] test tests::test_date_range ... FAILED
[INFO] [stdout] test tests::test_local_source ... FAILED
[INFO] [stdout] test tests::test_http_source ... FAILED
[INFO] [stdout] 
[INFO] [stdout] failures:
[INFO] [stdout] 
[INFO] [stdout] ---- tests::test_date_range stdout ----
[INFO] [stdout] 
[INFO] [stdout] thread 'tests::test_date_range' (2430) panicked at tests/test_gharchive.rs:88:29:
[INFO] [stdout] called `Result::unwrap()` on an `Err` value: Io(Custom { kind: Other, error: "HTTP request failed:: error sending request for url (https://data.gharchive.org/2021-01-01-0.json.gz)" })
[INFO] [stdout] stack backtrace:
[INFO] [stdout]    0:     0x6380bc9b4a61 - <<std[70759c8f55707aa4]::sys::backtrace::BacktraceLock>::print::DisplayBacktrace as core[df12db4294e9bfd3]::fmt::Display>::fmt
[INFO] [stdout]    1:     0x6380bc9cad7a - core[df12db4294e9bfd3]::fmt::write
[INFO] [stdout]    2:     0x6380bc9b95ec - <alloc[2182bb758b4b3781]::vec::Vec<u8> as core[df12db4294e9bfd3]::io::write::Write>::write_fmt
[INFO] [stdout]    3:     0x6380bc98fa86 - std[70759c8f55707aa4]::panicking::default_hook::{closure#0}
[INFO] [stdout]    4:     0x6380bc9ac9a9 - std[70759c8f55707aa4]::panicking::default_hook
[INFO] [stdout]    5:     0x6380bc7e3b40 - test[9d35eded1c95d3be]::test_main_inner::<test[9d35eded1c95d3be]::test_main_static::{closure#0}>::{closure#0}
[INFO] [stdout]    6:     0x6380bc9accd2 - std[70759c8f55707aa4]::panicking::panic_with_hook
[INFO] [stdout]    7:     0x6380bc98fb32 - std[70759c8f55707aa4]::panicking::panic_handler::{closure#0}
[INFO] [stdout]    8:     0x6380bc988729 - std[70759c8f55707aa4]::sys::backtrace::__rust_end_short_backtrace::<std[70759c8f55707aa4]::panicking::panic_handler::{closure#0}, !>
[INFO] [stdout]    9:     0x6380bc99091d - __rustc[8fa7c3cbc660c2b3]::rust_begin_unwind
[INFO] [stdout]   10:     0x6380bc9cb4dc - core[df12db4294e9bfd3]::panicking::panic_fmt
[INFO] [stdout]   11:     0x6380bc9cb2b2 - core[df12db4294e9bfd3]::result::unwrap_failed
[INFO] [stdout]   12:     0x6380bc7d2011 - test_gharchive[92cafbfafe6de0c2]::tests::test_date_range::{closure#0}
[INFO] [stdout]   13:     0x6380bc7c9c73 - <tokio[51a815f14ad4d462]::runtime::scheduler::current_thread::Context>::enter::<core[df12db4294e9bfd3]::task::poll::Poll<()>, <tokio[51a815f14ad4d462]::runtime::scheduler::current_thread::CoreGuard>::block_on<core[df12db4294e9bfd3]::pin::Pin<&mut core[df12db4294e9bfd3]::pin::Pin<&mut dyn core[df12db4294e9bfd3]::future::future::Future<Output = ()>>>>::{closure#0}::{closure#0}>
[INFO] [stdout]   14:     0x6380bc7ccd7c - <tokio[51a815f14ad4d462]::runtime::context::scoped::Scoped<tokio[51a815f14ad4d462]::runtime::scheduler::Context>>::set::<<tokio[51a815f14ad4d462]::runtime::scheduler::current_thread::CoreGuard>::enter<<tokio[51a815f14ad4d462]::runtime::scheduler::current_thread::CoreGuard>::block_on<core[df12db4294e9bfd3]::pin::Pin<&mut core[df12db4294e9bfd3]::pin::Pin<&mut dyn core[df12db4294e9bfd3]::future::future::Future<Output = ()>>>>::{closure#0}, core[df12db4294e9bfd3]::option::Option<()>>::{closure#0}, (alloc[2182bb758b4b3781]::boxed::Box<tokio[51a815f14ad4d462]::runtime::scheduler::current_thread::Core>, core[df12db4294e9bfd3]::option::Option<()>)>
[INFO] [stdout]   15:     0x6380bc7c9fc7 - <tokio[51a815f14ad4d462]::runtime::scheduler::current_thread::CoreGuard>::block_on::<core[df12db4294e9bfd3]::pin::Pin<&mut core[df12db4294e9bfd3]::pin::Pin<&mut dyn core[df12db4294e9bfd3]::future::future::Future<Output = ()>>>>
[INFO] [stdout]   16:     0x6380bc7cf917 - tokio[51a815f14ad4d462]::runtime::context::runtime::enter_runtime::<<tokio[51a815f14ad4d462]::runtime::scheduler::current_thread::CurrentThread>::block_on<core[df12db4294e9bfd3]::pin::Pin<&mut dyn core[df12db4294e9bfd3]::future::future::Future<Output = ()>>>::{closure#0}, ()>
[INFO] [stdout]   17:     0x6380bc7d3f85 - <tokio[51a815f14ad4d462]::runtime::runtime::Runtime>::block_on::<core[df12db4294e9bfd3]::pin::Pin<&mut dyn core[df12db4294e9bfd3]::future::future::Future<Output = ()>>>
[INFO] [stdout]   18:     0x6380bc7d3a3b - test_gharchive[92cafbfafe6de0c2]::tests::test_date_range
[INFO] [stdout]   19:     0x6380bc7ce769 - <test_gharchive[92cafbfafe6de0c2]::tests::test_date_range::{closure#0} as core[df12db4294e9bfd3]::ops::function::FnOnce<()>>::call_once
[INFO] [stdout]   20:     0x6380bc7d6e2b - test[9d35eded1c95d3be]::__rust_begin_short_backtrace::<core[df12db4294e9bfd3]::result::Result<(), alloc[2182bb758b4b3781]::string::String>, fn() -> core[df12db4294e9bfd3]::result::Result<(), alloc[2182bb758b4b3781]::string::String>>
[INFO] [stdout]   21:     0x6380bc7e4495 - test[9d35eded1c95d3be]::run_test::{closure#0}
[INFO] [stdout]   22:     0x6380bc7ddd54 - std[70759c8f55707aa4]::sys::backtrace::__rust_begin_short_backtrace::<test[9d35eded1c95d3be]::run_test::{closure#1}, ()>
[INFO] [stdout]   23:     0x6380bc7e75f2 - <std[70759c8f55707aa4]::thread::lifecycle::spawn_unchecked<test[9d35eded1c95d3be]::run_test::{closure#1}, ()>::{closure#1} as core[df12db4294e9bfd3]::ops::function::FnOnce<()>>::call_once::{shim:vtable#0}
[INFO] [stdout]   24:     0x6380bc9b3f89 - <std[70759c8f55707aa4]::sys::thread::unix::Thread>::new::thread_start
[INFO] [stdout]   25:     0x730d23c97dfa - <unknown>
[INFO] [stdout]   26:     0x730d23d2b3d4 - clone
[INFO] [stdout]   27:                0x0 - <unknown>
[INFO] [stdout] 
[INFO] [stdout] ---- tests::test_local_source stdout ----
[INFO] [stdout] 
[INFO] [stdout] thread 'tests::test_local_source' (2432) panicked at tests/test_gharchive.rs:13:48:
[INFO] [stdout] called `Result::unwrap()` on an `Err` value: reqwest::Error { kind: Request, url: "https://data.gharchive.org/2012-01-01-15.json.gz", source: hyper_util::client::legacy::Error(Connect, ConnectError("dns error", Custom { kind: Uncategorized, error: "failed to lookup address information: Temporary failure in name resolution" })) }
[INFO] [stdout] stack backtrace:
[INFO] [stdout]    0:     0x6380bc9b4a61 - <<std[70759c8f55707aa4]::sys::backtrace::BacktraceLock>::print::DisplayBacktrace as core[df12db4294e9bfd3]::fmt::Display>::fmt
[INFO] [stdout]    1:     0x6380bc9cad7a - core[df12db4294e9bfd3]::fmt::write
[INFO] [stdout]    2:     0x6380bc9b95ec - <alloc[2182bb758b4b3781]::vec::Vec<u8> as core[df12db4294e9bfd3]::io::write::Write>::write_fmt
[INFO] [stdout]    3:     0x6380bc98fa86 - std[70759c8f55707aa4]::panicking::default_hook::{closure#0}
[INFO] [stdout]    4:     0x6380bc9ac9a9 - std[70759c8f55707aa4]::panicking::default_hook
[INFO] [stdout]    5:     0x6380bc7e3b40 - test[9d35eded1c95d3be]::test_main_inner::<test[9d35eded1c95d3be]::test_main_static::{closure#0}>::{closure#0}
[INFO] [stdout]    6:     0x6380bc9accd2 - std[70759c8f55707aa4]::panicking::panic_with_hook
[INFO] [stdout]    7:     0x6380bc98fb32 - std[70759c8f55707aa4]::panicking::panic_handler::{closure#0}
[INFO] [stdout]    8:     0x6380bc988729 - std[70759c8f55707aa4]::sys::backtrace::__rust_end_short_backtrace::<std[70759c8f55707aa4]::panicking::panic_handler::{closure#0}, !>
[INFO] [stdout]    9:     0x6380bc99091d - __rustc[8fa7c3cbc660c2b3]::rust_begin_unwind
[INFO] [stdout]   10:     0x6380bc9cb4dc - core[df12db4294e9bfd3]::panicking::panic_fmt
[INFO] [stdout]   11:     0x6380bc9cb2b2 - core[df12db4294e9bfd3]::result::unwrap_failed
[INFO] [stdout]   12:     0x6380bc7d327f - test_gharchive[92cafbfafe6de0c2]::tests::test_local_source::{closure#0}
[INFO] [stdout]   13:     0x6380bc7c9c73 - <tokio[51a815f14ad4d462]::runtime::scheduler::current_thread::Context>::enter::<core[df12db4294e9bfd3]::task::poll::Poll<()>, <tokio[51a815f14ad4d462]::runtime::scheduler::current_thread::CoreGuard>::block_on<core[df12db4294e9bfd3]::pin::Pin<&mut core[df12db4294e9bfd3]::pin::Pin<&mut dyn core[df12db4294e9bfd3]::future::future::Future<Output = ()>>>>::{closure#0}::{closure#0}>
[INFO] [stdout]   14:     0x6380bc7ccd7c - <tokio[51a815f14ad4d462]::runtime::context::scoped::Scoped<tokio[51a815f14ad4d462]::runtime::scheduler::Context>>::set::<<tokio[51a815f14ad4d462]::runtime::scheduler::current_thread::CoreGuard>::enter<<tokio[51a815f14ad4d462]::runtime::scheduler::current_thread::CoreGuard>::block_on<core[df12db4294e9bfd3]::pin::Pin<&mut core[df12db4294e9bfd3]::pin::Pin<&mut dyn core[df12db4294e9bfd3]::future::future::Future<Output = ()>>>>::{closure#0}, core[df12db4294e9bfd3]::option::Option<()>>::{closure#0}, (alloc[2182bb758b4b3781]::boxed::Box<tokio[51a815f14ad4d462]::runtime::scheduler::current_thread::Core>, core[df12db4294e9bfd3]::option::Option<()>)>
[INFO] [stdout]   15:     0x6380bc7c9fc7 - <tokio[51a815f14ad4d462]::runtime::scheduler::current_thread::CoreGuard>::block_on::<core[df12db4294e9bfd3]::pin::Pin<&mut core[df12db4294e9bfd3]::pin::Pin<&mut dyn core[df12db4294e9bfd3]::future::future::Future<Output = ()>>>>
[INFO] [stdout]   16:     0x6380bc7cf917 - tokio[51a815f14ad4d462]::runtime::context::runtime::enter_runtime::<<tokio[51a815f14ad4d462]::runtime::scheduler::current_thread::CurrentThread>::block_on<core[df12db4294e9bfd3]::pin::Pin<&mut dyn core[df12db4294e9bfd3]::future::future::Future<Output = ()>>>::{closure#0}, ()>
[INFO] [stdout]   17:     0x6380bc7d3f85 - <tokio[51a815f14ad4d462]::runtime::runtime::Runtime>::block_on::<core[df12db4294e9bfd3]::pin::Pin<&mut dyn core[df12db4294e9bfd3]::future::future::Future<Output = ()>>>
[INFO] [stdout]   18:     0x6380bc7d3cdb - test_gharchive[92cafbfafe6de0c2]::tests::test_local_source
[INFO] [stdout]   19:     0x6380bc7ce7a9 - <test_gharchive[92cafbfafe6de0c2]::tests::test_local_source::{closure#0} as core[df12db4294e9bfd3]::ops::function::FnOnce<()>>::call_once
[INFO] [stdout]   20:     0x6380bc7d6e2b - test[9d35eded1c95d3be]::__rust_begin_short_backtrace::<core[df12db4294e9bfd3]::result::Result<(), alloc[2182bb758b4b3781]::string::String>, fn() -> core[df12db4294e9bfd3]::result::Result<(), alloc[2182bb758b4b3781]::string::String>>
[INFO] [stdout]   21:     0x6380bc7e4495 - test[9d35eded1c95d3be]::run_test::{closure#0}
[INFO] [stdout]   22:     0x6380bc7ddd54 - std[70759c8f55707aa4]::sys::backtrace::__rust_begin_short_backtrace::<test[9d35eded1c95d3be]::run_test::{closure#1}, ()>
[INFO] [stdout]   23:     0x6380bc7e75f2 - <std[70759c8f55707aa4]::thread::lifecycle::spawn_unchecked<test[9d35eded1c95d3be]::run_test::{closure#1}, ()>::{closure#1} as core[df12db4294e9bfd3]::ops::function::FnOnce<()>>::call_once::{shim:vtable#0}
[INFO] [stdout]   24:     0x6380bc9b3f89 - <std[70759c8f55707aa4]::sys::thread::unix::Thread>::new::thread_start
[INFO] [stdout]   25:     0x730d23c97dfa - <unknown>
[INFO] [stdout]   26:     0x730d23d2b3d4 - clone
[INFO] [stdout]   27:                0x0 - <unknown>
[INFO] [stdout] 
[INFO] [stdout] ---- tests::test_http_source stdout ----
[INFO] [stdout] 
[INFO] [stdout] thread 'tests::test_http_source' (2431) panicked at tests/test_gharchive.rs:60:13:
[INFO] [stdout] init failed : Io(Custom { kind: Other, error: "HTTP request failed:: error sending request for url (https://data.gharchive.org/2015-01-01-15.json.gz)" })
[INFO] [stdout] stack backtrace:
[INFO] [stdout]    0:     0x6380bc9b4a61 - <<std[70759c8f55707aa4]::sys::backtrace::BacktraceLock>::print::DisplayBacktrace as core[df12db4294e9bfd3]::fmt::Display>::fmt
[INFO] [stdout]    1:     0x6380bc9cad7a - core[df12db4294e9bfd3]::fmt::write
[INFO] [stdout]    2:     0x6380bc9b95ec - <alloc[2182bb758b4b3781]::vec::Vec<u8> as core[df12db4294e9bfd3]::io::write::Write>::write_fmt
[INFO] [stdout]    3:     0x6380bc98fa86 - std[70759c8f55707aa4]::panicking::default_hook::{closure#0}
[INFO] [stdout]    4:     0x6380bc9ac9a9 - std[70759c8f55707aa4]::panicking::default_hook
[INFO] [stdout]    5:     0x6380bc7e3b40 - test[9d35eded1c95d3be]::test_main_inner::<test[9d35eded1c95d3be]::test_main_static::{closure#0}>::{closure#0}
[INFO] [stdout]    6:     0x6380bc9accd2 - std[70759c8f55707aa4]::panicking::panic_with_hook
[INFO] [stdout]    7:     0x6380bc98fb32 - std[70759c8f55707aa4]::panicking::panic_handler::{closure#0}
[INFO] [stdout]    8:     0x6380bc988729 - std[70759c8f55707aa4]::sys::backtrace::__rust_end_short_backtrace::<std[70759c8f55707aa4]::panicking::panic_handler::{closure#0}, !>
[INFO] [stdout]    9:     0x6380bc99091d - __rustc[8fa7c3cbc660c2b3]::rust_begin_unwind
[INFO] [stdout]   10:     0x6380bc9cb4dc - core[df12db4294e9bfd3]::panicking::panic_fmt
[INFO] [stdout]   11:     0x6380bc7d1cd4 - test_gharchive[92cafbfafe6de0c2]::tests::test_http_source::{closure#0}::{closure#0}
[INFO] [stdout]   12:     0x6380bc7d25a7 - test_gharchive[92cafbfafe6de0c2]::tests::test_http_source::{closure#0}
[INFO] [stdout]   13:     0x6380bc7c9c73 - <tokio[51a815f14ad4d462]::runtime::scheduler::current_thread::Context>::enter::<core[df12db4294e9bfd3]::task::poll::Poll<()>, <tokio[51a815f14ad4d462]::runtime::scheduler::current_thread::CoreGuard>::block_on<core[df12db4294e9bfd3]::pin::Pin<&mut core[df12db4294e9bfd3]::pin::Pin<&mut dyn core[df12db4294e9bfd3]::future::future::Future<Output = ()>>>>::{closure#0}::{closure#0}>
[INFO] [stdout]   14:     0x6380bc7ccd7c - <tokio[51a815f14ad4d462]::runtime::context::scoped::Scoped<tokio[51a815f14ad4d462]::runtime::scheduler::Context>>::set::<<tokio[51a815f14ad4d462]::runtime::scheduler::current_thread::CoreGuard>::enter<<tokio[51a815f14ad4d462]::runtime::scheduler::current_thread::CoreGuard>::block_on<core[df12db4294e9bfd3]::pin::Pin<&mut core[df12db4294e9bfd3]::pin::Pin<&mut dyn core[df12db4294e9bfd3]::future::future::Future<Output = ()>>>>::{closure#0}, core[df12db4294e9bfd3]::option::Option<()>>::{closure#0}, (alloc[2182bb758b4b3781]::boxed::Box<tokio[51a815f14ad4d462]::runtime::scheduler::current_thread::Core>, core[df12db4294e9bfd3]::option::Option<()>)>
[INFO] [stdout]   15:     0x6380bc7c9fc7 - <tokio[51a815f14ad4d462]::runtime::scheduler::current_thread::CoreGuard>::block_on::<core[df12db4294e9bfd3]::pin::Pin<&mut core[df12db4294e9bfd3]::pin::Pin<&mut dyn core[df12db4294e9bfd3]::future::future::Future<Output = ()>>>>
[INFO] [stdout]   16:     0x6380bc7cf917 - tokio[51a815f14ad4d462]::runtime::context::runtime::enter_runtime::<<tokio[51a815f14ad4d462]::runtime::scheduler::current_thread::CurrentThread>::block_on<core[df12db4294e9bfd3]::pin::Pin<&mut dyn core[df12db4294e9bfd3]::future::future::Future<Output = ()>>>::{closure#0}, ()>
[INFO] [stdout]   17:     0x6380bc7d3f85 - <tokio[51a815f14ad4d462]::runtime::runtime::Runtime>::block_on::<core[df12db4294e9bfd3]::pin::Pin<&mut dyn core[df12db4294e9bfd3]::future::future::Future<Output = ()>>>
[INFO] [stdout]   18:     0x6380bc7d3b8b - test_gharchive[92cafbfafe6de0c2]::tests::test_http_source
[INFO] [stdout]   19:     0x6380bc7ce789 - <test_gharchive[92cafbfafe6de0c2]::tests::test_http_source::{closure#0} as core[df12db4294e9bfd3]::ops::function::FnOnce<()>>::call_once
[INFO] [stdout]   20:     0x6380bc7d6e2b - test[9d35eded1c95d3be]::__rust_begin_short_backtrace::<core[df12db4294e9bfd3]::result::Result<(), alloc[2182bb758b4b3781]::string::String>, fn() -> core[df12db4294e9bfd3]::result::Result<(), alloc[2182bb758b4b3781]::string::String>>
[INFO] [stdout]   21:     0x6380bc7e4495 - test[9d35eded1c95d3be]::run_test::{closure#0}
[INFO] [stdout]   22:     0x6380bc7ddd54 - std[70759c8f55707aa4]::sys::backtrace::__rust_begin_short_backtrace::<test[9d35eded1c95d3be]::run_test::{closure#1}, ()>
[INFO] [stdout]   23:     0x6380bc7e75f2 - <std[70759c8f55707aa4]::thread::lifecycle::spawn_unchecked<test[9d35eded1c95d3be]::run_test::{closure#1}, ()>::{closure#1} as core[df12db4294e9bfd3]::ops::function::FnOnce<()>>::call_once::{shim:vtable#0}
[INFO] [stdout]   24:     0x6380bc9b3f89 - <std[70759c8f55707aa4]::sys::thread::unix::Thread>::new::thread_start
[INFO] [stdout]   25:     0x730d23c97dfa - <unknown>
[INFO] [stdout]   26:     0x730d23d2b3d4 - clone
[INFO] [stdout]   27:                0x0 - <unknown>
[INFO] [stdout] 
[INFO] [stdout] 
[INFO] [stdout] failures:
[INFO] [stdout]     tests::test_date_range
[INFO] [stdout]     tests::test_http_source
[INFO] [stdout]     tests::test_local_source
[INFO] [stdout] 
[INFO] [stdout] test result: FAILED. 0 passed; 3 failed; 0 ignored; 0 measured; 0 filtered out; finished in 0.17s
[INFO] [stdout] 
[INFO] [stderr] error: test failed, to rerun pass `--test test_gharchive`
[INFO] running `Command { std: "docker" "inspect" "63f0b2f244d440e2bbd6e2d8697d20ddf0d4376bacbd1476e1238c2f7f67721c", kill_on_drop: false }`
[INFO] running `Command { std: "docker" "rm" "-f" "63f0b2f244d440e2bbd6e2d8697d20ddf0d4376bacbd1476e1238c2f7f67721c", kill_on_drop: false }`
[INFO] [stdout] 63f0b2f244d440e2bbd6e2d8697d20ddf0d4376bacbd1476e1238c2f7f67721c
