[INFO] fetching crate flutils 0.5.0...
[INFO] testing flutils-0.5.0 against 1.99.0-beta.8+cargoflags=--release for beta-release-1.100-2
[INFO] extracting crate flutils 0.5.0 into /workspace/builds/worker-4-tc1/source
[INFO] started tweaking crates.io crate flutils 0.5.0
[INFO] finished tweaking crates.io crate flutils 0.5.0
[INFO] tweaked toml for crates.io crate flutils 0.5.0 written to /workspace/builds/worker-4-tc1/source/Cargo.toml
[INFO] validating manifest of crates.io crate flutils 0.5.0 on toolchain 1.99.0-beta.8
[INFO] running `Command { std: CARGO_HOME="/workspace/cargo-home" RUSTUP_HOME="/workspace/rustup-home" "/workspace/cargo-home/bin/cargo" "+1.99.0-beta.8" "metadata" "--manifest-path" "Cargo.toml" "--no-deps", kill_on_drop: false }`
[INFO] running `Command { std: CARGO_HOME="/workspace/cargo-home" RUSTUP_HOME="/workspace/rustup-home" "/workspace/cargo-home/bin/cargo" "+1.99.0-beta.8" "generate-lockfile" "--manifest-path" "Cargo.toml", kill_on_drop: false }`
[INFO] [stderr]     Updating crates.io index
[INFO] [stderr]      Locking 105 packages to highest compatible versions
[INFO] [stderr]       Adding env_logger v0.9.3 (available: v0.11.11)
[INFO] [stderr]       Adding flexi_logger v0.22.6 (available: v0.31.10)
[INFO] [stderr]       Adding generic-array v0.14.7 (available: v0.14.9)
[INFO] [stderr]       Adding rand v0.8.8 (available: v0.10.3)
[INFO] [stderr]       Adding sha2 v0.10.9 (available: v0.11.1)
[INFO] [stderr]       Adding thiserror v1.0.69 (available: v2.0.21)
[INFO] [stderr]       Adding time v0.3.9 (available: v0.3.55)
[INFO] [stderr]       Adding time-macros v0.2.4 (available: v0.2.32)
[INFO] running `Command { std: CARGO_HOME="/workspace/cargo-home" RUSTUP_HOME="/workspace/rustup-home" "/workspace/cargo-home/bin/cargo" "+1.99.0-beta.8" "fetch" "--manifest-path" "Cargo.toml", kill_on_drop: false }`
[INFO] [stderr]  Downloading crates ...
[INFO] [stderr]   Downloaded wasm-timer v0.2.5
[INFO] [stderr]   Downloaded flexi_logger v0.22.6
[INFO] running `Command { std: "docker" "create" "-v" "/var/lib/crater-agent-workspace/builds/worker-4-tc1/source:/opt/rustwide/workdir:ro,Z" "-v" "/var/lib/crater-agent-workspace/builds/worker-4-tc1/target:/opt/rustwide/target:rw,Z" "-v" "/var/lib/crater-agent-workspace/cargo-home:/opt/rustwide/cargo-home:ro,Z" "-v" "/var/lib/crater-agent-workspace/rustup-home:/opt/rustwide/rustup-home:ro,Z" "-m" "1610612736" "--network" "none" "ghcr.io/rust-lang/crates-build-env/linux@sha256:77db811e55d90add9212f6832c23229e3de5f1c1f9905e8cb07319ea15df73ac" "sleep" "infinity", kill_on_drop: false }`
[INFO] [stdout] a620cd9b098e13751544699df9d0191ad58977e98e7d95d501e3e8e46af02b07
[INFO] running `Command { std: "docker" "start" "a620cd9b098e13751544699df9d0191ad58977e98e7d95d501e3e8e46af02b07", kill_on_drop: false }`
[INFO] running `Command { std: "docker" "inspect" "a620cd9b098e13751544699df9d0191ad58977e98e7d95d501e3e8e46af02b07", kill_on_drop: false }`
[INFO] running `Command { std: "docker" "exec" "-e" "SOURCE_DIR=/opt/rustwide/workdir" "-e" "CARGO_HOME=/opt/rustwide/cargo-home" "-e" "RUSTUP_HOME=/opt/rustwide/rustup-home" "-e" "CARGO_TARGET_DIR=/opt/rustwide/target" "-w" "/opt/rustwide/workdir" "--user" "0:0" "a620cd9b098e13751544699df9d0191ad58977e98e7d95d501e3e8e46af02b07" "/opt/rustwide/cargo-home/bin/cargo" "+1.99.0-beta.8" "metadata" "--no-deps" "--format-version=1", kill_on_drop: false }`
[INFO] running `Command { std: "docker" "inspect" "a620cd9b098e13751544699df9d0191ad58977e98e7d95d501e3e8e46af02b07", kill_on_drop: false }`
[INFO] running `Command { std: "docker" "exec" "-e" "SOURCE_DIR=/opt/rustwide/workdir" "-e" "CARGO_HOME=/opt/rustwide/cargo-home" "-e" "RUSTUP_HOME=/opt/rustwide/rustup-home" "-e" "CARGO_TARGET_DIR=/opt/rustwide/target" "-e" "CARGO_INCREMENTAL=0" "-e" "RUST_BACKTRACE=full" "-e" "RUSTFLAGS=--cap-lints=warn" "-e" "RUSTDOCFLAGS=--cap-lints=warn" "-w" "/opt/rustwide/workdir" "--user" "0:0" "a620cd9b098e13751544699df9d0191ad58977e98e7d95d501e3e8e46af02b07" "/opt/rustwide/cargo-home/bin/cargo" "+1.99.0-beta.8" "build" "--frozen" "--message-format=json" "--release", kill_on_drop: false }`
[INFO] [stderr]    Compiling syn v3.0.9
[INFO] [stderr]    Compiling generic-array v0.14.7
[INFO] [stderr]    Compiling regex-automata v0.4.18
[INFO] [stderr]    Compiling thiserror-impl v1.0.69
[INFO] [stderr]    Compiling atty v0.2.14
[INFO] [stderr]    Compiling log v0.4.34
[INFO] [stderr]    Compiling timer v0.2.0
[INFO] [stderr]    Compiling thiserror v1.0.69
[INFO] [stderr]    Compiling crypto-common v0.1.7
[INFO] [stderr]    Compiling block-buffer v0.10.4
[INFO] [stderr]    Compiling digest v0.10.7
[INFO] [stderr]    Compiling sha2 v0.10.9
[INFO] [stderr]    Compiling regex v1.13.1
[INFO] [stderr]    Compiling futures-macro v0.3.34
[INFO] [stderr]    Compiling serde_derive v1.0.229
[INFO] [stderr]    Compiling tokio-macros v2.7.2
[INFO] [stderr]    Compiling env_logger v0.9.3
[INFO] [stderr]    Compiling futures-util v0.3.34
[INFO] [stderr]    Compiling async-trait v0.1.92
[INFO] [stderr]    Compiling tokio v1.53.3
[INFO] [stderr]    Compiling serde v1.0.229
[INFO] [stderr]    Compiling futures-executor v0.3.34
[INFO] [stderr]    Compiling futures v0.3.34
[INFO] [stderr]    Compiling flutils v0.5.0 (/opt/rustwide/workdir)
[INFO] [stdout] warning: use of deprecated method `futures::futures_channel::mpsc::UnboundedReceiver::<T>::try_next`: please use `try_recv` instead
[INFO] [stdout]    --> src/broker.rs:325:52
[INFO] [stdout]     |
[INFO] [stdout] 325 |         while let Ok(Some(ss)) = self.subsystem_rx.try_next() {
[INFO] [stdout]     |                                                    ^^^^^^^^
[INFO] [stdout]     |
[INFO] [stdout]     = note: `#[warn(deprecated)]` on by default
[INFO] [stdout] 
[INFO] [stdout] 
[INFO] [stdout] warning: use of deprecated method `futures::futures_channel::mpsc::UnboundedReceiver::<T>::try_next`: please use `try_recv` instead
[INFO] [stdout]    --> src/broker.rs:465:45
[INFO] [stdout]     |
[INFO] [stdout] 465 |                 while let Ok(Some(msg)) = s.try_next() {
[INFO] [stdout]     |                                             ^^^^^^^^
[INFO] [stdout] 
[INFO] [stdout] 
[INFO] [stderr]     Finished `release` profile [optimized] target(s) in 42.78s
[INFO] running `Command { std: "docker" "inspect" "a620cd9b098e13751544699df9d0191ad58977e98e7d95d501e3e8e46af02b07", kill_on_drop: false }`
[INFO] running `Command { std: "docker" "exec" "-e" "SOURCE_DIR=/opt/rustwide/workdir" "-e" "CARGO_HOME=/opt/rustwide/cargo-home" "-e" "RUSTUP_HOME=/opt/rustwide/rustup-home" "-e" "CARGO_TARGET_DIR=/opt/rustwide/target" "-e" "CARGO_INCREMENTAL=0" "-e" "RUST_BACKTRACE=full" "-e" "RUSTFLAGS=--cap-lints=warn" "-e" "RUSTDOCFLAGS=--cap-lints=warn" "-w" "/opt/rustwide/workdir" "--user" "0:0" "a620cd9b098e13751544699df9d0191ad58977e98e7d95d501e3e8e46af02b07" "/opt/rustwide/cargo-home/bin/cargo" "+1.99.0-beta.8" "test" "--frozen" "--no-run" "--message-format=json" "--release", kill_on_drop: false }`
[INFO] [stderr]    Compiling getrandom v0.2.17
[INFO] [stderr]    Compiling atty v0.2.14
[INFO] [stderr]    Compiling num_threads v0.1.8
[INFO] [stderr]    Compiling env_logger v0.9.3
[INFO] [stderr]    Compiling time v0.3.9
[INFO] [stderr]    Compiling rand_core v0.6.4
[INFO] [stderr]    Compiling rand_chacha v0.3.1
[INFO] [stderr]    Compiling rand v0.8.8
[INFO] [stderr]    Compiling flexi_logger v0.22.6
[INFO] [stderr]    Compiling flutils v0.5.0 (/opt/rustwide/workdir)
[INFO] [stdout] warning: use of deprecated method `futures::futures_channel::mpsc::UnboundedReceiver::<T>::try_next`: please use `try_recv` instead
[INFO] [stdout]    --> src/broker.rs:325:52
[INFO] [stdout]     |
[INFO] [stdout] 325 |         while let Ok(Some(ss)) = self.subsystem_rx.try_next() {
[INFO] [stdout]     |                                                    ^^^^^^^^
[INFO] [stdout]     |
[INFO] [stdout]     = note: `#[warn(deprecated)]` on by default
[INFO] [stdout] 
[INFO] [stdout] 
[INFO] [stdout] warning: use of deprecated method `futures::futures_channel::mpsc::UnboundedReceiver::<T>::try_next`: please use `try_recv` instead
[INFO] [stdout]    --> src/broker.rs:465:45
[INFO] [stdout]     |
[INFO] [stdout] 465 |                 while let Ok(Some(msg)) = s.try_next() {
[INFO] [stdout]     |                                             ^^^^^^^^
[INFO] [stdout] 
[INFO] [stdout] 
[INFO] [stdout] warning: use of deprecated method `futures::futures_channel::mpsc::UnboundedReceiver::<T>::try_next`: please use `try_recv` instead
[INFO] [stdout]    --> src/broker.rs:325:52
[INFO] [stdout]     |
[INFO] [stdout] 325 |         while let Ok(Some(ss)) = self.subsystem_rx.try_next() {
[INFO] [stdout]     |                                                    ^^^^^^^^
[INFO] [stdout]     |
[INFO] [stdout]     = note: `#[warn(deprecated)]` on by default
[INFO] [stdout] 
[INFO] [stdout] 
[INFO] [stdout] warning: use of deprecated method `futures::futures_channel::mpsc::UnboundedReceiver::<T>::try_next`: please use `try_recv` instead
[INFO] [stdout]    --> src/broker.rs:465:45
[INFO] [stdout]     |
[INFO] [stdout] 465 |                 while let Ok(Some(msg)) = s.try_next() {
[INFO] [stdout]     |                                             ^^^^^^^^
[INFO] [stdout] 
[INFO] [stdout] 
[INFO] [stderr]     Finished `release` profile [optimized] target(s) in 23.81s
[INFO] running `Command { std: "docker" "inspect" "a620cd9b098e13751544699df9d0191ad58977e98e7d95d501e3e8e46af02b07", kill_on_drop: false }`
[INFO] running `Command { std: "docker" "exec" "-e" "SOURCE_DIR=/opt/rustwide/workdir" "-e" "CARGO_HOME=/opt/rustwide/cargo-home" "-e" "RUSTUP_HOME=/opt/rustwide/rustup-home" "-e" "CARGO_TARGET_DIR=/opt/rustwide/target" "-e" "CARGO_INCREMENTAL=0" "-e" "RUST_BACKTRACE=full" "-e" "RUSTFLAGS=--cap-lints=warn" "-e" "RUSTDOCFLAGS=--cap-lints=warn" "-w" "/opt/rustwide/workdir" "--user" "0:0" "a620cd9b098e13751544699df9d0191ad58977e98e7d95d501e3e8e46af02b07" "/opt/rustwide/cargo-home/bin/cargo" "+1.99.0-beta.8" "test" "--frozen" "--release", kill_on_drop: false }`
[INFO] [stderr] warning: use of deprecated method `futures::futures_channel::mpsc::UnboundedReceiver::<T>::try_next`: please use `try_recv` instead
[INFO] [stderr]    --> src/broker.rs:325:52
[INFO] [stderr]     |
[INFO] [stderr] 325 |         while let Ok(Some(ss)) = self.subsystem_rx.try_next() {
[INFO] [stderr]     |                                                    ^^^^^^^^
[INFO] [stderr]     |
[INFO] [stderr]     = note: `#[warn(deprecated)]` on by default
[INFO] [stderr] 
[INFO] [stderr] warning: use of deprecated method `futures::futures_channel::mpsc::UnboundedReceiver::<T>::try_next`: please use `try_recv` instead
[INFO] [stderr]    --> src/broker.rs:465:45
[INFO] [stderr]     |
[INFO] [stderr] 465 |                 while let Ok(Some(msg)) = s.try_next() {
[INFO] [stderr]     |                                             ^^^^^^^^
[INFO] [stderr] 
[INFO] [stderr] warning: `flutils` (lib) generated 2 warnings
[INFO] [stderr] warning: `flutils` (lib test) generated 2 warnings (2 duplicates)
[INFO] [stderr]     Finished `release` profile [optimized] target(s) in 0.14s
[INFO] [stderr]      Running unittests src/lib.rs (/opt/rustwide/target/release/deps/flutils-dc6fdfe5c9484a48)
[INFO] [stdout] 
[INFO] [stdout] running 4 tests
[INFO] [stdout] test nodeids::tests::test_new_nodes ... ok
[INFO] [stdout] test broker::tests::test_destination ... ok
[INFO] [stdout] test broker::tests::test_broker_new ... FAILED
[INFO] [stdout] test broker::tests::link ... FAILED
[INFO] [stdout] 
[INFO] [stdout] failures:
[INFO] [stdout] 
[INFO] [stdout] ---- broker::tests::test_broker_new stdout ----
[INFO] [stdout] 
[INFO] [stdout] thread 'broker::tests::test_broker_new' (693) panicked at src/lib.rs:20:23:
[INFO] [stdout] Failed to initialize logger: SetLoggerError(())
[INFO] [stdout] stack backtrace:
[INFO] [stdout]    0:     0x63b319103601 - <<std[70759c8f55707aa4]::sys::backtrace::BacktraceLock>::print::DisplayBacktrace as core[df12db4294e9bfd3]::fmt::Display>::fmt
[INFO] [stdout]    1:     0x63b3191192ea - core[df12db4294e9bfd3]::fmt::write
[INFO] [stdout]    2:     0x63b319107e4c - <alloc[2182bb758b4b3781]::vec::Vec<u8> as core[df12db4294e9bfd3]::io::write::Write>::write_fmt
[INFO] [stdout]    3:     0x63b3190df716 - std[70759c8f55707aa4]::panicking::default_hook::{closure#0}
[INFO] [stdout]    4:     0x63b3190fbb29 - std[70759c8f55707aa4]::panicking::default_hook
[INFO] [stdout]    5:     0x63b3190865e0 - test[9d35eded1c95d3be]::test_main_inner::<test[9d35eded1c95d3be]::test_main_static::{closure#0}>::{closure#0}
[INFO] [stdout]    6:     0x63b3190fbe52 - std[70759c8f55707aa4]::panicking::panic_with_hook
[INFO] [stdout]    7:     0x63b3190df7c2 - std[70759c8f55707aa4]::panicking::panic_handler::{closure#0}
[INFO] [stdout]    8:     0x63b3190d8519 - std[70759c8f55707aa4]::sys::backtrace::__rust_end_short_backtrace::<std[70759c8f55707aa4]::panicking::panic_handler::{closure#0}, !>
[INFO] [stdout]    9:     0x63b3190e03bd - __rustc[8fa7c3cbc660c2b3]::rust_begin_unwind
[INFO] [stdout]   10:     0x63b319119acc - core[df12db4294e9bfd3]::panicking::panic_fmt
[INFO] [stdout]   11:     0x63b3191198a2 - core[df12db4294e9bfd3]::result::unwrap_failed
[INFO] [stdout]   12:     0x63b318fa07e2 - flutils[940945b4da95a7d0]::start_logging
[INFO] [stdout]   13:     0x63b318f84bab - flutils[940945b4da95a7d0]::broker::tests::test_broker_new::{closure#0}
[INFO] [stdout]   14:     0x63b318fa98d3 - <tokio[13f330cd9f75a7b]::runtime::scheduler::current_thread::Context>::enter::<core[df12db4294e9bfd3]::task::poll::Poll<core[df12db4294e9bfd3]::result::Result<(), flutils[940945b4da95a7d0]::broker::BrokerError>>, <tokio[13f330cd9f75a7b]::runtime::scheduler::current_thread::CoreGuard>::block_on<core[df12db4294e9bfd3]::pin::Pin<&mut core[df12db4294e9bfd3]::pin::Pin<&mut dyn core[df12db4294e9bfd3]::future::future::Future<Output = core[df12db4294e9bfd3]::result::Result<(), flutils[940945b4da95a7d0]::broker::BrokerError>>>>>::{closure#0}::{closure#0}>
[INFO] [stdout]   15:     0x63b318fa223c - <tokio[13f330cd9f75a7b]::runtime::context::scoped::Scoped<tokio[13f330cd9f75a7b]::runtime::scheduler::Context>>::set::<<tokio[13f330cd9f75a7b]::runtime::scheduler::current_thread::CoreGuard>::enter<<tokio[13f330cd9f75a7b]::runtime::scheduler::current_thread::CoreGuard>::block_on<core[df12db4294e9bfd3]::pin::Pin<&mut core[df12db4294e9bfd3]::pin::Pin<&mut dyn core[df12db4294e9bfd3]::future::future::Future<Output = core[df12db4294e9bfd3]::result::Result<(), flutils[940945b4da95a7d0]::broker::BrokerError>>>>>::{closure#0}, core[df12db4294e9bfd3]::option::Option<core[df12db4294e9bfd3]::result::Result<(), flutils[940945b4da95a7d0]::broker::BrokerError>>>::{closure#0}, (alloc[2182bb758b4b3781]::boxed::Box<tokio[13f330cd9f75a7b]::runtime::scheduler::current_thread::Core>, core[df12db4294e9bfd3]::option::Option<core[df12db4294e9bfd3]::result::Result<(), flutils[940945b4da95a7d0]::broker::BrokerError>>)>
[INFO] [stdout]   16:     0x63b318fa9c55 - <tokio[13f330cd9f75a7b]::runtime::scheduler::current_thread::CoreGuard>::block_on::<core[df12db4294e9bfd3]::pin::Pin<&mut core[df12db4294e9bfd3]::pin::Pin<&mut dyn core[df12db4294e9bfd3]::future::future::Future<Output = core[df12db4294e9bfd3]::result::Result<(), flutils[940945b4da95a7d0]::broker::BrokerError>>>>>
[INFO] [stdout]   17:     0x63b318fa2db0 - tokio[13f330cd9f75a7b]::runtime::context::runtime::enter_runtime::<<tokio[13f330cd9f75a7b]::runtime::scheduler::current_thread::CurrentThread>::block_on<core[df12db4294e9bfd3]::pin::Pin<&mut dyn core[df12db4294e9bfd3]::future::future::Future<Output = core[df12db4294e9bfd3]::result::Result<(), flutils[940945b4da95a7d0]::broker::BrokerError>>>>::{closure#0}, core[df12db4294e9bfd3]::result::Result<(), flutils[940945b4da95a7d0]::broker::BrokerError>>
[INFO] [stdout]   18:     0x63b318fa3afb - <tokio[13f330cd9f75a7b]::runtime::runtime::Runtime>::block_on::<core[df12db4294e9bfd3]::pin::Pin<&mut dyn core[df12db4294e9bfd3]::future::future::Future<Output = core[df12db4294e9bfd3]::result::Result<(), flutils[940945b4da95a7d0]::broker::BrokerError>>>>
[INFO] [stdout]   19:     0x63b318f87ea6 - flutils[940945b4da95a7d0]::broker::tests::test_broker_new
[INFO] [stdout]   20:     0x63b318fa0e0f - <flutils[940945b4da95a7d0]::broker::tests::test_broker_new::{closure#0} as core[df12db4294e9bfd3]::ops::function::FnOnce<()>>::call_once
[INFO] [stdout]   21:     0x63b3190798cb - test[9d35eded1c95d3be]::__rust_begin_short_backtrace::<core[df12db4294e9bfd3]::result::Result<(), alloc[2182bb758b4b3781]::string::String>, fn() -> core[df12db4294e9bfd3]::result::Result<(), alloc[2182bb758b4b3781]::string::String>>
[INFO] [stdout]   22:     0x63b319086f35 - test[9d35eded1c95d3be]::run_test::{closure#0}
[INFO] [stdout]   23:     0x63b3190807f4 - std[70759c8f55707aa4]::sys::backtrace::__rust_begin_short_backtrace::<test[9d35eded1c95d3be]::run_test::{closure#1}, ()>
[INFO] [stdout]   24:     0x63b31908a092 - <std[70759c8f55707aa4]::thread::lifecycle::spawn_unchecked<test[9d35eded1c95d3be]::run_test::{closure#1}, ()>::{closure#1} as core[df12db4294e9bfd3]::ops::function::FnOnce<()>>::call_once::{shim:vtable#0}
[INFO] [stdout]   25:     0x63b319102ec9 - <std[70759c8f55707aa4]::sys::thread::unix::Thread>::new::thread_start
[INFO] [stdout]   26:     0x7830c5becdfa - <unknown>
[INFO] [stdout]   27:     0x7830c5c803d4 - clone
[INFO] [stdout]   28:                0x0 - <unknown>
[INFO] [stdout] 
[INFO] [stdout] ---- broker::tests::link stdout ----
[INFO] [stdout] 
[INFO] [stdout] thread 'broker::tests::link' (692) panicked at src/lib.rs:20:23:
[INFO] [stdout] Failed to initialize logger: SetLoggerError(())
[INFO] [stdout] stack backtrace:
[INFO] [stdout]    0:     0x63b319103601 - <<std[70759c8f55707aa4]::sys::backtrace::BacktraceLock>::print::DisplayBacktrace as core[df12db4294e9bfd3]::fmt::Display>::fmt
[INFO] [stdout]    1:     0x63b3191192ea - core[df12db4294e9bfd3]::fmt::write
[INFO] [stdout]    2:     0x63b319107e4c - <alloc[2182bb758b4b3781]::vec::Vec<u8> as core[df12db4294e9bfd3]::io::write::Write>::write_fmt
[INFO] [stdout]    3:     0x63b3190df716 - std[70759c8f55707aa4]::panicking::default_hook::{closure#0}
[INFO] [stdout]    4:     0x63b3190fbb29 - std[70759c8f55707aa4]::panicking::default_hook
[INFO] [stdout]    5:     0x63b3190865e0 - test[9d35eded1c95d3be]::test_main_inner::<test[9d35eded1c95d3be]::test_main_static::{closure#0}>::{closure#0}
[INFO] [stdout]    6:     0x63b3190fbe52 - std[70759c8f55707aa4]::panicking::panic_with_hook
[INFO] [stdout]    7:     0x63b3190df7c2 - std[70759c8f55707aa4]::panicking::panic_handler::{closure#0}
[INFO] [stdout]    8:     0x63b3190d8519 - std[70759c8f55707aa4]::sys::backtrace::__rust_end_short_backtrace::<std[70759c8f55707aa4]::panicking::panic_handler::{closure#0}, !>
[INFO] [stdout]    9:     0x63b3190e03bd - __rustc[8fa7c3cbc660c2b3]::rust_begin_unwind
[INFO] [stdout]   10:     0x63b319119acc - core[df12db4294e9bfd3]::panicking::panic_fmt
[INFO] [stdout]   11:     0x63b3191198a2 - core[df12db4294e9bfd3]::result::unwrap_failed
[INFO] [stdout]   12:     0x63b318fa07e2 - flutils[940945b4da95a7d0]::start_logging
[INFO] [stdout]   13:     0x63b318f861d0 - flutils[940945b4da95a7d0]::broker::tests::link::{closure#0}
[INFO] [stdout]   14:     0x63b318fa9a7d - <tokio[13f330cd9f75a7b]::runtime::scheduler::current_thread::Context>::enter::<core[df12db4294e9bfd3]::task::poll::Poll<core[df12db4294e9bfd3]::result::Result<(), flutils[940945b4da95a7d0]::broker::tests::ConvertError>>, <tokio[13f330cd9f75a7b]::runtime::scheduler::current_thread::CoreGuard>::block_on<core[df12db4294e9bfd3]::pin::Pin<&mut core[df12db4294e9bfd3]::pin::Pin<&mut dyn core[df12db4294e9bfd3]::future::future::Future<Output = core[df12db4294e9bfd3]::result::Result<(), flutils[940945b4da95a7d0]::broker::tests::ConvertError>>>>>::{closure#0}::{closure#0}>
[INFO] [stdout]   15:     0x63b318fa2428 - <tokio[13f330cd9f75a7b]::runtime::context::scoped::Scoped<tokio[13f330cd9f75a7b]::runtime::scheduler::Context>>::set::<<tokio[13f330cd9f75a7b]::runtime::scheduler::current_thread::CoreGuard>::enter<<tokio[13f330cd9f75a7b]::runtime::scheduler::current_thread::CoreGuard>::block_on<core[df12db4294e9bfd3]::pin::Pin<&mut core[df12db4294e9bfd3]::pin::Pin<&mut dyn core[df12db4294e9bfd3]::future::future::Future<Output = core[df12db4294e9bfd3]::result::Result<(), flutils[940945b4da95a7d0]::broker::tests::ConvertError>>>>>::{closure#0}, core[df12db4294e9bfd3]::option::Option<core[df12db4294e9bfd3]::result::Result<(), flutils[940945b4da95a7d0]::broker::tests::ConvertError>>>::{closure#0}, (alloc[2182bb758b4b3781]::boxed::Box<tokio[13f330cd9f75a7b]::runtime::scheduler::current_thread::Core>, core[df12db4294e9bfd3]::option::Option<core[df12db4294e9bfd3]::result::Result<(), flutils[940945b4da95a7d0]::broker::tests::ConvertError>>)>
[INFO] [stdout]   16:     0x63b318fa9e42 - <tokio[13f330cd9f75a7b]::runtime::scheduler::current_thread::CoreGuard>::block_on::<core[df12db4294e9bfd3]::pin::Pin<&mut core[df12db4294e9bfd3]::pin::Pin<&mut dyn core[df12db4294e9bfd3]::future::future::Future<Output = core[df12db4294e9bfd3]::result::Result<(), flutils[940945b4da95a7d0]::broker::tests::ConvertError>>>>>
[INFO] [stdout]   17:     0x63b318fa3318 - tokio[13f330cd9f75a7b]::runtime::context::runtime::enter_runtime::<<tokio[13f330cd9f75a7b]::runtime::scheduler::current_thread::CurrentThread>::block_on<core[df12db4294e9bfd3]::pin::Pin<&mut dyn core[df12db4294e9bfd3]::future::future::Future<Output = core[df12db4294e9bfd3]::result::Result<(), flutils[940945b4da95a7d0]::broker::tests::ConvertError>>>>::{closure#0}, core[df12db4294e9bfd3]::result::Result<(), flutils[940945b4da95a7d0]::broker::tests::ConvertError>>
[INFO] [stdout]   18:     0x63b318fa3bd6 - <tokio[13f330cd9f75a7b]::runtime::runtime::Runtime>::block_on::<core[df12db4294e9bfd3]::pin::Pin<&mut dyn core[df12db4294e9bfd3]::future::future::Future<Output = core[df12db4294e9bfd3]::result::Result<(), flutils[940945b4da95a7d0]::broker::tests::ConvertError>>>>
[INFO] [stdout]   19:     0x63b318f8812c - flutils[940945b4da95a7d0]::broker::tests::link
[INFO] [stdout]   20:     0x63b318fa0f35 - <flutils[940945b4da95a7d0]::broker::tests::link::{closure#0} as core[df12db4294e9bfd3]::ops::function::FnOnce<()>>::call_once
[INFO] [stdout]   21:     0x63b3190798cb - test[9d35eded1c95d3be]::__rust_begin_short_backtrace::<core[df12db4294e9bfd3]::result::Result<(), alloc[2182bb758b4b3781]::string::String>, fn() -> core[df12db4294e9bfd3]::result::Result<(), alloc[2182bb758b4b3781]::string::String>>
[INFO] [stdout]   22:     0x63b319086f35 - test[9d35eded1c95d3be]::run_test::{closure#0}
[INFO] [stdout]   23:     0x63b3190807f4 - std[70759c8f55707aa4]::sys::backtrace::__rust_begin_short_backtrace::<test[9d35eded1c95d3be]::run_test::{closure#1}, ()>
[INFO] [stdout]   24:     0x63b31908a092 - <std[70759c8f55707aa4]::thread::lifecycle::spawn_unchecked<test[9d35eded1c95d3be]::run_test::{closure#1}, ()>::{closure#1} as core[df12db4294e9bfd3]::ops::function::FnOnce<()>>::call_once::{shim:vtable#0}
[INFO] [stdout]   25:     0x63b319102ec9 - <std[70759c8f55707aa4]::sys::thread::unix::Thread>::new::thread_start
[INFO] [stdout]   26:     0x7830c5becdfa - <unknown>
[INFO] [stdout]   27:     0x7830c5c803d4 - clone
[INFO] [stdout]   28:                0x0 - <unknown>
[INFO] [stdout] 
[INFO] [stdout] 
[INFO] [stdout] failures:
[INFO] [stdout]     broker::tests::link
[INFO] [stdout]     broker::tests::test_broker_new
[INFO] [stdout] 
[INFO] [stdout] test result: FAILED. 2 passed; 2 failed; 0 ignored; 0 measured; 0 filtered out; finished in 0.00s
[INFO] [stdout] 
[INFO] [stderr] error: test failed, to rerun pass `--lib`
[INFO] running `Command { std: "docker" "inspect" "a620cd9b098e13751544699df9d0191ad58977e98e7d95d501e3e8e46af02b07", kill_on_drop: false }`
[INFO] running `Command { std: "docker" "rm" "-f" "a620cd9b098e13751544699df9d0191ad58977e98e7d95d501e3e8e46af02b07", kill_on_drop: false }`
[INFO] [stdout] a620cd9b098e13751544699df9d0191ad58977e98e7d95d501e3e8e46af02b07
