[INFO] fetching crate fluid_core 0.1.1...
[INFO] testing fluid_core-0.1.1 against 1.99.0-beta.8+cargoflags=--release for beta-release-1.100-2
[INFO] extracting crate fluid_core 0.1.1 into /workspace/builds/worker-3-tc1/source
[INFO] started tweaking crates.io crate fluid_core 0.1.1
[INFO] finished tweaking crates.io crate fluid_core 0.1.1
[INFO] tweaked toml for crates.io crate fluid_core 0.1.1 written to /workspace/builds/worker-3-tc1/source/Cargo.toml
[INFO] validating manifest of crates.io crate fluid_core 0.1.1 on toolchain 1.99.0-beta.8
[INFO] running `Command { std: CARGO_HOME="/workspace/cargo-home" RUSTUP_HOME="/workspace/rustup-home" "/workspace/cargo-home/bin/cargo" "+1.99.0-beta.8" "metadata" "--manifest-path" "Cargo.toml" "--no-deps", kill_on_drop: false }`
[INFO] crate crates.io crate fluid_core 0.1.1 already has a lockfile, it will not be regenerated
[INFO] running `Command { std: CARGO_HOME="/workspace/cargo-home" RUSTUP_HOME="/workspace/rustup-home" "/workspace/cargo-home/bin/cargo" "+1.99.0-beta.8" "fetch" "--manifest-path" "Cargo.toml", kill_on_drop: false }`
[INFO] running `Command { std: "docker" "create" "-v" "/var/lib/crater-agent-workspace/builds/worker-3-tc1/source:/opt/rustwide/workdir:ro,Z" "-v" "/var/lib/crater-agent-workspace/builds/worker-3-tc1/target:/opt/rustwide/target:rw,Z" "-v" "/var/lib/crater-agent-workspace/cargo-home:/opt/rustwide/cargo-home:ro,Z" "-v" "/var/lib/crater-agent-workspace/rustup-home:/opt/rustwide/rustup-home:ro,Z" "-m" "1610612736" "--network" "none" "ghcr.io/rust-lang/crates-build-env/linux@sha256:77db811e55d90add9212f6832c23229e3de5f1c1f9905e8cb07319ea15df73ac" "sleep" "infinity", kill_on_drop: false }`
[INFO] [stdout] e411f92787d2f52517b1c1865813cb131792ab20d702deaae5e19ef3532555c7
[INFO] running `Command { std: "docker" "start" "e411f92787d2f52517b1c1865813cb131792ab20d702deaae5e19ef3532555c7", kill_on_drop: false }`
[INFO] running `Command { std: "docker" "inspect" "e411f92787d2f52517b1c1865813cb131792ab20d702deaae5e19ef3532555c7", kill_on_drop: false }`
[INFO] running `Command { std: "docker" "exec" "-e" "SOURCE_DIR=/opt/rustwide/workdir" "-e" "CARGO_HOME=/opt/rustwide/cargo-home" "-e" "RUSTUP_HOME=/opt/rustwide/rustup-home" "-e" "CARGO_TARGET_DIR=/opt/rustwide/target" "-w" "/opt/rustwide/workdir" "--user" "0:0" "e411f92787d2f52517b1c1865813cb131792ab20d702deaae5e19ef3532555c7" "/opt/rustwide/cargo-home/bin/cargo" "+1.99.0-beta.8" "metadata" "--no-deps" "--format-version=1", kill_on_drop: false }`
[INFO] running `Command { std: "docker" "inspect" "e411f92787d2f52517b1c1865813cb131792ab20d702deaae5e19ef3532555c7", kill_on_drop: false }`
[INFO] running `Command { std: "docker" "exec" "-e" "SOURCE_DIR=/opt/rustwide/workdir" "-e" "CARGO_HOME=/opt/rustwide/cargo-home" "-e" "RUSTUP_HOME=/opt/rustwide/rustup-home" "-e" "CARGO_TARGET_DIR=/opt/rustwide/target" "-e" "CARGO_INCREMENTAL=0" "-e" "RUST_BACKTRACE=full" "-e" "RUSTFLAGS=--cap-lints=warn" "-e" "RUSTDOCFLAGS=--cap-lints=warn" "-w" "/opt/rustwide/workdir" "--user" "0:0" "e411f92787d2f52517b1c1865813cb131792ab20d702deaae5e19ef3532555c7" "/opt/rustwide/cargo-home/bin/cargo" "+1.99.0-beta.8" "build" "--frozen" "--message-format=json" "--release", kill_on_drop: false }`
[INFO] [stderr]    Compiling bitflags v2.11.0
[INFO] [stderr]    Compiling cfg_aliases v0.1.1
[INFO] [stderr]    Compiling zerocopy v0.8.47
[INFO] [stderr]    Compiling smallvec v1.15.1
[INFO] [stderr]    Compiling khronos-egl v6.0.0
[INFO] [stderr]    Compiling bit-vec v0.6.3
[INFO] [stderr]    Compiling ash v0.37.3+1.3.251
[INFO] [stderr]    Compiling termcolor v1.4.1
[INFO] [stderr]    Compiling ahash v0.8.12
[INFO] [stderr]    Compiling syn v2.0.117
[INFO] [stderr]    Compiling arrayvec v0.7.6
[INFO] [stderr]    Compiling rustc-hash v1.1.0
[INFO] [stderr]    Compiling log v0.4.29
[INFO] [stderr]    Compiling unicode-xid v0.2.6
[INFO] [stderr]    Compiling hexf-parse v0.2.1
[INFO] [stderr]    Compiling owned_ttf_parser v0.25.1
[INFO] [stderr]    Compiling wgpu-hal v0.21.1
[INFO] [stderr]    Compiling wgpu-core v0.21.1
[INFO] [stderr]    Compiling parking_lot_core v0.9.12
[INFO] [stderr]    Compiling profiling v1.0.17
[INFO] [stderr]    Compiling glow v0.13.1
[INFO] [stderr]    Compiling wgpu v0.20.1
[INFO] [stderr]    Compiling getrandom v0.2.17
[INFO] [stderr]    Compiling rustc-hash v2.1.1
[INFO] [stderr]    Compiling ab_glyph v0.2.32
[INFO] [stderr]    Compiling spirv v0.3.0+sdk-1.3.268.0
[INFO] [stderr]    Compiling parking_lot v0.12.5
[INFO] [stderr]    Compiling gpu-alloc-types v0.3.0
[INFO] [stderr]    Compiling bit-set v0.5.3
[INFO] [stderr]    Compiling gpu-descriptor-types v0.2.0
[INFO] [stderr]    Compiling wgpu-types v0.20.0
[INFO] [stderr]    Compiling rand_core v0.6.4
[INFO] [stderr]    Compiling type-map v0.5.1
[INFO] [stderr]    Compiling codespan-reporting v0.11.1
[INFO] [stderr]    Compiling gpu-alloc v0.6.0
[INFO] [stderr]    Compiling gpu-descriptor v0.3.2
[INFO] [stderr]    Compiling web-time v0.2.4
[INFO] [stderr]    Compiling thiserror-impl v1.0.69
[INFO] [stderr]    Compiling bytemuck_derive v1.10.2
[INFO] [stderr]    Compiling thiserror v1.0.69
[INFO] [stderr]    Compiling naga v0.20.0
[INFO] [stderr]    Compiling bytemuck v1.25.0
[INFO] [stderr]    Compiling emath v0.28.1
[INFO] [stderr]    Compiling ecolor v0.28.1
[INFO] [stderr]    Compiling ppv-lite86 v0.2.21
[INFO] [stderr]    Compiling epaint v0.28.1
[INFO] [stderr]    Compiling rand_chacha v0.3.1
[INFO] [stderr]    Compiling rand v0.8.5
[INFO] [stderr]    Compiling egui v0.28.1
[INFO] [stderr]    Compiling egui-wgpu v0.28.1
[INFO] [stderr]    Compiling fluid_core v0.1.1 (/opt/rustwide/workdir)
[INFO] [stderr]     Finished `release` profile [optimized] target(s) in 1m 52s
[INFO] running `Command { std: "docker" "inspect" "e411f92787d2f52517b1c1865813cb131792ab20d702deaae5e19ef3532555c7", kill_on_drop: false }`
[INFO] running `Command { std: "docker" "exec" "-e" "SOURCE_DIR=/opt/rustwide/workdir" "-e" "CARGO_HOME=/opt/rustwide/cargo-home" "-e" "RUSTUP_HOME=/opt/rustwide/rustup-home" "-e" "CARGO_TARGET_DIR=/opt/rustwide/target" "-e" "CARGO_INCREMENTAL=0" "-e" "RUST_BACKTRACE=full" "-e" "RUSTFLAGS=--cap-lints=warn" "-e" "RUSTDOCFLAGS=--cap-lints=warn" "-w" "/opt/rustwide/workdir" "--user" "0:0" "e411f92787d2f52517b1c1865813cb131792ab20d702deaae5e19ef3532555c7" "/opt/rustwide/cargo-home/bin/cargo" "+1.99.0-beta.8" "test" "--frozen" "--no-run" "--message-format=json" "--release", kill_on_drop: false }`
[INFO] [stderr]    Compiling fluid_core v0.1.1 (/opt/rustwide/workdir)
[INFO] [stderr]     Finished `release` profile [optimized] target(s) in 0.67s
[INFO] running `Command { std: "docker" "inspect" "e411f92787d2f52517b1c1865813cb131792ab20d702deaae5e19ef3532555c7", kill_on_drop: false }`
[INFO] running `Command { std: "docker" "exec" "-e" "SOURCE_DIR=/opt/rustwide/workdir" "-e" "CARGO_HOME=/opt/rustwide/cargo-home" "-e" "RUSTUP_HOME=/opt/rustwide/rustup-home" "-e" "CARGO_TARGET_DIR=/opt/rustwide/target" "-e" "CARGO_INCREMENTAL=0" "-e" "RUST_BACKTRACE=full" "-e" "RUSTFLAGS=--cap-lints=warn" "-e" "RUSTDOCFLAGS=--cap-lints=warn" "-w" "/opt/rustwide/workdir" "--user" "0:0" "e411f92787d2f52517b1c1865813cb131792ab20d702deaae5e19ef3532555c7" "/opt/rustwide/cargo-home/bin/cargo" "+1.99.0-beta.8" "test" "--frozen" "--release", kill_on_drop: false }`
[INFO] [stderr]     Finished `release` profile [optimized] target(s) in 0.13s
[INFO] [stderr]      Running unittests src/lib.rs (/opt/rustwide/target/release/deps/fluid_core-69ce2f8c2a71604b)
[INFO] [stderr]    Doc-tests fluid_core
[INFO] [stdout] 
[INFO] [stdout] running 0 tests
[INFO] [stdout] 
[INFO] [stdout] test result: ok. 0 passed; 0 failed; 0 ignored; 0 measured; 0 filtered out; finished in 0.00s
[INFO] [stdout] 
[INFO] [stdout] 
[INFO] [stdout] running 13 tests
[INFO] [stdout] test src/input.rs - input::InputManager::burst (line 239) - compile ... FAILED
[INFO] [stdout] test src/engine.rs - engine::FluidEngine<'w>::render_with_ui_split (line 293) - compile ... FAILED
[INFO] [stdout] test src/engine.rs - engine (line 5) - compile ... FAILED
[INFO] [stdout] test src/engine.rs - engine::RenderContext (line 31) - compile ... FAILED
[INFO] [stdout] test src/engine.rs - engine::FluidEngine<'w>::render_context (line 181) - compile ... FAILED
[INFO] [stdout] test src/input.rs - input::random_color (line 289) - compile ... FAILED
[INFO] [stdout] test src/engine.rs - engine::FluidEngine<'w>::reset_to_js_defaults (line 152) - compile ... FAILED
[INFO] [stdout] test src/lib.rs - (line 6) - compile ... FAILED
[INFO] [stdout] test src/input.rs - input::InputManager::inject (line 216) - compile ... FAILED
[INFO] [stdout] test src/input.rs - input::InputManager::pointer_down (line 130) - compile ... FAILED
[INFO] [stdout] test src/input.rs - input (line 11) - compile ... FAILED
[INFO] [stdout] test src/input.rs - input::InputManager::pointer_move (line 163) - compile ... FAILED
[INFO] [stdout] test src/engine.rs - engine::FluidEngine<'w>::new (line 71) - compile ... FAILED
[INFO] [stdout] 
[INFO] [stdout] failures:
[INFO] [stdout] 
[INFO] [stdout] ---- src/input.rs - input::InputManager::burst (line 239) stdout ----
[INFO] [stdout] error[E0425]: cannot find value `input` in this scope
[INFO] [stdout]    --> src/input.rs:240:1
[INFO] [stdout]     |
[INFO] [stdout] 240 | input.burst(15);
[INFO] [stdout]     | ^^^^^ not found in this scope
[INFO] [stdout] 
[INFO] [stdout] error: aborting due to 1 previous error
[INFO] [stdout] 
[INFO] [stdout] For more information about this error, try `rustc --explain E0425`.
[INFO] [stdout] Couldn't compile the test.
[INFO] [stdout] ---- src/engine.rs - engine::FluidEngine<'w>::render_with_ui_split (line 293) stdout ----
[INFO] [stdout] error[E0425]: cannot find value `engine` in this scope
[INFO] [stdout]    --> src/engine.rs:294:1
[INFO] [stdout]     |
[INFO] [stdout] 294 | engine.render_with_ui_split(|enc, view, device, queue| {
[INFO] [stdout]     | ^^^^^^ not found in this scope
[INFO] [stdout] 
[INFO] [stdout] error[E0425]: cannot find value `egui_renderer` in this scope
[INFO] [stdout]    --> src/engine.rs:295:5
[INFO] [stdout]     |
[INFO] [stdout] 295 |     egui_renderer.update_buffers(device, queue, enc, &prims, &sd);
[INFO] [stdout]     |     ^^^^^^^^^^^^^ not found in this scope
[INFO] [stdout] 
[INFO] [stdout] error[E0425]: cannot find value `prims` in this scope
[INFO] [stdout]    --> src/engine.rs:295:55
[INFO] [stdout]     |
[INFO] [stdout] 295 |     egui_renderer.update_buffers(device, queue, enc, &prims, &sd);
[INFO] [stdout]     |                                                       ^^^^^ not found in this scope
[INFO] [stdout] 
[INFO] [stdout] error[E0425]: cannot find value `sd` in this scope
[INFO] [stdout]    --> src/engine.rs:295:63
[INFO] [stdout]     |
[INFO] [stdout] 295 |     egui_renderer.update_buffers(device, queue, enc, &prims, &sd);
[INFO] [stdout]     |                                                               ^^ not found in this scope
[INFO] [stdout] 
[INFO] [stdout] error: aborting due to 4 previous errors
[INFO] [stdout] 
[INFO] [stdout] For more information about this error, try `rustc --explain E0425`.
[INFO] [stdout] Couldn't compile the test.
[INFO] [stdout] ---- src/engine.rs - engine (line 5) stdout ----
[INFO] [stdout] error[E0425]: cannot find value `window` in this scope
[INFO] [stdout]  --> src/engine.rs:7:36
[INFO] [stdout]   |
[INFO] [stdout] 7 | let mut engine = FluidEngine::new(&window, 1280, 720, &FluidConfig::default()).await;
[INFO] [stdout]   |                                    ^^^^^^ not found in this scope
[INFO] [stdout] 
[INFO] [stdout] error[E0425]: cannot find value `nx` in this scope
[INFO] [stdout]   --> src/engine.rs:10:30
[INFO] [stdout]    |
[INFO] [stdout] 10 | engine.input.pointer_move(0, nx, ny);
[INFO] [stdout]    |                              ^^ not found in this scope
[INFO] [stdout] 
[INFO] [stdout] error[E0425]: cannot find value `ny` in this scope
[INFO] [stdout]   --> src/engine.rs:10:34
[INFO] [stdout]    |
[INFO] [stdout] 10 | engine.input.pointer_move(0, nx, ny);
[INFO] [stdout]    |                                  ^^ not found in this scope
[INFO] [stdout] 
[INFO] [stdout] error[E0425]: cannot find value `dt` in this scope
[INFO] [stdout]   --> src/engine.rs:11:15
[INFO] [stdout]    |
[INFO] [stdout] 11 | engine.update(dt);
[INFO] [stdout]    |               ^^ not found in this scope
[INFO] [stdout] 
[INFO] [stdout] error[E0728]: `await` is only allowed inside `async` functions and blocks
[INFO] [stdout]  --> src/engine.rs:7:80
[INFO] [stdout]   |
[INFO] [stdout] 5 | fn main() { #[allow(non_snake_case)] fn _doctest_main_src_engine_rs_5_0() {
[INFO] [stdout]   |                                      ------------------------------------ this is not `async`
[INFO] [stdout] 6 | // Caller creates window however they like, then:
[INFO] [stdout] 7 | let mut engine = FluidEngine::new(&window, 1280, 720, &FluidConfig::default()).await;
[INFO] [stdout]   |                                                                                ^^^^^ only allowed inside `async` functions and blocks
[INFO] [stdout] 
[INFO] [stdout] error[E0433]: cannot find type `FluidEngine` in this scope
[INFO] [stdout]  --> src/engine.rs:7:18
[INFO] [stdout]   |
[INFO] [stdout] 7 | let mut engine = FluidEngine::new(&window, 1280, 720, &FluidConfig::default()).await;
[INFO] [stdout]   |                  ^^^^^^^^^^^ use of undeclared type `FluidEngine`
[INFO] [stdout] 
[INFO] [stdout] error[E0433]: cannot find type `FluidConfig` in this scope
[INFO] [stdout]  --> src/engine.rs:7:56
[INFO] [stdout]   |
[INFO] [stdout] 7 | let mut engine = FluidEngine::new(&window, 1280, 720, &FluidConfig::default()).await;
[INFO] [stdout]   |                                                        ^^^^^^^^^^^ use of undeclared type `FluidConfig`
[INFO] [stdout] 
[INFO] [stdout] error: aborting due to 7 previous errors
[INFO] [stdout] 
[INFO] [stdout] Some errors have detailed explanations: E0425, E0433, E0728.
[INFO] [stdout] For more information about an error, try `rustc --explain E0425`.
[INFO] [stdout] Couldn't compile the test.
[INFO] [stdout] ---- src/engine.rs - engine::RenderContext (line 31) stdout ----
[INFO] [stdout] error: unexpected token: `...`
[INFO] [stdout]   --> src/engine.rs:34:37
[INFO] [stdout]    |
[INFO] [stdout] 34 | engine.render_with_ui(|enc, view| { ... })?;
[INFO] [stdout]    |                                     ^^^
[INFO] [stdout]    |
[INFO] [stdout] help: use `..` for an exclusive range
[INFO] [stdout]    |
[INFO] [stdout] 34 - engine.render_with_ui(|enc, view| { ... })?;
[INFO] [stdout] 34 + engine.render_with_ui(|enc, view| { .. })?;
[INFO] [stdout]    |
[INFO] [stdout] help: or `..=` for an inclusive range
[INFO] [stdout]    |
[INFO] [stdout] 34 - engine.render_with_ui(|enc, view| { ... })?;
[INFO] [stdout] 34 + engine.render_with_ui(|enc, view| { ..= })?;
[INFO] [stdout]    |
[INFO] [stdout] 
[INFO] [stdout] error[E0586]: inclusive range with no end
[INFO] [stdout]   --> src/engine.rs:34:37
[INFO] [stdout]    |
[INFO] [stdout] 34 | engine.render_with_ui(|enc, view| { ... })?;
[INFO] [stdout]    |                                     ^^^
[INFO] [stdout]    |
[INFO] [stdout]    = note: inclusive ranges must be bounded at the end (`..=b` or `a..=b`)
[INFO] [stdout] help: use `..` instead
[INFO] [stdout]    |
[INFO] [stdout] 34 - engine.render_with_ui(|enc, view| { ... })?;
[INFO] [stdout] 34 + engine.render_with_ui(|enc, view| { .. })?;
[INFO] [stdout]    |
[INFO] [stdout] 
[INFO] [stdout] error[E0425]: cannot find value `engine` in this scope
[INFO] [stdout]   --> src/engine.rs:32:11
[INFO] [stdout]    |
[INFO] [stdout] 32 | let ctx = engine.render_context();
[INFO] [stdout]    |           ^^^^^^ not found in this scope
[INFO] [stdout] 
[INFO] [stdout] error[E0425]: cannot find value `egui_renderer` in this scope
[INFO] [stdout]   --> src/engine.rs:33:1
[INFO] [stdout]    |
[INFO] [stdout] 33 | egui_renderer.update_texture(ctx.device, ctx.queue, id, delta);
[INFO] [stdout]    | ^^^^^^^^^^^^^ not found in this scope
[INFO] [stdout] 
[INFO] [stdout] error[E0425]: cannot find value `id` in this scope
[INFO] [stdout]   --> src/engine.rs:33:53
[INFO] [stdout]    |
[INFO] [stdout] 33 | egui_renderer.update_texture(ctx.device, ctx.queue, id, delta);
[INFO] [stdout]    |                                                     ^^ not found in this scope
[INFO] [stdout]    |
[INFO] [stdout] help: consider importing this function
[INFO] [stdout]    |
[INFO] [stdout] 31 + use std::process::id;
[INFO] [stdout]    |
[INFO] [stdout] 
[INFO] [stdout] error[E0425]: cannot find value `delta` in this scope
[INFO] [stdout]   --> src/engine.rs:33:57
[INFO] [stdout]    |
[INFO] [stdout] 33 | egui_renderer.update_texture(ctx.device, ctx.queue, id, delta);
[INFO] [stdout]    |                                                         ^^^^^ not found in this scope
[INFO] [stdout] 
[INFO] [stdout] error[E0425]: cannot find value `engine` in this scope
[INFO] [stdout]   --> src/engine.rs:34:1
[INFO] [stdout]    |
[INFO] [stdout] 34 | engine.render_with_ui(|enc, view| { ... })?;
[INFO] [stdout]    | ^^^^^^ not found in this scope
[INFO] [stdout] 
[INFO] [stdout] error: aborting due to 7 previous errors
[INFO] [stdout] 
[INFO] [stdout] Some errors have detailed explanations: E0425, E0586.
[INFO] [stdout] For more information about an error, try `rustc --explain E0425`.
[INFO] [stdout] Couldn't compile the test.
[INFO] [stdout] ---- src/engine.rs - engine::FluidEngine<'w>::render_context (line 181) stdout ----
[INFO] [stdout] error: unexpected token: `...`
[INFO] [stdout]    --> src/engine.rs:186:37
[INFO] [stdout]     |
[INFO] [stdout] 186 | engine.render_with_ui(|enc, view| { ... })?;
[INFO] [stdout]     |                                     ^^^
[INFO] [stdout]     |
[INFO] [stdout] help: use `..` for an exclusive range
[INFO] [stdout]     |
[INFO] [stdout] 186 - engine.render_with_ui(|enc, view| { ... })?;
[INFO] [stdout] 186 + engine.render_with_ui(|enc, view| { .. })?;
[INFO] [stdout]     |
[INFO] [stdout] help: or `..=` for an inclusive range
[INFO] [stdout]     |
[INFO] [stdout] 186 - engine.render_with_ui(|enc, view| { ... })?;
[INFO] [stdout] 186 + engine.render_with_ui(|enc, view| { ..= })?;
[INFO] [stdout]     |
[INFO] [stdout] 
[INFO] [stdout] error[E0586]: inclusive range with no end
[INFO] [stdout]    --> src/engine.rs:186:37
[INFO] [stdout]     |
[INFO] [stdout] 186 | engine.render_with_ui(|enc, view| { ... })?;
[INFO] [stdout]     |                                     ^^^
[INFO] [stdout]     |
[INFO] [stdout]     = note: inclusive ranges must be bounded at the end (`..=b` or `a..=b`)
[INFO] [stdout] help: use `..` instead
[INFO] [stdout]     |
[INFO] [stdout] 186 - engine.render_with_ui(|enc, view| { ... })?;
[INFO] [stdout] 186 + engine.render_with_ui(|enc, view| { .. })?;
[INFO] [stdout]     |
[INFO] [stdout] 
[INFO] [stdout] error[E0425]: cannot find value `engine` in this scope
[INFO] [stdout]    --> src/engine.rs:182:11
[INFO] [stdout]     |
[INFO] [stdout] 182 | let ctx = engine.render_context();
[INFO] [stdout]     |           ^^^^^^ not found in this scope
[INFO] [stdout] 
[INFO] [stdout] error[E0425]: cannot find value `textures_delta` in this scope
[INFO] [stdout]    --> src/engine.rs:183:21
[INFO] [stdout]     |
[INFO] [stdout] 183 | for (id, delta) in &textures_delta.set {
[INFO] [stdout]     |                     ^^^^^^^^^^^^^^ not found in this scope
[INFO] [stdout] 
[INFO] [stdout] error[E0425]: cannot find value `egui_renderer` in this scope
[INFO] [stdout]    --> src/engine.rs:184:5
[INFO] [stdout]     |
[INFO] [stdout] 184 |     egui_renderer.update_texture(ctx.device, ctx.queue, *id, delta);
[INFO] [stdout]     |     ^^^^^^^^^^^^^ not found in this scope
[INFO] [stdout] 
[INFO] [stdout] error[E0425]: cannot find value `engine` in this scope
[INFO] [stdout]    --> src/engine.rs:186:1
[INFO] [stdout]     |
[INFO] [stdout] 186 | engine.render_with_ui(|enc, view| { ... })?;
[INFO] [stdout]     | ^^^^^^ not found in this scope
[INFO] [stdout] 
[INFO] [stdout] error: aborting due to 6 previous errors
[INFO] [stdout] 
[INFO] [stdout] Some errors have detailed explanations: E0425, E0586.
[INFO] [stdout] For more information about an error, try `rustc --explain E0425`.
[INFO] [stdout] Couldn't compile the test.
[INFO] [stdout] ---- src/input.rs - input::random_color (line 289) stdout ----
[INFO] [stdout] error[E0425]: cannot find function `random_color` in this scope
[INFO] [stdout]    --> src/input.rs:290:9
[INFO] [stdout]     |
[INFO] [stdout] 290 | let c = random_color();
[INFO] [stdout]     |         ^^^^^^^^^^^^ not found in this scope
[INFO] [stdout] 
[INFO] [stdout] error: aborting due to 1 previous error
[INFO] [stdout] 
[INFO] [stdout] For more information about this error, try `rustc --explain E0425`.
[INFO] [stdout] Couldn't compile the test.
[INFO] [stdout] ---- src/engine.rs - engine::FluidEngine<'w>::reset_to_js_defaults (line 152) stdout ----
[INFO] [stdout] error[E0425]: cannot find value `engine` in this scope
[INFO] [stdout]    --> src/engine.rs:154:1
[INFO] [stdout]     |
[INFO] [stdout] 154 | engine.set_tone_map_exposure(4.0);
[INFO] [stdout]     | ^^^^^^ not found in this scope
[INFO] [stdout] 
[INFO] [stdout] error[E0425]: cannot find value `engine` in this scope
[INFO] [stdout]    --> src/engine.rs:155:1
[INFO] [stdout]     |
[INFO] [stdout] 155 | engine.set_bloom_hdr_power(2.0);
[INFO] [stdout]     | ^^^^^^ not found in this scope
[INFO] [stdout] 
[INFO] [stdout] error[E0425]: cannot find value `engine` in this scope
[INFO] [stdout]    --> src/engine.rs:157:1
[INFO] [stdout]     |
[INFO] [stdout] 157 | engine.reset_to_js_defaults();
[INFO] [stdout]     | ^^^^^^ not found in this scope
[INFO] [stdout] 
[INFO] [stdout] error: aborting due to 3 previous errors
[INFO] [stdout] 
[INFO] [stdout] For more information about this error, try `rustc --explain E0425`.
[INFO] [stdout] Couldn't compile the test.
[INFO] [stdout] ---- src/lib.rs - (line 6) stdout ----
[INFO] [stdout] error[E0425]: cannot find value `window` in this scope
[INFO] [stdout]   --> src/lib.rs:11:36
[INFO] [stdout]    |
[INFO] [stdout] 11 | let mut engine = FluidEngine::new(&window, width, height, &FluidConfig::default()).await;
[INFO] [stdout]    |                                    ^^^^^^ not found in this scope
[INFO] [stdout] 
[INFO] [stdout] error[E0425]: cannot find value `width` in this scope
[INFO] [stdout]   --> src/lib.rs:11:44
[INFO] [stdout]    |
[INFO] [stdout] 11 | let mut engine = FluidEngine::new(&window, width, height, &FluidConfig::default()).await;
[INFO] [stdout]    |                                            ^^^^^ not found in this scope
[INFO] [stdout] 
[INFO] [stdout] error[E0425]: cannot find value `height` in this scope
[INFO] [stdout]   --> src/lib.rs:11:51
[INFO] [stdout]    |
[INFO] [stdout] 11 | let mut engine = FluidEngine::new(&window, width, height, &FluidConfig::default()).await;
[INFO] [stdout]    |                                                   ^^^^^^ not found in this scope
[INFO] [stdout] 
[INFO] [stdout] error[E0425]: cannot find value `nx` in this scope
[INFO] [stdout]   --> src/lib.rs:14:34
[INFO] [stdout]    |
[INFO] [stdout] 14 |     engine.input.pointer_move(0, nx, ny);
[INFO] [stdout]    |                                  ^^ not found in this scope
[INFO] [stdout] 
[INFO] [stdout] error[E0425]: cannot find value `ny` in this scope
[INFO] [stdout]   --> src/lib.rs:14:38
[INFO] [stdout]    |
[INFO] [stdout] 14 |     engine.input.pointer_move(0, nx, ny);
[INFO] [stdout]    |                                      ^^ not found in this scope
[INFO] [stdout] 
[INFO] [stdout] error[E0425]: cannot find value `dt` in this scope
[INFO] [stdout]   --> src/lib.rs:15:19
[INFO] [stdout]    |
[INFO] [stdout] 15 |     engine.update(dt);
[INFO] [stdout]    |                   ^^ not found in this scope
[INFO] [stdout] 
[INFO] [stdout] error[E0728]: `await` is only allowed inside `async` functions and blocks
[INFO] [stdout]   --> src/lib.rs:11:84
[INFO] [stdout]    |
[INFO] [stdout]  7 | fn main() { #[allow(non_snake_case)] fn _doctest_main_src_lib_rs_6_0() {
[INFO] [stdout]    |                                      --------------------------------- this is not `async`
[INFO] [stdout] ...
[INFO] [stdout] 11 | let mut engine = FluidEngine::new(&window, width, height, &FluidConfig::default()).await;
[INFO] [stdout]    |                                                                                    ^^^^^ only allowed inside `async` functions and blocks
[INFO] [stdout] 
[INFO] [stdout] error: aborting due to 7 previous errors
[INFO] [stdout] 
[INFO] [stdout] Some errors have detailed explanations: E0425, E0728.
[INFO] [stdout] For more information about an error, try `rustc --explain E0425`.
[INFO] [stdout] Couldn't compile the test.
[INFO] [stdout] ---- src/input.rs - input::InputManager::inject (line 216) stdout ----
[INFO] [stdout] error[E0425]: cannot find value `input` in this scope
[INFO] [stdout]    --> src/input.rs:218:1
[INFO] [stdout]     |
[INFO] [stdout] 218 | input.inject(0.5, 0.5, 1200.0, -900.0, [1.0, 0.5, 0.0]);
[INFO] [stdout]     | ^^^^^ not found in this scope
[INFO] [stdout] 
[INFO] [stdout] error[E0425]: cannot find value `input` in this scope
[INFO] [stdout]    --> src/input.rs:222:5
[INFO] [stdout]     |
[INFO] [stdout] 222 |     input.inject(i as f32 / 20.0, 0.5, 300.0, 0.0, [0.2, 0.8, 0.4]);
[INFO] [stdout]     |     ^^^^^ not found in this scope
[INFO] [stdout] 
[INFO] [stdout] error: aborting due to 2 previous errors
[INFO] [stdout] 
[INFO] [stdout] For more information about this error, try `rustc --explain E0425`.
[INFO] [stdout] Couldn't compile the test.
[INFO] [stdout] ---- src/input.rs - input::InputManager::pointer_down (line 130) stdout ----
[INFO] [stdout] error[E0425]: cannot find value `input` in this scope
[INFO] [stdout]    --> src/input.rs:131:1
[INFO] [stdout]     |
[INFO] [stdout] 131 | input.pointer_down(0, cursor_x / w, cursor_y / h, None);
[INFO] [stdout]     | ^^^^^ not found in this scope
[INFO] [stdout] 
[INFO] [stdout] error[E0425]: cannot find value `cursor_x` in this scope
[INFO] [stdout]    --> src/input.rs:131:23
[INFO] [stdout]     |
[INFO] [stdout] 131 | input.pointer_down(0, cursor_x / w, cursor_y / h, None);
[INFO] [stdout]     |                       ^^^^^^^^ not found in this scope
[INFO] [stdout] 
[INFO] [stdout] error[E0425]: cannot find value `w` in this scope
[INFO] [stdout]    --> src/input.rs:131:34
[INFO] [stdout]     |
[INFO] [stdout] 131 | input.pointer_down(0, cursor_x / w, cursor_y / h, None);
[INFO] [stdout]     |                                  ^ not found in this scope
[INFO] [stdout] 
[INFO] [stdout] error[E0425]: cannot find value `cursor_y` in this scope
[INFO] [stdout]    --> src/input.rs:131:37
[INFO] [stdout]     |
[INFO] [stdout] 131 | input.pointer_down(0, cursor_x / w, cursor_y / h, None);
[INFO] [stdout]     |                                     ^^^^^^^^ not found in this scope
[INFO] [stdout] 
[INFO] [stdout] error[E0425]: cannot find value `h` in this scope
[INFO] [stdout]    --> src/input.rs:131:48
[INFO] [stdout]     |
[INFO] [stdout] 131 | input.pointer_down(0, cursor_x / w, cursor_y / h, None);
[INFO] [stdout]     |                                                ^ not found in this scope
[INFO] [stdout] 
[INFO] [stdout] error[E0425]: cannot find value `input` in this scope
[INFO] [stdout]    --> src/input.rs:132:1
[INFO] [stdout]     |
[INFO] [stdout] 132 | input.pointer_down(2, tx / w, ty / h, Some([0.0, 0.5, 1.0]));
[INFO] [stdout]     | ^^^^^ not found in this scope
[INFO] [stdout] 
[INFO] [stdout] error[E0425]: cannot find value `tx` in this scope
[INFO] [stdout]    --> src/input.rs:132:23
[INFO] [stdout]     |
[INFO] [stdout] 132 | input.pointer_down(2, tx / w, ty / h, Some([0.0, 0.5, 1.0]));
[INFO] [stdout]     |                       ^^ not found in this scope
[INFO] [stdout] 
[INFO] [stdout] error[E0425]: cannot find value `w` in this scope
[INFO] [stdout]    --> src/input.rs:132:28
[INFO] [stdout]     |
[INFO] [stdout] 132 | input.pointer_down(2, tx / w, ty / h, Some([0.0, 0.5, 1.0]));
[INFO] [stdout]     |                            ^ not found in this scope
[INFO] [stdout] 
[INFO] [stdout] error[E0425]: cannot find value `ty` in this scope
[INFO] [stdout]    --> src/input.rs:132:31
[INFO] [stdout]     |
[INFO] [stdout] 132 | input.pointer_down(2, tx / w, ty / h, Some([0.0, 0.5, 1.0]));
[INFO] [stdout]     |                               ^^ not found in this scope
[INFO] [stdout] 
[INFO] [stdout] error[E0425]: cannot find value `h` in this scope
[INFO] [stdout]    --> src/input.rs:132:36
[INFO] [stdout]     |
[INFO] [stdout] 132 | input.pointer_down(2, tx / w, ty / h, Some([0.0, 0.5, 1.0]));
[INFO] [stdout]     |                                    ^ not found in this scope
[INFO] [stdout] 
[INFO] [stdout] error: aborting due to 10 previous errors
[INFO] [stdout] 
[INFO] [stdout] For more information about this error, try `rustc --explain E0425`.
[INFO] [stdout] Couldn't compile the test.
[INFO] [stdout] ---- src/input.rs - input (line 11) stdout ----
[INFO] [stdout] error[E0433]: cannot find type `InputManager` in this scope
[INFO] [stdout]   --> src/input.rs:12:17
[INFO] [stdout]    |
[INFO] [stdout] 12 | let mut input = InputManager::new();
[INFO] [stdout]    |                 ^^^^^^^^^^^^ use of undeclared type `InputManager`
[INFO] [stdout] 
[INFO] [stdout] error: aborting due to 1 previous error
[INFO] [stdout] 
[INFO] [stdout] For more information about this error, try `rustc --explain E0433`.
[INFO] [stdout] Couldn't compile the test.
[INFO] [stdout] ---- src/input.rs - input::InputManager::pointer_move (line 163) stdout ----
[INFO] [stdout] error[E0425]: cannot find value `input` in this scope
[INFO] [stdout]    --> src/input.rs:165:1
[INFO] [stdout]     |
[INFO] [stdout] 165 | input.pointer_move(0, cursor_x / window_w, cursor_y / window_h);
[INFO] [stdout]     | ^^^^^ not found in this scope
[INFO] [stdout] 
[INFO] [stdout] error[E0425]: cannot find value `cursor_x` in this scope
[INFO] [stdout]    --> src/input.rs:165:23
[INFO] [stdout]     |
[INFO] [stdout] 165 | input.pointer_move(0, cursor_x / window_w, cursor_y / window_h);
[INFO] [stdout]     |                       ^^^^^^^^ not found in this scope
[INFO] [stdout] 
[INFO] [stdout] error[E0425]: cannot find value `window_w` in this scope
[INFO] [stdout]    --> src/input.rs:165:34
[INFO] [stdout]     |
[INFO] [stdout] 165 | input.pointer_move(0, cursor_x / window_w, cursor_y / window_h);
[INFO] [stdout]     |                                  ^^^^^^^^ not found in this scope
[INFO] [stdout] 
[INFO] [stdout] error[E0425]: cannot find value `cursor_y` in this scope
[INFO] [stdout]    --> src/input.rs:165:44
[INFO] [stdout]     |
[INFO] [stdout] 165 | input.pointer_move(0, cursor_x / window_w, cursor_y / window_h);
[INFO] [stdout]     |                                            ^^^^^^^^ not found in this scope
[INFO] [stdout] 
[INFO] [stdout] error[E0425]: cannot find value `window_h` in this scope
[INFO] [stdout]    --> src/input.rs:165:55
[INFO] [stdout]     |
[INFO] [stdout] 165 | input.pointer_move(0, cursor_x / window_w, cursor_y / window_h);
[INFO] [stdout]     |                                                       ^^^^^^^^ not found in this scope
[INFO] [stdout] 
[INFO] [stdout] error: aborting due to 5 previous errors
[INFO] [stdout] 
[INFO] [stdout] For more information about this error, try `rustc --explain E0425`.
[INFO] [stdout] Couldn't compile the test.
[INFO] [stdout] ---- src/engine.rs - engine::FluidEngine<'w>::new (line 71) stdout ----
[INFO] [stdout] error[E0425]: cannot find value `window` in this scope
[INFO] [stdout]   --> src/engine.rs:73:32
[INFO] [stdout]    |
[INFO] [stdout] 73 | let engine = FluidEngine::new(&window, sz.width, sz.height, &FluidConfig::default()).await;
[INFO] [stdout]    |                                ^^^^^^ not found in this scope
[INFO] [stdout] 
[INFO] [stdout] error[E0425]: cannot find value `sz` in this scope
[INFO] [stdout]   --> src/engine.rs:73:40
[INFO] [stdout]    |
[INFO] [stdout] 73 | let engine = FluidEngine::new(&window, sz.width, sz.height, &FluidConfig::default()).await;
[INFO] [stdout]    |                                        ^^ not found in this scope
[INFO] [stdout] 
[INFO] [stdout] error[E0425]: cannot find value `sz` in this scope
[INFO] [stdout]   --> src/engine.rs:73:50
[INFO] [stdout]    |
[INFO] [stdout] 73 | let engine = FluidEngine::new(&window, sz.width, sz.height, &FluidConfig::default()).await;
[INFO] [stdout]    |                                                  ^^ not found in this scope
[INFO] [stdout] 
[INFO] [stdout] error[E0425]: cannot find value `sdl_wrapper` in this scope
[INFO] [stdout]   --> src/engine.rs:76:32
[INFO] [stdout]    |
[INFO] [stdout] 76 | let engine = FluidEngine::new(&sdl_wrapper, w, h, &config).await;
[INFO] [stdout]    |                                ^^^^^^^^^^^ not found in this scope
[INFO] [stdout] 
[INFO] [stdout] error[E0425]: cannot find value `w` in this scope
[INFO] [stdout]   --> src/engine.rs:76:45
[INFO] [stdout]    |
[INFO] [stdout] 76 | let engine = FluidEngine::new(&sdl_wrapper, w, h, &config).await;
[INFO] [stdout]    |                                             ^ not found in this scope
[INFO] [stdout] 
[INFO] [stdout] error[E0425]: cannot find value `h` in this scope
[INFO] [stdout]   --> src/engine.rs:76:48
[INFO] [stdout]    |
[INFO] [stdout] 76 | let engine = FluidEngine::new(&sdl_wrapper, w, h, &config).await;
[INFO] [stdout]    |                                                ^ not found in this scope
[INFO] [stdout] 
[INFO] [stdout] error[E0425]: cannot find value `config` in this scope
[INFO] [stdout]   --> src/engine.rs:76:52
[INFO] [stdout]    |
[INFO] [stdout] 76 | let engine = FluidEngine::new(&sdl_wrapper, w, h, &config).await;
[INFO] [stdout]    |                                                    ^^^^^^ not found in this scope
[INFO] [stdout] 
[INFO] [stdout] error[E0728]: `await` is only allowed inside `async` functions and blocks
[INFO] [stdout]   --> src/engine.rs:73:86
[INFO] [stdout]    |
[INFO] [stdout] 71 | fn main() { #[allow(non_snake_case)] fn _doctest_main_src_engine_rs_71_0() {
[INFO] [stdout]    |                                      ------------------------------------- this is not `async`
[INFO] [stdout] 72 | // winit
[INFO] [stdout] 73 | let engine = FluidEngine::new(&window, sz.width, sz.height, &FluidConfig::default()).await;
[INFO] [stdout]    |                                                                                      ^^^^^ only allowed inside `async` functions and blocks
[INFO] [stdout] 
[INFO] [stdout] error[E0728]: `await` is only allowed inside `async` functions and blocks
[INFO] [stdout]   --> src/engine.rs:76:60
[INFO] [stdout]    |
[INFO] [stdout] 71 | fn main() { #[allow(non_snake_case)] fn _doctest_main_src_engine_rs_71_0() {
[INFO] [stdout]    |                                      ------------------------------------- this is not `async`
[INFO] [stdout] ...
[INFO] [stdout] 76 | let engine = FluidEngine::new(&sdl_wrapper, w, h, &config).await;
[INFO] [stdout]    |                                                            ^^^^^ only allowed inside `async` functions and blocks
[INFO] [stdout] 
[INFO] [stdout] error[E0433]: cannot find type `FluidEngine` in this scope
[INFO] [stdout]   --> src/engine.rs:73:14
[INFO] [stdout]    |
[INFO] [stdout] 73 | let engine = FluidEngine::new(&window, sz.width, sz.height, &FluidConfig::default()).await;
[INFO] [stdout]    |              ^^^^^^^^^^^ use of undeclared type `FluidEngine`
[INFO] [stdout] 
[INFO] [stdout] error[E0433]: cannot find type `FluidConfig` in this scope
[INFO] [stdout]   --> src/engine.rs:73:62
[INFO] [stdout]    |
[INFO] [stdout] 73 | let engine = FluidEngine::new(&window, sz.width, sz.height, &FluidConfig::default()).await;
[INFO] [stdout]    |                                                              ^^^^^^^^^^^ use of undeclared type `FluidConfig`
[INFO] [stdout] 
[INFO] [stdout] error[E0433]: cannot find type `FluidEngine` in this scope
[INFO] [stdout]   --> src/engine.rs:76:14
[INFO] [stdout]    |
[INFO] [stdout] 76 | let engine = FluidEngine::new(&sdl_wrapper, w, h, &config).await;
[INFO] [stdout]    |              ^^^^^^^^^^^ use of undeclared type `FluidEngine`
[INFO] [stdout] 
[INFO] [stdout] error: aborting due to 12 previous errors
[INFO] [stdout] 
[INFO] [stdout] Some errors have detailed explanations: E0425, E0433, E0728.
[INFO] [stdout] For more information about an error, try `rustc --explain E0425`.
[INFO] [stdout] Couldn't compile the test.
[INFO] [stdout] 
[INFO] [stdout] failures:
[INFO] [stdout]     src/engine.rs - engine (line 5)
[INFO] [stdout]     src/engine.rs - engine::FluidEngine<'w>::new (line 71)
[INFO] [stdout]     src/engine.rs - engine::FluidEngine<'w>::render_context (line 181)
[INFO] [stdout]     src/engine.rs - engine::FluidEngine<'w>::render_with_ui_split (line 293)
[INFO] [stdout]     src/engine.rs - engine::FluidEngine<'w>::reset_to_js_defaults (line 152)
[INFO] [stdout]     src/engine.rs - engine::RenderContext (line 31)
[INFO] [stdout]     src/input.rs - input (line 11)
[INFO] [stdout]     src/input.rs - input::InputManager::burst (line 239)
[INFO] [stdout]     src/input.rs - input::InputManager::inject (line 216)
[INFO] [stdout]     src/input.rs - input::InputManager::pointer_down (line 130)
[INFO] [stdout]     src/input.rs - input::InputManager::pointer_move (line 163)
[INFO] [stdout]     src/input.rs - input::random_color (line 289)
[INFO] [stdout]     src/lib.rs - (line 6)
[INFO] [stdout] 
[INFO] [stdout] test result: FAILED. 0 passed; 13 failed; 0 ignored; 0 measured; 0 filtered out; finished in 0.57s
[INFO] [stdout] 
[INFO] [stderr] error: doctest failed, to rerun pass `--doc`
[INFO] running `Command { std: "docker" "inspect" "e411f92787d2f52517b1c1865813cb131792ab20d702deaae5e19ef3532555c7", kill_on_drop: false }`
[INFO] running `Command { std: "docker" "rm" "-f" "e411f92787d2f52517b1c1865813cb131792ab20d702deaae5e19ef3532555c7", kill_on_drop: false }`
[INFO] [stdout] e411f92787d2f52517b1c1865813cb131792ab20d702deaae5e19ef3532555c7
