[INFO] fetching crate fluent_data 1.2.4...
[INFO] testing fluent_data-1.2.4 against 1.100.0-beta.1+cargoflags=--release for beta-release-1.100-2
[INFO] extracting crate fluent_data 1.2.4 into /workspace/builds/worker-6-tc2/source
[INFO] started tweaking crates.io crate fluent_data 1.2.4
[INFO] finished tweaking crates.io crate fluent_data 1.2.4
[INFO] tweaked toml for crates.io crate fluent_data 1.2.4 written to /workspace/builds/worker-6-tc2/source/Cargo.toml
[INFO] validating manifest of crates.io crate fluent_data 1.2.4 on toolchain 1.100.0-beta.1
[INFO] running `Command { std: CARGO_HOME="/workspace/cargo-home" RUSTUP_HOME="/workspace/rustup-home" "/workspace/cargo-home/bin/cargo" "+1.100.0-beta.1" "metadata" "--manifest-path" "Cargo.toml" "--no-deps", kill_on_drop: false }`
[INFO] crate crates.io crate fluent_data 1.2.4 already has a lockfile, it will not be regenerated
[INFO] running `Command { std: CARGO_HOME="/workspace/cargo-home" RUSTUP_HOME="/workspace/rustup-home" "/workspace/cargo-home/bin/cargo" "+1.100.0-beta.1" "fetch" "--manifest-path" "Cargo.toml", kill_on_drop: false }`
[INFO] running `Command { std: "docker" "create" "-v" "/var/lib/crater-agent-workspace/builds/worker-6-tc2/source:/opt/rustwide/workdir:ro,Z" "-v" "/var/lib/crater-agent-workspace/builds/worker-6-tc2/target:/opt/rustwide/target:rw,Z" "-v" "/var/lib/crater-agent-workspace/cargo-home:/opt/rustwide/cargo-home:ro,Z" "-v" "/var/lib/crater-agent-workspace/rustup-home:/opt/rustwide/rustup-home:ro,Z" "-m" "1610612736" "--network" "none" "ghcr.io/rust-lang/crates-build-env/linux@sha256:77db811e55d90add9212f6832c23229e3de5f1c1f9905e8cb07319ea15df73ac" "sleep" "infinity", kill_on_drop: false }`
[INFO] [stdout] 6cc94e8dc833a5712cdd3b7611e81c01c3326b84613282f305e7be66f4f2bae3
[INFO] running `Command { std: "docker" "start" "6cc94e8dc833a5712cdd3b7611e81c01c3326b84613282f305e7be66f4f2bae3", kill_on_drop: false }`
[INFO] running `Command { std: "docker" "inspect" "6cc94e8dc833a5712cdd3b7611e81c01c3326b84613282f305e7be66f4f2bae3", kill_on_drop: false }`
[INFO] running `Command { std: "docker" "exec" "-e" "SOURCE_DIR=/opt/rustwide/workdir" "-e" "CARGO_HOME=/opt/rustwide/cargo-home" "-e" "RUSTUP_HOME=/opt/rustwide/rustup-home" "-e" "CARGO_TARGET_DIR=/opt/rustwide/target" "-w" "/opt/rustwide/workdir" "--user" "0:0" "6cc94e8dc833a5712cdd3b7611e81c01c3326b84613282f305e7be66f4f2bae3" "/opt/rustwide/cargo-home/bin/cargo" "+1.100.0-beta.1" "metadata" "--no-deps" "--format-version=1", kill_on_drop: false }`
[INFO] running `Command { std: "docker" "inspect" "6cc94e8dc833a5712cdd3b7611e81c01c3326b84613282f305e7be66f4f2bae3", kill_on_drop: false }`
[INFO] running `Command { std: "docker" "exec" "-e" "SOURCE_DIR=/opt/rustwide/workdir" "-e" "CARGO_HOME=/opt/rustwide/cargo-home" "-e" "RUSTUP_HOME=/opt/rustwide/rustup-home" "-e" "CARGO_TARGET_DIR=/opt/rustwide/target" "-e" "CARGO_INCREMENTAL=0" "-e" "RUST_BACKTRACE=full" "-e" "RUSTFLAGS=--cap-lints=warn" "-e" "RUSTDOCFLAGS=--cap-lints=warn" "-w" "/opt/rustwide/workdir" "--user" "0:0" "6cc94e8dc833a5712cdd3b7611e81c01c3326b84613282f305e7be66f4f2bae3" "/opt/rustwide/cargo-home/bin/cargo" "+1.100.0-beta.1" "build" "--frozen" "--message-format=json" "--release", kill_on_drop: false }`
[INFO] [stderr]    Compiling proc-macro2 v1.0.43
[INFO] [stderr]    Compiling quote v1.0.21
[INFO] [stderr]    Compiling unicode-ident v1.0.3
[INFO] [stderr]    Compiling syn v1.0.99
[INFO] [stderr]    Compiling libc v0.2.132
[INFO] [stderr]    Compiling typenum v1.15.0
[INFO] [stderr]    Compiling generic-array v0.14.6
[INFO] [stderr]    Compiling serde_derive v1.0.144
[INFO] [stderr]    Compiling ppv-lite86 v0.2.16
[INFO] [stderr]    Compiling tinyvec v1.6.0
[INFO] [stderr]    Compiling libm v0.2.5
[INFO] [stderr]    Compiling indexmap v1.9.1
[INFO] [stderr]    Compiling num-traits v0.2.15
[INFO] [stderr]    Compiling unicode-bidi v0.3.8
[INFO] [stderr]    Compiling itoa v1.0.3
[INFO] [stderr]    Compiling serde v1.0.144
[INFO] [stderr]    Compiling cpufeatures v0.2.5
[INFO] [stderr]    Compiling os_str_bytes v6.3.0
[INFO] [stderr]    Compiling heck v0.4.0
[INFO] [stderr]    Compiling bytes v1.2.1
[INFO] [stderr]    Compiling serde_json v1.0.85
[INFO] [stderr]    Compiling aho-corasick v0.7.19
[INFO] [stderr]    Compiling byteorder v1.4.3
[INFO] [stderr]    Compiling once_cell v1.14.0
[INFO] [stderr]    Compiling termcolor v1.1.3
[INFO] [stderr]    Compiling clap_lex v0.2.4
[INFO] [stderr]    Compiling ryu v1.0.11
[INFO] [stderr]    Compiling base64 v0.13.0
[INFO] [stderr]    Compiling textwrap v0.15.0
[INFO] [stderr]    Compiling regex-syntax v0.6.27
[INFO] [stderr]    Compiling approx_eq v0.1.8
[INFO] [stderr]    Compiling proc-macro-error-attr v1.0.4
[INFO] [stderr]    Compiling http v0.2.8
[INFO] [stderr]    Compiling getrandom v0.2.7
[INFO] [stderr]    Compiling atty v0.2.14
[INFO] [stderr]    Compiling rand_core v0.6.3
[INFO] [stderr]    Compiling rand_chacha v0.3.1
[INFO] [stderr]    Compiling unicode-normalization v0.1.21
[INFO] [stderr]    Compiling rand v0.8.5
[INFO] [stderr]    Compiling block-buffer v0.10.3
[INFO] [stderr]    Compiling crypto-common v0.1.6
[INFO] [stderr]    Compiling digest v0.10.3
[INFO] [stderr]    Compiling idna v0.2.3
[INFO] [stderr]    Compiling sha-1 v0.10.0
[INFO] [stderr]    Compiling url v2.2.2
[INFO] [stderr]    Compiling regex v1.6.0
[INFO] [stderr]    Compiling rand_distr v0.4.3
[INFO] [stderr]    Compiling proc-macro-error v1.0.4
[INFO] [stderr]    Compiling thiserror-impl v1.0.34
[INFO] [stderr]    Compiling clap_derive v3.2.18
[INFO] [stderr]    Compiling thiserror v1.0.34
[INFO] [stderr]    Compiling tungstenite v0.17.3
[INFO] [stderr]    Compiling clap v3.2.20
[INFO] [stderr]    Compiling fluent_data v1.2.4 (/opt/rustwide/workdir)
[INFO] [stderr] warning: unused dependency `approx_eq`
[INFO] [stderr]  --> Cargo.toml:1:15
[INFO] [stderr]   |
[INFO] [stderr] 1 | [dependencies.approx_eq]
[INFO] [stderr]   |               ^^^^^^^^^^
[INFO] [stderr]   |
[INFO] [stderr]   = note: `cargo::unused_dependencies` is set to `warn` by default
[INFO] [stderr] help: consider removing the dependency on `approx_eq`
[INFO] [stderr] warning: unused dependency `rand_distr`
[INFO] [stderr]   --> Cargo.toml:11:15
[INFO] [stderr]    |
[INFO] [stderr] 11 | [dependencies.rand_distr]
[INFO] [stderr]    |               ^^^^^^^^^^^
[INFO] [stderr]    |
[INFO] [stderr] help: consider removing the dependency on `rand_distr`
[INFO] [stderr] warning: unused dependency `regex`
[INFO] [stderr]   --> Cargo.toml:14:15
[INFO] [stderr]    |
[INFO] [stderr] 14 | [dependencies.regex]
[INFO] [stderr]    |               ^^^^^^
[INFO] [stderr]    |
[INFO] [stderr] help: consider removing the dependency on `regex`
[INFO] [stderr] warning: `fluent_data` (manifest) generated 3 warnings
[INFO] [stderr]     Finished `release` profile [optimized] target(s) in 38.74s
[INFO] running `Command { std: "docker" "inspect" "6cc94e8dc833a5712cdd3b7611e81c01c3326b84613282f305e7be66f4f2bae3", kill_on_drop: false }`
[INFO] running `Command { std: "docker" "exec" "-e" "SOURCE_DIR=/opt/rustwide/workdir" "-e" "CARGO_HOME=/opt/rustwide/cargo-home" "-e" "RUSTUP_HOME=/opt/rustwide/rustup-home" "-e" "CARGO_TARGET_DIR=/opt/rustwide/target" "-e" "CARGO_INCREMENTAL=0" "-e" "RUST_BACKTRACE=full" "-e" "RUSTFLAGS=--cap-lints=warn" "-e" "RUSTDOCFLAGS=--cap-lints=warn" "-w" "/opt/rustwide/workdir" "--user" "0:0" "6cc94e8dc833a5712cdd3b7611e81c01c3326b84613282f305e7be66f4f2bae3" "/opt/rustwide/cargo-home/bin/cargo" "+1.100.0-beta.1" "test" "--frozen" "--no-run" "--message-format=json" "--release", kill_on_drop: false }`
[INFO] [stderr]    Compiling fluent_data v1.2.4 (/opt/rustwide/workdir)
[INFO] [stderr] warning: unused dependency `approx_eq`
[INFO] [stderr]  --> Cargo.toml:1:15
[INFO] [stderr]   |
[INFO] [stderr] 1 | [dependencies.approx_eq]
[INFO] [stderr]   |               ^^^^^^^^^^
[INFO] [stderr]   |
[INFO] [stderr]   = note: `cargo::unused_dependencies` is set to `warn` by default
[INFO] [stderr] help: consider removing the dependency on `approx_eq`
[INFO] [stderr] help: to still use for development builds, move to `dev-dependencies`
[INFO] [stderr] warning: unused dependency `rand_distr`
[INFO] [stderr]   --> Cargo.toml:11:15
[INFO] [stderr]    |
[INFO] [stderr] 11 | [dependencies.rand_distr]
[INFO] [stderr]    |               ^^^^^^^^^^^
[INFO] [stderr]    |
[INFO] [stderr] help: consider removing the dependency on `rand_distr`
[INFO] [stderr] help: to still use for development builds, move to `dev-dependencies`
[INFO] [stderr] warning: unused dependency `regex`
[INFO] [stderr]   --> Cargo.toml:14:15
[INFO] [stderr]    |
[INFO] [stderr] 14 | [dependencies.regex]
[INFO] [stderr]    |               ^^^^^^
[INFO] [stderr]    |
[INFO] [stderr] help: consider removing the dependency on `regex`
[INFO] [stderr] help: to still use for development builds, move to `dev-dependencies`
[INFO] [stderr] warning: `fluent_data` (manifest) generated 3 warnings
[INFO] [stderr]     Finished `release` profile [optimized] target(s) in 3.66s
[INFO] running `Command { std: "docker" "inspect" "6cc94e8dc833a5712cdd3b7611e81c01c3326b84613282f305e7be66f4f2bae3", kill_on_drop: false }`
[INFO] running `Command { std: "docker" "exec" "-e" "SOURCE_DIR=/opt/rustwide/workdir" "-e" "CARGO_HOME=/opt/rustwide/cargo-home" "-e" "RUSTUP_HOME=/opt/rustwide/rustup-home" "-e" "CARGO_TARGET_DIR=/opt/rustwide/target" "-e" "CARGO_INCREMENTAL=0" "-e" "RUST_BACKTRACE=full" "-e" "RUSTFLAGS=--cap-lints=warn" "-e" "RUSTDOCFLAGS=--cap-lints=warn" "-w" "/opt/rustwide/workdir" "--user" "0:0" "6cc94e8dc833a5712cdd3b7611e81c01c3326b84613282f305e7be66f4f2bae3" "/opt/rustwide/cargo-home/bin/cargo" "+1.100.0-beta.1" "test" "--frozen" "--release", kill_on_drop: false }`
[INFO] [stderr] warning: unused dependency `approx_eq`
[INFO] [stderr]  --> Cargo.toml:1:15
[INFO] [stderr]   |
[INFO] [stderr] 1 | [dependencies.approx_eq]
[INFO] [stderr]   |               ^^^^^^^^^^
[INFO] [stderr]   |
[INFO] [stderr]   = note: `cargo::unused_dependencies` is set to `warn` by default
[INFO] [stderr] help: consider removing the dependency on `approx_eq`
[INFO] [stderr] help: to still use for development builds, move to `dev-dependencies`
[INFO] [stderr] warning: unused dependency `rand_distr`
[INFO] [stderr]   --> Cargo.toml:11:15
[INFO] [stderr]    |
[INFO] [stderr] 11 | [dependencies.rand_distr]
[INFO] [stderr]    |               ^^^^^^^^^^^
[INFO] [stderr]    |
[INFO] [stderr] help: consider removing the dependency on `rand_distr`
[INFO] [stderr] help: to still use for development builds, move to `dev-dependencies`
[INFO] [stderr] warning: unused dependency `regex`
[INFO] [stderr]   --> Cargo.toml:14:15
[INFO] [stderr]    |
[INFO] [stderr] 14 | [dependencies.regex]
[INFO] [stderr]    |               ^^^^^^
[INFO] [stderr]    |
[INFO] [stderr] help: consider removing the dependency on `regex`
[INFO] [stderr] help: to still use for development builds, move to `dev-dependencies`
[INFO] [stderr] warning: `fluent_data` (manifest) generated 3 warnings
[INFO] [stderr]     Finished `release` profile [optimized] target(s) in 0.08s
[INFO] [stderr]      Running unittests src/lib.rs (/opt/rustwide/target/release/build/fluent_data/be799fcb6fca5fa4/out/fluent_data-be799fcb6fca5fa4)
[INFO] [stdout] 
[INFO] [stdout] running 30 tests
[INFO] [stdout] test algorithm::tests::test_init ... ok
[INFO] [stdout] test algorithm::tests::test_new ... ok
[INFO] [stdout] test graph::tests::test_update_node_neighbors ... ok
[INFO] [stdout] test model::tests::test_model_add_ball ... ok
[INFO] [stdout] test model::tests::test_model_find_neighbors ... ok
[INFO] [stdout] test model::tests::test_load_model ... ok
[INFO] [stdout] test graph::tests::test_graph_mutation ... ok
[INFO] [stdout] test algorithm::tests::test_merge ... ok
[INFO] [stdout] test neighborhood::tests::test_neighbors ... ok
[INFO] [stdout] test model::tests::test_model_dist ... ok
[INFO] [stdout] test algorithm::tests::test_neighborhood_refine_append ... ok
[INFO] [stdout] test model::tests::test_predict ... ok
[INFO] [stdout] test model::tests::test_build_norm_data ... ok
[INFO] [stdout] test algorithm::tests::test_neighborhood_init ... ok
[INFO] [stdout] test algorithm::tests::test_neighborhood_refine_prepend ... ok
[INFO] [stdout] test graph::tests::test_build_node ... ok
[INFO] [stdout] test neighborhood::tests::test_neighbors_1_model ... ok
[INFO] [stdout] test neighborhood::tests::test_point_dist ... ok
[INFO] [stdout] test graph::tests::test_vertex_suppression ... ok
[INFO] [stdout] test algorithm::tests::test_update ... ok
[INFO] [stdout] test neighborhood::tests::test_neighbors_2_models ... ok
[INFO] [stdout] test neighborhood::tests::test_smallest ... ok
[INFO] [stdout] test space::tests::test_real_combine ... ok
[INFO] [stdout] test neighborhood::tests::test_neighbors_0_model ... ok
[INFO] [stdout] test streamer::tests::test_serialize_ball ... ok
[INFO] [stdout] test streamer::tests::test_streamer ... ok
[INFO] [stdout] test streamer::tests::test_serialize_model ... ok
[INFO] [stdout] test space::tests::test_euclid_dist ... ok
[INFO] [stdout] test streamer::tests::test_channels ... ok
[INFO] [stdout] test service::tests::test_streamer ... ok
[INFO] [stdout] 
[INFO] [stdout] test result: ok. 30 passed; 0 failed; 0 ignored; 0 measured; 0 filtered out; finished in 0.02s
[INFO] [stdout] 
[INFO] [stderr]      Running unittests src/main.rs (/opt/rustwide/target/release/build/fluent_data/f55de377df022dc3/out/fluent_data-f55de377df022dc3)
[INFO] [stdout] 
[INFO] [stdout] running 0 tests
[INFO] [stdout] 
[INFO] [stdout] test result: ok. 0 passed; 0 failed; 0 ignored; 0 measured; 0 filtered out; finished in 0.00s
[INFO] [stdout] 
[INFO] [stderr]      Running tests/service.rs (/opt/rustwide/target/release/build/fluent_data/642e498a80d8d929/out/service-642e498a80d8d929)
[INFO] [stdout] 
[INFO] [stdout] running 1 test
[INFO] [stdout] test test_streamer ... FAILED
[INFO] [stdout] 
[INFO] [stdout] failures:
[INFO] [stdout] 
[INFO] [stdout] ---- test_streamer stdout ----
[INFO] [stdout] 
[INFO] [stdout] thread 'test_streamer' (1580) panicked at tests/service.rs:41:50:
[INFO] [stdout] Can't connect: Url(UnableToConnect("ws://localhost:9001/ws/models"))
[INFO] [stdout] stack backtrace:
[INFO] [stdout]    0:     0x5c6d09b8bca1 - <<std[617be2ca0a6fd877]::sys::backtrace::BacktraceLock>::print::DisplayBacktrace as core[a373ad73a504971]::fmt::Display>::fmt
[INFO] [stdout]    1:     0x5c6d09ba1fba - core[a373ad73a504971]::fmt::write
[INFO] [stdout]    2:     0x5c6d09b9050c - <alloc[2e1b2a31b91974c5]::vec::Vec<u8> as core[a373ad73a504971]::io::write::Write>::write_fmt
[INFO] [stdout]    3:     0x5c6d09b67406 - std[617be2ca0a6fd877]::panicking::default_hook::{closure#0}
[INFO] [stdout]    4:     0x5c6d09b83bc9 - std[617be2ca0a6fd877]::panicking::default_hook
[INFO] [stdout]    5:     0x5c6d09a604a0 - test[aada8e7e76ba119b]::test_main_inner::{closure#0}
[INFO] [stdout]    6:     0x5c6d09b83d82 - std[617be2ca0a6fd877]::panicking::panic_with_hook
[INFO] [stdout]    7:     0x5c6d09b674b2 - std[617be2ca0a6fd877]::panicking::panic_handler::{closure#0}
[INFO] [stdout]    8:     0x5c6d09b600e9 - std[617be2ca0a6fd877]::sys::backtrace::__rust_end_short_backtrace::<std[617be2ca0a6fd877]::panicking::panic_handler::{closure#0}, !>
[INFO] [stdout]    9:     0x5c6d09b682ad - __rustc[ea4f61d10b84890b]::rust_begin_unwind
[INFO] [stdout]   10:     0x5c6d09ba271c - core[a373ad73a504971]::panicking::panic_fmt
[INFO] [stdout]   11:     0x5c6d09ba24f2 - core[a373ad73a504971]::result::unwrap_failed
[INFO] [stdout]   12:     0x5c6d09a396b7 - <service[53bd2c555adde31a]::test_streamer::{closure#0} as core[a373ad73a504971]::ops::function::FnOnce<()>>::call_once
[INFO] [stdout]   13:     0x5c6d09a538eb - test[aada8e7e76ba119b]::__rust_begin_short_backtrace::<core[a373ad73a504971]::result::Result<(), alloc[2e1b2a31b91974c5]::string::String>, fn() -> core[a373ad73a504971]::result::Result<(), alloc[2e1b2a31b91974c5]::string::String>>
[INFO] [stdout]   14:     0x5c6d09a60ac5 - test[aada8e7e76ba119b]::run_test::{closure#0}
[INFO] [stdout]   15:     0x5c6d09a5a3b4 - std[617be2ca0a6fd877]::sys::backtrace::__rust_begin_short_backtrace::<test[aada8e7e76ba119b]::run_test::{closure#1}, ()>
[INFO] [stdout]   16:     0x5c6d09a63b52 - <std[617be2ca0a6fd877]::thread::lifecycle::spawn_unchecked<test[aada8e7e76ba119b]::run_test::{closure#1}, ()>::{closure#1} as core[a373ad73a504971]::ops::function::FnOnce<()>>::call_once::{shim:vtable#0}
[INFO] [stdout]   17:     0x5c6d09b8ad8f - <std[617be2ca0a6fd877]::sys::thread::unix::Thread>::new::thread_start
[INFO] [stdout]   18:     0x75cbcea34dfa - <unknown>
[INFO] [stdout]   19:     0x75cbceac83d4 - clone
[INFO] [stdout]   20:                0x0 - <unknown>
[INFO] [stdout] 
[INFO] [stdout] 
[INFO] [stdout] failures:
[INFO] [stdout]     test_streamer
[INFO] [stdout] 
[INFO] [stdout] test result: FAILED. 0 passed; 1 failed; 0 ignored; 0 measured; 0 filtered out; finished in 0.00s
[INFO] [stdout] 
[INFO] [stderr] error: test failed, to rerun pass `--test service`
[INFO] running `Command { std: "docker" "inspect" "6cc94e8dc833a5712cdd3b7611e81c01c3326b84613282f305e7be66f4f2bae3", kill_on_drop: false }`
[INFO] running `Command { std: "docker" "rm" "-f" "6cc94e8dc833a5712cdd3b7611e81c01c3326b84613282f305e7be66f4f2bae3", kill_on_drop: false }`
[INFO] [stdout] 6cc94e8dc833a5712cdd3b7611e81c01c3326b84613282f305e7be66f4f2bae3
