[INFO] fetching crate flue 0.2.2...
[INFO] testing flue-0.2.2 against 1.99.0-beta.8+cargoflags=--release for beta-release-1.100-2
[INFO] extracting crate flue 0.2.2 into /workspace/builds/worker-3-tc1/source
[INFO] started tweaking crates.io crate flue 0.2.2
[INFO] finished tweaking crates.io crate flue 0.2.2
[INFO] tweaked toml for crates.io crate flue 0.2.2 written to /workspace/builds/worker-3-tc1/source/Cargo.toml
[INFO] validating manifest of crates.io crate flue 0.2.2 on toolchain 1.99.0-beta.8
[INFO] running `Command { std: CARGO_HOME="/workspace/cargo-home" RUSTUP_HOME="/workspace/rustup-home" "/workspace/cargo-home/bin/cargo" "+1.99.0-beta.8" "metadata" "--manifest-path" "Cargo.toml" "--no-deps", kill_on_drop: false }`
[INFO] running `Command { std: CARGO_HOME="/workspace/cargo-home" RUSTUP_HOME="/workspace/rustup-home" "/workspace/cargo-home/bin/cargo" "+1.99.0-beta.8" "generate-lockfile" "--manifest-path" "Cargo.toml", kill_on_drop: false }`
[INFO] [stderr]     Updating crates.io index
[INFO] [stderr]      Locking 37 packages to highest compatible versions
[INFO] [stderr]       Adding flume v0.11.1 (available: v0.12.0)
[INFO] running `Command { std: CARGO_HOME="/workspace/cargo-home" RUSTUP_HOME="/workspace/rustup-home" "/workspace/cargo-home/bin/cargo" "+1.99.0-beta.8" "fetch" "--manifest-path" "Cargo.toml", kill_on_drop: false }`
[INFO] running `Command { std: "docker" "create" "-v" "/var/lib/crater-agent-workspace/builds/worker-3-tc1/source:/opt/rustwide/workdir:ro,Z" "-v" "/var/lib/crater-agent-workspace/builds/worker-3-tc1/target:/opt/rustwide/target:rw,Z" "-v" "/var/lib/crater-agent-workspace/cargo-home:/opt/rustwide/cargo-home:ro,Z" "-v" "/var/lib/crater-agent-workspace/rustup-home:/opt/rustwide/rustup-home:ro,Z" "-m" "1610612736" "--network" "none" "ghcr.io/rust-lang/crates-build-env/linux@sha256:77db811e55d90add9212f6832c23229e3de5f1c1f9905e8cb07319ea15df73ac" "sleep" "infinity", kill_on_drop: false }`
[INFO] [stdout] d8b2932730ec56eba9f761f13e9ce268302123a5ae8d1353d6b70dedee606032
[INFO] running `Command { std: "docker" "start" "d8b2932730ec56eba9f761f13e9ce268302123a5ae8d1353d6b70dedee606032", kill_on_drop: false }`
[INFO] running `Command { std: "docker" "inspect" "d8b2932730ec56eba9f761f13e9ce268302123a5ae8d1353d6b70dedee606032", kill_on_drop: false }`
[INFO] running `Command { std: "docker" "exec" "-e" "SOURCE_DIR=/opt/rustwide/workdir" "-e" "CARGO_HOME=/opt/rustwide/cargo-home" "-e" "RUSTUP_HOME=/opt/rustwide/rustup-home" "-e" "CARGO_TARGET_DIR=/opt/rustwide/target" "-w" "/opt/rustwide/workdir" "--user" "0:0" "d8b2932730ec56eba9f761f13e9ce268302123a5ae8d1353d6b70dedee606032" "/opt/rustwide/cargo-home/bin/cargo" "+1.99.0-beta.8" "metadata" "--no-deps" "--format-version=1", kill_on_drop: false }`
[INFO] running `Command { std: "docker" "inspect" "d8b2932730ec56eba9f761f13e9ce268302123a5ae8d1353d6b70dedee606032", kill_on_drop: false }`
[INFO] running `Command { std: "docker" "exec" "-e" "SOURCE_DIR=/opt/rustwide/workdir" "-e" "CARGO_HOME=/opt/rustwide/cargo-home" "-e" "RUSTUP_HOME=/opt/rustwide/rustup-home" "-e" "CARGO_TARGET_DIR=/opt/rustwide/target" "-e" "CARGO_INCREMENTAL=0" "-e" "RUST_BACKTRACE=full" "-e" "RUSTFLAGS=--cap-lints=warn" "-e" "RUSTDOCFLAGS=--cap-lints=warn" "-w" "/opt/rustwide/workdir" "--user" "0:0" "d8b2932730ec56eba9f761f13e9ce268302123a5ae8d1353d6b70dedee606032" "/opt/rustwide/cargo-home/bin/cargo" "+1.99.0-beta.8" "build" "--frozen" "--message-format=json" "--release", kill_on_drop: false }`
[INFO] [stderr]    Compiling getrandom v0.2.17
[INFO] [stderr]    Compiling smallvec v1.16.3
[INFO] [stderr]    Compiling futures-core v0.3.34
[INFO] [stderr]    Compiling tokio v1.53.3
[INFO] [stderr]    Compiling sharded-slab v0.1.7
[INFO] [stderr]    Compiling spin v0.9.9
[INFO] [stderr]    Compiling nanorand v0.7.0
[INFO] [stderr]    Compiling flume v0.11.1
[INFO] [stderr]    Compiling parking_lot_core v0.9.12
[INFO] [stderr]    Compiling parking_lot v0.12.5
[INFO] [stderr]    Compiling flue v0.2.2 (/opt/rustwide/workdir)
[INFO] [stdout] warning: hiding a lifetime that's elided elsewhere is confusing
[INFO] [stdout]    --> src/lib.rs:875:24
[INFO] [stdout]     |
[INFO] [stdout] 875 |     pub fn wrap_handle(&self, handle: CapabilityHandle) -> TableResult<CapabilityRef> {
[INFO] [stdout]     |                        ^^^^^ the lifetime is elided here               ^^^^^^^^^^^^^ the same lifetime is hidden here
[INFO] [stdout]     |
[INFO] [stdout]     = help: the same lifetime is referred to in inconsistent ways, making the signature confusing
[INFO] [stdout]     = note: `#[warn(mismatched_lifetime_syntaxes)]` on by default
[INFO] [stdout] help: use `'_` for type paths
[INFO] [stdout]     |
[INFO] [stdout] 875 |     pub fn wrap_handle(&self, handle: CapabilityHandle) -> TableResult<CapabilityRef<'_>> {
[INFO] [stdout]     |                                                                                     ++++
[INFO] [stdout] 
[INFO] [stdout] 
[INFO] [stderr]     Finished `release` profile [optimized] target(s) in 5.60s
[INFO] running `Command { std: "docker" "inspect" "d8b2932730ec56eba9f761f13e9ce268302123a5ae8d1353d6b70dedee606032", kill_on_drop: false }`
[INFO] running `Command { std: "docker" "exec" "-e" "SOURCE_DIR=/opt/rustwide/workdir" "-e" "CARGO_HOME=/opt/rustwide/cargo-home" "-e" "RUSTUP_HOME=/opt/rustwide/rustup-home" "-e" "CARGO_TARGET_DIR=/opt/rustwide/target" "-e" "CARGO_INCREMENTAL=0" "-e" "RUST_BACKTRACE=full" "-e" "RUSTFLAGS=--cap-lints=warn" "-e" "RUSTDOCFLAGS=--cap-lints=warn" "-w" "/opt/rustwide/workdir" "--user" "0:0" "d8b2932730ec56eba9f761f13e9ce268302123a5ae8d1353d6b70dedee606032" "/opt/rustwide/cargo-home/bin/cargo" "+1.99.0-beta.8" "test" "--frozen" "--no-run" "--message-format=json" "--release", kill_on_drop: false }`
[INFO] [stderr]    Compiling tokio-macros v2.7.2
[INFO] [stderr]    Compiling tokio v1.53.3
[INFO] [stderr]    Compiling flue v0.2.2 (/opt/rustwide/workdir)
[INFO] [stdout] warning: hiding a lifetime that's elided elsewhere is confusing
[INFO] [stdout]    --> src/lib.rs:875:24
[INFO] [stdout]     |
[INFO] [stdout] 875 |     pub fn wrap_handle(&self, handle: CapabilityHandle) -> TableResult<CapabilityRef> {
[INFO] [stdout]     |                        ^^^^^ the lifetime is elided here               ^^^^^^^^^^^^^ the same lifetime is hidden here
[INFO] [stdout]     |
[INFO] [stdout]     = help: the same lifetime is referred to in inconsistent ways, making the signature confusing
[INFO] [stdout]     = note: `#[warn(mismatched_lifetime_syntaxes)]` on by default
[INFO] [stdout] help: use `'_` for type paths
[INFO] [stdout]     |
[INFO] [stdout] 875 |     pub fn wrap_handle(&self, handle: CapabilityHandle) -> TableResult<CapabilityRef<'_>> {
[INFO] [stdout]     |                                                                                     ++++
[INFO] [stdout] 
[INFO] [stdout] 
[INFO] [stdout] warning: hiding a lifetime that's elided elsewhere is confusing
[INFO] [stdout]    --> src/lib.rs:875:24
[INFO] [stdout]     |
[INFO] [stdout] 875 |     pub fn wrap_handle(&self, handle: CapabilityHandle) -> TableResult<CapabilityRef> {
[INFO] [stdout]     |                        ^^^^^ the lifetime is elided here               ^^^^^^^^^^^^^ the same lifetime is hidden here
[INFO] [stdout]     |
[INFO] [stdout]     = help: the same lifetime is referred to in inconsistent ways, making the signature confusing
[INFO] [stdout]     = note: `#[warn(mismatched_lifetime_syntaxes)]` on by default
[INFO] [stdout] help: use `'_` for type paths
[INFO] [stdout]     |
[INFO] [stdout] 875 |     pub fn wrap_handle(&self, handle: CapabilityHandle) -> TableResult<CapabilityRef<'_>> {
[INFO] [stdout]     |                                                                                     ++++
[INFO] [stdout] 
[INFO] [stdout] 
[INFO] [stderr]     Finished `release` profile [optimized] target(s) in 8.01s
[INFO] running `Command { std: "docker" "inspect" "d8b2932730ec56eba9f761f13e9ce268302123a5ae8d1353d6b70dedee606032", kill_on_drop: false }`
[INFO] running `Command { std: "docker" "exec" "-e" "SOURCE_DIR=/opt/rustwide/workdir" "-e" "CARGO_HOME=/opt/rustwide/cargo-home" "-e" "RUSTUP_HOME=/opt/rustwide/rustup-home" "-e" "CARGO_TARGET_DIR=/opt/rustwide/target" "-e" "CARGO_INCREMENTAL=0" "-e" "RUST_BACKTRACE=full" "-e" "RUSTFLAGS=--cap-lints=warn" "-e" "RUSTDOCFLAGS=--cap-lints=warn" "-w" "/opt/rustwide/workdir" "--user" "0:0" "d8b2932730ec56eba9f761f13e9ce268302123a5ae8d1353d6b70dedee606032" "/opt/rustwide/cargo-home/bin/cargo" "+1.99.0-beta.8" "test" "--frozen" "--release", kill_on_drop: false }`
[INFO] [stderr] warning: hiding a lifetime that's elided elsewhere is confusing
[INFO] [stderr]    --> src/lib.rs:875:24
[INFO] [stderr]     |
[INFO] [stderr] 875 |     pub fn wrap_handle(&self, handle: CapabilityHandle) -> TableResult<CapabilityRef> {
[INFO] [stderr]     |                        ^^^^^ the lifetime is elided here               ^^^^^^^^^^^^^ the same lifetime is hidden here
[INFO] [stderr]     |
[INFO] [stderr]     = help: the same lifetime is referred to in inconsistent ways, making the signature confusing
[INFO] [stderr]     = note: `#[warn(mismatched_lifetime_syntaxes)]` on by default
[INFO] [stderr] help: use `'_` for type paths
[INFO] [stderr]     |
[INFO] [stderr] 875 |     pub fn wrap_handle(&self, handle: CapabilityHandle) -> TableResult<CapabilityRef<'_>> {
[INFO] [stderr]     |                                                                                     ++++
[INFO] [stderr] 
[INFO] [stderr] warning: `flue` (lib) generated 1 warning (run `cargo fix --lib -p flue` to apply 1 suggestion)
[INFO] [stderr] warning: `flue` (lib test) generated 1 warning (1 duplicate)
[INFO] [stderr]     Finished `release` profile [optimized] target(s) in 0.04s
[INFO] [stderr]      Running unittests src/lib.rs (/opt/rustwide/target/release/deps/flue-82755f6899146017)
[INFO] [stdout] 
[INFO] [stdout] running 25 tests
[INFO] [stdout] test tests::deny_monitor ... ok
[INFO] [stdout] test tests::deny_kill ... ok
[INFO] [stdout] test tests::down_dead ... ok
[INFO] [stdout] test tests::down_on_kill ... ok
[INFO] [stdout] test tests::down_on_close ... ok
[INFO] [stdout] test tests::export_different_table ... ok
[INFO] [stdout] test tests::down_closed ... ok
[INFO] [stdout] test tests::kill ... ok
[INFO] [stdout] test tests::deny_send ... ok
[INFO] [stdout] test tests::import_ref ... ok
[INFO] [stdout] test tests::alias_sent_on_pending_recv ... FAILED
[INFO] [stdout] test tests::link ... ok
[INFO] [stdout] test tests::link_group_chain ... ok
[INFO] [stdout] test tests::table_send_impls_send ... ok
[INFO] [stdout] test tests::deny_demote_escalation ... ok
[INFO] [stdout] test tests::double_kill ... ok
[INFO] [stdout] test tests::dropped_handles_are_freed ... ok
[INFO] [stdout] test tests::import_ref_different_table ... ok
[INFO] [stdout] test tests::kill_all_mailboxes ... ok
[INFO] [stdout] test tests::try_recv ... ok
[INFO] [stdout] test tests::send_address ... ok
[INFO] [stdout] test tests::send_message ... ok
[INFO] [stdout] test tests::unlink ... ok
[INFO] [stdout] test tests::unlink_groups ... ok
[INFO] [stdout] test tests::link_groups ... ok
[INFO] [stdout] 
[INFO] [stdout] failures:
[INFO] [stdout] 
[INFO] [stdout] ---- tests::alias_sent_on_pending_recv stdout ----
[INFO] [stdout] 
[INFO] [stdout] thread 'tests::alias_sent_on_pending_recv' (375) panicked at src/tests.rs:428:5:
[INFO] [stdout] assertion failed: join_rx.await.unwrap().unwrap()
[INFO] [stdout] stack backtrace:
[INFO] [stdout]    0:     0x61b225e7ae81 - <<std[70759c8f55707aa4]::sys::backtrace::BacktraceLock>::print::DisplayBacktrace as core[df12db4294e9bfd3]::fmt::Display>::fmt
[INFO] [stdout]    1:     0x61b225e8f36a - core[df12db4294e9bfd3]::fmt::write
[INFO] [stdout]    2:     0x61b225e7f31c - <alloc[2182bb758b4b3781]::vec::Vec<u8> as core[df12db4294e9bfd3]::io::write::Write>::write_fmt
[INFO] [stdout]    3:     0x61b225e56eb6 - std[70759c8f55707aa4]::panicking::default_hook::{closure#0}
[INFO] [stdout]    4:     0x61b225e732f9 - std[70759c8f55707aa4]::panicking::default_hook
[INFO] [stdout]    5:     0x61b225e03c10 - test[9d35eded1c95d3be]::test_main_inner::<test[9d35eded1c95d3be]::test_main_static::{closure#0}>::{closure#0}
[INFO] [stdout]    6:     0x61b225e734b2 - std[70759c8f55707aa4]::panicking::panic_with_hook
[INFO] [stdout]    7:     0x61b225e56f94 - std[70759c8f55707aa4]::panicking::panic_handler::{closure#0}
[INFO] [stdout]    8:     0x61b225e4fce9 - std[70759c8f55707aa4]::sys::backtrace::__rust_end_short_backtrace::<std[70759c8f55707aa4]::panicking::panic_handler::{closure#0}, !>
[INFO] [stdout]    9:     0x61b225e57b5d - __rustc[8fa7c3cbc660c2b3]::rust_begin_unwind
[INFO] [stdout]   10:     0x61b225e8facc - core[df12db4294e9bfd3]::panicking::panic_fmt
[INFO] [stdout]   11:     0x61b225e8fa92 - core[df12db4294e9bfd3]::panicking::panic
[INFO] [stdout]   12:     0x61b225dd4324 - flue[13f3172409f6a397]::tests::alias_sent_on_pending_recv::{closure#0}
[INFO] [stdout]   13:     0x61b225def2a3 - <tokio[12575c342e728183]::runtime::scheduler::current_thread::Context>::enter::<core[df12db4294e9bfd3]::task::poll::Poll<()>, <tokio[12575c342e728183]::runtime::scheduler::current_thread::CoreGuard>::block_on<core[df12db4294e9bfd3]::pin::Pin<&mut core[df12db4294e9bfd3]::pin::Pin<&mut dyn core[df12db4294e9bfd3]::future::future::Future<Output = ()>>>>::{closure#0}::{closure#0}>
[INFO] [stdout]   14:     0x61b225df372c - <tokio[12575c342e728183]::runtime::context::scoped::Scoped<tokio[12575c342e728183]::runtime::scheduler::Context>>::set::<<tokio[12575c342e728183]::runtime::scheduler::current_thread::CoreGuard>::enter<<tokio[12575c342e728183]::runtime::scheduler::current_thread::CoreGuard>::block_on<core[df12db4294e9bfd3]::pin::Pin<&mut core[df12db4294e9bfd3]::pin::Pin<&mut dyn core[df12db4294e9bfd3]::future::future::Future<Output = ()>>>>::{closure#0}, core[df12db4294e9bfd3]::option::Option<()>>::{closure#0}, (alloc[2182bb758b4b3781]::boxed::Box<tokio[12575c342e728183]::runtime::scheduler::current_thread::Core>, core[df12db4294e9bfd3]::option::Option<()>)>
[INFO] [stdout]   15:     0x61b225defab5 - <tokio[12575c342e728183]::runtime::scheduler::current_thread::CoreGuard>::block_on::<core[df12db4294e9bfd3]::pin::Pin<&mut core[df12db4294e9bfd3]::pin::Pin<&mut dyn core[df12db4294e9bfd3]::future::future::Future<Output = ()>>>>
[INFO] [stdout]   16:     0x61b225df4883 - tokio[12575c342e728183]::runtime::context::runtime::enter_runtime::<<tokio[12575c342e728183]::runtime::scheduler::current_thread::CurrentThread>::block_on<core[df12db4294e9bfd3]::pin::Pin<&mut dyn core[df12db4294e9bfd3]::future::future::Future<Output = ()>>>::{closure#0}, ()>
[INFO] [stdout]   17:     0x61b225ded43b - <tokio[12575c342e728183]::runtime::runtime::Runtime>::block_on::<core[df12db4294e9bfd3]::pin::Pin<&mut dyn core[df12db4294e9bfd3]::future::future::Future<Output = ()>>>
[INFO] [stdout]   18:     0x61b225dd8661 - flue[13f3172409f6a397]::tests::alias_sent_on_pending_recv
[INFO] [stdout]   19:     0x61b225de99c9 - <flue[13f3172409f6a397]::tests::alias_sent_on_pending_recv::{closure#0} as core[df12db4294e9bfd3]::ops::function::FnOnce<()>>::call_once
[INFO] [stdout]   20:     0x61b225df6efb - test[9d35eded1c95d3be]::__rust_begin_short_backtrace::<core[df12db4294e9bfd3]::result::Result<(), alloc[2182bb758b4b3781]::string::String>, fn() -> core[df12db4294e9bfd3]::result::Result<(), alloc[2182bb758b4b3781]::string::String>>
[INFO] [stdout]   21:     0x61b225e04565 - test[9d35eded1c95d3be]::run_test::{closure#0}
[INFO] [stdout]   22:     0x61b225dfde24 - std[70759c8f55707aa4]::sys::backtrace::__rust_begin_short_backtrace::<test[9d35eded1c95d3be]::run_test::{closure#1}, ()>
[INFO] [stdout]   23:     0x61b225e076c2 - <std[70759c8f55707aa4]::thread::lifecycle::spawn_unchecked<test[9d35eded1c95d3be]::run_test::{closure#1}, ()>::{closure#1} as core[df12db4294e9bfd3]::ops::function::FnOnce<()>>::call_once::{shim:vtable#0}
[INFO] [stdout]   24:     0x61b225e7a729 - <std[70759c8f55707aa4]::sys::thread::unix::Thread>::new::thread_start
[INFO] [stdout]   25:     0x7c7b0930fdfa - <unknown>
[INFO] [stdout]   26:     0x7c7b093a33d4 - clone
[INFO] [stdout]   27:                0x0 - <unknown>
[INFO] [stdout] 
[INFO] [stdout] 
[INFO] [stdout] failures:
[INFO] [stdout]     tests::alias_sent_on_pending_recv
[INFO] [stdout] 
[INFO] [stdout] test result: FAILED. 24 passed; 1 failed; 0 ignored; 0 measured; 0 filtered out; finished in 0.01s
[INFO] [stdout] 
[INFO] [stderr] error: test failed, to rerun pass `--lib`
[INFO] running `Command { std: "docker" "inspect" "d8b2932730ec56eba9f761f13e9ce268302123a5ae8d1353d6b70dedee606032", kill_on_drop: false }`
[INFO] running `Command { std: "docker" "rm" "-f" "d8b2932730ec56eba9f761f13e9ce268302123a5ae8d1353d6b70dedee606032", kill_on_drop: false }`
[INFO] [stdout] d8b2932730ec56eba9f761f13e9ce268302123a5ae8d1353d6b70dedee606032
