[INFO] fetching crate flql 0.2.6...
[INFO] testing flql-0.2.6 against 1.100.0-beta.1+cargoflags=--release for beta-release-1.100-2
[INFO] extracting crate flql 0.2.6 into /workspace/builds/worker-3-tc2/source
[INFO] started tweaking crates.io crate flql 0.2.6
[INFO] finished tweaking crates.io crate flql 0.2.6
[INFO] tweaked toml for crates.io crate flql 0.2.6 written to /workspace/builds/worker-3-tc2/source/Cargo.toml
[INFO] validating manifest of crates.io crate flql 0.2.6 on toolchain 1.100.0-beta.1
[INFO] running `Command { std: CARGO_HOME="/workspace/cargo-home" RUSTUP_HOME="/workspace/rustup-home" "/workspace/cargo-home/bin/cargo" "+1.100.0-beta.1" "metadata" "--manifest-path" "Cargo.toml" "--no-deps", kill_on_drop: false }`
[INFO] running `Command { std: CARGO_HOME="/workspace/cargo-home" RUSTUP_HOME="/workspace/rustup-home" "/workspace/cargo-home/bin/cargo" "+1.100.0-beta.1" "generate-lockfile" "--manifest-path" "Cargo.toml", kill_on_drop: false }`
[INFO] [stderr]     Updating crates.io index
[INFO] [stderr]      Locking 71 packages to highest compatible versions
[INFO] [stderr]       Adding anydate v0.3.0 (available: v0.5.0)
[INFO] [stderr]       Adding psm v0.1.24 (available: v0.1.32)
[INFO] [stderr]       Adding thiserror v1.0.69 (available: v2.0.21)
[INFO] running `Command { std: CARGO_HOME="/workspace/cargo-home" RUSTUP_HOME="/workspace/rustup-home" "/workspace/cargo-home/bin/cargo" "+1.100.0-beta.1" "fetch" "--manifest-path" "Cargo.toml", kill_on_drop: false }`
[INFO] [stderr]     Blocking waiting for file lock on package cache
[INFO] running `Command { std: "docker" "create" "-v" "/var/lib/crater-agent-workspace/builds/worker-3-tc2/source:/opt/rustwide/workdir:ro,Z" "-v" "/var/lib/crater-agent-workspace/builds/worker-3-tc2/target:/opt/rustwide/target:rw,Z" "-v" "/var/lib/crater-agent-workspace/cargo-home:/opt/rustwide/cargo-home:ro,Z" "-v" "/var/lib/crater-agent-workspace/rustup-home:/opt/rustwide/rustup-home:ro,Z" "-m" "1610612736" "--network" "none" "ghcr.io/rust-lang/crates-build-env/linux@sha256:77db811e55d90add9212f6832c23229e3de5f1c1f9905e8cb07319ea15df73ac" "sleep" "infinity", kill_on_drop: false }`
[INFO] [stdout] 8b1b079da9dd2d90c9f95962ea81ca0430fb18c63e0a5bae62df974c7195625f
[INFO] running `Command { std: "docker" "start" "8b1b079da9dd2d90c9f95962ea81ca0430fb18c63e0a5bae62df974c7195625f", kill_on_drop: false }`
[INFO] running `Command { std: "docker" "inspect" "8b1b079da9dd2d90c9f95962ea81ca0430fb18c63e0a5bae62df974c7195625f", kill_on_drop: false }`
[INFO] running `Command { std: "docker" "exec" "-e" "SOURCE_DIR=/opt/rustwide/workdir" "-e" "CARGO_HOME=/opt/rustwide/cargo-home" "-e" "RUSTUP_HOME=/opt/rustwide/rustup-home" "-e" "CARGO_TARGET_DIR=/opt/rustwide/target" "-w" "/opt/rustwide/workdir" "--user" "0:0" "8b1b079da9dd2d90c9f95962ea81ca0430fb18c63e0a5bae62df974c7195625f" "/opt/rustwide/cargo-home/bin/cargo" "+1.100.0-beta.1" "metadata" "--no-deps" "--format-version=1", kill_on_drop: false }`
[INFO] running `Command { std: "docker" "inspect" "8b1b079da9dd2d90c9f95962ea81ca0430fb18c63e0a5bae62df974c7195625f", kill_on_drop: false }`
[INFO] running `Command { std: "docker" "exec" "-e" "SOURCE_DIR=/opt/rustwide/workdir" "-e" "CARGO_HOME=/opt/rustwide/cargo-home" "-e" "RUSTUP_HOME=/opt/rustwide/rustup-home" "-e" "CARGO_TARGET_DIR=/opt/rustwide/target" "-e" "CARGO_INCREMENTAL=0" "-e" "RUST_BACKTRACE=full" "-e" "RUSTFLAGS=--cap-lints=warn" "-e" "RUSTDOCFLAGS=--cap-lints=warn" "-w" "/opt/rustwide/workdir" "--user" "0:0" "8b1b079da9dd2d90c9f95962ea81ca0430fb18c63e0a5bae62df974c7195625f" "/opt/rustwide/cargo-home/bin/cargo" "+1.100.0-beta.1" "build" "--frozen" "--message-format=json" "--release", kill_on_drop: false }`
[INFO] [stderr]    Compiling libc v0.2.191
[INFO] [stderr]    Compiling anyhow v1.0.104
[INFO] [stderr]    Compiling psm v0.1.24
[INFO] [stderr]    Compiling stacker v0.1.25
[INFO] [stderr]    Compiling clap_builder v4.6.7
[INFO] [stderr]    Compiling syn v2.0.119
[INFO] [stderr]    Compiling serde_json v1.0.154
[INFO] [stderr]    Compiling serde_derive v1.0.229
[INFO] [stderr]    Compiling clap_derive v4.6.7
[INFO] [stderr]    Compiling pest v2.9.4
[INFO] [stderr]    Compiling thiserror-impl v1.0.69
[INFO] [stderr]    Compiling serde v1.0.229
[INFO] [stderr]    Compiling chrono v0.4.45
[INFO] [stderr]    Compiling thiserror v1.0.69
[INFO] [stderr]    Compiling pest_meta v2.9.4
[INFO] [stderr]    Compiling clap v4.6.7
[INFO] [stderr]    Compiling anydate v0.3.0
[INFO] [stderr]    Compiling pest_generator v2.9.4
[INFO] [stderr]    Compiling pest_derive v2.9.4
[INFO] [stderr]    Compiling flql v0.2.6 (/opt/rustwide/workdir)
[INFO] [stdout] warning: use of deprecated method `chrono::DateTime::<Tz>::timestamp_nanos`: use `timestamp_nanos_opt()` instead
[INFO] [stdout]    --> src/exp_parser.rs:718:56
[INFO] [stdout]     |
[INFO] [stdout] 718 |             Value::DateTime(dt) => Ok(Value::Number(dt.timestamp_nanos() as f64)),
[INFO] [stdout]     |                                                        ^^^^^^^^^^^^^^^
[INFO] [stdout]     |
[INFO] [stdout]     = note: `#[warn(deprecated)]` on by default
[INFO] [stdout] 
[INFO] [stdout] 
[INFO] [stdout] warning: function `escape` is never used
[INFO] [stdout]    --> src/gjson/util.rs:161:8
[INFO] [stdout]     |
[INFO] [stdout] 161 | pub fn escape(s: &str) -> String {
[INFO] [stdout]     |        ^^^^^^
[INFO] [stdout]     |
[INFO] [stdout]     = note: `#[warn(dead_code)]` (part of `#[warn(unused)]`) on by default
[INFO] [stdout] 
[INFO] [stdout] 
[INFO] [stderr] warning: unused dependency `clap`
[INFO] [stderr]   --> Cargo.toml:11:15
[INFO] [stderr]    |
[INFO] [stderr] 11 | [dependencies.clap]
[INFO] [stderr]    |               ^^^^^
[INFO] [stderr]    |
[INFO] [stderr]    = note: `cargo::unused_dependencies` is set to `warn` by default
[INFO] [stderr] help: consider removing the dependency on `clap`
[INFO] [stderr] warning: `flql` (manifest) generated 1 warning
[INFO] [stderr]     Finished `release` profile [optimized] target(s) in 24.67s
[INFO] running `Command { std: "docker" "inspect" "8b1b079da9dd2d90c9f95962ea81ca0430fb18c63e0a5bae62df974c7195625f", kill_on_drop: false }`
[INFO] running `Command { std: "docker" "exec" "-e" "SOURCE_DIR=/opt/rustwide/workdir" "-e" "CARGO_HOME=/opt/rustwide/cargo-home" "-e" "RUSTUP_HOME=/opt/rustwide/rustup-home" "-e" "CARGO_TARGET_DIR=/opt/rustwide/target" "-e" "CARGO_INCREMENTAL=0" "-e" "RUST_BACKTRACE=full" "-e" "RUSTFLAGS=--cap-lints=warn" "-e" "RUSTDOCFLAGS=--cap-lints=warn" "-w" "/opt/rustwide/workdir" "--user" "0:0" "8b1b079da9dd2d90c9f95962ea81ca0430fb18c63e0a5bae62df974c7195625f" "/opt/rustwide/cargo-home/bin/cargo" "+1.100.0-beta.1" "test" "--frozen" "--no-run" "--message-format=json" "--release", kill_on_drop: false }`
[INFO] [stderr]    Compiling flql v0.2.6 (/opt/rustwide/workdir)
[INFO] [stdout] warning: use of deprecated method `chrono::DateTime::<Tz>::timestamp_nanos`: use `timestamp_nanos_opt()` instead
[INFO] [stdout]    --> src/exp_parser.rs:718:56
[INFO] [stdout]     |
[INFO] [stdout] 718 |             Value::DateTime(dt) => Ok(Value::Number(dt.timestamp_nanos() as f64)),
[INFO] [stdout]     |                                                        ^^^^^^^^^^^^^^^
[INFO] [stdout]     |
[INFO] [stdout]     = note: `#[warn(deprecated)]` on by default
[INFO] [stdout] 
[INFO] [stdout] 
[INFO] [stdout] warning: function `escape` is never used
[INFO] [stdout]    --> src/gjson/util.rs:161:8
[INFO] [stdout]     |
[INFO] [stdout] 161 | pub fn escape(s: &str) -> String {
[INFO] [stdout]     |        ^^^^^^
[INFO] [stdout]     |
[INFO] [stdout]     = note: `#[warn(dead_code)]` (part of `#[warn(unused)]`) on by default
[INFO] [stdout] 
[INFO] [stdout] 
[INFO] [stdout] warning: use of deprecated method `chrono::DateTime::<Tz>::timestamp_nanos`: use `timestamp_nanos_opt()` instead
[INFO] [stdout]    --> src/exp_parser.rs:718:56
[INFO] [stdout]     |
[INFO] [stdout] 718 |             Value::DateTime(dt) => Ok(Value::Number(dt.timestamp_nanos() as f64)),
[INFO] [stdout]     |                                                        ^^^^^^^^^^^^^^^
[INFO] [stdout]     |
[INFO] [stdout]     = note: `#[warn(deprecated)]` on by default
[INFO] [stdout] 
[INFO] [stdout] 
[INFO] [stdout] warning: unused variable: `result`
[INFO] [stdout]    --> src/lib.rs:801:13
[INFO] [stdout]     |
[INFO] [stdout] 801 |         let result = get(src,set);
[INFO] [stdout]     |             ^^^^^^ help: if this is intentional, prefix it with an underscore: `_result`
[INFO] [stdout]     |
[INFO] [stdout]     = note: `#[warn(unused_variables)]` (part of `#[warn(unused)]`) on by default
[INFO] [stdout] 
[INFO] [stdout] 
[INFO] [stdout] warning: unused variable: `result`
[INFO] [stdout]    --> src/lib.rs:815:13
[INFO] [stdout]     |
[INFO] [stdout] 815 |         let result = get(src,set);
[INFO] [stdout]     |             ^^^^^^ help: if this is intentional, prefix it with an underscore: `_result`
[INFO] [stdout] 
[INFO] [stdout] 
[INFO] [stderr] warning: unused dependency `clap`
[INFO] [stderr]   --> Cargo.toml:11:15
[INFO] [stderr]    |
[INFO] [stderr] 11 | [dependencies.clap]
[INFO] [stderr]    |               ^^^^^
[INFO] [stderr]    |
[INFO] [stderr]    = note: `cargo::unused_dependencies` is set to `warn` by default
[INFO] [stderr] help: consider removing the dependency on `clap`
[INFO] [stderr] warning: `flql` (manifest) generated 1 warning
[INFO] [stderr]     Finished `release` profile [optimized] target(s) in 6.78s
[INFO] running `Command { std: "docker" "inspect" "8b1b079da9dd2d90c9f95962ea81ca0430fb18c63e0a5bae62df974c7195625f", kill_on_drop: false }`
[INFO] running `Command { std: "docker" "exec" "-e" "SOURCE_DIR=/opt/rustwide/workdir" "-e" "CARGO_HOME=/opt/rustwide/cargo-home" "-e" "RUSTUP_HOME=/opt/rustwide/rustup-home" "-e" "CARGO_TARGET_DIR=/opt/rustwide/target" "-e" "CARGO_INCREMENTAL=0" "-e" "RUST_BACKTRACE=full" "-e" "RUSTFLAGS=--cap-lints=warn" "-e" "RUSTDOCFLAGS=--cap-lints=warn" "-w" "/opt/rustwide/workdir" "--user" "0:0" "8b1b079da9dd2d90c9f95962ea81ca0430fb18c63e0a5bae62df974c7195625f" "/opt/rustwide/cargo-home/bin/cargo" "+1.100.0-beta.1" "test" "--frozen" "--release", kill_on_drop: false }`
[INFO] [stderr] warning: use of deprecated method `chrono::DateTime::<Tz>::timestamp_nanos`: use `timestamp_nanos_opt()` instead
[INFO] [stderr]    --> src/exp_parser.rs:718:56
[INFO] [stderr]     |
[INFO] [stderr] 718 |             Value::DateTime(dt) => Ok(Value::Number(dt.timestamp_nanos() as f64)),
[INFO] [stderr]     |                                                        ^^^^^^^^^^^^^^^
[INFO] [stderr]     |
[INFO] [stderr]     = note: `#[warn(deprecated)]` on by default
[INFO] [stderr] 
[INFO] [stderr] warning: function `escape` is never used
[INFO] [stderr]    --> src/gjson/util.rs:161:8
[INFO] [stderr]     |
[INFO] [stderr] 161 | pub fn escape(s: &str) -> String {
[INFO] [stderr]     |        ^^^^^^
[INFO] [stderr]     |
[INFO] [stderr]     = note: `#[warn(dead_code)]` (part of `#[warn(unused)]`) on by default
[INFO] [stderr] 
[INFO] [stderr] warning: unused variable: `result`
[INFO] [stderr]    --> src/lib.rs:801:13
[INFO] [stderr]     |
[INFO] [stderr] 801 |         let result = get(src,set);
[INFO] [stderr]     |             ^^^^^^ help: if this is intentional, prefix it with an underscore: `_result`
[INFO] [stderr]     |
[INFO] [stderr]     = note: `#[warn(unused_variables)]` (part of `#[warn(unused)]`) on by default
[INFO] [stderr] 
[INFO] [stderr] warning: unused variable: `result`
[INFO] [stderr]    --> src/lib.rs:815:13
[INFO] [stderr]     |
[INFO] [stderr] 815 |         let result = get(src,set);
[INFO] [stderr]     |             ^^^^^^ help: if this is intentional, prefix it with an underscore: `_result`
[INFO] [stderr] 
[INFO] [stderr] warning: `flql` (lib) generated 2 warnings
[INFO] [stderr] warning: `flql` (lib test) generated 3 warnings (1 duplicate) (run `cargo fix --lib -p flql --tests` to apply 2 suggestions)
[INFO] [stderr] warning: unused dependency `clap`
[INFO] [stderr]   --> Cargo.toml:11:15
[INFO] [stderr]    |
[INFO] [stderr] 11 | [dependencies.clap]
[INFO] [stderr]    |               ^^^^^
[INFO] [stderr]    |
[INFO] [stderr]    = note: `cargo::unused_dependencies` is set to `warn` by default
[INFO] [stderr] help: consider removing the dependency on `clap`
[INFO] [stderr] warning: `flql` (manifest) generated 1 warning
[INFO] [stderr]     Finished `release` profile [optimized] target(s) in 0.09s
[INFO] [stderr]      Running unittests src/lib.rs (/opt/rustwide/target/release/build/flql/60a6bb343b4a1a7d/out/flql-60a6bb343b4a1a7d)
[INFO] [stdout] 
[INFO] [stdout] running 13 tests
[INFO] [stdout] test gjson::path::test::next ... ok
[INFO] [stdout] test gjson::pretty::test::ugly ... ok
[INFO] [stdout] test gjson::util::test::unescape ... ok
[INFO] [stdout] test gjson::valid::test::xcover ... ok
[INFO] [stdout] test gjson::pretty::test::xcover ... ok
[INFO] [stdout] test gjson::pretty::test::pretty ... ok
[INFO] [stdout] test gjson::util::test::escape ... FAILED
[INFO] [stdout] test gjson::path::test::query ... ok
[INFO] [stdout] test gjson::util::test::basic ... ok
[INFO] [stdout] test tests::parser ... ok
[INFO] [stdout] test tests::test ... ok
[INFO] [stdout] test gjson::valid::test::basic ... ok
[INFO] [stdout] test gjson::pretty::test::depth ... ok
[INFO] [stdout] 
[INFO] [stdout] failures:
[INFO] [stderr] error: test failed, to rerun pass `--lib`
[INFO] [stdout] 
[INFO] [stdout] ---- gjson::util::test::escape stdout ----
[INFO] [stdout] 
[INFO] [stdout] thread 'gjson::util::test::escape' (712) panicked at src/gjson/util.rs:264:9:
[INFO] [stdout] assertion `left == right` failed
[INFO] [stdout]   left: "\"n第一印象:なんか怖っ！n今の印象:とりあえずキモい。噛み合わないn好きなところ:ぶすでキモいとこ😋✨✨n思い出:んーーー、ありすぎ😊❤\u{fe0f}nLINE交換できる？:あぁ……ごめん✋nトプ画をみて:照れますがな😘✨n一言:お前は一生もんのダチ💖\""
[INFO] [stdout]  right: "\"\\n第一印象:なんか怖っ！\\n今の印象:とりあえずキモい。噛み合わない\\n好きなところ:ぶすでキモいとこ😋✨✨\\n思い出:んーーー、ありすぎ😊❤\u{fe0f}\\nLINE交換できる？:あぁ……ごめん✋\\nトプ画をみて:照れますがな😘✨\\n一言:お前は一生もんのダチ💖\""
[INFO] [stdout] stack backtrace:
[INFO] [stdout]    0:     0x61224a275be1 - <<std[617be2ca0a6fd877]::sys::backtrace::BacktraceLock>::print::DisplayBacktrace as core[a373ad73a504971]::fmt::Display>::fmt
[INFO] [stdout]    1:     0x61224a28c35a - core[a373ad73a504971]::fmt::write
[INFO] [stdout]    2:     0x61224a27a2fc - <alloc[2e1b2a31b91974c5]::vec::Vec<u8> as core[a373ad73a504971]::io::write::Write>::write_fmt
[INFO] [stdout]    3:     0x61224a251ac6 - std[617be2ca0a6fd877]::panicking::default_hook::{closure#0}
[INFO] [stdout]    4:     0x61224a26e259 - std[617be2ca0a6fd877]::panicking::default_hook
[INFO] [stdout]    5:     0x61224a1ff080 - test[aada8e7e76ba119b]::test_main_inner::{closure#0}
[INFO] [stdout]    6:     0x61224a26e412 - std[617be2ca0a6fd877]::panicking::panic_with_hook
[INFO] [stdout]    7:     0x61224a251b72 - std[617be2ca0a6fd877]::panicking::panic_handler::{closure#0}
[INFO] [stdout]    8:     0x61224a24a2f9 - std[617be2ca0a6fd877]::sys::backtrace::__rust_end_short_backtrace::<std[617be2ca0a6fd877]::panicking::panic_handler::{closure#0}, !>
[INFO] [stdout]    9:     0x61224a25288d - __rustc[ea4f61d10b84890b]::rust_begin_unwind
[INFO] [stdout]   10:     0x61224a28ca8c - core[a373ad73a504971]::panicking::panic_fmt
[INFO] [stdout]   11:     0x61224a28c9a3 - core[a373ad73a504971]::panicking::assert_failed_inner
[INFO] [stdout]   12:     0x61224a1e5a97 - core[a373ad73a504971]::panicking::assert_failed::<alloc[2e1b2a31b91974c5]::string::String, &str>
[INFO] [stdout]   13:     0x61224a1defd5 - <flql[a8df9cf704b4b731]::gjson::util::test::escape::{closure#0} as core[a373ad73a504971]::ops::function::FnOnce<()>>::call_once
[INFO] [stdout]   14:     0x61224a1f24cb - test[aada8e7e76ba119b]::__rust_begin_short_backtrace::<core[a373ad73a504971]::result::Result<(), alloc[2e1b2a31b91974c5]::string::String>, fn() -> core[a373ad73a504971]::result::Result<(), alloc[2e1b2a31b91974c5]::string::String>>
[INFO] [stdout]   15:     0x61224a1ff6a5 - test[aada8e7e76ba119b]::run_test::{closure#0}
[INFO] [stdout]   16:     0x61224a1f8f94 - std[617be2ca0a6fd877]::sys::backtrace::__rust_begin_short_backtrace::<test[aada8e7e76ba119b]::run_test::{closure#1}, ()>
[INFO] [stdout]   17:     0x61224a202732 - <std[617be2ca0a6fd877]::thread::lifecycle::spawn_unchecked<test[aada8e7e76ba119b]::run_test::{closure#1}, ()>::{closure#1} as core[a373ad73a504971]::ops::function::FnOnce<()>>::call_once::{shim:vtable#0}
[INFO] [stdout]   18:     0x61224a27543f - <std[617be2ca0a6fd877]::sys::thread::unix::Thread>::new::thread_start
[INFO] [stdout]   19:     0x7ff2156dfdfa - <unknown>
[INFO] [stdout]   20:     0x7ff2157733d4 - clone
[INFO] [stdout]   21:                0x0 - <unknown>
[INFO] [stdout] 
[INFO] [stdout] 
[INFO] [stdout] failures:
[INFO] [stdout]     gjson::util::test::escape
[INFO] [stdout] 
[INFO] [stdout] test result: FAILED. 12 passed; 1 failed; 0 ignored; 0 measured; 0 filtered out; finished in 0.02s
[INFO] [stdout] 
[INFO] running `Command { std: "docker" "inspect" "8b1b079da9dd2d90c9f95962ea81ca0430fb18c63e0a5bae62df974c7195625f", kill_on_drop: false }`
[INFO] running `Command { std: "docker" "rm" "-f" "8b1b079da9dd2d90c9f95962ea81ca0430fb18c63e0a5bae62df974c7195625f", kill_on_drop: false }`
[INFO] [stdout] 8b1b079da9dd2d90c9f95962ea81ca0430fb18c63e0a5bae62df974c7195625f
