[INFO] fetching crate flowstats 0.1.2...
[INFO] testing flowstats-0.1.2 against 1.100.0-beta.1+cargoflags=--release for beta-release-1.100-2
[INFO] extracting crate flowstats 0.1.2 into /workspace/builds/worker-1-tc2/source
[INFO] started tweaking crates.io crate flowstats 0.1.2
[INFO] removed 0 missing tests
[INFO] finished tweaking crates.io crate flowstats 0.1.2
[INFO] tweaked toml for crates.io crate flowstats 0.1.2 written to /workspace/builds/worker-1-tc2/source/Cargo.toml
[INFO] validating manifest of crates.io crate flowstats 0.1.2 on toolchain 1.100.0-beta.1
[INFO] running `Command { std: CARGO_HOME="/workspace/cargo-home" RUSTUP_HOME="/workspace/rustup-home" "/workspace/cargo-home/bin/cargo" "+1.100.0-beta.1" "metadata" "--manifest-path" "Cargo.toml" "--no-deps", kill_on_drop: false }`
[INFO] crate crates.io crate flowstats 0.1.2 already has a lockfile, it will not be regenerated
[INFO] running `Command { std: CARGO_HOME="/workspace/cargo-home" RUSTUP_HOME="/workspace/rustup-home" "/workspace/cargo-home/bin/cargo" "+1.100.0-beta.1" "fetch" "--manifest-path" "Cargo.toml", kill_on_drop: false }`
[INFO] running `Command { std: "docker" "create" "-v" "/var/lib/crater-agent-workspace/builds/worker-1-tc2/source:/opt/rustwide/workdir:ro,Z" "-v" "/var/lib/crater-agent-workspace/builds/worker-1-tc2/target:/opt/rustwide/target:rw,Z" "-v" "/var/lib/crater-agent-workspace/cargo-home:/opt/rustwide/cargo-home:ro,Z" "-v" "/var/lib/crater-agent-workspace/rustup-home:/opt/rustwide/rustup-home:ro,Z" "-m" "1610612736" "--network" "none" "ghcr.io/rust-lang/crates-build-env/linux@sha256:77db811e55d90add9212f6832c23229e3de5f1c1f9905e8cb07319ea15df73ac" "sleep" "infinity", kill_on_drop: false }`
[INFO] [stdout] 98d6cd71c60a3c42e7829d218d3729b808a2449dd53592ab569202bc1f92f634
[INFO] running `Command { std: "docker" "start" "98d6cd71c60a3c42e7829d218d3729b808a2449dd53592ab569202bc1f92f634", kill_on_drop: false }`
[INFO] running `Command { std: "docker" "inspect" "98d6cd71c60a3c42e7829d218d3729b808a2449dd53592ab569202bc1f92f634", kill_on_drop: false }`
[INFO] running `Command { std: "docker" "exec" "-e" "SOURCE_DIR=/opt/rustwide/workdir" "-e" "CARGO_HOME=/opt/rustwide/cargo-home" "-e" "RUSTUP_HOME=/opt/rustwide/rustup-home" "-e" "CARGO_TARGET_DIR=/opt/rustwide/target" "-w" "/opt/rustwide/workdir" "--user" "0:0" "98d6cd71c60a3c42e7829d218d3729b808a2449dd53592ab569202bc1f92f634" "/opt/rustwide/cargo-home/bin/cargo" "+1.100.0-beta.1" "metadata" "--no-deps" "--format-version=1", kill_on_drop: false }`
[INFO] running `Command { std: "docker" "inspect" "98d6cd71c60a3c42e7829d218d3729b808a2449dd53592ab569202bc1f92f634", kill_on_drop: false }`
[INFO] running `Command { std: "docker" "exec" "-e" "SOURCE_DIR=/opt/rustwide/workdir" "-e" "CARGO_HOME=/opt/rustwide/cargo-home" "-e" "RUSTUP_HOME=/opt/rustwide/rustup-home" "-e" "CARGO_TARGET_DIR=/opt/rustwide/target" "-e" "CARGO_INCREMENTAL=0" "-e" "RUST_BACKTRACE=full" "-e" "RUSTFLAGS=--cap-lints=warn" "-e" "RUSTDOCFLAGS=--cap-lints=warn" "-w" "/opt/rustwide/workdir" "--user" "0:0" "98d6cd71c60a3c42e7829d218d3729b808a2449dd53592ab569202bc1f92f634" "/opt/rustwide/cargo-home/bin/cargo" "+1.100.0-beta.1" "build" "--frozen" "--message-format=json" "--release", kill_on_drop: false }`
[INFO] [stderr]    Compiling libm v0.2.16
[INFO] [stderr]    Compiling xxhash-rust v0.8.15
[INFO] [stderr]    Compiling flowstats v0.1.2 (/opt/rustwide/workdir)
[INFO] [stderr]     Finished `release` profile [optimized] target(s) in 2.78s
[INFO] running `Command { std: "docker" "inspect" "98d6cd71c60a3c42e7829d218d3729b808a2449dd53592ab569202bc1f92f634", kill_on_drop: false }`
[INFO] running `Command { std: "docker" "exec" "-e" "SOURCE_DIR=/opt/rustwide/workdir" "-e" "CARGO_HOME=/opt/rustwide/cargo-home" "-e" "RUSTUP_HOME=/opt/rustwide/rustup-home" "-e" "CARGO_TARGET_DIR=/opt/rustwide/target" "-e" "CARGO_INCREMENTAL=0" "-e" "RUST_BACKTRACE=full" "-e" "RUSTFLAGS=--cap-lints=warn" "-e" "RUSTDOCFLAGS=--cap-lints=warn" "-w" "/opt/rustwide/workdir" "--user" "0:0" "98d6cd71c60a3c42e7829d218d3729b808a2449dd53592ab569202bc1f92f634" "/opt/rustwide/cargo-home/bin/cargo" "+1.100.0-beta.1" "test" "--frozen" "--no-run" "--message-format=json" "--release", kill_on_drop: false }`
[INFO] [stderr]    Compiling proc-macro2 v1.0.106
[INFO] [stderr]    Compiling unicode-ident v1.0.22
[INFO] [stderr]    Compiling quote v1.0.44
[INFO] [stderr]    Compiling zerocopy v0.8.37
[INFO] [stderr]    Compiling cfg-if v1.0.4
[INFO] [stderr]    Compiling libc v0.2.180
[INFO] [stderr]    Compiling serde_core v1.0.228
[INFO] [stderr]    Compiling crossbeam-utils v0.8.21
[INFO] [stderr]    Compiling getrandom v0.3.4
[INFO] [stderr]    Compiling zmij v1.0.18
[INFO] [stderr]    Compiling autocfg v1.5.0
[INFO] [stderr]    Compiling serde v1.0.228
[INFO] [stderr]    Compiling serde_json v1.0.149
[INFO] [stderr]    Compiling either v1.15.0
[INFO] [stderr]    Compiling rayon-core v1.13.0
[INFO] [stderr]    Compiling regex-syntax v0.8.8
[INFO] [stderr]    Compiling anstyle v1.0.13
[INFO] [stderr]    Compiling memchr v2.7.6
[INFO] [stderr]    Compiling ciborium-io v0.2.2
[INFO] [stderr]    Compiling plotters-backend v0.3.7
[INFO] [stderr]    Compiling clap_lex v0.7.7
[INFO] [stderr]    Compiling itoa v1.0.17
[INFO] [stderr]    Compiling cast v0.3.0
[INFO] [stderr]    Compiling same-file v1.0.6
[INFO] [stderr]    Compiling once_cell v1.21.3
[INFO] [stderr]    Compiling clap_builder v4.5.56
[INFO] [stderr]    Compiling walkdir v2.5.0
[INFO] [stderr]    Compiling anes v0.1.6
[INFO] [stderr]    Compiling oorandom v11.1.5
[INFO] [stderr]    Compiling itertools v0.10.5
[INFO] [stderr]    Compiling num-traits v0.2.19
[INFO] [stderr]    Compiling plotters-svg v0.3.7
[INFO] [stderr]    Compiling crossbeam-epoch v0.9.18
[INFO] [stderr]    Compiling crossbeam-deque v0.8.6
[INFO] [stderr]    Compiling syn v2.0.114
[INFO] [stderr]    Compiling plotters v0.3.7
[INFO] [stderr]    Compiling regex-automata v0.4.13
[INFO] [stderr]    Compiling is-terminal v0.4.17
[INFO] [stderr]    Compiling rayon v1.11.0
[INFO] [stderr]    Compiling rand_core v0.9.5
[INFO] [stderr]    Compiling criterion-plot v0.5.0
[INFO] [stderr]    Compiling clap v4.5.56
[INFO] [stderr]    Compiling regex v1.12.2
[INFO] [stderr]    Compiling zerocopy-derive v0.8.37
[INFO] [stderr]    Compiling serde_derive v1.0.228
[INFO] [stderr]    Compiling tinytemplate v1.2.1
[INFO] [stderr]    Compiling half v2.7.1
[INFO] [stderr]    Compiling ppv-lite86 v0.2.21
[INFO] [stderr]    Compiling ciborium-ll v0.2.2
[INFO] [stderr]    Compiling rand_chacha v0.9.0
[INFO] [stderr]    Compiling ciborium v0.2.2
[INFO] [stderr]    Compiling rand v0.9.2
[INFO] [stderr]    Compiling criterion v0.5.1
[INFO] [stderr]    Compiling flowstats v0.1.2 (/opt/rustwide/workdir)
[INFO] [stderr]     Finished `release` profile [optimized] target(s) in 1m 02s
[INFO] running `Command { std: "docker" "inspect" "98d6cd71c60a3c42e7829d218d3729b808a2449dd53592ab569202bc1f92f634", kill_on_drop: false }`
[INFO] running `Command { std: "docker" "exec" "-e" "SOURCE_DIR=/opt/rustwide/workdir" "-e" "CARGO_HOME=/opt/rustwide/cargo-home" "-e" "RUSTUP_HOME=/opt/rustwide/rustup-home" "-e" "CARGO_TARGET_DIR=/opt/rustwide/target" "-e" "CARGO_INCREMENTAL=0" "-e" "RUST_BACKTRACE=full" "-e" "RUSTFLAGS=--cap-lints=warn" "-e" "RUSTDOCFLAGS=--cap-lints=warn" "-w" "/opt/rustwide/workdir" "--user" "0:0" "98d6cd71c60a3c42e7829d218d3729b808a2449dd53592ab569202bc1f92f634" "/opt/rustwide/cargo-home/bin/cargo" "+1.100.0-beta.1" "test" "--frozen" "--release", kill_on_drop: false }`
[INFO] [stderr]     Finished `release` profile [optimized] target(s) in 0.12s
[INFO] [stderr]      Running unittests src/lib.rs (/opt/rustwide/target/release/build/flowstats/6918a9cf9edd89db/out/flowstats-6918a9cf9edd89db)
[INFO] [stdout] 
[INFO] [stdout] running 89 tests
[INFO] [stdout] test cardinality::hyperloglog::tests::test_precision ... ok
[INFO] [stdout] test frequency::count_min::tests::test_basic ... ok
[INFO] [stdout] test cardinality::hyperloglog::tests::test_small_cardinalities ... ok
[INFO] [stdout] test cardinality::hyperloglog::tests::test_rho_various_precisions ... ok
[INFO] [stdout] test cardinality::tests::test_precision_for_error ... ok
[INFO] [stdout] test cardinality::hyperloglog::tests::test_empty ... ok
[INFO] [stdout] test cardinality::hyperloglog::tests::test_rho_edge_case_all_zeros ... ok
[INFO] [stdout] test cardinality::hyperloglog::tests::test_clear ... ok
[INFO] [stdout] test frequency::count_min::tests::test_error_bound ... ok
[INFO] [stdout] test cardinality::hyperloglog::tests::test_duplicates ... ok
[INFO] [stdout] test cardinality::hyperloglog::tests::test_basic ... ok
[INFO] [stdout] test cardinality::hyperloglog::tests::test_merge ... ok
[INFO] [stdout] test frequency::count_min::tests::test_dimensions ... ok
[INFO] [stdout] test cardinality::hyperloglog::tests::test_merge_incompatible ... ok
[INFO] [stdout] test frequency::count_min::tests::test_clear ... ok
[INFO] [stdout] test frequency::count_min::tests::test_merge_incompatible ... ok
[INFO] [stdout] test cardinality::hyperloglog::tests::test_with_error ... ok
[INFO] [stdout] test frequency::count_min::tests::test_conservative_update ... ok
[INFO] [stdout] test cardinality::tests::test_error_for_precision ... ok
[INFO] [stdout] test frequency::count_min::tests::test_inner_product ... ok
[INFO] [stdout] test frequency::space_saving::tests::test_basic ... ok
[INFO] [stdout] test frequency::count_min::tests::test_merge ... ok
[INFO] [stdout] test frequency::space_saving::tests::test_replacement ... ok
[INFO] [stdout] test frequency::space_saving::tests::test_top_k ... ok
[INFO] [stdout] test frequency::space_saving::tests::test_contains ... ok
[INFO] [stdout] test frequency::count_min::tests::test_empty ... ok
[INFO] [stdout] test membership::bloom::tests::test_merge ... ok
[INFO] [stdout] test membership::bloom::tests::test_merge_incompatible ... ok
[INFO] [stdout] test membership::bloom::tests::test_clear ... ok
[INFO] [stdout] test membership::bloom::tests::test_estimated_count ... ok
[INFO] [stdout] test membership::bloom::tests::test_no_false_negatives ... ok
[INFO] [stdout] test membership::bloom::tests::test_basic ... ok
[INFO] [stdout] test membership::bloom::tests::test_false_positive_rate ... ok
[INFO] [stdout] test frequency::space_saving::tests::test_merge_not_supported ... ok
[INFO] [stdout] test quantiles::tdigest::tests::test_deterministic_known_percentiles ... ok
[INFO] [stdout] test quantiles::tdigest::tests::test_division_by_zero_no_nan ... ok
[INFO] [stdout] test quantiles::tdigest::tests::test_deterministic_small_dataset ... ok
[INFO] [stdout] test quantiles::tdigest::tests::test_basic ... ok
[INFO] [stdout] test quantiles::tdigest::tests::test_empty ... ok
[INFO] [stdout] test quantiles::tdigest::tests::test_default ... ok
[INFO] [stdout] test quantiles::tdigest::tests::test_extremes ... ok
[INFO] [stdout] test quantiles::tdigest::tests::test_all_values_equal ... ok
[INFO] [stdout] test frequency::space_saving::tests::test_empty ... ok
[INFO] [stdout] test quantiles::tdigest::tests::test_merge_incompatible_compression ... ok
[INFO] [stdout] test quantiles::tdigest::tests::test_clear ... ok
[INFO] [stdout] test frequency::space_saving::tests::test_guaranteed_count ... ok
[INFO] [stdout] test quantiles::tdigest::tests::test_compression_parameter ... ok
[INFO] [stdout] test frequency::space_saving::tests::test_zipf_distribution ... ok
[INFO] [stdout] test quantiles::tdigest::tests::test_inf_compression_panics - should panic ... ok
[INFO] [stdout] test quantiles::tdigest::tests::test_lazy_compress_on_query ... ok
[INFO] [stdout] test quantiles::tdigest::tests::test_infinity ... ok
[INFO] [stdout] test quantiles::tdigest::tests::test_quantile_monotonicity ... ok
[INFO] [stdout] test quantiles::tdigest::tests::test_negative_compression_panics - should panic ... ok
[INFO] [stdout] test quantiles::tdigest::tests::test_merge ... ok
[INFO] [stdout] test frequency::space_saving::tests::test_heavy_hitters ... ok
[INFO] [stdout] test quantiles::tdigest::tests::test_merge_tolerates_serialization_roundtrip ... ok
[INFO] [stdout] test quantiles::tdigest::tests::test_quantiles ... ok
[INFO] [stdout] test quantiles::tdigest::tests::test_nan_ignored ... ok
[INFO] [stdout] test quantiles::tdigest::tests::test_query_does_not_require_mut ... ok
[INFO] [stdout] test quantiles::tdigest::tests::test_rank ... ok
[INFO] [stdout] test sampling::reservoir::tests::test_basic ... ok
[INFO] [stdout] test sampling::reservoir::tests::test_clear ... ok
[INFO] [stdout] test sampling::reservoir::tests::test_into_sample ... ok
[INFO] [stdout] test quantiles::tdigest::tests::test_two_point_distribution ... ok
[INFO] [stdout] test sampling::reservoir::tests::test_underfilled ... ok
[INFO] [stdout] test quantiles::tdigest::tests::test_two_values ... ok
[INFO] [stdout] test frequency::space_saving::tests::test_clear ... ok
[INFO] [stdout] test sampling::reservoir::tests::test_reproducibility ... ok
[INFO] [stdout] test quantiles::tdigest::tests::test_zero_compression_panics - should panic ... ok
[INFO] [stdout] test quantiles::tdigest::tests::test_rank_quantile_consistency ... ok
[INFO] [stdout] test quantiles::tdigest::tests::test_single_value ... ok
[INFO] [stdout] test quantiles::tdigest::tests::test_tight_cluster_no_nan ... ok
[INFO] [stdout] test quantiles::tdigest::tests::test_nan_compression_panics - should panic ... ok
[INFO] [stdout] test frequency::count_min::tests::test_heavy_usage ... ok
[INFO] [stdout] test sampling::reservoir::tests::test_uniformity ... ok
[INFO] [stdout] test quantiles::tdigest::tests::test_rank_monotonicity ... ok
[INFO] [stdout] test statistics::moments::tests::test_clear ... ok
[INFO] [stdout] test statistics::moments::tests::test_infinity ... ok
[INFO] [stdout] test statistics::moments::tests::test_merge ... ok
[INFO] [stdout] test quantiles::tdigest::tests::test_many_duplicates ... ok
[INFO] [stdout] test statistics::moments::tests::test_sample_variance ... ok
[INFO] [stdout] test statistics::moments::tests::test_basic ... ok
[INFO] [stdout] test statistics::moments::tests::test_empty ... ok
[INFO] [stdout] test traits::tests::test_error_bounds ... ok
[INFO] [stdout] test statistics::moments::tests::test_single_value ... ok
[INFO] [stdout] test statistics::moments::tests::test_merge_empty ... ok
[INFO] [stdout] test statistics::moments::tests::test_nan_ignored ... ok
[INFO] [stdout] test statistics::moments::tests::test_numerical_stability ... ok
[INFO] [stdout] test cardinality::hyperloglog::tests::test_error_bounds ... ok
[INFO] [stdout] 
[INFO] [stdout] test result: ok. 89 passed; 0 failed; 0 ignored; 0 measured; 0 filtered out; finished in 0.04s
[INFO] [stdout] 
[INFO] [stderr]      Running tests/correctness.rs (/opt/rustwide/target/release/build/flowstats/ce3c5d307eb0a2d4/out/correctness-ce3c5d307eb0a2d4)
[INFO] [stdout] 
[INFO] [stdout] running 45 tests
[INFO] [stdout] test count_min_sketch::clear_resets_completely ... ok
[INFO] [stdout] test count_min_sketch::merge_preserves_lower_bound ... ok
[INFO] [stdout] test hyperloglog::clear_resets_completely ... ok
[INFO] [stdout] test bloom::merge_preserves_zero_false_negatives ... ok
[INFO] [stdout] test count_min_sketch::estimate_never_underestimates ... ok
[INFO] [stdout] test bloom::merge_with_empty_is_identity ... ok
[INFO] [stdout] test count_min_sketch::unseen_items_estimate_zero ... ok
[INFO] [stdout] test reservoir::merge_empty_into_empty ... ok
[INFO] [stdout] test reservoir::merge_empty_into_populated ... ok
[INFO] [stdout] test hyperloglog::merge_with_empty_is_identity ... ok
[INFO] [stdout] test bloom::zero_false_negatives ... ok
[INFO] [stdout] test hyperloglog::merge_overlapping_sets_does_not_double_count ... ok
[INFO] [stdout] test hyperloglog::estimate_nonnegative ... ok
[INFO] [stdout] test bloom::clear_resets_completely ... ok
[INFO] [stdout] test count_min_sketch::merge_total_count_is_sum ... ok
[INFO] [stdout] test hyperloglog::duplicates_do_not_inflate_estimate ... ok
[INFO] [stdout] test running_stats::clear_resets_completely ... ok
[INFO] [stdout] test running_stats::merge_is_commutative ... ok
[INFO] [stdout] test reservoir::merge_preserves_total_count ... ok
[INFO] [stdout] test running_stats::merge_equivalent_to_sequential_add ... ok
[INFO] [stdout] test reservoir::merge_underfilled_reservoirs_preserves_all_items ... ok
[INFO] [stdout] test running_stats::merge_into_empty ... ok
[INFO] [stdout] test running_stats::merge_is_associative ... ok
[INFO] [stdout] test running_stats::nan_values_are_ignored ... ok
[INFO] [stdout] test reservoir::merge_sampling_probability_correct ... ok
[INFO] [stdout] test running_stats::merge_empty_into_empty ... ok
[INFO] [stdout] test space_saving::heavy_hitter_guarantee ... ok
[INFO] [stdout] test space_saving::merge_returns_error ... ok
[INFO] [stdout] test tdigest::merge_preserves_min_max ... ok
[INFO] [stdout] test tdigest::quantile_empty_returns_none ... ok
[INFO] [stdout] test tdigest::merge_with_unflushed_buffers ... ok
[INFO] [stdout] test tdigest::quantile_correct_with_unflushed_buffer ... ok
[INFO] [stdout] test tdigest::quantile_is_monotonically_nondecreasing ... ok
[INFO] [stdout] test tdigest::quantile_extremes_are_exact ... ok
[INFO] [stdout] test tdigest::rank_quantile_roundtrip ... ok
[INFO] [stdout] test space_saving::clear_resets_completely ... ok
[INFO] [stdout] test tdigest::repeated_quantile_queries_are_consistent ... ok
[INFO] [stdout] test reservoir::merge_with_empty_is_identity ... ok
[INFO] [stdout] test tdigest::quantile_query_performance_with_buffer ... ok
[INFO] [stdout] test reservoir::sample_size_never_exceeds_capacity ... ok
[INFO] [stdout] test tdigest::merge_with_empty_is_identity ... ok
[INFO] [stdout] test hyperloglog::merge_disjoint_sets_estimate_sum ... ok
[INFO] [stdout] test bloom::false_positive_rate_within_tolerance ... ok
[INFO] [stdout] test reservoir::merge_produces_unbiased_sample ... ok
[INFO] [stdout] test hyperloglog::error_within_theoretical_bounds ... ok
[INFO] [stdout] 
[INFO] [stdout] test result: ok. 45 passed; 0 failed; 0 ignored; 0 measured; 0 filtered out; finished in 0.31s
[INFO] [stdout] 
[INFO] [stderr]    Doc-tests flowstats
[INFO] [stdout] 
[INFO] [stdout] running 16 tests
[INFO] [stdout] test src/statistics/moments.rs - statistics::moments::RunningStats (line 17) ... FAILED
[INFO] [stdout] test src/frequency/count_min.rs - frequency::count_min::CountMinSketch (line 27) ... FAILED
[INFO] [stdout] test src/lib.rs - (line 19) ... FAILED
[INFO] [stdout] test src/quantiles/mod.rs - quantiles (line 12) ... FAILED
[INFO] [stdout] test src/sampling/mod.rs - sampling (line 8) ... FAILED
[INFO] [stdout] test src/frequency/mod.rs - frequency (line 13) ... FAILED
[INFO] [stdout] test src/statistics/mod.rs - statistics (line 8) ... ok
[INFO] [stdout] test src/membership/mod.rs - membership (line 9) ... ok
[INFO] [stdout] test src/sampling/reservoir.rs - sampling::reservoir::ReservoirSampler (line 71) ... ok
[INFO] [stdout] test src/membership/bloom.rs - membership::bloom::BloomFilter (line 23) ... ok
[INFO] [stdout] test src/statistics/moments.rs - statistics::moments::RunningStats (line 35) ... ok
[INFO] [stdout] test src/quantiles/tdigest.rs - quantiles::tdigest::TDigest (line 104) ... ok
[INFO] [stdout] test src/cardinality/mod.rs - cardinality (line 12) ... ok
[INFO] [stdout] test src/frequency/space_saving.rs - frequency::space_saving::SpaceSaving (line 42) ... ok
[INFO] [stdout] test src/cardinality/hyperloglog.rs - cardinality::hyperloglog::HyperLogLog (line 37) ... ok
[INFO] [stdout] test src/lib.rs - (line 43) ... ok
[INFO] [stdout] 
[INFO] [stdout] failures:
[INFO] [stdout] 
[INFO] [stdout] ---- src/statistics/moments.rs - statistics::moments::RunningStats (line 17) stdout ----
[INFO] [stdout] Couldn't compile the test.
[INFO] [stdout] ---- src/frequency/count_min.rs - frequency::count_min::CountMinSketch (line 27) stdout ----
[INFO] [stdout] Couldn't compile the test.
[INFO] [stdout] ---- src/lib.rs - (line 19) stdout ----
[INFO] [stdout] Couldn't compile the test.
[INFO] [stdout] ---- src/quantiles/mod.rs - quantiles (line 12) stdout ----
[INFO] [stdout] Couldn't compile the test.
[INFO] [stdout] ---- src/sampling/mod.rs - sampling (line 8) stdout ----
[INFO] [stdout] Couldn't compile the test.
[INFO] [stdout] ---- src/frequency/mod.rs - frequency (line 13) stdout ----
[INFO] [stdout] Couldn't compile the test.
[INFO] [stdout] 
[INFO] [stdout] failures:
[INFO] [stdout]     src/frequency/count_min.rs - frequency::count_min::CountMinSketch (line 27)
[INFO] [stdout]     src/frequency/mod.rs - frequency (line 13)
[INFO] [stdout]     src/lib.rs - (line 19)
[INFO] [stdout]     src/quantiles/mod.rs - quantiles (line 12)
[INFO] [stdout]     src/sampling/mod.rs - sampling (line 8)
[INFO] [stdout]     src/statistics/moments.rs - statistics::moments::RunningStats (line 17)
[INFO] [stdout] 
[INFO] [stdout] test result: FAILED. 10 passed; 6 failed; 0 ignored; 0 measured; 0 filtered out; finished in 16.56s
[INFO] [stdout] 
[INFO] [stderr] error: doctest failed, to rerun pass `--doc`
[INFO] running `Command { std: "docker" "inspect" "98d6cd71c60a3c42e7829d218d3729b808a2449dd53592ab569202bc1f92f634", kill_on_drop: false }`
[INFO] running `Command { std: "docker" "rm" "-f" "98d6cd71c60a3c42e7829d218d3729b808a2449dd53592ab569202bc1f92f634", kill_on_drop: false }`
[INFO] [stdout] 98d6cd71c60a3c42e7829d218d3729b808a2449dd53592ab569202bc1f92f634
