[INFO] fetching crate flowsdk_ffi 0.7.0...
[INFO] testing flowsdk_ffi-0.7.0 against 1.100.0-beta.1+cargoflags=--release for beta-release-1.100-2
[INFO] extracting crate flowsdk_ffi 0.7.0 into /workspace/builds/worker-5-tc2/source
[INFO] started tweaking crates.io crate flowsdk_ffi 0.7.0
[INFO] finished tweaking crates.io crate flowsdk_ffi 0.7.0
[INFO] tweaked toml for crates.io crate flowsdk_ffi 0.7.0 written to /workspace/builds/worker-5-tc2/source/Cargo.toml
[INFO] validating manifest of crates.io crate flowsdk_ffi 0.7.0 on toolchain 1.100.0-beta.1
[INFO] running `Command { std: CARGO_HOME="/workspace/cargo-home" RUSTUP_HOME="/workspace/rustup-home" "/workspace/cargo-home/bin/cargo" "+1.100.0-beta.1" "metadata" "--manifest-path" "Cargo.toml" "--no-deps", kill_on_drop: false }`
[INFO] crate crates.io crate flowsdk_ffi 0.7.0 already has a lockfile, it will not be regenerated
[INFO] running `Command { std: CARGO_HOME="/workspace/cargo-home" RUSTUP_HOME="/workspace/rustup-home" "/workspace/cargo-home/bin/cargo" "+1.100.0-beta.1" "fetch" "--manifest-path" "Cargo.toml", kill_on_drop: false }`
[INFO] running `Command { std: "docker" "create" "-v" "/var/lib/crater-agent-workspace/builds/worker-5-tc2/source:/opt/rustwide/workdir:ro,Z" "-v" "/var/lib/crater-agent-workspace/builds/worker-5-tc2/target:/opt/rustwide/target:rw,Z" "-v" "/var/lib/crater-agent-workspace/cargo-home:/opt/rustwide/cargo-home:ro,Z" "-v" "/var/lib/crater-agent-workspace/rustup-home:/opt/rustwide/rustup-home:ro,Z" "-m" "1610612736" "--network" "none" "ghcr.io/rust-lang/crates-build-env/linux@sha256:77db811e55d90add9212f6832c23229e3de5f1c1f9905e8cb07319ea15df73ac" "sleep" "infinity", kill_on_drop: false }`
[INFO] [stdout] 35170a2b4f25401f0bfb90078d5ec8bd03468ff11484fd0dd2a21b0dc5729634
[INFO] running `Command { std: "docker" "start" "35170a2b4f25401f0bfb90078d5ec8bd03468ff11484fd0dd2a21b0dc5729634", kill_on_drop: false }`
[INFO] running `Command { std: "docker" "inspect" "35170a2b4f25401f0bfb90078d5ec8bd03468ff11484fd0dd2a21b0dc5729634", kill_on_drop: false }`
[INFO] running `Command { std: "docker" "exec" "-e" "SOURCE_DIR=/opt/rustwide/workdir" "-e" "CARGO_HOME=/opt/rustwide/cargo-home" "-e" "RUSTUP_HOME=/opt/rustwide/rustup-home" "-e" "CARGO_TARGET_DIR=/opt/rustwide/target" "-w" "/opt/rustwide/workdir" "--user" "0:0" "35170a2b4f25401f0bfb90078d5ec8bd03468ff11484fd0dd2a21b0dc5729634" "/opt/rustwide/cargo-home/bin/cargo" "+1.100.0-beta.1" "metadata" "--no-deps" "--format-version=1", kill_on_drop: false }`
[INFO] running `Command { std: "docker" "inspect" "35170a2b4f25401f0bfb90078d5ec8bd03468ff11484fd0dd2a21b0dc5729634", kill_on_drop: false }`
[INFO] running `Command { std: "docker" "exec" "-e" "SOURCE_DIR=/opt/rustwide/workdir" "-e" "CARGO_HOME=/opt/rustwide/cargo-home" "-e" "RUSTUP_HOME=/opt/rustwide/rustup-home" "-e" "CARGO_TARGET_DIR=/opt/rustwide/target" "-e" "CARGO_INCREMENTAL=0" "-e" "RUST_BACKTRACE=full" "-e" "RUSTFLAGS=--cap-lints=warn" "-e" "RUSTDOCFLAGS=--cap-lints=warn" "-w" "/opt/rustwide/workdir" "--user" "0:0" "35170a2b4f25401f0bfb90078d5ec8bd03468ff11484fd0dd2a21b0dc5729634" "/opt/rustwide/cargo-home/bin/cargo" "+1.100.0-beta.1" "build" "--frozen" "--message-format=json" "--release", kill_on_drop: false }`
[INFO] [stderr]    Compiling libc v0.2.190
[INFO] [stderr]    Compiling serde_core v1.0.229
[INFO] [stderr]    Compiling serde v1.0.229
[INFO] [stderr]    Compiling anyhow v1.0.104
[INFO] [stderr]    Compiling fs-err v2.11.0
[INFO] [stderr]    Compiling zeroize v1.9.1
[INFO] [stderr]    Compiling serde_json v1.0.151
[INFO] [stderr]    Compiling aws-lc-rs v1.18.1
[INFO] [stderr]    Compiling syn v3.0.6
[INFO] [stderr]    Compiling syn v2.0.119
[INFO] [stderr]    Compiling camino v1.2.6
[INFO] [stderr]    Compiling mime_guess v2.0.5
[INFO] [stderr]    Compiling rand_core v0.10.1
[INFO] [stderr]    Compiling memchr v2.8.3
[INFO] [stderr]    Compiling minimal-lexical v0.2.1
[INFO] [stderr]    Compiling rustls v0.23.45
[INFO] [stderr]    Compiling rustls-pki-types v1.15.1
[INFO] [stderr]    Compiling mime v0.3.17
[INFO] [stderr]    Compiling getrandom v0.4.3
[INFO] [stderr]    Compiling nom v7.1.3
[INFO] [stderr]    Compiling thiserror v2.0.21
[INFO] [stderr]    Compiling siphasher v0.3.11
[INFO] [stderr]    Compiling cpufeatures v0.3.1
[INFO] [stderr]    Compiling smawk v0.3.3
[INFO] [stderr]    Compiling chacha20 v0.10.2
[INFO] [stderr]    Compiling textwrap v0.16.4
[INFO] [stderr]    Compiling clap_lex v1.1.1
[INFO] [stderr]    Compiling bytes v1.12.1
[INFO] [stderr]    Compiling plain v0.2.3
[INFO] [stderr]    Compiling askama_escape v0.10.3
[INFO] [stderr]    Compiling clap_builder v4.6.7
[INFO] [stderr]    Compiling rustls-pemfile v2.2.0
[INFO] [stderr]    Compiling rand_pcg v0.10.2
[INFO] [stderr]    Compiling glob v0.3.4
[INFO] [stderr]    Compiling heck v0.5.0
[INFO] [stderr]    Compiling tinyvec v1.13.3
[INFO] [stderr]    Compiling rustc-hash v2.1.3
[INFO] [stderr]    Compiling lru-slab v0.1.3
[INFO] [stderr]    Compiling once_cell v1.21.4
[INFO] [stderr]    Compiling rustls-native-certs v0.7.3
[INFO] [stderr]    Compiling hex v0.4.3
[INFO] [stderr]    Compiling jobserver v0.1.35
[INFO] [stderr]    Compiling cc v1.6.0
[INFO] [stderr]    Compiling getrandom v0.2.17
[INFO] [stderr]    Compiling mio v1.2.4
[INFO] [stderr]    Compiling socket2 v0.6.5
[INFO] [stderr]    Compiling rand v0.10.3
[INFO] [stderr]    Compiling weedle2 v5.0.0
[INFO] [stderr]    Compiling askama_parser v0.2.1
[INFO] [stderr]    Compiling cmake v0.1.58
[INFO] [stderr]    Compiling ring v0.17.14
[INFO] [stderr]    Compiling aws-lc-sys v0.45.0
[INFO] [stderr]    Compiling semver v1.0.28
[INFO] [stderr]    Compiling thiserror-impl v1.0.69
[INFO] [stderr]    Compiling uniffi_checksum_derive v0.28.3
[INFO] [stderr]    Compiling scroll_derive v0.12.1
[INFO] [stderr]    Compiling serde_derive v1.0.229
[INFO] [stderr]    Compiling tokio-macros v2.7.2
[INFO] [stderr]    Compiling thiserror-impl v2.0.21
[INFO] [stderr]    Compiling uniffi_meta v0.28.3
[INFO] [stderr]    Compiling scroll v0.12.0
[INFO] [stderr]    Compiling clap_derive v4.6.7
[INFO] [stderr]    Compiling async-trait v0.1.92
[INFO] [stderr]    Compiling thiserror v1.0.69
[INFO] [stderr]    Compiling goblin v0.8.2
[INFO] [stderr]    Compiling clap v4.6.7
[INFO] [stderr]    Compiling basic-toml v0.1.10
[INFO] [stderr]    Compiling cargo-platform v0.1.9
[INFO] [stderr]    Compiling toml v0.5.11
[INFO] [stderr]    Compiling cargo_metadata v0.15.4
[INFO] [stderr]    Compiling tokio v1.53.2
[INFO] [stderr]    Compiling bincode v1.3.3
[INFO] [stderr]    Compiling uniffi_core v0.28.3
[INFO] [stderr]    Compiling askama_derive v0.12.5
[INFO] [stderr]    Compiling uniffi_macros v0.28.3
[INFO] [stderr]    Compiling uniffi_testing v0.28.3
[INFO] [stderr]    Compiling askama v0.12.1
[INFO] [stderr]    Compiling uniffi_udl v0.28.3
[INFO] [stderr]    Compiling uniffi_bindgen v0.28.3
[INFO] [stderr]    Compiling tokio-stream v0.1.19
[INFO] [stderr]    Compiling uniffi v0.28.3
[INFO] [stderr]    Compiling rustls-webpki v0.103.15
[INFO] [stderr]    Compiling quinn-proto v0.11.19
[INFO] [stderr]    Compiling tokio-rustls v0.26.6
[INFO] [stderr]    Compiling flowsdk v0.7.0
[INFO] [stderr]    Compiling flowsdk_ffi v0.7.0 (/opt/rustwide/workdir)
[INFO] [stdout] warning: unexpected `cfg` condition value: `quic-openssl`
[INFO] [stdout]  --> src/lib.rs:5:7
[INFO] [stdout]   |
[INFO] [stdout] 5 | #[cfg(feature = "quic-openssl")]
[INFO] [stdout]   |       ^^^^^^^^^^^^^^^^^^^^^^^^
[INFO] [stdout]   |
[INFO] [stdout]   = note: expected values for `feature` are: `default`, `durable-session`, `json`, `openssl`, `quic`, `rustls-openssl`, `tls`, and `uniffi-bindings`
[INFO] [stdout]   = help: consider adding `quic-openssl` as a feature in `Cargo.toml`
[INFO] [stdout]   = note: see <https://doc.rust-lang.org/nightly/rustc/check-cfg/cargo-specifics.html> for more information about checking conditional configuration
[INFO] [stdout]   = note: `#[warn(unexpected_cfgs)]` on by default
[INFO] [stdout] 
[INFO] [stdout] 
[INFO] [stdout] warning: unexpected `cfg` condition value: `quic-openssl`
[INFO] [stdout]   --> src/engine/tls_config.rs:28:11
[INFO] [stdout]    |
[INFO] [stdout] 28 |     #[cfg(feature = "quic-openssl")]
[INFO] [stdout]    |           ^^^^^^^^^^^^^^^^^^^^^^^^
[INFO] [stdout]    |
[INFO] [stdout]    = note: expected values for `feature` are: `default`, `durable-session`, `json`, `openssl`, `quic`, `rustls-openssl`, `tls`, and `uniffi-bindings`
[INFO] [stdout]    = help: consider adding `quic-openssl` as a feature in `Cargo.toml`
[INFO] [stdout]    = note: see <https://doc.rust-lang.org/nightly/rustc/check-cfg/cargo-specifics.html> for more information about checking conditional configuration
[INFO] [stdout] 
[INFO] [stdout] 
[INFO] [stdout] warning: unexpected `cfg` condition value: `quic-openssl`
[INFO] [stdout]   --> src/engine/tls_config.rs:30:15
[INFO] [stdout]    |
[INFO] [stdout] 30 |     #[cfg(not(feature = "quic-openssl"))]
[INFO] [stdout]    |               ^^^^^^^^^^^^^^^^^^^^^^^^
[INFO] [stdout]    |
[INFO] [stdout]    = note: expected values for `feature` are: `default`, `durable-session`, `json`, `openssl`, `quic`, `rustls-openssl`, `tls`, and `uniffi-bindings`
[INFO] [stdout]    = help: consider adding `quic-openssl` as a feature in `Cargo.toml`
[INFO] [stdout]    = note: see <https://doc.rust-lang.org/nightly/rustc/check-cfg/cargo-specifics.html> for more information about checking conditional configuration
[INFO] [stdout] 
[INFO] [stdout] 
[INFO] [stdout] warning: unexpected `cfg` condition value: `quic-openssl`
[INFO] [stdout]   --> src/engine/tls_config.rs:66:19
[INFO] [stdout]    |
[INFO] [stdout] 66 |             #[cfg(feature = "quic-openssl")]
[INFO] [stdout]    |                   ^^^^^^^^^^^^^^^^^^^^^^^^
[INFO] [stdout]    |
[INFO] [stdout]    = note: expected values for `feature` are: `default`, `durable-session`, `json`, `openssl`, `quic`, `rustls-openssl`, `tls`, and `uniffi-bindings`
[INFO] [stdout]    = help: consider adding `quic-openssl` as a feature in `Cargo.toml`
[INFO] [stdout]    = note: see <https://doc.rust-lang.org/nightly/rustc/check-cfg/cargo-specifics.html> for more information about checking conditional configuration
[INFO] [stdout] 
[INFO] [stdout] 
[INFO] [stderr]     Finished `release` profile [optimized] target(s) in 3m 12s
[INFO] running `Command { std: "docker" "inspect" "35170a2b4f25401f0bfb90078d5ec8bd03468ff11484fd0dd2a21b0dc5729634", kill_on_drop: false }`
[INFO] running `Command { std: "docker" "exec" "-e" "SOURCE_DIR=/opt/rustwide/workdir" "-e" "CARGO_HOME=/opt/rustwide/cargo-home" "-e" "RUSTUP_HOME=/opt/rustwide/rustup-home" "-e" "CARGO_TARGET_DIR=/opt/rustwide/target" "-e" "CARGO_INCREMENTAL=0" "-e" "RUST_BACKTRACE=full" "-e" "RUSTFLAGS=--cap-lints=warn" "-e" "RUSTDOCFLAGS=--cap-lints=warn" "-w" "/opt/rustwide/workdir" "--user" "0:0" "35170a2b4f25401f0bfb90078d5ec8bd03468ff11484fd0dd2a21b0dc5729634" "/opt/rustwide/cargo-home/bin/cargo" "+1.100.0-beta.1" "test" "--frozen" "--no-run" "--message-format=json" "--release", kill_on_drop: false }`
[INFO] [stderr]    Compiling openssl-sys v0.9.117
[INFO] [stderr]    Compiling openssl v0.10.81
[INFO] [stderr]    Compiling openssl-macros v0.1.1
[INFO] [stderr]    Compiling tempfile v3.27.0
[INFO] [stdout] warning: unexpected `cfg` condition value: `quic-openssl`
[INFO] [stdout]  --> src/lib.rs:5:7
[INFO] [stdout]   |
[INFO] [stdout] 5 | #[cfg(feature = "quic-openssl")]
[INFO] [stdout]   |       ^^^^^^^^^^^^^^^^^^^^^^^^
[INFO] [stdout]   |
[INFO] [stdout]   = note: expected values for `feature` are: `default`, `durable-session`, `json`, `openssl`, `quic`, `rustls-openssl`, `tls`, and `uniffi-bindings`
[INFO] [stdout]   = help: consider adding `quic-openssl` as a feature in `Cargo.toml`
[INFO] [stdout]   = note: see <https://doc.rust-lang.org/nightly/rustc/check-cfg/cargo-specifics.html> for more information about checking conditional configuration
[INFO] [stdout]   = note: `#[warn(unexpected_cfgs)]` on by default
[INFO] [stdout] 
[INFO] [stdout] 
[INFO] [stdout] warning: unexpected `cfg` condition value: `quic-openssl`
[INFO] [stdout]   --> src/engine/tls_config.rs:28:11
[INFO] [stdout]    |
[INFO] [stdout] 28 |     #[cfg(feature = "quic-openssl")]
[INFO] [stdout]    |           ^^^^^^^^^^^^^^^^^^^^^^^^
[INFO] [stdout]    |
[INFO] [stdout]    = note: expected values for `feature` are: `default`, `durable-session`, `json`, `openssl`, `quic`, `rustls-openssl`, `tls`, and `uniffi-bindings`
[INFO] [stdout]    = help: consider adding `quic-openssl` as a feature in `Cargo.toml`
[INFO] [stdout]    = note: see <https://doc.rust-lang.org/nightly/rustc/check-cfg/cargo-specifics.html> for more information about checking conditional configuration
[INFO] [stdout] 
[INFO] [stdout] 
[INFO] [stdout] warning: unexpected `cfg` condition value: `quic-openssl`
[INFO] [stdout]   --> src/engine/tls_config.rs:30:15
[INFO] [stdout]    |
[INFO] [stdout] 30 |     #[cfg(not(feature = "quic-openssl"))]
[INFO] [stdout]    |               ^^^^^^^^^^^^^^^^^^^^^^^^
[INFO] [stdout]    |
[INFO] [stdout]    = note: expected values for `feature` are: `default`, `durable-session`, `json`, `openssl`, `quic`, `rustls-openssl`, `tls`, and `uniffi-bindings`
[INFO] [stdout]    = help: consider adding `quic-openssl` as a feature in `Cargo.toml`
[INFO] [stdout]    = note: see <https://doc.rust-lang.org/nightly/rustc/check-cfg/cargo-specifics.html> for more information about checking conditional configuration
[INFO] [stdout] 
[INFO] [stdout] 
[INFO] [stdout] warning: unexpected `cfg` condition value: `quic-openssl`
[INFO] [stdout]   --> src/engine/tls_config.rs:66:19
[INFO] [stdout]    |
[INFO] [stdout] 66 |             #[cfg(feature = "quic-openssl")]
[INFO] [stdout]    |                   ^^^^^^^^^^^^^^^^^^^^^^^^
[INFO] [stdout]    |
[INFO] [stdout]    = note: expected values for `feature` are: `default`, `durable-session`, `json`, `openssl`, `quic`, `rustls-openssl`, `tls`, and `uniffi-bindings`
[INFO] [stdout]    = help: consider adding `quic-openssl` as a feature in `Cargo.toml`
[INFO] [stdout]    = note: see <https://doc.rust-lang.org/nightly/rustc/check-cfg/cargo-specifics.html> for more information about checking conditional configuration
[INFO] [stdout] 
[INFO] [stdout] 
[INFO] [stderr]    Compiling flowsdk_ffi v0.7.0 (/opt/rustwide/workdir)
[INFO] [stdout] warning: unexpected `cfg` condition value: `quic-openssl`
[INFO] [stdout]  --> src/lib.rs:5:7
[INFO] [stdout]   |
[INFO] [stdout] 5 | #[cfg(feature = "quic-openssl")]
[INFO] [stdout]   |       ^^^^^^^^^^^^^^^^^^^^^^^^
[INFO] [stdout]   |
[INFO] [stdout]   = note: expected values for `feature` are: `default`, `durable-session`, `json`, `openssl`, `quic`, `rustls-openssl`, `tls`, and `uniffi-bindings`
[INFO] [stdout]   = help: consider adding `quic-openssl` as a feature in `Cargo.toml`
[INFO] [stdout]   = note: see <https://doc.rust-lang.org/nightly/rustc/check-cfg/cargo-specifics.html> for more information about checking conditional configuration
[INFO] [stdout]   = note: `#[warn(unexpected_cfgs)]` on by default
[INFO] [stdout] 
[INFO] [stdout] 
[INFO] [stdout] warning: unexpected `cfg` condition value: `quic-openssl`
[INFO] [stdout]   --> src/engine/tls_config.rs:28:11
[INFO] [stdout]    |
[INFO] [stdout] 28 |     #[cfg(feature = "quic-openssl")]
[INFO] [stdout]    |           ^^^^^^^^^^^^^^^^^^^^^^^^
[INFO] [stdout]    |
[INFO] [stdout]    = note: expected values for `feature` are: `default`, `durable-session`, `json`, `openssl`, `quic`, `rustls-openssl`, `tls`, and `uniffi-bindings`
[INFO] [stdout]    = help: consider adding `quic-openssl` as a feature in `Cargo.toml`
[INFO] [stdout]    = note: see <https://doc.rust-lang.org/nightly/rustc/check-cfg/cargo-specifics.html> for more information about checking conditional configuration
[INFO] [stdout] 
[INFO] [stdout] 
[INFO] [stdout] warning: unexpected `cfg` condition value: `quic-openssl`
[INFO] [stdout]   --> src/engine/tls_config.rs:30:15
[INFO] [stdout]    |
[INFO] [stdout] 30 |     #[cfg(not(feature = "quic-openssl"))]
[INFO] [stdout]    |               ^^^^^^^^^^^^^^^^^^^^^^^^
[INFO] [stdout]    |
[INFO] [stdout]    = note: expected values for `feature` are: `default`, `durable-session`, `json`, `openssl`, `quic`, `rustls-openssl`, `tls`, and `uniffi-bindings`
[INFO] [stdout]    = help: consider adding `quic-openssl` as a feature in `Cargo.toml`
[INFO] [stdout]    = note: see <https://doc.rust-lang.org/nightly/rustc/check-cfg/cargo-specifics.html> for more information about checking conditional configuration
[INFO] [stdout] 
[INFO] [stdout] 
[INFO] [stdout] warning: unexpected `cfg` condition value: `quic-openssl`
[INFO] [stdout]   --> src/engine/tls_config.rs:66:19
[INFO] [stdout]    |
[INFO] [stdout] 66 |             #[cfg(feature = "quic-openssl")]
[INFO] [stdout]    |                   ^^^^^^^^^^^^^^^^^^^^^^^^
[INFO] [stdout]    |
[INFO] [stdout]    = note: expected values for `feature` are: `default`, `durable-session`, `json`, `openssl`, `quic`, `rustls-openssl`, `tls`, and `uniffi-bindings`
[INFO] [stdout]    = help: consider adding `quic-openssl` as a feature in `Cargo.toml`
[INFO] [stdout]    = note: see <https://doc.rust-lang.org/nightly/rustc/check-cfg/cargo-specifics.html> for more information about checking conditional configuration
[INFO] [stdout] 
[INFO] [stdout] 
[INFO] [stderr]     Finished `release` profile [optimized] target(s) in 20.29s
[INFO] running `Command { std: "docker" "inspect" "35170a2b4f25401f0bfb90078d5ec8bd03468ff11484fd0dd2a21b0dc5729634", kill_on_drop: false }`
[INFO] running `Command { std: "docker" "exec" "-e" "SOURCE_DIR=/opt/rustwide/workdir" "-e" "CARGO_HOME=/opt/rustwide/cargo-home" "-e" "RUSTUP_HOME=/opt/rustwide/rustup-home" "-e" "CARGO_TARGET_DIR=/opt/rustwide/target" "-e" "CARGO_INCREMENTAL=0" "-e" "RUST_BACKTRACE=full" "-e" "RUSTFLAGS=--cap-lints=warn" "-e" "RUSTDOCFLAGS=--cap-lints=warn" "-w" "/opt/rustwide/workdir" "--user" "0:0" "35170a2b4f25401f0bfb90078d5ec8bd03468ff11484fd0dd2a21b0dc5729634" "/opt/rustwide/cargo-home/bin/cargo" "+1.100.0-beta.1" "test" "--frozen" "--release", kill_on_drop: false }`
[INFO] [stderr] warning: unexpected `cfg` condition value: `quic-openssl`
[INFO] [stderr]  --> src/lib.rs:5:7
[INFO] [stderr]   |
[INFO] [stderr] 5 | #[cfg(feature = "quic-openssl")]
[INFO] [stderr]   |       ^^^^^^^^^^^^^^^^^^^^^^^^
[INFO] [stderr]   |
[INFO] [stderr]   = note: expected values for `feature` are: `default`, `durable-session`, `json`, `openssl`, `quic`, `rustls-openssl`, `tls`, and `uniffi-bindings`
[INFO] [stderr]   = help: consider adding `quic-openssl` as a feature in `Cargo.toml`
[INFO] [stderr]   = note: see <https://doc.rust-lang.org/nightly/rustc/check-cfg/cargo-specifics.html> for more information about checking conditional configuration
[INFO] [stderr]   = note: `#[warn(unexpected_cfgs)]` on by default
[INFO] [stderr] 
[INFO] [stderr] warning: unexpected `cfg` condition value: `quic-openssl`
[INFO] [stderr]   --> src/engine/tls_config.rs:28:11
[INFO] [stderr]    |
[INFO] [stderr] 28 |     #[cfg(feature = "quic-openssl")]
[INFO] [stderr]    |           ^^^^^^^^^^^^^^^^^^^^^^^^
[INFO] [stderr]    |
[INFO] [stderr]    = note: expected values for `feature` are: `default`, `durable-session`, `json`, `openssl`, `quic`, `rustls-openssl`, `tls`, and `uniffi-bindings`
[INFO] [stderr]    = help: consider adding `quic-openssl` as a feature in `Cargo.toml`
[INFO] [stderr]    = note: see <https://doc.rust-lang.org/nightly/rustc/check-cfg/cargo-specifics.html> for more information about checking conditional configuration
[INFO] [stderr] 
[INFO] [stderr] warning: unexpected `cfg` condition value: `quic-openssl`
[INFO] [stderr]   --> src/engine/tls_config.rs:30:15
[INFO] [stderr]    |
[INFO] [stderr] 30 |     #[cfg(not(feature = "quic-openssl"))]
[INFO] [stderr]    |               ^^^^^^^^^^^^^^^^^^^^^^^^
[INFO] [stderr]    |
[INFO] [stderr]    = note: expected values for `feature` are: `default`, `durable-session`, `json`, `openssl`, `quic`, `rustls-openssl`, `tls`, and `uniffi-bindings`
[INFO] [stderr]    = help: consider adding `quic-openssl` as a feature in `Cargo.toml`
[INFO] [stderr]    = note: see <https://doc.rust-lang.org/nightly/rustc/check-cfg/cargo-specifics.html> for more information about checking conditional configuration
[INFO] [stderr] 
[INFO] [stderr] warning: unexpected `cfg` condition value: `quic-openssl`
[INFO] [stderr]   --> src/engine/tls_config.rs:66:19
[INFO] [stderr]    |
[INFO] [stderr] 66 |             #[cfg(feature = "quic-openssl")]
[INFO] [stderr]    |                   ^^^^^^^^^^^^^^^^^^^^^^^^
[INFO] [stderr]    |
[INFO] [stderr]    = note: expected values for `feature` are: `default`, `durable-session`, `json`, `openssl`, `quic`, `rustls-openssl`, `tls`, and `uniffi-bindings`
[INFO] [stderr]    = help: consider adding `quic-openssl` as a feature in `Cargo.toml`
[INFO] [stderr]    = note: see <https://doc.rust-lang.org/nightly/rustc/check-cfg/cargo-specifics.html> for more information about checking conditional configuration
[INFO] [stderr] 
[INFO] [stderr] warning: `flowsdk_ffi` (lib) generated 4 warnings
[INFO] [stderr] warning: `flowsdk_ffi` (lib test) generated 4 warnings (4 duplicates)
[INFO] [stderr]     Finished `release` profile [optimized] target(s) in 0.15s
[INFO] [stderr]      Running unittests src/lib.rs (/opt/rustwide/target/release/build/flowsdk_ffi/ea8fb012724691ee/out/flowsdk_ffi-ea8fb012724691ee)
[INFO] [stdout] 
[INFO] [stdout] running 33 tests
[INFO] [stdout] test engine::api_tests::every_property_preserves_its_type_and_value_across_the_ffi ... ok
[INFO] [stdout] test engine::api_tests::connect_validates_credentials_and_preserves_all_will_fields ... ok
[INFO] [stdout] test engine::api_tests::manual_acknowledgements_validate_reason_codes_and_advance_receive_state ... ok
[INFO] [stdout] test engine::c_tests::c_null_arguments_and_invalid_options_return_sentinels ... ok
[INFO] [stdout] test engine::api_tests::quic_controls_reject_missing_connections_and_invalid_options ... ok
[INFO] [stdout] test engine::tests::connect_encodes_ffi_credentials ... ok
[INFO] [stdout] test engine::api_tests::property_validation_rejects_invalid_numeric_and_binary_boundaries ... ok
[INFO] [stdout] test engine::properties::tests::invalid_subscription_options_are_rejected ... ok
[INFO] [stdout] test engine::sync_tests::checked_connect_rejects_repetition_without_discarding_output_or_events ... ok
[INFO] [stdout] test engine::sync_tests::connect_deadline_and_reconnect_events_are_structured_and_cancelable ... ok
[INFO] [stdout] test engine::sync_tests::operation_timeout_preserves_packet_id_and_late_ack_without_closing ... ok
[INFO] [stdout] test engine::c_tests::c_quic_datagram_ownership_addresses_and_errors_are_preserved ... ok
[INFO] [stdout] test engine::c_tests::c_event_inspection_preserves_metadata_and_returns_owned_copies ... ok
[INFO] [stdout] test engine::tests::full_message_mapping_keeps_originating_stream ... ok
[INFO] [stdout] test engine::sync_tests::runtime_limits_deadlines_and_property_merging ... ok
[INFO] [stdout] test engine::api_tests::tls_manual_ack_and_parser_controls_reach_the_mqtt_engine ... ok
[INFO] [stdout] test engine::tests::connect_options_encode_will_properties_and_binary_password ... ok
[INFO] [stdout] test engine::tests::invalid_transport_configuration_returns_errors ... ok
[INFO] [stdout] test engine::c_tests::c_tls_handshake_output_and_configuration_errors_are_visible ... FAILED
[INFO] [stdout] test engine::properties::tests::invalid_publish_options_are_rejected_before_queueing ... ok
[INFO] [stdout] test engine::c_tests::c_tcp_client_round_trips_packets_and_owns_returned_buffers ... ok
[INFO] [stdout] test engine::tests::rounded_ticks_do_not_emit_clock_errors_after_connect ... ok
[INFO] [stdout] test engine::tests::transport_closed_event_is_not_reported_as_ffi_error ... ok
[INFO] [stdout] test engine::tls_config::tests::explicit_alpn_is_preserved ... ok
[INFO] [stdout] test engine::tests::quic_constructor_preserves_mqtt_credentials ... ok
[INFO] [stdout] test engine::tests::publish_options_reach_the_wire ... ok
[INFO] [stdout] test engine::tests::zero_rtt_status_event_is_not_reported_as_ffi_error ... ok
[INFO] [stdout] test engine::tests::maps_stream_and_reconnect_events ... ok
[INFO] [stdout] test engine::tls_config::tests::invalid_ca_is_not_silently_ignored ... ok
[INFO] [stdout] test engine::tls_config::tests::mismatched_private_key_is_an_error ... ok
[INFO] [stdout] test engine::tls_config::tests::incomplete_unreadable_or_invalid_identity_is_an_error ... ok
[INFO] [stdout] test engine::tls_config::tests::client_identity_is_kept_with_or_without_server_verification ... ok
[INFO] [stdout] test engine::tls_config::tests::tls_backpressure_preserves_large_publish_and_disconnect ... ok
[INFO] [stdout] 
[INFO] [stdout] failures:
[INFO] [stdout] 
[INFO] [stdout] ---- engine::c_tests::c_tls_handshake_output_and_configuration_errors_are_visible stdout ----
[INFO] [stdout] 
[INFO] [stdout] thread 'engine::c_tests::c_tls_handshake_output_and_configuration_errors_are_visible' (3790) panicked at src/engine/c_tests.rs:275:9:
[INFO] [stdout] assertion failed: !engine.is_null()
[INFO] [stdout] stack backtrace:
[INFO] [stdout]    0:     0x58aebec39f61 - <<std[617be2ca0a6fd877]::sys::backtrace::BacktraceLock>::print::DisplayBacktrace as core[a373ad73a504971]::fmt::Display>::fmt
[INFO] [stdout]    1:     0x58aebec4f87a - core[a373ad73a504971]::fmt::write
[INFO] [stdout]    2:     0x58aebec3e5bc - <alloc[2e1b2a31b91974c5]::vec::Vec<u8> as core[a373ad73a504971]::io::write::Write>::write_fmt
[INFO] [stdout]    3:     0x58aebec14226 - std[617be2ca0a6fd877]::panicking::default_hook::{closure#0}
[INFO] [stdout]    4:     0x58aebec31109 - std[617be2ca0a6fd877]::panicking::default_hook
[INFO] [stdout]    5:     0x58aebe9cb900 - test[aada8e7e76ba119b]::test_main_inner::{closure#0}
[INFO] [stdout]    6:     0x58aebec312c2 - std[617be2ca0a6fd877]::panicking::panic_with_hook
[INFO] [stdout]    7:     0x58aebec14304 - std[617be2ca0a6fd877]::panicking::panic_handler::{closure#0}
[INFO] [stdout]    8:     0x58aebec0cc99 - std[617be2ca0a6fd877]::sys::backtrace::__rust_end_short_backtrace::<std[617be2ca0a6fd877]::panicking::panic_handler::{closure#0}, !>
[INFO] [stdout]    9:     0x58aebec14edd - __rustc[ea4f61d10b84890b]::rust_begin_unwind
[INFO] [stdout]   10:     0x58aebec4ffdc - core[a373ad73a504971]::panicking::panic_fmt
[INFO] [stdout]   11:     0x58aebec4ffa2 - core[a373ad73a504971]::panicking::panic
[INFO] [stdout]   12:     0x58aebe985e95 - <flowsdk_ffi[50dddf57b8516b9e]::engine::c_tests::c_tls_handshake_output_and_configuration_errors_are_visible::{closure#0} as core[a373ad73a504971]::ops::function::FnOnce<()>>::call_once
[INFO] [stdout]   13:     0x58aebe9bed4b - test[aada8e7e76ba119b]::__rust_begin_short_backtrace::<core[a373ad73a504971]::result::Result<(), alloc[2e1b2a31b91974c5]::string::String>, fn() -> core[a373ad73a504971]::result::Result<(), alloc[2e1b2a31b91974c5]::string::String>>
[INFO] [stdout]   14:     0x58aebe9cbf25 - test[aada8e7e76ba119b]::run_test::{closure#0}
[INFO] [stdout]   15:     0x58aebe9c5814 - std[617be2ca0a6fd877]::sys::backtrace::__rust_begin_short_backtrace::<test[aada8e7e76ba119b]::run_test::{closure#1}, ()>
[INFO] [stdout]   16:     0x58aebe9cefb2 - <std[617be2ca0a6fd877]::thread::lifecycle::spawn_unchecked<test[aada8e7e76ba119b]::run_test::{closure#1}, ()>::{closure#1} as core[a373ad73a504971]::ops::function::FnOnce<()>>::call_once::{shim:vtable#0}
[INFO] [stdout]   17:     0x58aebec3929f - <std[617be2ca0a6fd877]::sys::thread::unix::Thread>::new::thread_start
[INFO] [stdout]   18:     0x72fd6489bdfa - <unknown>
[INFO] [stdout]   19:     0x72fd6492f3d4 - clone
[INFO] [stdout]   20:                0x0 - <unknown>
[INFO] [stdout] 
[INFO] [stdout] 
[INFO] [stdout] failures:
[INFO] [stdout]     engine::c_tests::c_tls_handshake_output_and_configuration_errors_are_visible
[INFO] [stdout] 
[INFO] [stdout] test result: FAILED. 32 passed; 1 failed; 0 ignored; 0 measured; 0 filtered out; finished in 0.04s
[INFO] [stdout] 
[INFO] [stderr] error: test failed, to rerun pass `--lib`
[INFO] running `Command { std: "docker" "inspect" "35170a2b4f25401f0bfb90078d5ec8bd03468ff11484fd0dd2a21b0dc5729634", kill_on_drop: false }`
[INFO] running `Command { std: "docker" "rm" "-f" "35170a2b4f25401f0bfb90078d5ec8bd03468ff11484fd0dd2a21b0dc5729634", kill_on_drop: false }`
[INFO] [stdout] 35170a2b4f25401f0bfb90078d5ec8bd03468ff11484fd0dd2a21b0dc5729634
