[INFO] fetching crate flowlog-build 0.6.0...
[INFO] testing flowlog-build-0.6.0 against 1.99.0-beta.8+cargoflags=--release for beta-release-1.100-2
[INFO] extracting crate flowlog-build 0.6.0 into /workspace/builds/worker-7-tc1/source
[INFO] started tweaking crates.io crate flowlog-build 0.6.0
[INFO] finished tweaking crates.io crate flowlog-build 0.6.0
[INFO] tweaked toml for crates.io crate flowlog-build 0.6.0 written to /workspace/builds/worker-7-tc1/source/Cargo.toml
[INFO] validating manifest of crates.io crate flowlog-build 0.6.0 on toolchain 1.99.0-beta.8
[INFO] running `Command { std: CARGO_HOME="/workspace/cargo-home" RUSTUP_HOME="/workspace/rustup-home" "/workspace/cargo-home/bin/cargo" "+1.99.0-beta.8" "metadata" "--manifest-path" "Cargo.toml" "--no-deps", kill_on_drop: false }`
[INFO] crate crates.io crate flowlog-build 0.6.0 already has a lockfile, it will not be regenerated
[INFO] running `Command { std: CARGO_HOME="/workspace/cargo-home" RUSTUP_HOME="/workspace/rustup-home" "/workspace/cargo-home/bin/cargo" "+1.99.0-beta.8" "fetch" "--manifest-path" "Cargo.toml", kill_on_drop: false }`
[INFO] [stderr]     Updating crates.io index
[INFO] [stderr]  Downloading crates ...
[INFO] [stderr]   Downloaded flowlog-profiler v0.3.0
[INFO] [stderr]   Downloaded flowlog-common v0.3.0
[INFO] [stderr]   Downloaded rstest_macros v0.27.0
[INFO] [stderr]   Downloaded educe v0.8.1
[INFO] [stderr]   Downloaded rstest v0.27.0
[INFO] [stderr]   Downloaded flowlog-planner v0.2.0
[INFO] [stderr]   Downloaded flowlog-parser v0.3.0
[INFO] running `Command { std: "docker" "create" "-v" "/var/lib/crater-agent-workspace/builds/worker-7-tc1/source:/opt/rustwide/workdir:ro,Z" "-v" "/var/lib/crater-agent-workspace/builds/worker-7-tc1/target:/opt/rustwide/target:rw,Z" "-v" "/var/lib/crater-agent-workspace/cargo-home:/opt/rustwide/cargo-home:ro,Z" "-v" "/var/lib/crater-agent-workspace/rustup-home:/opt/rustwide/rustup-home:ro,Z" "-m" "1610612736" "--network" "none" "ghcr.io/rust-lang/crates-build-env/linux@sha256:77db811e55d90add9212f6832c23229e3de5f1c1f9905e8cb07319ea15df73ac" "sleep" "infinity", kill_on_drop: false }`
[INFO] [stdout] b27ac4449cfc8e9c1f1bcdc955f89e47c3e3c9f3225580a784ce2c70a6359cfe
[INFO] running `Command { std: "docker" "start" "b27ac4449cfc8e9c1f1bcdc955f89e47c3e3c9f3225580a784ce2c70a6359cfe", kill_on_drop: false }`
[INFO] running `Command { std: "docker" "inspect" "b27ac4449cfc8e9c1f1bcdc955f89e47c3e3c9f3225580a784ce2c70a6359cfe", kill_on_drop: false }`
[INFO] running `Command { std: "docker" "exec" "-e" "SOURCE_DIR=/opt/rustwide/workdir" "-e" "CARGO_HOME=/opt/rustwide/cargo-home" "-e" "RUSTUP_HOME=/opt/rustwide/rustup-home" "-e" "CARGO_TARGET_DIR=/opt/rustwide/target" "-w" "/opt/rustwide/workdir" "--user" "0:0" "b27ac4449cfc8e9c1f1bcdc955f89e47c3e3c9f3225580a784ce2c70a6359cfe" "/opt/rustwide/cargo-home/bin/cargo" "+1.99.0-beta.8" "metadata" "--no-deps" "--format-version=1", kill_on_drop: false }`
[INFO] running `Command { std: "docker" "inspect" "b27ac4449cfc8e9c1f1bcdc955f89e47c3e3c9f3225580a784ce2c70a6359cfe", kill_on_drop: false }`
[INFO] running `Command { std: "docker" "exec" "-e" "SOURCE_DIR=/opt/rustwide/workdir" "-e" "CARGO_HOME=/opt/rustwide/cargo-home" "-e" "RUSTUP_HOME=/opt/rustwide/rustup-home" "-e" "CARGO_TARGET_DIR=/opt/rustwide/target" "-e" "CARGO_INCREMENTAL=0" "-e" "RUST_BACKTRACE=full" "-e" "RUSTFLAGS=--cap-lints=warn" "-e" "RUSTDOCFLAGS=--cap-lints=warn" "-w" "/opt/rustwide/workdir" "--user" "0:0" "b27ac4449cfc8e9c1f1bcdc955f89e47c3e3c9f3225580a784ce2c70a6359cfe" "/opt/rustwide/cargo-home/bin/cargo" "+1.99.0-beta.8" "build" "--frozen" "--message-format=json" "--release", kill_on_drop: false }`
[INFO] [stderr]    Compiling prettyplease v0.3.0
[INFO] [stderr]    Compiling pest v2.9.1
[INFO] [stderr]    Compiling codespan-reporting v0.13.1
[INFO] [stderr]    Compiling syn v3.0.6
[INFO] [stderr]    Compiling serde_json v1.0.151
[INFO] [stderr]    Compiling clap_lex v1.1.1
[INFO] [stderr]    Compiling litrs v1.0.0
[INFO] [stderr]    Compiling either v1.18.0
[INFO] [stderr]    Compiling ordered-float v5.5.0
[INFO] [stderr]    Compiling clap_builder v4.6.7
[INFO] [stderr]    Compiling itertools v0.15.0
[INFO] [stderr]    Compiling pest_meta v2.9.1
[INFO] [stderr]    Compiling pest_generator v2.9.1
[INFO] [stderr]    Compiling enum-ordinalize-derive v4.4.2
[INFO] [stderr]    Compiling thiserror-impl v2.0.20
[INFO] [stderr]    Compiling serde_derive v1.0.229
[INFO] [stderr]    Compiling clap_derive v4.6.7
[INFO] [stderr]    Compiling enum-ordinalize v4.4.2
[INFO] [stderr]    Compiling educe v0.8.1
[INFO] [stderr]    Compiling pest_derive v2.9.1
[INFO] [stderr]    Compiling thiserror v2.0.20
[INFO] [stderr]    Compiling clap v4.6.7
[INFO] [stderr]    Compiling flowlog-common v0.3.0
[INFO] [stderr]    Compiling serde v1.0.229
[INFO] [stderr]    Compiling flowlog-parser v0.3.0
[INFO] [stderr]    Compiling flowlog-profiler v0.3.0
[INFO] [stderr]    Compiling flowlog-planner v0.2.0
[INFO] [stderr]    Compiling flowlog-build v0.6.0 (/opt/rustwide/workdir)
[INFO] [stderr]     Finished `release` profile [optimized] target(s) in 1m 24s
[INFO] running `Command { std: "docker" "inspect" "b27ac4449cfc8e9c1f1bcdc955f89e47c3e3c9f3225580a784ce2c70a6359cfe", kill_on_drop: false }`
[INFO] running `Command { std: "docker" "exec" "-e" "SOURCE_DIR=/opt/rustwide/workdir" "-e" "CARGO_HOME=/opt/rustwide/cargo-home" "-e" "RUSTUP_HOME=/opt/rustwide/rustup-home" "-e" "CARGO_TARGET_DIR=/opt/rustwide/target" "-e" "CARGO_INCREMENTAL=0" "-e" "RUST_BACKTRACE=full" "-e" "RUSTFLAGS=--cap-lints=warn" "-e" "RUSTDOCFLAGS=--cap-lints=warn" "-w" "/opt/rustwide/workdir" "--user" "0:0" "b27ac4449cfc8e9c1f1bcdc955f89e47c3e3c9f3225580a784ce2c70a6359cfe" "/opt/rustwide/cargo-home/bin/cargo" "+1.99.0-beta.8" "test" "--frozen" "--no-run" "--message-format=json" "--release", kill_on_drop: false }`
[INFO] [stderr]    Compiling regex-syntax v0.8.11
[INFO] [stderr]    Compiling syn v2.0.119
[INFO] [stderr]    Compiling libc v0.2.189
[INFO] [stderr]    Compiling rstest_macros v0.27.0
[INFO] [stderr]    Compiling rustix v1.1.5
[INFO] [stderr]    Compiling tracing-log v0.2.0
[INFO] [stderr]    Compiling thread_local v1.1.10
[INFO] [stderr]    Compiling smallvec v1.16.1
[INFO] [stderr]    Compiling futures-util v0.3.34
[INFO] [stderr]    Compiling futures-timer v3.0.4
[INFO] [stderr]    Compiling getrandom v0.4.3
[INFO] [stderr]    Compiling regex-automata v0.4.18
[INFO] [stderr]    Compiling tempfile v3.27.0
[INFO] [stderr]    Compiling pest_generator v2.9.1
[INFO] [stderr]    Compiling tracing-attributes v0.1.31
[INFO] [stderr]    Compiling pest_derive v2.9.1
[INFO] [stderr]    Compiling tracing-test-macro v0.2.6
[INFO] [stderr]    Compiling regex v1.13.1
[INFO] [stderr]    Compiling tracing v0.1.44
[INFO] [stderr]    Compiling flowlog-parser v0.3.0
[INFO] [stderr]    Compiling tracing-subscriber v0.3.23
[INFO] [stderr]    Compiling tracing-test v0.2.6
[INFO] [stderr]    Compiling rstest v0.27.0
[INFO] [stderr]    Compiling flowlog-planner v0.2.0
[INFO] [stderr]    Compiling flowlog-build v0.6.0 (/opt/rustwide/workdir)
[INFO] [stderr]     Finished `release` profile [optimized] target(s) in 58.51s
[INFO] running `Command { std: "docker" "inspect" "b27ac4449cfc8e9c1f1bcdc955f89e47c3e3c9f3225580a784ce2c70a6359cfe", kill_on_drop: false }`
[INFO] running `Command { std: "docker" "exec" "-e" "SOURCE_DIR=/opt/rustwide/workdir" "-e" "CARGO_HOME=/opt/rustwide/cargo-home" "-e" "RUSTUP_HOME=/opt/rustwide/rustup-home" "-e" "CARGO_TARGET_DIR=/opt/rustwide/target" "-e" "CARGO_INCREMENTAL=0" "-e" "RUST_BACKTRACE=full" "-e" "RUSTFLAGS=--cap-lints=warn" "-e" "RUSTDOCFLAGS=--cap-lints=warn" "-w" "/opt/rustwide/workdir" "--user" "0:0" "b27ac4449cfc8e9c1f1bcdc955f89e47c3e3c9f3225580a784ce2c70a6359cfe" "/opt/rustwide/cargo-home/bin/cargo" "+1.99.0-beta.8" "test" "--frozen" "--release", kill_on_drop: false }`
[INFO] [stderr]     Finished `release` profile [optimized] target(s) in 0.11s
[INFO] [stderr]      Running unittests src/lib.rs (/opt/rustwide/target/release/deps/flowlog_build-08be03dcd8724c7e)
[INFO] [stdout] 
[INFO] [stdout] running 52 tests
[INFO] [stdout] test build::bindings::tests::converted_name_conflicts_are_rejected::case_1 ... ok
[INFO] [stdout] test build::bindings::tests::keyword_input_names_are_valid_with_prefixed_or_suffixed_fields ... ok
[INFO] [stdout] test build::bindings::tests::relation_names_define_rust_bindings::case_1 ... ok
[INFO] [stdout] test build::bindings::tests::keyword_result_fields_are_rejected::case_3 ... ok
[INFO] [stdout] test build::bindings::tests::keyword_result_fields_are_rejected::case_7 ... ok
[INFO] [stdout] test build::bindings::tests::keyword_result_fields_are_rejected::case_4 ... ok
[INFO] [stdout] test build::bindings::tests::relation_names_define_rust_bindings::case_2 ... ok
[INFO] [stdout] test build::bindings::tests::keyword_result_fields_are_rejected::case_5 ... ok
[INFO] [stdout] test build::bindings::tests::converted_name_conflicts_are_rejected::case_2 ... ok
[INFO] [stdout] test build::bindings::tests::keyword_result_fields_are_rejected::case_6 ... ok
[INFO] [stdout] test build::bindings::tests::converted_name_conflicts_are_rejected::case_3 ... ok
[INFO] [stdout] test build::bindings::tests::keyword_result_fields_are_rejected::case_8 ... ok
[INFO] [stdout] test build::bindings::tests::keyword_result_fields_are_rejected::case_9 ... ok
[INFO] [stdout] test build::bindings::tests::relation_names_define_rust_bindings::case_3 ... ok
[INFO] [stdout] test build::bindings::tests::keyword_result_fields_are_rejected::case_2 ... ok
[INFO] [stdout] test build::bindings::tests::relation_names_define_rust_bindings::case_4 ... ok
[INFO] [stdout] test build::bindings::tests::tuple_aliases_cover_input_and_output_values_once::case_2 ... ok
[INFO] [stdout] test codegen::aggregation::tests::split_takes_the_aggregated_column_out ... ok
[INFO] [stdout] test codegen::aggregation::tests::merge_puts_the_aggregate_back::case_2 ... ok
[INFO] [stdout] test codegen::aggregation::tests::empty_key_uses_a_wildcard ... ok
[INFO] [stdout] test codegen::aggregation::tests::merge_puts_the_aggregate_back::case_3 ... ok
[INFO] [stdout] test build::bindings::tests::tuple_aliases_cover_input_and_output_values_once::case_4 ... ok
[INFO] [stdout] test codegen::aggregation::tests::kind_names_the_aggregation::case_1 ... ok
[INFO] [stdout] test build::bindings::tests::tuple_aliases_cover_input_and_output_values_once::case_1 ... ok
[INFO] [stdout] test codegen::aggregation::tests::merge_puts_the_aggregate_back::case_1 ... ok
[INFO] [stdout] test codegen::flow::transformation::identity_projection_tests::key_value_flag_is_ignored_for_row_inputs ... ok
[INFO] [stdout] test codegen::ident::binding_ident_tests::keyword_names_are_harmless ... ok
[INFO] [stdout] test codegen::flow::transformation::identity_projection_tests::wrong_position_is_not_identity ... ok
[INFO] [stdout] test codegen::profile::tests::none_plan_graph_renders_no_tokens ... ok
[INFO] [stdout] test build::bindings::tests::tuple_aliases_cover_input_and_output_values_once::case_3 ... ok
[INFO] [stdout] test codegen::flow::transformation::identity_projection_tests::full_in_order_projection_is_identity ... ok
[INFO] [stdout] test codegen::idb_buffers::tests::count_only_output_has_no_worker_row_buffer::case_2 ... FAILED
[INFO] [stdout] test build::bindings::tests::keyword_result_fields_are_rejected::case_1 ... ok
[INFO] [stdout] test codegen::aggregation::tests::merge_ascribes_the_internal_column_type ... ok
[INFO] [stdout] test codegen::flow::transformation::identity_projection_tests::arithmetic_tail_is_not_identity ... ok
[INFO] [stdout] test codegen::aggregation::tests::kind_names_the_aggregation::case_3 ... ok
[INFO] [stdout] test codegen::idb_buffers::tests::count_only_output_has_no_worker_row_buffer::case_1 ... FAILED
[INFO] [stdout] test codegen::aggregation::tests::kind_names_the_aggregation::case_2 ... ok
[INFO] [stdout] test codegen::flow::transformation::identity_projection_tests::arity_mismatch_is_not_identity ... ok
[INFO] [stdout] test codegen::profile::tests::recorded_plan_graph_renders_the_ops_const ... ok
[INFO] [stdout] test codegen::relation::tests::inline_counted_relations_keep_default_text_settings ... ok
[INFO] [stdout] test codegen::ident::binding_ident_tests::identical_names_distinct_by_index ... ok
[INFO] [stdout] test codegen::ident::binding_ident_tests::inliner_separator_is_sanitized ... ok
[INFO] [stdout] test codegen::ty::data::tests::infer_expr_type_picks_first_concrete_factor ... ok
[INFO] [stdout] test codegen::ty::data::tests::infer_factor_type_concrete_literal_returns_its_type ... ok
[INFO] [stdout] test codegen::ty::data::tests::tuple_tokens_arity_dispatch_keeps_singleton_comma ... ok
[INFO] [stdout] test codegen::relation::tests::no_inputs_generate_an_empty_container_with_no_op_lifecycle_methods ... ok
[INFO] [stdout] test codegen::ty::data::tests::record_transformation_output_type_registers_the_head_not_the_relation ... ok
[INFO] [stdout] test codegen::relation::tests::input_fields_bind_runtime_loaders_to_their_sessions ... ok
[INFO] [stdout] test codegen::relation::tests::lifecycle_methods_forward_to_every_input ... ok
[INFO] [stdout] test codegen::relation::tests::relation_text_settings_are_declared_independently ... ok
[INFO] [stdout] test codegen::relation::tests::repeated_nullary_facts_declare_one_presence ... ok
[INFO] [stdout] 
[INFO] [stdout] failures:
[INFO] [stdout] 
[INFO] [stdout] ---- codegen::idb_buffers::tests::count_only_output_has_no_worker_row_buffer::case_2 stdout ----
[INFO] [stdout] 
[INFO] [stdout] thread 'codegen::idb_buffers::tests::count_only_output_has_no_worker_row_buffer::case_2' (1505) panicked at src/codegen/idb_buffers.rs:184:10:
[INFO] [stdout] printsize fixture: IncludeIo { span: Span { file: FileId(4294967295), start: 0, end: 0 }, path: "/opt/rustwide/workdir/../tests/fixtures/batch/printsize/program.dl", source: Os { code: 2, kind: NotFound, message: "No such file or directory" } }
[INFO] [stdout] stack backtrace:
[INFO] [stdout]    0:     0x58e0b6ccd0e1 - <<std[70759c8f55707aa4]::sys::backtrace::BacktraceLock>::print::DisplayBacktrace as core[df12db4294e9bfd3]::fmt::Display>::fmt
[INFO] [stdout]    1:     0x58e0b6ce3bca - core[df12db4294e9bfd3]::fmt::write
[INFO] [stdout]    2:     0x58e0b6cd184c - <alloc[2182bb758b4b3781]::vec::Vec<u8> as core[df12db4294e9bfd3]::io::write::Write>::write_fmt
[INFO] [stdout]    3:     0x58e0b6ca7856 - std[70759c8f55707aa4]::panicking::default_hook::{closure#0}
[INFO] [stdout]    4:     0x58e0b6cc4799 - std[70759c8f55707aa4]::panicking::default_hook
[INFO] [stdout]    5:     0x58e0b6a94fb0 - test[9d35eded1c95d3be]::test_main_inner::<test[9d35eded1c95d3be]::test_main_static::{closure#0}>::{closure#0}
[INFO] [stdout]    6:     0x58e0b6cc4ac2 - std[70759c8f55707aa4]::panicking::panic_with_hook
[INFO] [stdout]    7:     0x58e0b6ca7902 - std[70759c8f55707aa4]::panicking::panic_handler::{closure#0}
[INFO] [stdout]    8:     0x58e0b6ca03d9 - std[70759c8f55707aa4]::sys::backtrace::__rust_end_short_backtrace::<std[70759c8f55707aa4]::panicking::panic_handler::{closure#0}, !>
[INFO] [stdout]    9:     0x58e0b6ca84fd - __rustc[8fa7c3cbc660c2b3]::rust_begin_unwind
[INFO] [stdout]   10:     0x58e0b6ce43ac - core[df12db4294e9bfd3]::panicking::panic_fmt
[INFO] [stdout]   11:     0x58e0b6ce4182 - core[df12db4294e9bfd3]::result::unwrap_failed
[INFO] [stdout]   12:     0x58e0b6a7f066 - flowlog_build[8baf925dd99c9ef]::codegen::idb_buffers::tests::count_only_output_has_no_worker_row_buffer
[INFO] [stdout]   13:     0x58e0b6a83ffe - <flowlog_build[8baf925dd99c9ef]::codegen::idb_buffers::tests::count_only_output_has_no_worker_row_buffer::case_2::{closure#0} as core[df12db4294e9bfd3]::ops::function::FnOnce<()>>::call_once
[INFO] [stdout]   14:     0x58e0b6a8829b - test[9d35eded1c95d3be]::__rust_begin_short_backtrace::<core[df12db4294e9bfd3]::result::Result<(), alloc[2182bb758b4b3781]::string::String>, fn() -> core[df12db4294e9bfd3]::result::Result<(), alloc[2182bb758b4b3781]::string::String>>
[INFO] [stdout]   15:     0x58e0b6a95905 - test[9d35eded1c95d3be]::run_test::{closure#0}
[INFO] [stdout]   16:     0x58e0b6a8f1c4 - std[70759c8f55707aa4]::sys::backtrace::__rust_begin_short_backtrace::<test[9d35eded1c95d3be]::run_test::{closure#1}, ()>
[INFO] [stdout]   17:     0x58e0b6a98a62 - <std[70759c8f55707aa4]::thread::lifecycle::spawn_unchecked<test[9d35eded1c95d3be]::run_test::{closure#1}, ()>::{closure#1} as core[df12db4294e9bfd3]::ops::function::FnOnce<()>>::call_once::{shim:vtable#0}
[INFO] [stdout]   18:     0x58e0b6ccc419 - <std[70759c8f55707aa4]::sys::thread::unix::Thread>::new::thread_start
[INFO] [stdout]   19:     0x7a10bf1c6dfa - <unknown>
[INFO] [stdout]   20:     0x7a10bf25a3d4 - clone
[INFO] [stdout]   21:                0x0 - <unknown>
[INFO] [stdout] 
[INFO] [stdout] ---- codegen::idb_buffers::tests::count_only_output_has_no_worker_row_buffer::case_1 stdout ----
[INFO] [stdout] 
[INFO] [stdout] thread 'codegen::idb_buffers::tests::count_only_output_has_no_worker_row_buffer::case_1' (1504) panicked at src/codegen/idb_buffers.rs:184:10:
[INFO] [stdout] printsize fixture: IncludeIo { span: Span { file: FileId(4294967295), start: 0, end: 0 }, path: "/opt/rustwide/workdir/../tests/fixtures/batch/printsize/program.dl", source: Os { code: 2, kind: NotFound, message: "No such file or directory" } }
[INFO] [stdout] stack backtrace:
[INFO] [stdout]    0:     0x58e0b6ccd0e1 - <<std[70759c8f55707aa4]::sys::backtrace::BacktraceLock>::print::DisplayBacktrace as core[df12db4294e9bfd3]::fmt::Display>::fmt
[INFO] [stdout]    1:     0x58e0b6ce3bca - core[df12db4294e9bfd3]::fmt::write
[INFO] [stdout]    2:     0x58e0b6cd184c - <alloc[2182bb758b4b3781]::vec::Vec<u8> as core[df12db4294e9bfd3]::io::write::Write>::write_fmt
[INFO] [stdout]    3:     0x58e0b6ca7856 - std[70759c8f55707aa4]::panicking::default_hook::{closure#0}
[INFO] [stdout]    4:     0x58e0b6cc4799 - std[70759c8f55707aa4]::panicking::default_hook
[INFO] [stdout]    5:     0x58e0b6a94fb0 - test[9d35eded1c95d3be]::test_main_inner::<test[9d35eded1c95d3be]::test_main_static::{closure#0}>::{closure#0}
[INFO] [stdout]    6:     0x58e0b6cc4ac2 - std[70759c8f55707aa4]::panicking::panic_with_hook
[INFO] [stdout]    7:     0x58e0b6ca7902 - std[70759c8f55707aa4]::panicking::panic_handler::{closure#0}
[INFO] [stdout]    8:     0x58e0b6ca03d9 - std[70759c8f55707aa4]::sys::backtrace::__rust_end_short_backtrace::<std[70759c8f55707aa4]::panicking::panic_handler::{closure#0}, !>
[INFO] [stdout]    9:     0x58e0b6ca84fd - __rustc[8fa7c3cbc660c2b3]::rust_begin_unwind
[INFO] [stdout]   10:     0x58e0b6ce43ac - core[df12db4294e9bfd3]::panicking::panic_fmt
[INFO] [stdout]   11:     0x58e0b6ce4182 - core[df12db4294e9bfd3]::result::unwrap_failed
[INFO] [stdout]   12:     0x58e0b6a7f066 - flowlog_build[8baf925dd99c9ef]::codegen::idb_buffers::tests::count_only_output_has_no_worker_row_buffer
[INFO] [stdout]   13:     0x58e0b6a83fdb - <flowlog_build[8baf925dd99c9ef]::codegen::idb_buffers::tests::count_only_output_has_no_worker_row_buffer::case_1::{closure#0} as core[df12db4294e9bfd3]::ops::function::FnOnce<()>>::call_once
[INFO] [stdout]   14:     0x58e0b6a8829b - test[9d35eded1c95d3be]::__rust_begin_short_backtrace::<core[df12db4294e9bfd3]::result::Result<(), alloc[2182bb758b4b3781]::string::String>, fn() -> core[df12db4294e9bfd3]::result::Result<(), alloc[2182bb758b4b3781]::string::String>>
[INFO] [stdout]   15:     0x58e0b6a95905 - test[9d35eded1c95d3be]::run_test::{closure#0}
[INFO] [stdout]   16:     0x58e0b6a8f1c4 - std[70759c8f55707aa4]::sys::backtrace::__rust_begin_short_backtrace::<test[9d35eded1c95d3be]::run_test::{closure#1}, ()>
[INFO] [stdout]   17:     0x58e0b6a98a62 - <std[70759c8f55707aa4]::thread::lifecycle::spawn_unchecked<test[9d35eded1c95d3be]::run_test::{closure#1}, ()>::{closure#1} as core[df12db4294e9bfd3]::ops::function::FnOnce<()>>::call_once::{shim:vtable#0}
[INFO] [stdout]   18:     0x58e0b6ccc419 - <std[70759c8f55707aa4]::sys::thread::unix::Thread>::new::thread_start
[INFO] [stdout]   19:     0x7a10bf1c6dfa - <unknown>
[INFO] [stdout]   20:     0x7a10bf25a3d4 - clone
[INFO] [stdout]   21:                0x0 - <unknown>
[INFO] [stdout] 
[INFO] [stdout] 
[INFO] [stdout] failures:
[INFO] [stdout]     codegen::idb_buffers::tests::count_only_output_has_no_worker_row_buffer::case_1
[INFO] [stdout]     codegen::idb_buffers::tests::count_only_output_has_no_worker_row_buffer::case_2
[INFO] [stdout] 
[INFO] [stdout] test result: FAILED. 50 passed; 2 failed; 0 ignored; 0 measured; 0 filtered out; finished in 0.02s
[INFO] [stdout] 
[INFO] [stderr] error: test failed, to rerun pass `--lib`
[INFO] running `Command { std: "docker" "inspect" "b27ac4449cfc8e9c1f1bcdc955f89e47c3e3c9f3225580a784ce2c70a6359cfe", kill_on_drop: false }`
[INFO] running `Command { std: "docker" "rm" "-f" "b27ac4449cfc8e9c1f1bcdc955f89e47c3e3c9f3225580a784ce2c70a6359cfe", kill_on_drop: false }`
[INFO] [stdout] b27ac4449cfc8e9c1f1bcdc955f89e47c3e3c9f3225580a784ce2c70a6359cfe
