[INFO] fetching crate flowlang 0.3.38...
[INFO] testing flowlang-0.3.38 against 1.99.0-beta.8+cargoflags=--release for beta-release-1.100-2
[INFO] extracting crate flowlang 0.3.38 into /workspace/builds/worker-5-tc1/source
[INFO] started tweaking crates.io crate flowlang 0.3.38
[INFO] finished tweaking crates.io crate flowlang 0.3.38
[INFO] tweaked toml for crates.io crate flowlang 0.3.38 written to /workspace/builds/worker-5-tc1/source/Cargo.toml
[INFO] validating manifest of crates.io crate flowlang 0.3.38 on toolchain 1.99.0-beta.8
[INFO] running `Command { std: CARGO_HOME="/workspace/cargo-home" RUSTUP_HOME="/workspace/rustup-home" "/workspace/cargo-home/bin/cargo" "+1.99.0-beta.8" "metadata" "--manifest-path" "Cargo.toml" "--no-deps", kill_on_drop: false }`
[INFO] crate crates.io crate flowlang 0.3.38 already has a lockfile, it will not be regenerated
[INFO] running `Command { std: CARGO_HOME="/workspace/cargo-home" RUSTUP_HOME="/workspace/rustup-home" "/workspace/cargo-home/bin/cargo" "+1.99.0-beta.8" "fetch" "--manifest-path" "Cargo.toml", kill_on_drop: false }`
[INFO] [stderr]     Updating crates.io index
[INFO] [stderr]  Downloading crates ...
[INFO] [stderr]   Downloaded serde_v8 v0.158.0
[INFO] [stderr]   Downloaded which v5.0.0
[INFO] [stderr]   Downloaded pyo3-macros v0.21.2
[INFO] [stderr]   Downloaded java-locator v0.1.9
[INFO] [stderr]   Downloaded gag v1.0.0
[INFO] [stderr]   Downloaded pyo3-build-config v0.21.2
[INFO] [stderr]   Downloaded base64-simd v0.7.0
[INFO] [stderr]   Downloaded outref v0.1.0
[INFO] [stderr]   Downloaded pyo3-macros-backend v0.21.2
[INFO] [stderr]   Downloaded ndata v0.3.17
[INFO] [stderr]   Downloaded pyo3-ffi v0.21.2
[INFO] [stderr]   Downloaded sourcemap v7.1.1
[INFO] [stderr]   Downloaded simd-abstraction v0.7.1
[INFO] [stderr]   Downloaded deno_unsync v0.3.10
[INFO] [stderr]   Downloaded proc-macro-rules v0.4.0
[INFO] [stderr]   Downloaded cooked-waker v5.0.0
[INFO] [stderr]   Downloaded bit-vec v0.10.1
[INFO] [stderr]   Downloaded proc-macro-rules-macros v0.4.0
[INFO] [stderr]   Downloaded deno_ops v0.125.0
[INFO] [stderr]   Downloaded toml_edit v0.25.15+spec-1.1.0
[INFO] [stderr]   Downloaded bit-set v0.11.1
[INFO] [stderr]   Downloaded pyo3 v0.21.2
[INFO] [stderr]   Downloaded deno_core v0.249.0
[INFO] [stderr]   Downloaded v8 v0.83.2
[INFO] running `Command { std: "docker" "create" "-v" "/var/lib/crater-agent-workspace/builds/worker-5-tc1/source:/opt/rustwide/workdir:ro,Z" "-v" "/var/lib/crater-agent-workspace/builds/worker-5-tc1/target:/opt/rustwide/target:rw,Z" "-v" "/var/lib/crater-agent-workspace/cargo-home:/opt/rustwide/cargo-home:ro,Z" "-v" "/var/lib/crater-agent-workspace/rustup-home:/opt/rustwide/rustup-home:ro,Z" "-m" "1610612736" "--network" "none" "ghcr.io/rust-lang/crates-build-env/linux@sha256:77db811e55d90add9212f6832c23229e3de5f1c1f9905e8cb07319ea15df73ac" "sleep" "infinity", kill_on_drop: false }`
[INFO] [stdout] 6e61034ca8421e8f6f292445039370936dbeebeda276a8e965c5f1ce8c8c3309
[INFO] running `Command { std: "docker" "start" "6e61034ca8421e8f6f292445039370936dbeebeda276a8e965c5f1ce8c8c3309", kill_on_drop: false }`
[INFO] running `Command { std: "docker" "inspect" "6e61034ca8421e8f6f292445039370936dbeebeda276a8e965c5f1ce8c8c3309", kill_on_drop: false }`
[INFO] running `Command { std: "docker" "exec" "-e" "SOURCE_DIR=/opt/rustwide/workdir" "-e" "CARGO_HOME=/opt/rustwide/cargo-home" "-e" "RUSTUP_HOME=/opt/rustwide/rustup-home" "-e" "CARGO_TARGET_DIR=/opt/rustwide/target" "-w" "/opt/rustwide/workdir" "--user" "0:0" "6e61034ca8421e8f6f292445039370936dbeebeda276a8e965c5f1ce8c8c3309" "/opt/rustwide/cargo-home/bin/cargo" "+1.99.0-beta.8" "metadata" "--no-deps" "--format-version=1", kill_on_drop: false }`
[INFO] running `Command { std: "docker" "inspect" "6e61034ca8421e8f6f292445039370936dbeebeda276a8e965c5f1ce8c8c3309", kill_on_drop: false }`
[INFO] running `Command { std: "docker" "exec" "-e" "SOURCE_DIR=/opt/rustwide/workdir" "-e" "CARGO_HOME=/opt/rustwide/cargo-home" "-e" "RUSTUP_HOME=/opt/rustwide/rustup-home" "-e" "CARGO_TARGET_DIR=/opt/rustwide/target" "-e" "CARGO_INCREMENTAL=0" "-e" "RUST_BACKTRACE=full" "-e" "RUSTFLAGS=--cap-lints=warn" "-e" "RUSTDOCFLAGS=--cap-lints=warn" "-w" "/opt/rustwide/workdir" "--user" "0:0" "6e61034ca8421e8f6f292445039370936dbeebeda276a8e965c5f1ce8c8c3309" "/opt/rustwide/cargo-home/bin/cargo" "+1.99.0-beta.8" "build" "--frozen" "--message-format=json" "--release", kill_on_drop: false }`
[INFO] [stderr]    Compiling ndata v0.3.17
[INFO] [stderr]    Compiling flowlang v0.3.38 (/opt/rustwide/workdir)
[INFO] [stderr]     Finished `release` profile [optimized] target(s) in 12.90s
[INFO] running `Command { std: "docker" "inspect" "6e61034ca8421e8f6f292445039370936dbeebeda276a8e965c5f1ce8c8c3309", kill_on_drop: false }`
[INFO] running `Command { std: "docker" "exec" "-e" "SOURCE_DIR=/opt/rustwide/workdir" "-e" "CARGO_HOME=/opt/rustwide/cargo-home" "-e" "RUSTUP_HOME=/opt/rustwide/rustup-home" "-e" "CARGO_TARGET_DIR=/opt/rustwide/target" "-e" "CARGO_INCREMENTAL=0" "-e" "RUST_BACKTRACE=full" "-e" "RUSTFLAGS=--cap-lints=warn" "-e" "RUSTDOCFLAGS=--cap-lints=warn" "-w" "/opt/rustwide/workdir" "--user" "0:0" "6e61034ca8421e8f6f292445039370936dbeebeda276a8e965c5f1ce8c8c3309" "/opt/rustwide/cargo-home/bin/cargo" "+1.99.0-beta.8" "test" "--frozen" "--no-run" "--message-format=json" "--release", kill_on_drop: false }`
[INFO] [stderr]    Compiling flowlang v0.3.38 (/opt/rustwide/workdir)
[INFO] [stderr]     Finished `release` profile [optimized] target(s) in 4.77s
[INFO] running `Command { std: "docker" "inspect" "6e61034ca8421e8f6f292445039370936dbeebeda276a8e965c5f1ce8c8c3309", kill_on_drop: false }`
[INFO] running `Command { std: "docker" "exec" "-e" "SOURCE_DIR=/opt/rustwide/workdir" "-e" "CARGO_HOME=/opt/rustwide/cargo-home" "-e" "RUSTUP_HOME=/opt/rustwide/rustup-home" "-e" "CARGO_TARGET_DIR=/opt/rustwide/target" "-e" "CARGO_INCREMENTAL=0" "-e" "RUST_BACKTRACE=full" "-e" "RUSTFLAGS=--cap-lints=warn" "-e" "RUSTDOCFLAGS=--cap-lints=warn" "-w" "/opt/rustwide/workdir" "--user" "0:0" "6e61034ca8421e8f6f292445039370936dbeebeda276a8e965c5f1ce8c8c3309" "/opt/rustwide/cargo-home/bin/cargo" "+1.99.0-beta.8" "test" "--frozen" "--release", kill_on_drop: false }`
[INFO] [stderr]     Finished `release` profile [optimized] target(s) in 0.07s
[INFO] [stderr]      Running unittests src/lib.rs (/opt/rustwide/target/release/deps/flowlang-20bc73f864693283)
[INFO] [stdout] 
[INFO] [stdout] running 21 tests
[INFO] [stdout] test builder::api::tests::api_output_compiles ... ignored, writes a temp crate depending on this checkout and cargo-checks the generated API; run with -- --ignored
[INFO] [stdout] test aes::tests::fips197_appendix_a3_key_expansion ... ok
[INFO] [stdout] test builder::cargo::tests::leaves_path_deps_and_other_sections_alone ... ok
[INFO] [stdout] test builder::cargo::tests::picks_the_highest_version_numerically ... ok
[INFO] [stdout] test builder::cargo::tests::pins_both_directions_and_preserves_line_shape ... ok
[INFO] [stdout] test builder::initializer::tests::emission_is_deterministic_and_normalizes_hyphens ... ok
[INFO] [stdout] test aes::hw_tests::aesimc_matches_software_inv_mix_columns ... ok
[INFO] [stdout] test builder::initializer::tests::empty_project_still_starts_hotswap ... ok
[INFO] [stdout] test builder::initializer::tests::initializer_is_ffi_agnostic ... ok
[INFO] [stdout] test builder::cargo::tests::reads_the_pair_out_of_a_lock_file ... ok
[INFO] [stdout] test builder::rust::tests::generated_wrapper_guards_its_params ... ok
[INFO] [stdout] test builder::scaffolding::tests::ffi_scaffold_uses_canonical_initializer_and_contract ... ok
[INFO] [stdout] test hotswap::tests::contract_names_the_load_bearing_facts ... ok
[INFO] [stdout] test hotswap::tests::crate_info_reads_root_and_ffi ... ok
[INFO] [stdout] test builder::scaffolding::tests::static_scaffold_carries_no_ffi_exports ... ok
[INFO] [stdout] test hotswap::tests::register_overwrites_and_sweeps_stale_ids ... ok
[INFO] [stdout] test builder::util::tests::mod_file_updates_report_modification ... ok
[INFO] [stdout] test builder::cargo::tests::extracts_versions_from_both_dep_line_shapes ... ok
[INFO] [stdout] test hotswap::tests::poll_step_two_tick_quiesce ... ok
[INFO] [stdout] test builder::api::tests::api_output_has_both_halves_and_anchored_paths ... FAILED
[INFO] [stdout] test hotswap::tests::dynlib_generations_never_unload ... ok
[INFO] [stdout] 
[INFO] [stdout] failures:
[INFO] [stdout] 
[INFO] [stdout] ---- builder::api::tests::api_output_has_both_halves_and_anchored_paths stdout ----
[INFO] [stdout] Missing file "data/mcp/cont/rols/____/____/controls"
[INFO] [stdout] 
[INFO] [stdout] thread 'builder::api::tests::api_output_has_both_halves_and_anchored_paths' (404) panicked at src/datastore.rs:239:34:
[INFO] [stdout] called `Result::unwrap()` on an `Err` value: Os { code: 2, kind: NotFound, message: "No such file or directory" }
[INFO] [stdout] stack backtrace:
[INFO] [stdout]    0:     0x576c0ae7e8b1 - <<std[70759c8f55707aa4]::sys::backtrace::BacktraceLock>::print::DisplayBacktrace as core[df12db4294e9bfd3]::fmt::Display>::fmt
[INFO] [stdout]    1:     0x576c0ae9448a - core[df12db4294e9bfd3]::fmt::write
[INFO] [stdout]    2:     0x576c0ae830cc - <alloc[2182bb758b4b3781]::vec::Vec<u8> as core[df12db4294e9bfd3]::io::write::Write>::write_fmt
[INFO] [stdout]    3:     0x576c0ae59226 - std[70759c8f55707aa4]::panicking::default_hook::{closure#0}
[INFO] [stdout]    4:     0x576c0ae763e9 - std[70759c8f55707aa4]::panicking::default_hook
[INFO] [stdout]    5:     0x576c0ae02870 - test[9d35eded1c95d3be]::test_main_inner::<test[9d35eded1c95d3be]::test_main_static::{closure#0}>::{closure#0}
[INFO] [stdout]    6:     0x576c0ae765a2 - std[70759c8f55707aa4]::panicking::panic_with_hook
[INFO] [stdout]    7:     0x576c0ae592d2 - std[70759c8f55707aa4]::panicking::panic_handler::{closure#0}
[INFO] [stdout]    8:     0x576c0ae51da9 - std[70759c8f55707aa4]::sys::backtrace::__rust_end_short_backtrace::<std[70759c8f55707aa4]::panicking::panic_handler::{closure#0}, !>
[INFO] [stdout]    9:     0x576c0ae59ecd - __rustc[8fa7c3cbc660c2b3]::rust_begin_unwind
[INFO] [stdout]   10:     0x576c0ae94bbc - core[df12db4294e9bfd3]::panicking::panic_fmt
[INFO] [stdout]   11:     0x576c0ae94992 - core[df12db4294e9bfd3]::result::unwrap_failed
[INFO] [stdout]   12:     0x576c0addb81e - <flowlang[fefc238e2c43a0eb]::datastore::DataStore>::read_file
[INFO] [stdout]   13:     0x576c0addafe1 - <flowlang[fefc238e2c43a0eb]::datastore::DataStore>::get_data
[INFO] [stdout]   14:     0x576c0adddde7 - flowlang[fefc238e2c43a0eb]::builder::api::generate_api_code
[INFO] [stdout]   15:     0x576c0adf3b02 - flowlang[fefc238e2c43a0eb]::builder::api::tests::generated_for_this_repo
[INFO] [stdout]   16:     0x576c0adf446d - flowlang[fefc238e2c43a0eb]::builder::api::tests::api_output_has_both_halves_and_anchored_paths
[INFO] [stdout]   17:     0x576c0adef2a9 - <flowlang[fefc238e2c43a0eb]::builder::api::tests::api_output_has_both_halves_and_anchored_paths::{closure#0} as core[df12db4294e9bfd3]::ops::function::FnOnce<()>>::call_once
[INFO] [stdout]   18:     0x576c0adf5b5b - test[9d35eded1c95d3be]::__rust_begin_short_backtrace::<core[df12db4294e9bfd3]::result::Result<(), alloc[2182bb758b4b3781]::string::String>, fn() -> core[df12db4294e9bfd3]::result::Result<(), alloc[2182bb758b4b3781]::string::String>>
[INFO] [stdout]   19:     0x576c0ae031c5 - test[9d35eded1c95d3be]::run_test::{closure#0}
[INFO] [stdout]   20:     0x576c0adfca84 - std[70759c8f55707aa4]::sys::backtrace::__rust_begin_short_backtrace::<test[9d35eded1c95d3be]::run_test::{closure#1}, ()>
[INFO] [stdout]   21:     0x576c0ae06322 - <std[70759c8f55707aa4]::thread::lifecycle::spawn_unchecked<test[9d35eded1c95d3be]::run_test::{closure#1}, ()>::{closure#1} as core[df12db4294e9bfd3]::ops::function::FnOnce<()>>::call_once::{shim:vtable#0}
[INFO] [stdout]   22:     0x576c0ae7dc29 - <std[70759c8f55707aa4]::sys::thread::unix::Thread>::new::thread_start
[INFO] [stdout]   23:     0x7452d64a5dfa - <unknown>
[INFO] [stdout]   24:     0x7452d65393d4 - clone
[INFO] [stdout]   25:                0x0 - <unknown>
[INFO] [stdout] 
[INFO] [stdout] 
[INFO] [stdout] failures:
[INFO] [stdout]     builder::api::tests::api_output_has_both_halves_and_anchored_paths
[INFO] [stdout] 
[INFO] [stdout] test result: FAILED. 19 passed; 1 failed; 1 ignored; 0 measured; 0 filtered out; finished in 0.28s
[INFO] [stdout] 
[INFO] [stderr] error: test failed, to rerun pass `--lib`
[INFO] running `Command { std: "docker" "inspect" "6e61034ca8421e8f6f292445039370936dbeebeda276a8e965c5f1ce8c8c3309", kill_on_drop: false }`
[INFO] running `Command { std: "docker" "rm" "-f" "6e61034ca8421e8f6f292445039370936dbeebeda276a8e965c5f1ce8c8c3309", kill_on_drop: false }`
[INFO] [stdout] 6e61034ca8421e8f6f292445039370936dbeebeda276a8e965c5f1ce8c8c3309
