[INFO] fetching crate flowdb 0.8.3...
[INFO] testing flowdb-0.8.3 against 1.99.0-beta.8+cargoflags=--release for beta-release-1.100-2
[INFO] extracting crate flowdb 0.8.3 into /workspace/builds/worker-1-tc1/source
[INFO] started tweaking crates.io crate flowdb 0.8.3
[INFO] removed 0 missing examples
[INFO] removed 0 missing tests
[INFO] finished tweaking crates.io crate flowdb 0.8.3
[INFO] tweaked toml for crates.io crate flowdb 0.8.3 written to /workspace/builds/worker-1-tc1/source/Cargo.toml
[INFO] validating manifest of crates.io crate flowdb 0.8.3 on toolchain 1.99.0-beta.8
[INFO] running `Command { std: CARGO_HOME="/workspace/cargo-home" RUSTUP_HOME="/workspace/rustup-home" "/workspace/cargo-home/bin/cargo" "+1.99.0-beta.8" "metadata" "--manifest-path" "Cargo.toml" "--no-deps", kill_on_drop: false }`
[INFO] crate crates.io crate flowdb 0.8.3 already has a lockfile, it will not be regenerated
[INFO] running `Command { std: CARGO_HOME="/workspace/cargo-home" RUSTUP_HOME="/workspace/rustup-home" "/workspace/cargo-home/bin/cargo" "+1.99.0-beta.8" "fetch" "--manifest-path" "Cargo.toml", kill_on_drop: false }`
[INFO] [stderr]     Updating crates.io index
[INFO] [stderr]  Downloading crates ...
[INFO] [stderr]   Downloaded flowdb-derive v0.7.6
[INFO] running `Command { std: "docker" "create" "-v" "/var/lib/crater-agent-workspace/builds/worker-1-tc1/source:/opt/rustwide/workdir:ro,Z" "-v" "/var/lib/crater-agent-workspace/builds/worker-1-tc1/target:/opt/rustwide/target:rw,Z" "-v" "/var/lib/crater-agent-workspace/cargo-home:/opt/rustwide/cargo-home:ro,Z" "-v" "/var/lib/crater-agent-workspace/rustup-home:/opt/rustwide/rustup-home:ro,Z" "-m" "1610612736" "--network" "none" "ghcr.io/rust-lang/crates-build-env/linux@sha256:77db811e55d90add9212f6832c23229e3de5f1c1f9905e8cb07319ea15df73ac" "sleep" "infinity", kill_on_drop: false }`
[INFO] [stdout] ad2e0605f5df0425cf6bb4db9fefd4766f37c45deb750ae660f78e9e35096b7a
[INFO] running `Command { std: "docker" "start" "ad2e0605f5df0425cf6bb4db9fefd4766f37c45deb750ae660f78e9e35096b7a", kill_on_drop: false }`
[INFO] running `Command { std: "docker" "inspect" "ad2e0605f5df0425cf6bb4db9fefd4766f37c45deb750ae660f78e9e35096b7a", kill_on_drop: false }`
[INFO] running `Command { std: "docker" "exec" "-e" "SOURCE_DIR=/opt/rustwide/workdir" "-e" "CARGO_HOME=/opt/rustwide/cargo-home" "-e" "RUSTUP_HOME=/opt/rustwide/rustup-home" "-e" "CARGO_TARGET_DIR=/opt/rustwide/target" "-w" "/opt/rustwide/workdir" "--user" "0:0" "ad2e0605f5df0425cf6bb4db9fefd4766f37c45deb750ae660f78e9e35096b7a" "/opt/rustwide/cargo-home/bin/cargo" "+1.99.0-beta.8" "metadata" "--no-deps" "--format-version=1", kill_on_drop: false }`
[INFO] running `Command { std: "docker" "inspect" "ad2e0605f5df0425cf6bb4db9fefd4766f37c45deb750ae660f78e9e35096b7a", kill_on_drop: false }`
[INFO] running `Command { std: "docker" "exec" "-e" "SOURCE_DIR=/opt/rustwide/workdir" "-e" "CARGO_HOME=/opt/rustwide/cargo-home" "-e" "RUSTUP_HOME=/opt/rustwide/rustup-home" "-e" "CARGO_TARGET_DIR=/opt/rustwide/target" "-e" "CARGO_INCREMENTAL=0" "-e" "RUST_BACKTRACE=full" "-e" "RUSTFLAGS=--cap-lints=warn" "-e" "RUSTDOCFLAGS=--cap-lints=warn" "-w" "/opt/rustwide/workdir" "--user" "0:0" "ad2e0605f5df0425cf6bb4db9fefd4766f37c45deb750ae660f78e9e35096b7a" "/opt/rustwide/cargo-home/bin/cargo" "+1.99.0-beta.8" "build" "--frozen" "--message-format=json" "--release", kill_on_drop: false }`
[INFO] [stderr]    Compiling serde_core v1.0.229
[INFO] [stderr]    Compiling num-traits v0.2.19
[INFO] [stderr]    Compiling zerocopy v0.8.55
[INFO] [stderr]    Compiling zstd-safe v7.2.4
[INFO] [stderr]    Compiling cc v1.4.0
[INFO] [stderr]    Compiling miniz_oxide v0.8.9
[INFO] [stderr]    Compiling syn v3.0.3
[INFO] [stderr]    Compiling syn v2.0.119
[INFO] [stderr]    Compiling clap_lex v1.1.0
[INFO] [stderr]    Compiling parking_lot_core v0.9.12
[INFO] [stderr]    Compiling crossbeam-channel v0.5.16
[INFO] [stderr]    Compiling getrandom v0.3.4
[INFO] [stderr]    Compiling nom v8.0.0
[INFO] [stderr]    Compiling thread_local v1.1.10
[INFO] [stderr]    Compiling twox-hash v2.1.3
[INFO] [stderr]    Compiling lru v0.18.1
[INFO] [stderr]    Compiling memmap2 v0.9.11
[INFO] [stderr]    Compiling lz4_flex v0.13.1
[INFO] [stderr]    Compiling parking_lot v0.12.5
[INFO] [stderr]    Compiling clap_builder v4.6.2
[INFO] [stderr]    Compiling tracing-subscriber v0.3.23
[INFO] [stderr]    Compiling flate2 v1.1.9
[INFO] [stderr]    Compiling zstd-sys v2.0.16+zstd.1.5.7
[INFO] [stderr]    Compiling toml_datetime v1.1.1+spec-1.1.0
[INFO] [stderr]    Compiling serde_spanned v1.1.1
[INFO] [stderr]    Compiling serde_json v1.0.151
[INFO] [stderr]    Compiling toml v1.1.4+spec-1.1.0
[INFO] [stderr]    Compiling clap_derive v4.6.4
[INFO] [stderr]    Compiling serde_derive v1.0.229
[INFO] [stderr]    Compiling thiserror-impl v2.0.19
[INFO] [stderr]    Compiling thiserror v2.0.19
[INFO] [stderr]    Compiling hdrhistogram v7.6.0
[INFO] [stderr]    Compiling ahash v0.8.12
[INFO] [stderr]    Compiling clap v4.6.4
[INFO] [stderr]    Compiling tracing-attributes v0.1.31
[INFO] [stderr]    Compiling flowdb-derive v0.7.6
[INFO] [stderr]    Compiling tracing v0.1.44
[INFO] [stderr]    Compiling serde v1.0.229
[INFO] [stderr]    Compiling zstd v0.13.3
[INFO] [stderr]    Compiling flowdb v0.8.3 (/opt/rustwide/workdir)
[INFO] [stderr]     Finished `release` profile [optimized] target(s) in 1m 10s
[INFO] running `Command { std: "docker" "inspect" "ad2e0605f5df0425cf6bb4db9fefd4766f37c45deb750ae660f78e9e35096b7a", kill_on_drop: false }`
[INFO] running `Command { std: "docker" "exec" "-e" "SOURCE_DIR=/opt/rustwide/workdir" "-e" "CARGO_HOME=/opt/rustwide/cargo-home" "-e" "RUSTUP_HOME=/opt/rustwide/rustup-home" "-e" "CARGO_TARGET_DIR=/opt/rustwide/target" "-e" "CARGO_INCREMENTAL=0" "-e" "RUST_BACKTRACE=full" "-e" "RUSTFLAGS=--cap-lints=warn" "-e" "RUSTDOCFLAGS=--cap-lints=warn" "-w" "/opt/rustwide/workdir" "--user" "0:0" "ad2e0605f5df0425cf6bb4db9fefd4766f37c45deb750ae660f78e9e35096b7a" "/opt/rustwide/cargo-home/bin/cargo" "+1.99.0-beta.8" "test" "--frozen" "--no-run" "--message-format=json" "--release", kill_on_drop: false }`
[INFO] [stderr]    Compiling serde v1.0.229
[INFO] [stderr]    Compiling crossbeam-epoch v0.9.20
[INFO] [stderr]    Compiling zerocopy-derive v0.8.55
[INFO] [stderr]    Compiling tokio-macros v2.7.2
[INFO] [stderr]    Compiling tracing v0.1.44
[INFO] [stderr]    Compiling either v1.17.0
[INFO] [stderr]    Compiling alloca v0.4.0
[INFO] [stderr]    Compiling crossbeam-channel v0.5.16
[INFO] [stderr]    Compiling futures-channel v0.3.33
[INFO] [stderr]    Compiling futures-task v0.3.33
[INFO] [stderr]    Compiling ciborium-io v0.2.2
[INFO] [stderr]    Compiling plotters-backend v0.3.7
[INFO] [stderr]    Compiling tracing-subscriber v0.3.23
[INFO] [stderr]    Compiling toml v1.1.4+spec-1.1.0
[INFO] [stderr]    Compiling regex-automata v0.4.16
[INFO] [stderr]    Compiling http-body-util v0.1.4
[INFO] [stderr]    Compiling cast v0.3.0
[INFO] [stderr]    Compiling futures-util v0.3.33
[INFO] [stderr]    Compiling plotters-svg v0.3.7
[INFO] [stderr]    Compiling derive_arbitrary v1.4.2
[INFO] [stderr]    Compiling axum-core v0.5.6
[INFO] [stderr]    Compiling itertools v0.13.0
[INFO] [stderr]    Compiling page_size v0.6.0
[INFO] [stderr]    Compiling anes v0.1.6
[INFO] [stderr]    Compiling oorandom v11.1.5
[INFO] [stderr]    Compiling tempfile v3.27.0
[INFO] [stderr]    Compiling crossbeam-deque v0.8.7
[INFO] [stderr]    Compiling tokio v1.53.1
[INFO] [stderr]    Compiling hdrhistogram v7.6.0
[INFO] [stderr]    Compiling plotters v0.3.7
[INFO] [stderr]    Compiling tower-http v0.6.11
[INFO] [stderr]    Compiling rayon-core v1.13.0
[INFO] [stderr]    Compiling arbitrary v1.4.2
[INFO] [stderr]    Compiling tinytemplate v1.2.1
[INFO] [stderr]    Compiling serde_urlencoded v0.7.1
[INFO] [stderr]    Compiling rayon v1.12.0
[INFO] [stderr]    Compiling zerocopy v0.8.55
[INFO] [stderr]    Compiling regex v1.13.1
[INFO] [stderr]    Compiling criterion-plot v0.8.2
[INFO] [stderr]    Compiling half v2.7.1
[INFO] [stderr]    Compiling ahash v0.8.12
[INFO] [stderr]    Compiling hyper v1.11.0
[INFO] [stderr]    Compiling tower v0.5.3
[INFO] [stderr]    Compiling ciborium-ll v0.2.2
[INFO] [stderr]    Compiling flowdb v0.8.3 (/opt/rustwide/workdir)
[INFO] [stderr]    Compiling ciborium v0.2.2
[INFO] [stderr]    Compiling criterion v0.8.2
[INFO] [stderr]    Compiling hyper-util v0.1.20
[INFO] [stderr]    Compiling axum v0.8.9
[INFO] [stderr]     Finished `release` profile [optimized] target(s) in 1m 30s
[INFO] running `Command { std: "docker" "inspect" "ad2e0605f5df0425cf6bb4db9fefd4766f37c45deb750ae660f78e9e35096b7a", kill_on_drop: false }`
[INFO] running `Command { std: "docker" "exec" "-e" "SOURCE_DIR=/opt/rustwide/workdir" "-e" "CARGO_HOME=/opt/rustwide/cargo-home" "-e" "RUSTUP_HOME=/opt/rustwide/rustup-home" "-e" "CARGO_TARGET_DIR=/opt/rustwide/target" "-e" "CARGO_INCREMENTAL=0" "-e" "RUST_BACKTRACE=full" "-e" "RUSTFLAGS=--cap-lints=warn" "-e" "RUSTDOCFLAGS=--cap-lints=warn" "-w" "/opt/rustwide/workdir" "--user" "0:0" "ad2e0605f5df0425cf6bb4db9fefd4766f37c45deb750ae660f78e9e35096b7a" "/opt/rustwide/cargo-home/bin/cargo" "+1.99.0-beta.8" "test" "--frozen" "--release", kill_on_drop: false }`
[INFO] [stderr]     Finished `release` profile [optimized] target(s) in 0.26s
[INFO] [stderr]      Running unittests src/lib.rs (/opt/rustwide/target/release/deps/flowdb-820485f56ac78bc5)
[INFO] [stdout] 
[INFO] [stdout] running 403 tests
[INFO] [stdout] test bloom::tests::test_bloom_version_is_current_after_build ... ok
[INFO] [stdout] test bloom::tests::test_bloom_legacy_version_loads_as_zero ... ok
[INFO] [stdout] test bloom::tests::test_bloom_mark_current_after_rebuild ... ok
[INFO] [stdout] test bloom::tests::test_bloom_no_false_negatives ... ok
[INFO] [stdout] test cache::tests::test_lru_eviction ... ok
[INFO] [stdout] test bloom::tests::test_bloom_serialization ... ok
[INFO] [stdout] test cache::tests::test_cache_insert_get_hit ... ok
[INFO] [stdout] test block_meta_index::tests::test_index_time_range_query ... ok
[INFO] [stdout] test block_meta_index::tests::test_index_remove_sst ... ok
[INFO] [stdout] test bloom::tests::test_bloom_stale_version_returns_true_safely ... ok
[INFO] [stdout] test block_meta_index::tests::test_index_combined_query ... ok
[INFO] [stdout] test block_meta_index::tests::test_index_prefix_query ... ok
[INFO] [stdout] test cache::tests::test_cache_overwrite ... ok
[INFO] [stdout] test compaction::tests::test_should_compact_false_below_threshold ... ok
[INFO] [stdout] test compaction::tests::test_should_compact_false_when_empty ... ok
[INFO] [stdout] test cache::tests::test_lru_access_promotes ... ok
[INFO] [stdout] test compaction::tests::test_heap_entry_ordering ... ok
[INFO] [stdout] test compaction::tests::test_run_returns_false_when_no_sst ... ok
[INFO] [stdout] test block_meta_index::tests::test_index_key_range_query ... ok
[INFO] [stdout] test bloom::tests::test_bloom_false_positive_rate_is_bounded ... ok
[INFO] [stdout] test engine::tests::test_bloom_remains_valid_across_clean_restart ... ok
[INFO] [stdout] test engine::tests::test_engine_concurrent_writes ... ok
[INFO] [stdout] test cache::tests::test_cache_invalidate_sst ... ok
[INFO] [stdout] test cache::tests::test_cache_miss ... ok
[INFO] [stdout] test block_meta_index::tests::test_index_expiry_filter ... ok
[INFO] [stdout] test engine::tests::test_config_create_if_missing_false ... ok
[INFO] [stdout] test engine::tests::test_cache_capacity_respects_byte_budget ... ok
[INFO] [stdout] test engine::tests::test_delete_batch_empty ... ok
[INFO] [stdout] test engine::tests::test_delete_batch_empty_noop ... ok
[INFO] [stdout] test engine::tests::test_engine_delete_range ... ok
[INFO] [stdout] test engine::tests::test_engine_delete_range_preserves_outside ... ok
[INFO] [stdout] test engine::tests::test_engine_key_range_query ... ok
[INFO] [stdout] test engine::tests::test_engine_flush_and_query ... ok
[INFO] [stdout] test engine::tests::test_engine_prefix_time_range ... ok
[INFO] [stdout] test engine::tests::test_bloom_rebuild_on_open_after_hash_upgrade ... ok
[INFO] [stdout] test engine::tests::test_engine_ttl_expiry ... ok
[INFO] [stdout] test engine::tests::test_delete_range_empty_strings ... ok
[INFO] [stdout] test engine::tests::test_engine_reopen_with_ssts ... ok
[INFO] [stdout] test engine::tests::test_engine_auto_background_starts_maintenance ... ok
[INFO] [stdout] test engine::tests::test_engine_delete_range_flush_and_query ... ok
[INFO] [stdout] test engine::tests::test_flush_on_empty_engine ... ok
[INFO] [stdout] test engine::tests::test_engine_recovery ... ok
[INFO] [stdout] test engine::tests::test_engine_stats ... ok
[INFO] [stdout] test engine::tests::test_get_latest_missing ... ok
[INFO] [stdout] test engine::tests::test_engine_with_default_ttl ... ok
[INFO] [stdout] test engine::tests::test_engine_time_range_query ... ok
[INFO] [stdout] test engine::tests::test_flush_does_not_block_runtime ... ok
[INFO] [stdout] test engine::tests::test_get_latest_nonexistent ... ok
[INFO] [stdout] test engine::tests::test_engine_write_read_roundtrip ... ok
[INFO] [stdout] test engine::tests::test_get_nonexistent_key ... ok
[INFO] [stdout] test engine::tests::test_get_latest ... ok
[INFO] [stdout] test engine::tests::test_get_missing_key ... ok
[INFO] [stdout] test engine::tests::test_get_latest_async_path ... ok
[INFO] [stdout] test engine::tests::test_metrics_text_nonempty ... ok
[INFO] [stdout] test engine::tests::test_get_latest_from_sst_only ... ok
[INFO] [stdout] test engine::tests::test_patch_nonexistent_record_error ... ok
[INFO] [stdout] test engine::tests::test_get_sync_after_flush ... ok
[INFO] [stdout] test engine::tests::test_query_by_prefix_empty_string ... ok
[INFO] [stdout] test engine::tests::test_patch_record_concurrent_safety ... ok
[INFO] [stdout] test engine::tests::test_patch_missing_record ... ok
[INFO] [stdout] test engine::tests::test_regression_config_memtable_zero_rejected ... ok
[INFO] [stdout] test engine::tests::test_regression_config_validation_in_open ... ok
[INFO] [stdout] test engine::tests::test_background_compaction_evicts_stale_readers ... ok
[INFO] [stdout] test engine::tests::test_query_empty_result ... ok
[INFO] [stdout] test engine::tests::test_get_latest_after_flush ... ok
[INFO] [stdout] test engine::tests::test_patch_value_and_ttl ... ok
[INFO] [stdout] test engine::tests::test_scan_all_range ... ok
[INFO] [stdout] test engine::tests::test_recovery_after_flush_no_data_loss ... ok
[INFO] [stdout] test engine::tests::test_query_convenience_wrappers ... ok
[INFO] [stdout] test engine::tests::test_regression_get_returns_latest_version ... ok
[INFO] [stdout] test engine::tests::test_regression_get_after_delete_same_key_ts ... ok
[INFO] [stdout] test engine::tests::test_full_scan_correctness_after_perblock_fix ... ok
[INFO] [stdout] test engine::tests::test_scan_after_flush ... ok
[INFO] [stdout] test engine::tests::test_manifest_snapshot_noop_below_threshold ... ok
[INFO] [stdout] test engine::tests::test_scan_all_after_flush ... ok
[INFO] [stdout] test engine::tests::test_scan_convenience_wrappers ... ok
[INFO] [stdout] test engine::tests::test_scan_empty_range ... ok
[INFO] [stdout] test engine::tests::test_scan_key_range ... ok
[INFO] [stdout] test engine::tests::test_scan_matches_query ... ok
[INFO] [stdout] test engine::tests::test_scan_opt_with_read_options ... ok
[INFO] [stdout] test engine::tests::test_scan_lazy_does_not_materialize_all ... ok
[INFO] [stdout] test engine::tests::test_scan_prefix_basic ... ok
[INFO] [stdout] test engine::tests::test_scan_all_with_tombstone_merge ... ok
[INFO] [stdout] test engine::tests::test_scan_prefix_time_range ... ok
[INFO] [stdout] test engine::tests::test_scan_range_all ... ok
[INFO] [stdout] test engine::tests::test_single_file_engine_bloom_filter ... ok
[INFO] [stdout] test engine::tests::test_single_file_engine_concurrent_writes ... ok
[INFO] [stdout] test engine::tests::test_scan_with_delete_range ... ok
[INFO] [stdout] test engine::tests::test_scan_time_range ... ok
[INFO] [stdout] test engine::tests::test_engine_size_tiered_compaction ... ok
[INFO] [stdout] test engine::tests::test_single_file_engine_db_file_exists ... ok
[INFO] [stdout] test engine::tests::test_background_compaction_respects_large_interval ... ok
[INFO] [stdout] test engine::tests::test_single_file_engine_flush_and_query ... ok
[INFO] [stdout] test engine::tests::test_write_batch_empty ... ok
[INFO] [stdout] test engine::tests::test_single_file_engine_point_lookup_after_flush ... ok
[INFO] [stdout] test engine::tests::test_write_batch_owned_empty ... ok
[INFO] [stdout] test engine::tests::test_single_file_engine_recovery ... ok
[INFO] [stdout] test engine::tests::test_single_file_engine_delete_range ... ok
[INFO] [stdout] test engine::tests::test_single_file_engine_scan_after_flush ... ok
[INFO] [stdout] test jsondb::encoding::tests::test_doc_key ... ok
[INFO] [stdout] test jsondb::encoding::tests::test_encode_decode_doc ... ok
[INFO] [stdout] test jsondb::encoding::tests::test_encode_index_value_float_ordering ... ok
[INFO] [stdout] test engine::tests::test_single_file_engine_write_read ... ok
[INFO] [stdout] test jsondb::encoding::tests::test_encode_primary_key ... ok
[INFO] [stdout] test jsondb::encoding::tests::test_encode_primary_key_rejects_null_bytes ... ok
[INFO] [stdout] test jsondb::encoding::tests::test_extract_field ... ok
[INFO] [stdout] test jsondb::encoding::tests::test_encode_index_value_ordering ... ok
[INFO] [stdout] test engine::tests::test_spawn_background_maintenance_explicit ... ok
[INFO] [stdout] test jsondb::encoding::tests::test_validate_name ... ok
[INFO] [stdout] test jsondb::schema::tests::test_index_def_deserialize_new_key_paths_array ... ok
[INFO] [stdout] test jsondb::encoding::tests::test_idx_key ... ok
[INFO] [stdout] test jsondb::schema::tests::test_index_def_deserialize_empty_key_paths_rejected ... ok
[INFO] [stdout] test jsondb::schema::tests::test_index_def_serialize_new_format ... ok
[INFO] [stdout] test jsondb::schema::tests::test_index_def_deserialize_old_key_path_array ... ok
[INFO] [stdout] test jsondb::schema::tests::test_schema_basic ... ok
[INFO] [stdout] test jsondb::schema::tests::test_schema_default ... ok
[INFO] [stdout] test jsondb::schema::tests::test_index_def_deserialize_old_key_path_string ... ok
[INFO] [stdout] test jsondb::schema::tests::test_schema_delete_record_roundtrip ... ok
[INFO] [stdout] test jsondb::schema::tests::test_schema_list_empty ... ok
[INFO] [stdout] test jsondb::schema::tests::test_validate_index_def_cases ... ok
[INFO] [stdout] test jsondb::schema::tests::test_validate_store_def ... ok
[INFO] [stdout] test jsondb::schema::tests::test_schema_record_roundtrip ... ok
[INFO] [stdout] test engine::tests::test_write_batch_owned ... ok
[INFO] [stdout] test engine::tests::test_write_batch_owned_ttl_path ... ok
[INFO] [stdout] test engine::tests::test_write_batch_ttl_path ... ok
[INFO] [stdout] test engine::tests::test_single_file_engine_overwrite_and_compact ... ok
[INFO] [stdout] test jsondb::tests::tests::test_add_rejects_duplicate ... ok
[INFO] [stdout] test engine::tests::test_write_batch_sync ... ok
[INFO] [stdout] test jsondb::tests::tests::test_apply_store_auto_increment ... ok
[INFO] [stdout] test engine::tests::test_engine_compaction ... ok
[INFO] [stdout] test jsondb::tests::tests::test_count_missing_store ... ok
[INFO] [stdout] test jsondb::tests::tests::test_collect_doc ... ok
[INFO] [stdout] test jsondb::tests::tests::test_auto_increment_store ... ok
[INFO] [stdout] test jsondb::tests::tests::test_composite_index_update ... ok
[INFO] [stdout] test jsondb::tests::tests::test_clear_store ... ok
[INFO] [stdout] test jsondb::tests::tests::test_create_index_missing_store ... ok
[INFO] [stdout] test jsondb::tests::tests::test_composite_index_on_existing_data ... ok
[INFO] [stdout] test jsondb::tests::tests::test_composite_index_unique ... ok
[INFO] [stdout] test jsondb::tests::tests::test_composite_index_equality ... ok
[INFO] [stdout] test jsondb::tests::tests::test_create_index_duplicate ... ok
[INFO] [stdout] test jsondb::tests::tests::test_count ... ok
[INFO] [stdout] test jsondb::tests::tests::test_create_delete_index ... ok
[INFO] [stdout] test jsondb::tests::tests::test_create_delete_store ... ok
[INFO] [stdout] test engine::tests::test_background_compaction_independent_interval ... ok
[INFO] [stdout] test jsondb::tests::tests::test_create_object_store_same_name_different_key_path ... ok
[INFO] [stdout] test jsondb::tests::tests::test_create_object_store_idempotent ... ok
[INFO] [stdout] test jsondb::tests::tests::test_delete_index_missing_store ... ok
[INFO] [stdout] test jsondb::tests::tests::test_delete_missing_store ... ok
[INFO] [stdout] test jsondb::tests::tests::test_create_index_on_existing_data ... ok
[INFO] [stdout] test jsondb::tests::tests::test_delete_object_store_missing ... ok
[INFO] [stdout] test engine::tests::test_single_file_engine_multi_sst_query ... ok
[INFO] [stdout] test jsondb::tests::tests::test_delete_index_missing ... ok
[INFO] [stdout] test jsondb::tests::tests::test_document_without_key_field ... ok
[INFO] [stdout] test jsondb::tests::tests::test_delete_doc ... ok
[INFO] [stdout] test jsondb::tests::tests::test_cursor_prev_reverse ... ok
[INFO] [stdout] test jsondb::tests::tests::test_cursor_next_forward ... ok
[INFO] [stdout] test jsondb::tests::tests::test_encoding_negative_float ... ok
[INFO] [stdout] test jsondb::tests::tests::test_encoding_u64_number ... ok
[INFO] [stdout] test jsondb::tests::tests::test_extract_field_deep_path ... ok
[INFO] [stdout] test jsondb::tests::tests::test_extract_field_from_non_object ... ok
[INFO] [stdout] test jsondb::tests::tests::test_create_index_on_existing_data_unique_violation ... ok
[INFO] [stdout] test jsondb::tests::tests::test_flush_gap_records_remain_visible ... ok
[INFO] [stdout] test jsondb::tests::tests::test_delete_store_with_auto_increment ... ok
[INFO] [stdout] test jsondb::tests::tests::test_duplicate_put_updates ... ok
[INFO] [stdout] test jsondb::tests::tests::test_get_by_index_missing_index ... ok
[INFO] [stdout] test jsondb::tests::tests::test_get_by_index_missing_store ... ok
[INFO] [stdout] test jsondb::tests::tests::test_get_all_keys ... ok
[INFO] [stdout] test jsondb::tests::tests::test_count_with_keyrange ... ok
[INFO] [stdout] test jsondb::tests::tests::test_get_doc_not_found ... ok
[INFO] [stdout] test jsondb::tests::tests::test_get_nonexistent ... ok
[INFO] [stdout] test jsondb::tests::tests::test_delete_store_with_indexes_and_data ... ok
[INFO] [stdout] test jsondb::tests::tests::test_durability_batch_atomicity_on_replay ... ok
[INFO] [stdout] test jsondb::tests::tests::test_get_key ... ok
[INFO] [stdout] test jsondb::tests::tests::test_get_with_meta ... ok
[INFO] [stdout] test jsondb::tests::tests::test_cursor_with_keyrange ... ok
[INFO] [stdout] test jsondb::tests::tests::test_durability_survives_shutdown_reopen ... ok
[INFO] [stdout] test jsondb::tests::tests::test_from_engine_with_existing_data ... ok
[INFO] [stdout] test jsondb::tests::tests::test_cursor_advance ... ok
[INFO] [stdout] test jsondb::tests::tests::test_index_bool_values ... ok
[INFO] [stdout] test jsondb::tests::tests::test_index_null_values ... ok
[INFO] [stdout] test jsondb::tests::tests::test_index_cursor ... ok
[INFO] [stdout] test jsondb::tests::tests::test_index_on_field_not_present ... ok
[INFO] [stdout] test jsondb::tests::tests::test_key_range_bound_closed ... ok
[INFO] [stdout] test jsondb::tests::tests::test_key_range_bound_open ... ok
[INFO] [stdout] test jsondb::tests::tests::test_key_range_lower_bound ... ok
[INFO] [stdout] test jsondb::tests::tests::test_key_range_only ... ok
[INFO] [stdout] test jsondb::tests::tests::test_key_range_upper_bound ... ok
[INFO] [stdout] test jsondb::tests::tests::test_index_float_values ... ok
[INFO] [stdout] test jsondb::tests::tests::test_index_delete_removes_entries ... ok
[INFO] [stdout] test jsondb::tests::tests::test_missing_store_returns_error ... ok
[INFO] [stdout] test jsondb::tests::tests::test_index_on_nested_field ... ok
[INFO] [stdout] test jsondb::tests::tests::test_json_db_shutdown_close ... ok
[INFO] [stdout] test jsondb::tests::tests::test_index_point_lookup ... ok
[INFO] [stdout] test jsondb::tests::tests::test_index_on_deleted_doc_removed ... ok
[INFO] [stdout] test jsondb::tests::tests::test_get_all_with_count ... ok
[INFO] [stdout] test jsondb::tests::tests::test_index_update_on_put ... ok
[INFO] [stdout] test jsondb::tests::tests::test_mvcc_read_your_writes ... ok
[INFO] [stdout] test jsondb::tests::tests::test_mvcc_snapshot_repeatable_read ... ok
[INFO] [stdout] test jsondb::tests::tests::test_index_range_lookup ... ok
[INFO] [stdout] test jsondb::tests::tests::test_mvcc_snapshot_hides_uncommitted_writes ... ok
[INFO] [stdout] test jsondb::tests::tests::test_multi_entry_index ... ok
[INFO] [stdout] test jsondb::tests::tests::test_primary_key_object_type ... ok
[INFO] [stdout] test jsondb::tests::tests::test_multiple_stores_independent ... ok
[INFO] [stdout] test jsondb::tests::tests::test_non_string_primary_key ... ok
[INFO] [stdout] test jsondb::tests::tests::test_put_auto_missing_store ... ok
[INFO] [stdout] test jsondb::tests::tests::test_occ_no_conflict_write_only ... ok
[INFO] [stdout] test jsondb::tests::tests::test_occ_conflict_concurrent_modification ... ok
[INFO] [stdout] test jsondb::tests::tests::test_put_auto_non_auto ... ok
[INFO] [stdout] test jsondb::tests::tests::test_occ_conflict_on_delete ... ok
[INFO] [stdout] test jsondb::tests::tests::test_put_and_get ... ok
[INFO] [stdout] test jsondb::tests::tests::test_put_missing_store ... ok
[INFO] [stdout] test jsondb::tests::tests::test_put_and_delete ... ok
[INFO] [stdout] test jsondb::tests::tests::test_primary_key_numeric_types ... ok
[INFO] [stdout] test engine::tests::test_single_file_engine_compaction ... ok
[INFO] [stdout] test jsondb::tests::tests::test_put_doc_in_transaction ... ok
[INFO] [stdout] test jsondb::tests::tests::test_occ_no_conflict_disjoint_keys ... ok
[INFO] [stdout] test jsondb::tests::tests::test_put_doc_numeric_key ... ok
[INFO] [stdout] test jsondb::tests::tests::test_put_doc_and_get_doc ... ok
[INFO] [stdout] test jsondb::tests::tests::test_many_concurrent_transactions ... ok
[INFO] [stdout] test jsondb::tests::tests::test_put_update ... ok
[INFO] [stdout] test jsondb::tests::tests::test_query_builder_bool_index ... ok
[INFO] [stdout] test jsondb::tests::tests::test_query_builder_no_matching_index ... ok
[INFO] [stdout] test jsondb::tests::tests::test_query_builder_store_not_found ... ok
[INFO] [stdout] test jsondb::tests::tests::test_query_builder_composite_eq ... ok
[INFO] [stdout] test jsondb::tests::tests::test_put_in_transaction_updates_index ... ok
[INFO] [stdout] test jsondb::tests::tests::test_query_builder_order_by_desc ... ok
[INFO] [stdout] test jsondb::tests::tests::test_query_builder_eq ... ok
[INFO] [stdout] test jsondb::tests::tests::test_range_by_index_missing_store ... ok
[INFO] [stdout] test jsondb::tests::tests::test_query_builder_eq_and_range ... ok
[INFO] [stdout] test jsondb::tests::tests::test_range_by_index_missing_index ... ok
[INFO] [stdout] test jsondb::tests::tests::test_query_builder_order_by_asc ... ok
[INFO] [stdout] test jsondb::tests::tests::test_scan_missing_store ... ok
[INFO] [stdout] test jsondb::tests::tests::test_query_builder_with_transaction_roundtrip ... ok
[INFO] [stdout] test jsondb::tests::tests::test_query_builder_range ... ok
[INFO] [stdout] test jsondb::tests::tests::test_store_names ... ok
[INFO] [stdout] test jsondb::tests::tests::test_durability_shutdown_reopen ... ok
[INFO] [stdout] test jsondb::tests::tests::test_range_by_index_start_equals_end ... ok
[INFO] [stdout] test jsondb::tests::tests::test_range_by_index_empty_range ... ok
[INFO] [stdout] test jsondb::tests::tests::test_query_builder_where_in ... ok
[INFO] [stdout] test jsondb::tests::tests::test_scan_with_meta ... ok
[INFO] [stdout] test jsondb::tests::tests::test_transaction_abort ... ok
[INFO] [stdout] test jsondb::tests::tests::test_scan ... ok
[INFO] [stdout] test jsondb::tests::tests::test_transaction_abort_drop ... ok
[INFO] [stdout] test jsondb::tests::tests::test_query_builder_limit_offset ... ok
[INFO] [stdout] test jsondb::tests::tests::test_transaction_commit ... ok
[INFO] [stdout] test jsondb::tests::tests::test_reopen_persists_data ... ok
[INFO] [stdout] test jsondb::tests::tests::test_transaction_add_clear ... ok
[INFO] [stdout] test jsondb::tests::tests::test_transaction_atomicity ... ok
[INFO] [stdout] test jsondb::tests::tests::test_transaction_empty_commit ... ok
[INFO] [stdout] test jsondb::tests::tests::test_transaction_count_mixed ... ok
[INFO] [stdout] test jsondb::tests::tests::test_transaction_double_commit ... ok
[INFO] [stdout] test jsondb::tests::tests::test_transaction_delete_in_buffer ... ok
[INFO] [stdout] test jsondb::tests::tests::test_transaction_missing_store ... ok
[INFO] [stdout] test jsondb::tests::tests::test_reopen_with_indexes ... ok
[INFO] [stdout] test jsondb::tests::tests::test_transaction_put_auto_non_auto ... ok
[INFO] [stdout] test jsondb::tests::tests::test_transaction_get_by_index_buffered_delete_only ... ok
[INFO] [stdout] test jsondb::tests::tests::test_transaction_readonly_rejects_writes ... ok
[INFO] [stdout] test jsondb::tests::tests::test_transaction_put_auto ... ok
[INFO] [stdout] test jsondb::tests::tests::test_transaction_read_your_writes ... ok
[INFO] [stdout] test jsondb::tests::tests::test_transaction_get_by_index_buffered_update ... ok
[INFO] [stdout] test jsondb::tests::tests::test_transaction_index_read_your_writes ... ok
[INFO] [stdout] test jsondb::tests::tests::test_validate_index_def_edge_cases ... ok
[INFO] [stdout] test jsondb::tests::tests::test_validate_name_in_creation ... ok
[INFO] [stdout] test jsondb::tests::tests::test_transaction_range_by_index ... ok
[INFO] [stdout] test manifest::tests::test_manifest_legacy_string_keys_load ... ok
[INFO] [stdout] test manifest::tests::test_manifest_delete ... ok
[INFO] [stdout] test manifest::tests::test_manifest_append_and_replay ... ok
[INFO] [stdout] test manifest::tests::test_manifest_new_byte_keys_roundtrip ... ok
[INFO] [stdout] test jsondb::tests::tests::test_transaction_scan_buffered_puts ... ok
[INFO] [stdout] test memtable::tests::test_memtable_expiry ... ok
[INFO] [stdout] test memtable::tests::test_memtable_get_after_delete_returns_tombstone ... ok
[INFO] [stdout] test memtable::tests::test_memtable_get_latest_nonexistent ... ok
[INFO] [stdout] test memtable::tests::test_memtable_get_latest_returns_highest_ts ... ok
[INFO] [stdout] test memtable::tests::test_memtable_get_latest_skips_expired ... ok
[INFO] [stdout] test memtable::tests::test_memtable_get_returns_highest_seq_for_same_key_ts ... ok
[INFO] [stdout] test memtable::tests::test_memtable_get_three_versions ... ok
[INFO] [stdout] test memtable::tests::test_memtable_get_via_point_index_after_multi_insert ... ok
[INFO] [stdout] test memtable::tests::test_backpressure_drains_when_active_empty ... ok
[INFO] [stdout] test memtable::tests::test_memtable_get ... ok
[INFO] [stdout] test memtable::tests::test_memtable_iter_sorted ... ok
[INFO] [stdout] test memtable::tests::test_memtable_insert_query ... ok
[INFO] [stdout] test memtable::tests::test_memtable_key_range ... ok
[INFO] [stdout] test memtable::tests::test_memtable_len_is_empty_bytes ... ok
[INFO] [stdout] test memtable::tests::test_memtable_query_prefix_time_range ... ok
[INFO] [stdout] test memtable::tests::test_memtable_query_prefix_time_range_expiry ... ok
[INFO] [stdout] test memtable::tests::test_memtable_time_range ... ok
[INFO] [stdout] test memtable::tests::test_memtables_active_stats ... ok
[INFO] [stdout] test memtable::tests::test_memtable_query_key_time_range ... ok
[INFO] [stdout] test memtable::tests::test_memtables_drain_frozen ... ok
[INFO] [stdout] test memtable::tests::test_memtable_query_key_time_range_expiry ... ok
[INFO] [stdout] test memtable::tests::test_memtables_freeze ... ok
[INFO] [stdout] test memtable::tests::test_memtables_frozen_is_full ... ok
[INFO] [stdout] test memtable::tests::test_memtables_get_delete_in_active_overrides_put_in_frozen ... ok
[INFO] [stdout] test memtable::tests::test_memtables_get_latest_nonexistent ... ok
[INFO] [stdout] test memtable::tests::test_memtables_get_latest_prefers_active_over_frozen ... ok
[INFO] [stdout] test memtable::tests::test_memtables_get_multi_version_across_active_and_frozen ... ok
[INFO] [stdout] test memtable::tests::test_memtables_query_key_time_range ... ok
[INFO] [stdout] test memtable::tests::test_memtables_query_prefix_time_range ... ok
[INFO] [stdout] test record::tests::test_compression_default_is_lz4 ... ok
[INFO] [stdout] test memtable::tests::test_memtables_should_flush ... ok
[INFO] [stdout] test record::tests::test_compression_serde_lz4 ... ok
[INFO] [stdout] test record::tests::test_compression_serde_none ... ok
[INFO] [stdout] test record::tests::test_compression_serde_zstd ... ok
[INFO] [stdout] test record::tests::test_config_compression_default ... ok
[INFO] [stdout] test record::tests::test_config_default_values ... ok
[INFO] [stdout] test record::tests::test_config_serde_defaults ... ok
[INFO] [stdout] test record::tests::test_config_validate_block_size_zero ... ok
[INFO] [stdout] test record::tests::test_config_validate_bloom_zero ... ok
[INFO] [stdout] test record::tests::test_config_validate_cache_zero ... ok
[INFO] [stdout] test record::tests::test_config_validate_compaction_interval_zero ... ok
[INFO] [stdout] test record::tests::test_config_validate_compaction_threshold_zero ... ok
[INFO] [stdout] test record::tests::test_config_validate_max_frozen_zero ... ok
[INFO] [stdout] test record::tests::test_config_validate_memtable_zero ... ok
[INFO] [stdout] test record::tests::test_config_validate_ok ... ok
[INFO] [stdout] test record::tests::test_config_validate_time_bucket_zero ... ok
[INFO] [stdout] test record::tests::test_config_validate_ttl_zero ... ok
[INFO] [stdout] test jsondb::tests::tests::test_transaction_scan_with_buffered_delete ... ok
[INFO] [stdout] test record::tests::test_config_validate_ttl_overflow ... ok
[INFO] [stdout] test record::tests::test_config_validate_wal_segment_zero ... ok
[INFO] [stdout] test record::tests::test_config_validate_time_bucket_overflow ... ok
[INFO] [stdout] test record::tests::test_internal_record_from_to_record_roundtrip ... ok
[INFO] [stdout] test record::tests::test_increment_prefix_bytes ... ok
[INFO] [stdout] test record::tests::test_query_prefix_time_range_constructor ... ok
[INFO] [stdout] test record::tests::test_query_time_range_constructor ... ok
[INFO] [stdout] test record::tests::test_read_options_default ... ok
[INFO] [stdout] test record::tests::test_scan_range_all ... ok
[INFO] [stdout] test record::tests::test_scan_range_key_range ... ok
[INFO] [stdout] test record::tests::test_scan_range_key_time_range ... ok
[INFO] [stdout] test record::tests::test_scan_range_prefix ... ok
[INFO] [stdout] test record::tests::test_scan_range_prefix_time_range ... ok
[INFO] [stdout] test record::tests::test_scan_range_time_range ... ok
[INFO] [stdout] test record::tests::test_sync_mode_default ... ok
[INFO] [stdout] test record::tests::test_sync_mode_serde ... ok
[INFO] [stdout] test record::tests::test_internal_record_estimated_size_empty ... ok
[INFO] [stdout] test record::tests::test_query_key_time_range_constructor ... ok
[INFO] [stdout] test record::tests::test_internal_record_estimated_size ... ok
[INFO] [stdout] test record::tests::test_validate_zstd_level_23_rejected ... ok
[INFO] [stdout] test record::tests::test_validate_zstd_level_zero_rejected ... ok
[INFO] [stdout] test record::tests::test_validate_zstd_level_ok ... ok
[INFO] [stdout] test jsondb::tests::tests::test_unique_index_violation ... ok
[INFO] [stdout] test sstable::tests::test_sst_reader_open_region ... ok
[INFO] [stdout] test sstable::tests::test_sst_all_blocks_readable ... ok
[INFO] [stdout] test sstable::tests::test_sst_block_metadata ... ok
[INFO] [stdout] test sstable::tests::test_sst_roundtrip_none_compression ... ok
[INFO] [stdout] test sstable::tests::test_sst_compression ... ok
[INFO] [stdout] test sstable::tests::test_sst_stream_writer_empty ... ok
[INFO] [stdout] test sstable::tests::test_sst_stream_writer_multi_block ... ok
[INFO] [stdout] test sstable::tests::test_sst_stream_writer_none_roundtrip ... ok
[INFO] [stdout] test sstable::tests::test_sst_stream_writer_zstd_roundtrip ... ok
[INFO] [stdout] test sstable::tests::test_sst_stream_writer_single_block ... ok
[INFO] [stdout] test storage::tests::test_multi_file_open_missing_returns_error ... ok
[INFO] [stdout] test sstable::tests::test_sst_roundtrip_zstd_compression ... ok
[INFO] [stdout] test storage::tests::test_open_storage_creates_multi_file ... ok
[INFO] [stdout] test sstable::tests::test_sst_stream_writer_roundtrip_via_reader ... ok
[INFO] [stdout] test sstable::tests::test_sst_write_read_roundtrip ... ok
[INFO] [stdout] test manifest::tests::test_manifest_update_bloom_entry ... ok
[INFO] [stdout] test storage::tests::test_open_storage_single_file ... ok
[INFO] [stdout] test storage::tests::test_single_file_create_and_open ... ok
[INFO] [stdout] test storage::tests::test_multi_file_write_open_delete ... ok
[INFO] [stdout] test storage::tests::test_multi_file_overwrite ... ok
[INFO] [stdout] test storage::tests::test_single_file_overwrite_sst ... ok
[INFO] [stdout] test storage::tests::test_single_file_delete_persistence ... ok
[INFO] [stdout] test storage::tests::test_single_file_truncated_record_recovery ... ok
[INFO] [stdout] test tests::test_config_default_values ... ok
[INFO] [stdout] test storage::tests::test_single_file_persistence_across_reopen ... ok
[INFO] [stdout] test wal::tests::test_batch_commit_marker_multiple_batches ... ok
[INFO] [stdout] test wal::tests::test_batch_commit_marker_partial_last_batch ... ok
[INFO] [stdout] test wal::tests::test_batch_commit_marker_backward_compat_no_markers ... ok
[INFO] [stdout] test wal::tests::test_batch_commit_marker_replay_complete ... ok
[INFO] [stdout] test wal::tests::test_compute_checksum_deterministic ... ok
[INFO] [stdout] test wal::tests::test_encode_batch_consistency ... ok
[INFO] [stdout] test wal::tests::test_encoded_size ... ok
[INFO] [stdout] test wal::tests::test_batch_commit_marker_truncated_discards_pending ... ok
[INFO] [stdout] test wal::tests::test_read_i64 ... ok
[INFO] [stdout] test wal::tests::test_read_u32 ... ok
[INFO] [stdout] test wal::tests::test_read_u16 ... ok
[INFO] [stdout] test wal::tests::test_read_u64 ... ok
[INFO] [stdout] test storage::tests::test_single_file_checkpoint ... ok
[INFO] [stdout] test storage::tests::test_single_file_write_open_delete ... ok
[INFO] [stdout] test wal::tests::test_wal_checksum_rejects_corruption ... ok
[INFO] [stdout] test wal::tests::test_read_u64_panics_on_short_slice - should panic ... ok
[INFO] [stdout] test wal::tests::test_wal_checksum_roundtrip ... ok
[INFO] [stdout] test wal::tests::test_wal_recovery_after_restart ... ok
[INFO] [stdout] test wal::tests::test_wal_replay_from_seq ... ok
[INFO] [stdout] test storage::tests::test_single_file_compact ... ok
[INFO] [stdout] test wal::tests::test_wal_truncation_detection ... ok
[INFO] [stdout] test wal::tests::test_wal_truncate_before_preserves_recent ... ok
[INFO] [stdout] test wal::tests::test_wal_segment_rollover ... ok
[INFO] [stdout] test wal::tests::test_wal_write_read_roundtrip ... ok
[INFO] [stdout] test wal::tests::test_write_encoded ... ok
[INFO] [stdout] test wal::tests::test_wal_truncate_before_across_segments ... ok
[INFO] [stdout] test wal::tests::test_write_encoded_lazy_init_increments_segment_id ... ok
[INFO] [stdout] test engine::tests::test_memtable_backpressure_under_pressure ... ok
[INFO] [stdout] test jsondb::tests::tests::test_throughput_auto_increment ... ok
[INFO] [stdout] test jsondb::tests::tests::test_throughput_transaction_batch ... ok
[INFO] [stdout] test engine::tests::test_engine_gc_removes_expired_sstables ... ok
[INFO] [stdout] test storage::tests::test_single_file_many_ssts ... ok
[INFO] [stdout] test engine::tests::test_single_file_engine_gc ... ok
[INFO] [stdout] test jsondb::tests::tests::test_many_documents ... ok
[INFO] [stdout] test jsondb::tests::tests::test_throughput_sequential_writes ... ok
[INFO] [stdout] test jsondb::tests::tests::test_throughput_point_reads ... ok
[INFO] [stdout] test jsondb::tests::tests::test_throughput_index_query ... ok
[INFO] [stdout] test engine::tests::test_manifest_snapshot_compaction ... ok
[INFO] [stdout] 
[INFO] [stdout] test result: ok. 403 passed; 0 failed; 0 ignored; 0 measured; 0 filtered out; finished in 9.74s
[INFO] [stdout] 
[INFO] [stderr]      Running unittests src/bin/flowdb-stress.rs (/opt/rustwide/target/release/deps/flowdb_stress-84791783ce5b0e94)
[INFO] [stdout] 
[INFO] [stdout] running 18 tests
[INFO] [stdout] test tests::test_format_bytes_kb_range ... ok
[INFO] [stdout] test tests::test_format_duration_secs ... ok
[INFO] [stdout] test tests::test_stress_config_values ... ok
[INFO] [stdout] test tests::test_print_header_writes_label ... ok
[INFO] [stdout] test tests::test_print_result_basic ... ok
[INFO] [stdout] test tests::test_format_bytes_mb_range ... ok
[INFO] [stdout] test tests::test_format_duration_micros ... ok
[INFO] [stdout] test tests::test_format_duration_millis ... ok
[INFO] [stdout] test tests::test_format_bytes_under_kb ... ok
[INFO] [stdout] test tests::test_print_result_avg_ms ... ok
[INFO] [stdout] test tests::test_print_result_avg_ns ... ok
[INFO] [stdout] test tests::test_bench_mixed_rw_all_reads ... ok
[INFO] [stdout] test tests::test_bench_concurrent_reads_runs ... ok
[INFO] [stdout] test tests::test_bench_concurrent_writes_over_subscription ... ok
[INFO] [stdout] test tests::test_bench_sequential_writes_runs ... ok
[INFO] [stdout] test tests::test_bench_sequential_writes_smaller_than_batch ... ok
[INFO] [stdout] test tests::test_bench_concurrent_writes_runs ... ok
[INFO] [stdout] test tests::test_bench_mixed_rw_runs ... ok
[INFO] [stdout] 
[INFO] [stdout] test result: ok. 18 passed; 0 failed; 0 ignored; 0 measured; 0 filtered out; finished in 0.18s
[INFO] [stdout] 
[INFO] [stderr]      Running tests/fuzz_tests.rs (/opt/rustwide/target/release/deps/fuzz_tests-fb70fcbaec01cd80)
[INFO] [stdout] 
[INFO] [stdout] running 9 tests
[INFO] [stdout] test fuzz_manifest_recovery ... FAILED
[INFO] [stdout] test fuzz_single_file_manifest_recovery ... FAILED
[INFO] [stdout] test fuzz_single_file_sstable_write_read ... ok
[INFO] [stdout] test fuzz_engine_write_query ... ok
[INFO] [stdout] test fuzz_memtable_query ... ok
[INFO] [stdout] test fuzz_sstable_write_read ... ok
[INFO] [stdout] test fuzz_wal_encode_decode ... ok
[INFO] [stdout] test fuzz_single_file_multi_flush_compaction ... ok
[INFO] [stderr] error: test failed, to rerun pass `--test fuzz_tests`
[INFO] [stdout] test fuzz_block_meta_index_queries ... ok
[INFO] [stdout] 
[INFO] [stdout] failures:
[INFO] [stdout] 
[INFO] [stdout] ---- fuzz_manifest_recovery stdout ----
[INFO] [stdout] 
[INFO] [stdout] thread 'fuzz_manifest_recovery' (2728) panicked at tests/fuzz_tests.rs:295:13:
[INFO] [stdout] seed=0: record key=rmfzcrqzb ts=764144 lost after recovery
[INFO] [stdout] stack backtrace:
[INFO] [stdout]    0:     0x55e2c1e9ac11 - <<std[70759c8f55707aa4]::sys::backtrace::BacktraceLock>::print::DisplayBacktrace as core[df12db4294e9bfd3]::fmt::Display>::fmt
[INFO] [stdout]    1:     0x55e2c1eb025a - core[df12db4294e9bfd3]::fmt::write
[INFO] [stdout]    2:     0x55e2c1e9f41c - <alloc[2182bb758b4b3781]::vec::Vec<u8> as core[df12db4294e9bfd3]::io::write::Write>::write_fmt
[INFO] [stdout]    3:     0x55e2c1e74986 - std[70759c8f55707aa4]::panicking::default_hook::{closure#0}
[INFO] [stdout]    4:     0x55e2c1e91ed9 - std[70759c8f55707aa4]::panicking::default_hook
[INFO] [stdout]    5:     0x55e2c1d189f0 - test[9d35eded1c95d3be]::test_main_inner::<test[9d35eded1c95d3be]::test_main_static::{closure#0}>::{closure#0}
[INFO] [stdout]    6:     0x55e2c1e92092 - std[70759c8f55707aa4]::panicking::panic_with_hook
[INFO] [stdout]    7:     0x55e2c1e74a32 - std[70759c8f55707aa4]::panicking::panic_handler::{closure#0}
[INFO] [stdout]    8:     0x55e2c1e6d409 - std[70759c8f55707aa4]::sys::backtrace::__rust_end_short_backtrace::<std[70759c8f55707aa4]::panicking::panic_handler::{closure#0}, !>
[INFO] [stdout]    9:     0x55e2c1e7571d - __rustc[8fa7c3cbc660c2b3]::rust_begin_unwind
[INFO] [stdout]   10:     0x55e2c1eb09bc - core[df12db4294e9bfd3]::panicking::panic_fmt
[INFO] [stdout]   11:     0x55e2c1d03132 - <fuzz_tests[762313e14eb5d7ef]::fuzz_manifest_recovery::{closure#0} as core[df12db4294e9bfd3]::ops::function::FnOnce<()>>::call_once
[INFO] [stdout]   12:     0x55e2c1d0bcdb - test[9d35eded1c95d3be]::__rust_begin_short_backtrace::<core[df12db4294e9bfd3]::result::Result<(), alloc[2182bb758b4b3781]::string::String>, fn() -> core[df12db4294e9bfd3]::result::Result<(), alloc[2182bb758b4b3781]::string::String>>
[INFO] [stdout]   13:     0x55e2c1d19345 - test[9d35eded1c95d3be]::run_test::{closure#0}
[INFO] [stdout]   14:     0x55e2c1d12c04 - std[70759c8f55707aa4]::sys::backtrace::__rust_begin_short_backtrace::<test[9d35eded1c95d3be]::run_test::{closure#1}, ()>
[INFO] [stdout]   15:     0x55e2c1d1c4a2 - <std[70759c8f55707aa4]::thread::lifecycle::spawn_unchecked<test[9d35eded1c95d3be]::run_test::{closure#1}, ()>::{closure#1} as core[df12db4294e9bfd3]::ops::function::FnOnce<()>>::call_once::{shim:vtable#0}
[INFO] [stdout]   16:     0x55e2c1e99e29 - <std[70759c8f55707aa4]::sys::thread::unix::Thread>::new::thread_start
[INFO] [stdout]   17:     0x78470b0f3dfa - <unknown>
[INFO] [stdout]   18:     0x78470b1873d4 - clone
[INFO] [stdout]   19:                0x0 - <unknown>
[INFO] [stdout] 
[INFO] [stdout] ---- fuzz_single_file_manifest_recovery stdout ----
[INFO] [stdout] 
[INFO] [stdout] thread 'fuzz_single_file_manifest_recovery' (2730) panicked at tests/fuzz_tests.rs:430:13:
[INFO] [stdout] sf seed=0: record key=rmfzcrqzb ts=764144 lost after recovery
[INFO] [stdout] stack backtrace:
[INFO] [stdout]    0:     0x55e2c1e9ac11 - <<std[70759c8f55707aa4]::sys::backtrace::BacktraceLock>::print::DisplayBacktrace as core[df12db4294e9bfd3]::fmt::Display>::fmt
[INFO] [stdout]    1:     0x55e2c1eb025a - core[df12db4294e9bfd3]::fmt::write
[INFO] [stdout]    2:     0x55e2c1e9f41c - <alloc[2182bb758b4b3781]::vec::Vec<u8> as core[df12db4294e9bfd3]::io::write::Write>::write_fmt
[INFO] [stdout]    3:     0x55e2c1e74986 - std[70759c8f55707aa4]::panicking::default_hook::{closure#0}
[INFO] [stdout]    4:     0x55e2c1e91ed9 - std[70759c8f55707aa4]::panicking::default_hook
[INFO] [stdout]    5:     0x55e2c1d189f0 - test[9d35eded1c95d3be]::test_main_inner::<test[9d35eded1c95d3be]::test_main_static::{closure#0}>::{closure#0}
[INFO] [stdout]    6:     0x55e2c1e92092 - std[70759c8f55707aa4]::panicking::panic_with_hook
[INFO] [stdout]    7:     0x55e2c1e74a32 - std[70759c8f55707aa4]::panicking::panic_handler::{closure#0}
[INFO] [stdout]    8:     0x55e2c1e6d409 - std[70759c8f55707aa4]::sys::backtrace::__rust_end_short_backtrace::<std[70759c8f55707aa4]::panicking::panic_handler::{closure#0}, !>
[INFO] [stdout]    9:     0x55e2c1e7571d - __rustc[8fa7c3cbc660c2b3]::rust_begin_unwind
[INFO] [stdout]   10:     0x55e2c1eb09bc - core[df12db4294e9bfd3]::panicking::panic_fmt
[INFO] [stdout]   11:     0x55e2c1d0867f - <fuzz_tests[762313e14eb5d7ef]::fuzz_single_file_manifest_recovery::{closure#0} as core[df12db4294e9bfd3]::ops::function::FnOnce<()>>::call_once
[INFO] [stdout]   12:     0x55e2c1d0bcdb - test[9d35eded1c95d3be]::__rust_begin_short_backtrace::<core[df12db4294e9bfd3]::result::Result<(), alloc[2182bb758b4b3781]::string::String>, fn() -> core[df12db4294e9bfd3]::result::Result<(), alloc[2182bb758b4b3781]::string::String>>
[INFO] [stdout]   13:     0x55e2c1d19345 - test[9d35eded1c95d3be]::run_test::{closure#0}
[INFO] [stdout]   14:     0x55e2c1d12c04 - std[70759c8f55707aa4]::sys::backtrace::__rust_begin_short_backtrace::<test[9d35eded1c95d3be]::run_test::{closure#1}, ()>
[INFO] [stdout]   15:     0x55e2c1d1c4a2 - <std[70759c8f55707aa4]::thread::lifecycle::spawn_unchecked<test[9d35eded1c95d3be]::run_test::{closure#1}, ()>::{closure#1} as core[df12db4294e9bfd3]::ops::function::FnOnce<()>>::call_once::{shim:vtable#0}
[INFO] [stdout]   16:     0x55e2c1e99e29 - <std[70759c8f55707aa4]::sys::thread::unix::Thread>::new::thread_start
[INFO] [stdout]   17:     0x78470b0f3dfa - <unknown>
[INFO] [stdout]   18:     0x78470b1873d4 - clone
[INFO] [stdout]   19:                0x0 - <unknown>
[INFO] [stdout] 
[INFO] [stdout] 
[INFO] [stdout] failures:
[INFO] [stdout]     fuzz_manifest_recovery
[INFO] [stdout]     fuzz_single_file_manifest_recovery
[INFO] [stdout] 
[INFO] [stdout] test result: FAILED. 7 passed; 2 failed; 0 ignored; 0 measured; 0 filtered out; finished in 19.56s
[INFO] [stdout] 
[INFO] running `Command { std: "docker" "inspect" "ad2e0605f5df0425cf6bb4db9fefd4766f37c45deb750ae660f78e9e35096b7a", kill_on_drop: false }`
[INFO] running `Command { std: "docker" "rm" "-f" "ad2e0605f5df0425cf6bb4db9fefd4766f37c45deb750ae660f78e9e35096b7a", kill_on_drop: false }`
[INFO] [stdout] ad2e0605f5df0425cf6bb4db9fefd4766f37c45deb750ae660f78e9e35096b7a
