[INFO] fetching crate flow-rs-core 0.1.0-beta.2...
[INFO] testing flow-rs-core-0.1.0-beta.2 against 1.100.0-beta.1+cargoflags=--release for beta-release-1.100-2
[INFO] extracting crate flow-rs-core 0.1.0-beta.2 into /workspace/builds/worker-4-tc2/source
[INFO] started tweaking crates.io crate flow-rs-core 0.1.0-beta.2
[INFO] removed 0 missing tests
[INFO] finished tweaking crates.io crate flow-rs-core 0.1.0-beta.2
[INFO] tweaked toml for crates.io crate flow-rs-core 0.1.0-beta.2 written to /workspace/builds/worker-4-tc2/source/Cargo.toml
[INFO] validating manifest of crates.io crate flow-rs-core 0.1.0-beta.2 on toolchain 1.100.0-beta.1
[INFO] running `Command { std: CARGO_HOME="/workspace/cargo-home" RUSTUP_HOME="/workspace/rustup-home" "/workspace/cargo-home/bin/cargo" "+1.100.0-beta.1" "metadata" "--manifest-path" "Cargo.toml" "--no-deps", kill_on_drop: false }`
[INFO] crate crates.io crate flow-rs-core 0.1.0-beta.2 already has a lockfile, it will not be regenerated
[INFO] running `Command { std: CARGO_HOME="/workspace/cargo-home" RUSTUP_HOME="/workspace/rustup-home" "/workspace/cargo-home/bin/cargo" "+1.100.0-beta.1" "fetch" "--manifest-path" "Cargo.toml", kill_on_drop: false }`
[INFO] [stderr]     Blocking waiting for file lock on package cache
[INFO] running `Command { std: "docker" "create" "-v" "/var/lib/crater-agent-workspace/builds/worker-4-tc2/source:/opt/rustwide/workdir:ro,Z" "-v" "/var/lib/crater-agent-workspace/builds/worker-4-tc2/target:/opt/rustwide/target:rw,Z" "-v" "/var/lib/crater-agent-workspace/cargo-home:/opt/rustwide/cargo-home:ro,Z" "-v" "/var/lib/crater-agent-workspace/rustup-home:/opt/rustwide/rustup-home:ro,Z" "-m" "1610612736" "--network" "none" "ghcr.io/rust-lang/crates-build-env/linux@sha256:77db811e55d90add9212f6832c23229e3de5f1c1f9905e8cb07319ea15df73ac" "sleep" "infinity", kill_on_drop: false }`
[INFO] [stdout] e712b9f7553ad13fcad3ac60273a3283cf2e305715fc6c65c977ae9ec3056855
[INFO] running `Command { std: "docker" "start" "e712b9f7553ad13fcad3ac60273a3283cf2e305715fc6c65c977ae9ec3056855", kill_on_drop: false }`
[INFO] running `Command { std: "docker" "inspect" "e712b9f7553ad13fcad3ac60273a3283cf2e305715fc6c65c977ae9ec3056855", kill_on_drop: false }`
[INFO] running `Command { std: "docker" "exec" "-e" "SOURCE_DIR=/opt/rustwide/workdir" "-e" "CARGO_HOME=/opt/rustwide/cargo-home" "-e" "RUSTUP_HOME=/opt/rustwide/rustup-home" "-e" "CARGO_TARGET_DIR=/opt/rustwide/target" "-w" "/opt/rustwide/workdir" "--user" "0:0" "e712b9f7553ad13fcad3ac60273a3283cf2e305715fc6c65c977ae9ec3056855" "/opt/rustwide/cargo-home/bin/cargo" "+1.100.0-beta.1" "metadata" "--no-deps" "--format-version=1", kill_on_drop: false }`
[INFO] running `Command { std: "docker" "inspect" "e712b9f7553ad13fcad3ac60273a3283cf2e305715fc6c65c977ae9ec3056855", kill_on_drop: false }`
[INFO] running `Command { std: "docker" "exec" "-e" "SOURCE_DIR=/opt/rustwide/workdir" "-e" "CARGO_HOME=/opt/rustwide/cargo-home" "-e" "RUSTUP_HOME=/opt/rustwide/rustup-home" "-e" "CARGO_TARGET_DIR=/opt/rustwide/target" "-e" "CARGO_INCREMENTAL=0" "-e" "RUST_BACKTRACE=full" "-e" "RUSTFLAGS=--cap-lints=warn" "-e" "RUSTDOCFLAGS=--cap-lints=warn" "-w" "/opt/rustwide/workdir" "--user" "0:0" "e712b9f7553ad13fcad3ac60273a3283cf2e305715fc6c65c977ae9ec3056855" "/opt/rustwide/cargo-home/bin/cargo" "+1.100.0-beta.1" "build" "--frozen" "--message-format=json" "--release", kill_on_drop: false }`
[INFO] [stderr]    Compiling bytemuck v1.23.2
[INFO] [stderr]    Compiling typenum v1.18.0
[INFO] [stderr]    Compiling libc v0.2.175
[INFO] [stderr]    Compiling robust v1.2.0
[INFO] [stderr]    Compiling approx v0.5.1
[INFO] [stderr]    Compiling num-integer v0.1.46
[INFO] [stderr]    Compiling syn v2.0.106
[INFO] [stderr]    Compiling safe_arch v0.7.4
[INFO] [stderr]    Compiling num-rational v0.4.2
[INFO] [stderr]    Compiling spade v2.15.0
[INFO] [stderr]    Compiling wide v0.7.33
[INFO] [stderr]    Compiling getrandom v0.3.3
[INFO] [stderr]    Compiling uuid v1.18.1
[INFO] [stderr]    Compiling simba v0.8.1
[INFO] [stderr]    Compiling nalgebra-macros v0.2.2
[INFO] [stderr]    Compiling thiserror-impl v1.0.69
[INFO] [stderr]    Compiling thiserror v1.0.69
[INFO] [stderr]    Compiling nalgebra v0.32.6
[INFO] [stderr]    Compiling flow-rs-core v0.1.0-beta.2 (/opt/rustwide/workdir)
[INFO] [stderr]     Finished `release` profile [optimized] target(s) in 24.44s
[INFO] running `Command { std: "docker" "inspect" "e712b9f7553ad13fcad3ac60273a3283cf2e305715fc6c65c977ae9ec3056855", kill_on_drop: false }`
[INFO] running `Command { std: "docker" "exec" "-e" "SOURCE_DIR=/opt/rustwide/workdir" "-e" "CARGO_HOME=/opt/rustwide/cargo-home" "-e" "RUSTUP_HOME=/opt/rustwide/rustup-home" "-e" "CARGO_TARGET_DIR=/opt/rustwide/target" "-e" "CARGO_INCREMENTAL=0" "-e" "RUST_BACKTRACE=full" "-e" "RUSTFLAGS=--cap-lints=warn" "-e" "RUSTDOCFLAGS=--cap-lints=warn" "-w" "/opt/rustwide/workdir" "--user" "0:0" "e712b9f7553ad13fcad3ac60273a3283cf2e305715fc6c65c977ae9ec3056855" "/opt/rustwide/cargo-home/bin/cargo" "+1.100.0-beta.1" "test" "--frozen" "--no-run" "--message-format=json" "--release", kill_on_drop: false }`
[INFO] [stderr]    Compiling getrandom v0.3.3
[INFO] [stderr]    Compiling serde_core v1.0.225
[INFO] [stderr]    Compiling serde v1.0.225
[INFO] [stderr]    Compiling regex-syntax v0.8.6
[INFO] [stderr]    Compiling serde_json v1.0.145
[INFO] [stderr]    Compiling half v2.6.0
[INFO] [stderr]    Compiling ciborium-io v0.2.2
[INFO] [stderr]    Compiling serde_derive v1.0.225
[INFO] [stderr]    Compiling clap_builder v4.5.48
[INFO] [stderr]    Compiling ppv-lite86 v0.2.21
[INFO] [stderr]    Compiling wait-timeout v0.2.1
[INFO] [stderr]    Compiling itertools v0.10.5
[INFO] [stderr]    Compiling plotters v0.3.7
[INFO] [stderr]    Compiling is-terminal v0.4.16
[INFO] [stderr]    Compiling anes v0.1.6
[INFO] [stderr]    Compiling ciborium-ll v0.2.2
[INFO] [stderr]    Compiling rand_core v0.9.3
[INFO] [stderr]    Compiling tempfile v3.22.0
[INFO] [stderr]    Compiling uuid v1.18.1
[INFO] [stderr]    Compiling flow-rs-core v0.1.0-beta.2 (/opt/rustwide/workdir)
[INFO] [stderr]    Compiling rand_xorshift v0.4.0
[INFO] [stderr]    Compiling rand v0.9.2
[INFO] [stderr]    Compiling rand_chacha v0.9.0
[INFO] [stderr]    Compiling rusty-fork v0.3.0
[INFO] [stderr]    Compiling criterion-plot v0.5.0
[INFO] [stderr]    Compiling regex-automata v0.4.10
[INFO] [stderr]    Compiling proptest v1.7.0
[INFO] [stderr]    Compiling clap v4.5.48
[INFO] [stderr]    Compiling ciborium v0.2.2
[INFO] [stderr]    Compiling tinytemplate v1.2.1
[INFO] [stderr]    Compiling regex v1.11.2
[INFO] [stderr]    Compiling criterion v0.5.1
[INFO] [stdout] warning: unused import: `super::*`
[INFO] [stdout]   --> src/auto_layout/tests.rs:11:9
[INFO] [stdout]    |
[INFO] [stdout] 11 |     use super::*;
[INFO] [stdout]    |         ^^^^^^^^
[INFO] [stdout]    |
[INFO] [stdout]    = note: `#[warn(unused_imports)]` (part of `#[warn(unused)]`) on by default
[INFO] [stdout] 
[INFO] [stdout] 
[INFO] [stdout] warning: unused import: `NodeId`
[INFO] [stdout]   --> src/auto_layout/tests.rs:12:24
[INFO] [stdout]    |
[INFO] [stdout] 12 |     use crate::types::{NodeId, Position};
[INFO] [stdout]    |                        ^^^^^^
[INFO] [stdout] 
[INFO] [stdout] 
[INFO] [stdout] warning: unused import: `AutoLayoutConfigBuilder`
[INFO] [stdout]   --> src/auto_layout/tests.rs:14:48
[INFO] [stdout]    |
[INFO] [stdout] 14 |     use crate::auto_layout::{AutoLayoutConfig, AutoLayoutConfigBuilder, AutoLayoutStrategy};
[INFO] [stdout]    |                                                ^^^^^^^^^^^^^^^^^^^^^^^
[INFO] [stdout] 
[INFO] [stdout] 
[INFO] [stdout] warning: unused import: `super::*`
[INFO] [stdout]   --> src/groups/tests.rs:11:9
[INFO] [stdout]    |
[INFO] [stdout] 11 |     use super::*;
[INFO] [stdout]    |         ^^^^^^^^
[INFO] [stdout] 
[INFO] [stdout] 
[INFO] [stdout] warning: unused import: `super::*`
[INFO] [stdout]  --> src/types/tests.rs:9:9
[INFO] [stdout]   |
[INFO] [stdout] 9 |     use super::*;
[INFO] [stdout]   |         ^^^^^^^^
[INFO] [stdout] 
[INFO] [stdout] 
[INFO] [stdout] warning: unused import: `Rect`
[INFO] [stdout]  --> src/api_contracts/graph.rs:4:46
[INFO] [stdout]   |
[INFO] [stdout] 4 | use crate::types::{EdgeId, NodeId, Position, Rect, Size};
[INFO] [stdout]   |                                              ^^^^
[INFO] [stdout] 
[INFO] [stdout] 
[INFO] [stdout] warning: unused imports: `Edge`, `Graph`, and `Node`
[INFO] [stdout]  --> src/api_contracts/serialization.rs:3:20
[INFO] [stdout]   |
[INFO] [stdout] 3 | use crate::graph::{Edge, Graph, Node};
[INFO] [stdout]   |                    ^^^^  ^^^^^  ^^^^
[INFO] [stdout] 
[INFO] [stdout] 
[INFO] [stdout] warning: unused import: `Position`
[INFO] [stdout]  --> src/api_contracts/serialization.rs:4:20
[INFO] [stdout]   |
[INFO] [stdout] 4 | use crate::types::{Position};
[INFO] [stdout]   |                    ^^^^^^^^
[INFO] [stdout] 
[INFO] [stdout] 
[INFO] [stdout] warning: unused import: `super::*`
[INFO] [stdout]  --> src/api_contracts/serialization.rs:8:9
[INFO] [stdout]   |
[INFO] [stdout] 8 |     use super::*;
[INFO] [stdout]   |         ^^^^^^^^
[INFO] [stdout] 
[INFO] [stdout] 
[INFO] [stdout] warning: unused import: `NodeId`
[INFO] [stdout]  --> src/api_contracts/spatial.rs:5:20
[INFO] [stdout]   |
[INFO] [stdout] 5 | use crate::types::{NodeId, Position, Rect};
[INFO] [stdout]   |                    ^^^^^^
[INFO] [stdout] 
[INFO] [stdout] 
[INFO] [stdout] warning: unused import: `std::collections::HashMap`
[INFO] [stdout]   --> src/api_reference_tests.rs:12:5
[INFO] [stdout]    |
[INFO] [stdout] 12 | use std::collections::HashMap;
[INFO] [stdout]    |     ^^^^^^^^^^^^^^^^^^^^^^^^^
[INFO] [stdout] 
[INFO] [stdout] 
[INFO] [stdout] warning: unused variable: `graph`
[INFO] [stdout]    --> src/groups/tests.rs:320:13
[INFO] [stdout]     |
[INFO] [stdout] 320 |         let graph = Graph::<(), ()>::new();
[INFO] [stdout]     |             ^^^^^ help: if this is intentional, prefix it with an underscore: `_graph`
[INFO] [stdout]     |
[INFO] [stdout]     = note: `#[warn(unused_variables)]` (part of `#[warn(unused)]`) on by default
[INFO] [stdout] 
[INFO] [stdout] 
[INFO] [stdout] warning: variable does not need to be mutable
[INFO] [stdout]   --> src/api_contracts/group.rs:31:13
[INFO] [stdout]    |
[INFO] [stdout] 31 |         let mut graph = create_test_graph();
[INFO] [stdout]    |             ----^^^^^
[INFO] [stdout]    |             |
[INFO] [stdout]    |             help: remove this `mut`
[INFO] [stdout]    |
[INFO] [stdout]    = note: `#[warn(unused_mut)]` (part of `#[warn(unused)]`) on by default
[INFO] [stdout] 
[INFO] [stdout] 
[INFO] [stdout] warning: unused variable: `graph`
[INFO] [stdout]   --> src/api_contracts/group.rs:31:13
[INFO] [stdout]    |
[INFO] [stdout] 31 |         let mut graph = create_test_graph();
[INFO] [stdout]    |             ^^^^^^^^^ help: if this is intentional, prefix it with an underscore: `_graph`
[INFO] [stdout] 
[INFO] [stdout] 
[INFO] [stdout] warning: variable does not need to be mutable
[INFO] [stdout]   --> src/api_contracts/group.rs:49:13
[INFO] [stdout]    |
[INFO] [stdout] 49 |         let mut graph = create_test_graph();
[INFO] [stdout]    |             ----^^^^^
[INFO] [stdout]    |             |
[INFO] [stdout]    |             help: remove this `mut`
[INFO] [stdout] 
[INFO] [stdout] 
[INFO] [stdout] warning: unused variable: `graph`
[INFO] [stdout]   --> src/api_contracts/group.rs:49:13
[INFO] [stdout]    |
[INFO] [stdout] 49 |         let mut graph = create_test_graph();
[INFO] [stdout]    |             ^^^^^^^^^ help: if this is intentional, prefix it with an underscore: `_graph`
[INFO] [stdout] 
[INFO] [stdout] 
[INFO] [stdout] warning: variable does not need to be mutable
[INFO] [stdout]   --> src/api_contracts/group.rs:72:13
[INFO] [stdout]    |
[INFO] [stdout] 72 |         let mut graph = create_test_graph();
[INFO] [stdout]    |             ----^^^^^
[INFO] [stdout]    |             |
[INFO] [stdout]    |             help: remove this `mut`
[INFO] [stdout] 
[INFO] [stdout] 
[INFO] [stdout] warning: unused variable: `graph`
[INFO] [stdout]   --> src/api_contracts/group.rs:72:13
[INFO] [stdout]    |
[INFO] [stdout] 72 |         let mut graph = create_test_graph();
[INFO] [stdout]    |             ^^^^^^^^^ help: if this is intentional, prefix it with an underscore: `_graph`
[INFO] [stdout] 
[INFO] [stdout] 
[INFO] [stdout] warning: variable does not need to be mutable
[INFO] [stdout]   --> src/api_contracts/group.rs:92:13
[INFO] [stdout]    |
[INFO] [stdout] 92 |         let mut graph = create_test_graph();
[INFO] [stdout]    |             ----^^^^^
[INFO] [stdout]    |             |
[INFO] [stdout]    |             help: remove this `mut`
[INFO] [stdout] 
[INFO] [stdout] 
[INFO] [stdout] warning: variable does not need to be mutable
[INFO] [stdout]   --> src/api_contracts/handle.rs:41:13
[INFO] [stdout]    |
[INFO] [stdout] 41 |         let mut graph = create_test_graph();
[INFO] [stdout]    |             ----^^^^^
[INFO] [stdout]    |             |
[INFO] [stdout]    |             help: remove this `mut`
[INFO] [stdout] 
[INFO] [stdout] 
[INFO] [stdout] warning: unused variable: `graph`
[INFO] [stdout]   --> src/api_contracts/handle.rs:41:13
[INFO] [stdout]    |
[INFO] [stdout] 41 |         let mut graph = create_test_graph();
[INFO] [stdout]    |             ^^^^^^^^^ help: if this is intentional, prefix it with an underscore: `_graph`
[INFO] [stdout] 
[INFO] [stdout] 
[INFO] [stdout] warning: variable does not need to be mutable
[INFO] [stdout]   --> src/api_contracts/handle.rs:65:13
[INFO] [stdout]    |
[INFO] [stdout] 65 |         let mut graph = create_test_graph();
[INFO] [stdout]    |             ----^^^^^
[INFO] [stdout]    |             |
[INFO] [stdout]    |             help: remove this `mut`
[INFO] [stdout] 
[INFO] [stdout] 
[INFO] [stdout] warning: unused variable: `graph`
[INFO] [stdout]   --> src/api_contracts/handle.rs:65:13
[INFO] [stdout]    |
[INFO] [stdout] 65 |         let mut graph = create_test_graph();
[INFO] [stdout]    |             ^^^^^^^^^ help: if this is intentional, prefix it with an underscore: `_graph`
[INFO] [stdout] 
[INFO] [stdout] 
[INFO] [stdout] warning: variable does not need to be mutable
[INFO] [stdout]   --> src/api_contracts/handle.rs:91:13
[INFO] [stdout]    |
[INFO] [stdout] 91 |         let mut graph = create_test_graph();
[INFO] [stdout]    |             ----^^^^^
[INFO] [stdout]    |             |
[INFO] [stdout]    |             help: remove this `mut`
[INFO] [stdout] 
[INFO] [stdout] 
[INFO] [stdout] warning: unused variable: `graph`
[INFO] [stdout]   --> src/api_contracts/handle.rs:91:13
[INFO] [stdout]    |
[INFO] [stdout] 91 |         let mut graph = create_test_graph();
[INFO] [stdout]    |             ^^^^^^^^^ help: if this is intentional, prefix it with an underscore: `_graph`
[INFO] [stdout] 
[INFO] [stdout] 
[INFO] [stdout] warning: variable does not need to be mutable
[INFO] [stdout]   --> src/api_contracts/selection.rs:31:13
[INFO] [stdout]    |
[INFO] [stdout] 31 |         let mut graph = create_test_graph();
[INFO] [stdout]    |             ----^^^^^
[INFO] [stdout]    |             |
[INFO] [stdout]    |             help: remove this `mut`
[INFO] [stdout] 
[INFO] [stdout] 
[INFO] [stdout] warning: unused variable: `graph`
[INFO] [stdout]   --> src/api_contracts/selection.rs:31:13
[INFO] [stdout]    |
[INFO] [stdout] 31 |         let mut graph = create_test_graph();
[INFO] [stdout]    |             ^^^^^^^^^ help: if this is intentional, prefix it with an underscore: `_graph`
[INFO] [stdout] 
[INFO] [stdout] 
[INFO] [stdout] warning: variable does not need to be mutable
[INFO] [stdout]   --> src/api_contracts/selection.rs:51:13
[INFO] [stdout]    |
[INFO] [stdout] 51 |         let mut graph = create_test_graph();
[INFO] [stdout]    |             ----^^^^^
[INFO] [stdout]    |             |
[INFO] [stdout]    |             help: remove this `mut`
[INFO] [stdout] 
[INFO] [stdout] 
[INFO] [stdout] warning: unused variable: `graph`
[INFO] [stdout]   --> src/api_contracts/selection.rs:51:13
[INFO] [stdout]    |
[INFO] [stdout] 51 |         let mut graph = create_test_graph();
[INFO] [stdout]    |             ^^^^^^^^^ help: if this is intentional, prefix it with an underscore: `_graph`
[INFO] [stdout] 
[INFO] [stdout] 
[INFO] [stdout] warning: unused variable: `version`
[INFO] [stdout]    --> src/documentation_tests.rs:227:13
[INFO] [stdout]     |
[INFO] [stdout] 227 |         let version = version_line
[INFO] [stdout]     |             ^^^^^^^ help: if this is intentional, prefix it with an underscore: `_version`
[INFO] [stdout] 
[INFO] [stdout] 
[INFO] [stdout] warning: unused variable: `version`
[INFO] [stdout]    --> src/api_reference_tests.rs:269:13
[INFO] [stdout]     |
[INFO] [stdout] 269 |         let version = version_line
[INFO] [stdout]     |             ^^^^^^^ help: if this is intentional, prefix it with an underscore: `_version`
[INFO] [stdout] 
[INFO] [stdout] 
[INFO] [stdout] warning: unused variable: `examples_dir`
[INFO] [stdout]    --> src/renaming_validation_tests.rs:386:13
[INFO] [stdout]     |
[INFO] [stdout] 386 |         let examples_dir = Path::new("../examples");
[INFO] [stdout]     |             ^^^^^^^^^^^^ help: if this is intentional, prefix it with an underscore: `_examples_dir`
[INFO] [stdout] 
[INFO] [stdout] 
[INFO] [stderr]     Finished `release` profile [optimized] target(s) in 1m 05s
[INFO] running `Command { std: "docker" "inspect" "e712b9f7553ad13fcad3ac60273a3283cf2e305715fc6c65c977ae9ec3056855", kill_on_drop: false }`
[INFO] running `Command { std: "docker" "exec" "-e" "SOURCE_DIR=/opt/rustwide/workdir" "-e" "CARGO_HOME=/opt/rustwide/cargo-home" "-e" "RUSTUP_HOME=/opt/rustwide/rustup-home" "-e" "CARGO_TARGET_DIR=/opt/rustwide/target" "-e" "CARGO_INCREMENTAL=0" "-e" "RUST_BACKTRACE=full" "-e" "RUSTFLAGS=--cap-lints=warn" "-e" "RUSTDOCFLAGS=--cap-lints=warn" "-w" "/opt/rustwide/workdir" "--user" "0:0" "e712b9f7553ad13fcad3ac60273a3283cf2e305715fc6c65c977ae9ec3056855" "/opt/rustwide/cargo-home/bin/cargo" "+1.100.0-beta.1" "test" "--frozen" "--release", kill_on_drop: false }`
[INFO] [stderr] warning: unused import: `super::*`
[INFO] [stderr]   --> src/auto_layout/tests.rs:11:9
[INFO] [stderr]    |
[INFO] [stderr] 11 |     use super::*;
[INFO] [stderr]    |         ^^^^^^^^
[INFO] [stderr]    |
[INFO] [stderr]    = note: `#[warn(unused_imports)]` (part of `#[warn(unused)]`) on by default
[INFO] [stderr] 
[INFO] [stderr] warning: unused import: `NodeId`
[INFO] [stderr]   --> src/auto_layout/tests.rs:12:24
[INFO] [stderr]    |
[INFO] [stderr] 12 |     use crate::types::{NodeId, Position};
[INFO] [stderr]    |                        ^^^^^^
[INFO] [stderr] 
[INFO] [stderr] warning: unused import: `AutoLayoutConfigBuilder`
[INFO] [stderr]   --> src/auto_layout/tests.rs:14:48
[INFO] [stderr]    |
[INFO] [stderr] 14 |     use crate::auto_layout::{AutoLayoutConfig, AutoLayoutConfigBuilder, AutoLayoutStrategy};
[INFO] [stderr]    |                                                ^^^^^^^^^^^^^^^^^^^^^^^
[INFO] [stderr] 
[INFO] [stderr] warning: unused import: `super::*`
[INFO] [stderr]   --> src/groups/tests.rs:11:9
[INFO] [stderr]    |
[INFO] [stderr] 11 |     use super::*;
[INFO] [stderr]    |         ^^^^^^^^
[INFO] [stderr] 
[INFO] [stderr] warning: unused import: `super::*`
[INFO] [stderr]  --> src/types/tests.rs:9:9
[INFO] [stderr]   |
[INFO] [stderr] 9 |     use super::*;
[INFO] [stderr]   |         ^^^^^^^^
[INFO] [stderr] 
[INFO] [stderr] warning: unused import: `Rect`
[INFO] [stderr]  --> src/api_contracts/graph.rs:4:46
[INFO] [stderr]   |
[INFO] [stderr] 4 | use crate::types::{EdgeId, NodeId, Position, Rect, Size};
[INFO] [stderr]   |                                              ^^^^
[INFO] [stderr] 
[INFO] [stderr] warning: unused imports: `Edge`, `Graph`, and `Node`
[INFO] [stderr]  --> src/api_contracts/serialization.rs:3:20
[INFO] [stderr]   |
[INFO] [stderr] 3 | use crate::graph::{Edge, Graph, Node};
[INFO] [stderr]   |                    ^^^^  ^^^^^  ^^^^
[INFO] [stderr] 
[INFO] [stderr] warning: unused import: `Position`
[INFO] [stderr]  --> src/api_contracts/serialization.rs:4:20
[INFO] [stderr]   |
[INFO] [stderr] 4 | use crate::types::{Position};
[INFO] [stderr]   |                    ^^^^^^^^
[INFO] [stderr] 
[INFO] [stderr] warning: unused import: `super::*`
[INFO] [stderr]  --> src/api_contracts/serialization.rs:8:9
[INFO] [stderr]   |
[INFO] [stderr] 8 |     use super::*;
[INFO] [stderr]   |         ^^^^^^^^
[INFO] [stderr] 
[INFO] [stderr] warning: unused import: `NodeId`
[INFO] [stderr]  --> src/api_contracts/spatial.rs:5:20
[INFO] [stderr]   |
[INFO] [stderr] 5 | use crate::types::{NodeId, Position, Rect};
[INFO] [stderr]   |                    ^^^^^^
[INFO] [stderr] 
[INFO] [stderr] warning: unused import: `std::collections::HashMap`
[INFO] [stderr]   --> src/api_reference_tests.rs:12:5
[INFO] [stderr]    |
[INFO] [stderr] 12 | use std::collections::HashMap;
[INFO] [stderr]    |     ^^^^^^^^^^^^^^^^^^^^^^^^^
[INFO] [stderr] 
[INFO] [stderr] warning: unused variable: `graph`
[INFO] [stderr]    --> src/groups/tests.rs:320:13
[INFO] [stderr]     |
[INFO] [stderr] 320 |         let graph = Graph::<(), ()>::new();
[INFO] [stderr]     |             ^^^^^ help: if this is intentional, prefix it with an underscore: `_graph`
[INFO] [stderr]     |
[INFO] [stderr]     = note: `#[warn(unused_variables)]` (part of `#[warn(unused)]`) on by default
[INFO] [stderr] 
[INFO] [stderr] warning: variable does not need to be mutable
[INFO] [stderr]   --> src/api_contracts/group.rs:31:13
[INFO] [stderr]    |
[INFO] [stderr] 31 |         let mut graph = create_test_graph();
[INFO] [stderr]    |             ----^^^^^
[INFO] [stderr]    |             |
[INFO] [stderr]    |             help: remove this `mut`
[INFO] [stderr]    |
[INFO] [stderr]    = note: `#[warn(unused_mut)]` (part of `#[warn(unused)]`) on by default
[INFO] [stderr] 
[INFO] [stderr] warning: unused variable: `graph`
[INFO] [stderr]   --> src/api_contracts/group.rs:31:13
[INFO] [stderr]    |
[INFO] [stderr] 31 |         let mut graph = create_test_graph();
[INFO] [stderr]    |             ^^^^^^^^^ help: if this is intentional, prefix it with an underscore: `_graph`
[INFO] [stderr] 
[INFO] [stderr] warning: variable does not need to be mutable
[INFO] [stderr]   --> src/api_contracts/group.rs:49:13
[INFO] [stderr]    |
[INFO] [stderr] 49 |         let mut graph = create_test_graph();
[INFO] [stderr]    |             ----^^^^^
[INFO] [stderr]    |             |
[INFO] [stderr]    |             help: remove this `mut`
[INFO] [stderr] 
[INFO] [stderr] warning: unused variable: `graph`
[INFO] [stderr]   --> src/api_contracts/group.rs:49:13
[INFO] [stderr]    |
[INFO] [stderr] 49 |         let mut graph = create_test_graph();
[INFO] [stderr]    |             ^^^^^^^^^ help: if this is intentional, prefix it with an underscore: `_graph`
[INFO] [stderr] 
[INFO] [stderr] warning: variable does not need to be mutable
[INFO] [stderr]   --> src/api_contracts/group.rs:72:13
[INFO] [stderr]    |
[INFO] [stderr] 72 |         let mut graph = create_test_graph();
[INFO] [stderr]    |             ----^^^^^
[INFO] [stderr]    |             |
[INFO] [stderr]    |             help: remove this `mut`
[INFO] [stderr] 
[INFO] [stderr] warning: unused variable: `graph`
[INFO] [stderr]   --> src/api_contracts/group.rs:72:13
[INFO] [stderr]    |
[INFO] [stderr] 72 |         let mut graph = create_test_graph();
[INFO] [stderr]    |             ^^^^^^^^^ help: if this is intentional, prefix it with an underscore: `_graph`
[INFO] [stderr] 
[INFO] [stderr] warning: variable does not need to be mutable
[INFO] [stderr]   --> src/api_contracts/group.rs:92:13
[INFO] [stderr]    |
[INFO] [stderr] 92 |         let mut graph = create_test_graph();
[INFO] [stderr]    |             ----^^^^^
[INFO] [stderr]    |             |
[INFO] [stderr]    |             help: remove this `mut`
[INFO] [stderr] 
[INFO] [stderr] warning: variable does not need to be mutable
[INFO] [stderr]   --> src/api_contracts/handle.rs:41:13
[INFO] [stderr]    |
[INFO] [stderr] 41 |         let mut graph = create_test_graph();
[INFO] [stderr]    |             ----^^^^^
[INFO] [stderr]    |             |
[INFO] [stderr]    |             help: remove this `mut`
[INFO] [stderr] 
[INFO] [stderr] warning: unused variable: `graph`
[INFO] [stderr]   --> src/api_contracts/handle.rs:41:13
[INFO] [stderr]    |
[INFO] [stderr] 41 |         let mut graph = create_test_graph();
[INFO] [stderr]    |             ^^^^^^^^^ help: if this is intentional, prefix it with an underscore: `_graph`
[INFO] [stderr] 
[INFO] [stderr] warning: variable does not need to be mutable
[INFO] [stderr]   --> src/api_contracts/handle.rs:65:13
[INFO] [stderr]    |
[INFO] [stderr] 65 |         let mut graph = create_test_graph();
[INFO] [stderr]    |             ----^^^^^
[INFO] [stderr]    |             |
[INFO] [stderr]    |             help: remove this `mut`
[INFO] [stderr] 
[INFO] [stderr] warning: unused variable: `graph`
[INFO] [stderr]   --> src/api_contracts/handle.rs:65:13
[INFO] [stderr]    |
[INFO] [stderr] 65 |         let mut graph = create_test_graph();
[INFO] [stderr]    |             ^^^^^^^^^ help: if this is intentional, prefix it with an underscore: `_graph`
[INFO] [stderr] 
[INFO] [stderr] warning: variable does not need to be mutable
[INFO] [stderr]   --> src/api_contracts/handle.rs:91:13
[INFO] [stderr]    |
[INFO] [stderr] 91 |         let mut graph = create_test_graph();
[INFO] [stderr]    |             ----^^^^^
[INFO] [stderr]    |             |
[INFO] [stderr]    |             help: remove this `mut`
[INFO] [stderr] 
[INFO] [stderr] warning: unused variable: `graph`
[INFO] [stderr]   --> src/api_contracts/handle.rs:91:13
[INFO] [stderr]    |
[INFO] [stderr] 91 |         let mut graph = create_test_graph();
[INFO] [stderr]    |             ^^^^^^^^^ help: if this is intentional, prefix it with an underscore: `_graph`
[INFO] [stderr] 
[INFO] [stderr] warning: variable does not need to be mutable
[INFO] [stderr]   --> src/api_contracts/selection.rs:31:13
[INFO] [stderr]    |
[INFO] [stderr] 31 |         let mut graph = create_test_graph();
[INFO] [stderr]    |             ----^^^^^
[INFO] [stderr]    |             |
[INFO] [stderr]    |             help: remove this `mut`
[INFO] [stderr] 
[INFO] [stderr] warning: unused variable: `graph`
[INFO] [stderr]   --> src/api_contracts/selection.rs:31:13
[INFO] [stderr]    |
[INFO] [stderr] 31 |         let mut graph = create_test_graph();
[INFO] [stderr]    |             ^^^^^^^^^ help: if this is intentional, prefix it with an underscore: `_graph`
[INFO] [stderr] 
[INFO] [stderr] warning: variable does not need to be mutable
[INFO] [stderr]   --> src/api_contracts/selection.rs:51:13
[INFO] [stderr]    |
[INFO] [stderr] 51 |         let mut graph = create_test_graph();
[INFO] [stderr]    |             ----^^^^^
[INFO] [stderr]    |             |
[INFO] [stderr]    |             help: remove this `mut`
[INFO] [stderr] 
[INFO] [stderr] warning: unused variable: `graph`
[INFO] [stderr]   --> src/api_contracts/selection.rs:51:13
[INFO] [stderr]    |
[INFO] [stderr] 51 |         let mut graph = create_test_graph();
[INFO] [stderr]    |             ^^^^^^^^^ help: if this is intentional, prefix it with an underscore: `_graph`
[INFO] [stderr] 
[INFO] [stderr] warning: unused variable: `version`
[INFO] [stderr]    --> src/documentation_tests.rs:227:13
[INFO] [stderr]     |
[INFO] [stderr] 227 |         let version = version_line
[INFO] [stderr]     |             ^^^^^^^ help: if this is intentional, prefix it with an underscore: `_version`
[INFO] [stderr] 
[INFO] [stderr] warning: unused variable: `version`
[INFO] [stderr]    --> src/api_reference_tests.rs:269:13
[INFO] [stderr]     |
[INFO] [stderr] 269 |         let version = version_line
[INFO] [stderr]     |             ^^^^^^^ help: if this is intentional, prefix it with an underscore: `_version`
[INFO] [stderr] 
[INFO] [stderr] warning: unused variable: `examples_dir`
[INFO] [stdout] 
[INFO] [stderr]    --> src/renaming_validation_tests.rs:386:13
[INFO] [stdout] running 352 tests
[INFO] [stderr]     |
[INFO] [stdout] test api_contracts::core_types::tests::test_size_api_contract ... ok
[INFO] [stderr] 386 |         let examples_dir = Path::new("../examples");
[INFO] [stdout] test api_contracts::graph::tests::test_graph_bounds_api_contract ... ok
[INFO] [stderr]     |             ^^^^^^^^^^^^ help: if this is intentional, prefix it with an underscore: `_examples_dir`
[INFO] [stdout] test api_contracts::graph::tests::test_graph_iteration_api_contract ... ok
[INFO] [stderr] 
[INFO] [stdout] test api_contracts::core_types::tests::test_viewport_api_contract ... ok
[INFO] [stderr] warning: `flow-rs-core` (lib test) generated 32 warnings (run `cargo fix --lib -p flow-rs-core --tests` to apply 32 suggestions)
[INFO] [stdout] test api_contracts::auto_layout::tests::test_auto_layout_manager_creation_api_contract ... ok
[INFO] [stderr]     Finished `release` profile [optimized] target(s) in 0.14s
[INFO] [stdout] test api_contracts::auto_layout::tests::test_auto_layout_manager_with_config_api_contract ... ok
[INFO] [stderr]      Running unittests src/lib.rs (/opt/rustwide/target/release/build/flow-rs-core/590424ff773d6852/out/flow_rs_core-590424ff773d6852)
[INFO] [stdout] test api_contracts::core_types::tests::test_position_api_contract ... ok
[INFO] [stdout] test api_contracts::auto_layout::tests::test_auto_layout_transition_api_contract ... ok
[INFO] [stdout] test api_contracts::auto_layout::tests::test_auto_layout_strategy_api_contract ... ok
[INFO] [stdout] test api_contracts::graph::tests::test_graph_node_operations_api_contract ... ok
[INFO] [stdout] test api_contracts::handle::tests::test_handle_connection_api_contract ... ok
[INFO] [stdout] test api_contracts::group::tests::test_group_member_management_api_contract ... ok
[INFO] [stdout] test api_contracts::auto_layout::tests::test_auto_layout_algorithm_selection_api_contract ... ok
[INFO] [stdout] test api_contracts::layout::tests::test_grid_layout_api_contract ... ok
[INFO] [stdout] test api_contracts::layout::tests::test_force_directed_layout_api_contract ... ok
[INFO] [stdout] test api_contracts::handle::tests::test_handle_creation_api_contract ... ok
[INFO] [stdout] test api_contracts::group::tests::test_group_deletion_api_contract ... ok
[INFO] [stdout] test api_contracts::layout::tests::test_layout_algorithm_trait_api_contract ... ok
[INFO] [stdout] test api_contracts::node::tests::test_node_builder_api_contract ... ok
[INFO] [stdout] test api_contracts::handle::tests::test_handle_manager_node_handles_api_contract ... ok
[INFO] [stdout] test api_contracts::node::tests::test_node_operations_api_contract ... ok
[INFO] [stdout] test api_contracts::selection::tests::test_selection_manager_multi_selection_api_contract ... ok
[INFO] [stdout] test api_contracts::spatial::tests::test_spatial_index_api_contract ... ok
[INFO] [stdout] test api_contracts::group::tests::test_group_creation_api_contract ... ok
[INFO] [stdout] test api_contracts::selection::tests::test_selection_manager_creation_api_contract ... ok
[INFO] [stdout] test api_contracts::selection::tests::test_selection_manager_mode_api_contract ... ok
[INFO] [stdout] test api_contracts::node::tests::test_node_creation_api_contract ... ok
[INFO] [stdout] test api_contracts::selection::tests::test_selection_manager_single_selection_api_contract ... ok
[INFO] [stdout] test api_contracts::auto_layout::tests::test_auto_layout_application_api_contract ... ok
[INFO] [stdout] test api_contracts::handle::tests::test_handle_manager_operations_api_contract ... ok
[INFO] [stdout] test api_contracts::handle::tests::test_handle_manager_creation_api_contract ... ok
[INFO] [stdout] test api_contracts::layout::tests::test_circular_layout_api_contract ... ok
[INFO] [stdout] test api_contracts::group::tests::test_group_bounds_calculation_api_contract ... ok
[INFO] [stdout] test api_contracts::group::tests::test_group_manager_creation_api_contract ... ok
[INFO] [stdout] test api_contracts::spatial::tests::test_spatial_index_multiple_items_api_contract ... ok
[INFO] [stdout] test api_contracts::spatial::tests::test_spatial_index_update_api_contract ... ok
[INFO] [stdout] test api_contracts::core_types::tests::test_rect_api_contract ... ok
[INFO] [stdout] test api_reference_tests::tests::test_api_cross_references ... FAILED
[INFO] [stdout] test api_reference_tests::tests::test_api_method_signatures_accurate ... FAILED
[INFO] [stdout] test api_reference_tests::tests::test_api_return_types_documented ... FAILED
[INFO] [stdout] test api_reference_tests::tests::test_automated_doc_generation_works ... ok
[INFO] [stdout] test api_reference_tests::tests::test_api_error_handling ... FAILED
[INFO] [stdout] test api_reference_tests::tests::test_core_types_documented ... FAILED
[INFO] [stdout] test api_reference_tests::tests::test_api_examples_compilable ... FAILED
[INFO] [stdout] test api_reference_tests::tests::test_api_usage_patterns ... FAILED
[INFO] [stdout] test api_reference_tests::tests::test_api_examples_working ... FAILED
[INFO] [stdout] test api_reference_tests::tests::test_api_version_consistency ... FAILED
[INFO] [stdout] test api_reference_tests::tests::test_api_parameter_documentation ... FAILED
[INFO] [stdout] test api_reference_tests::tests::test_automated_doc_generation_script_exists ... FAILED
[INFO] [stdout] test api_reference_tests::tests::test_generated_docs_are_current ... ok
[INFO] [stdout] test auto_layout::tests::tests::test_algorithm_consistency ... ok
[INFO] [stdout] test auto_layout::tests::tests::test_algorithm_selection_force_directed_first ... ok
[INFO] [stdout] test auto_layout::tests::tests::test_algorithm_selection_hierarchy_first ... ok
[INFO] [stdout] test auto_layout::tests::tests::test_algorithm_selection_simple_first ... ok
[INFO] [stdout] test api_reference_tests::tests::test_api_performance_notes ... FAILED
[INFO] [stdout] test api_reference_tests::tests::test_api_evolution_strategy ... FAILED
[INFO] [stdout] test api_reference_tests::tests::test_api_reference_structure_exists ... FAILED
[INFO] [stdout] test api_reference_tests::tests::test_layout_algorithms_documented ... FAILED
[INFO] [stdout] test api_reference_tests::tests::test_api_design_principles ... FAILED
[INFO] [stdout] test api_reference_tests::tests::test_managers_documented ... FAILED
[INFO] [stdout] test auto_layout::tests::tests::test_all_strategy_types ... ok
[INFO] [stdout] test auto_layout::tests::tests::test_config_builder ... ok
[INFO] [stdout] test auto_layout::tests::tests::test_apply_auto_layout ... ok
[INFO] [stdout] test auto_layout::tests::tests::test_config_builder_defaults ... ok
[INFO] [stdout] test auto_layout::tests::tests::test_config_builder_negative_transition_duration ... ok
[INFO] [stdout] test api_reference_tests::tests::test_error_types_documented ... FAILED
[INFO] [stdout] test auto_layout::tests::tests::test_auto_layout_manager_creation ... ok
[INFO] [stdout] test auto_layout::tests::tests::test_auto_layout_manager_with_config ... ok
[INFO] [stdout] test documentation_tests::tests::test_api_documentation_completeness ... ok
[INFO] [stdout] test documentation_tests::tests::test_architecture_doc_accuracy ... FAILED
[INFO] [stdout] test documentation_tests::tests::test_all_public_apis_documented ... ok
[INFO] [stdout] test documentation_tests::tests::test_api_design_accuracy ... FAILED
[INFO] [stdout] test documentation_tests::tests::test_release_documentation_completeness ... FAILED
[INFO] [stdout] test documentation_tests::tests::test_code_examples_formatting ... FAILED
[INFO] [stdout] test documentation_tests::tests::test_internal_links_valid ... FAILED
[INFO] [stdout] test documentation_tests::tests::test_readme_accuracy ... FAILED
[INFO] [stdout] test documentation_tests::tests::test_documentation_style_consistency ... FAILED
[INFO] [stdout] test documentation_tests::tests::test_testing_documentation_accuracy ... FAILED
[INFO] [stdout] test drag_node_integration::tests::test_drag_performance_with_many_nodes ... ok
[INFO] [stdout] test drag_node_integration::tests::test_drag_updates_connected_edges ... ok
[INFO] [stdout] test documentation_tests::tests::test_usage_examples_compilable ... FAILED
[INFO] [stdout] test drag_node_integration::tests::test_drag_nonexistent_node_returns_error ... ok
[INFO] [stdout] test documentation_tests::tests::test_core_documentation_files_exist ... FAILED
[INFO] [stdout] test drag_node_integration::tests::test_drag_with_bounds_constraint ... ok
[INFO] [stdout] test documentation_tests::tests::test_simple_flow_example_documentation ... FAILED
[INFO] [stdout] test drag_node_integration::tests::test_drag_with_constraint_functions ... ok
[INFO] [stdout] test auto_layout::tests::tests::test_algorithm_selection_smart_strategy ... ok
[INFO] [stdout] test drag_node_integration::tests::test_drag_with_grid_snapping ... ok
[INFO] [stdout] test drag_node_integration::tests::test_multi_node_drag_updates_all_positions ... ok
[INFO] [stdout] test drag_node_integration::tests::test_single_node_drag_updates_position ... ok
[INFO] [stdout] test error::tests::test_connection_limit_boundary_values ... ok
[INFO] [stdout] test documentation_tests::tests::test_example_documentation_exists ... FAILED
[INFO] [stdout] test documentation_tests::tests::test_error_documentation_completeness ... ok
[INFO] [stdout] test error::tests::test_connection_limit_exceeded_constructor ... ok
[INFO] [stdout] test documentation_tests::tests::test_example_build_instructions ... FAILED
[INFO] [stdout] test documentation_tests::tests::test_performance_claims_documented ... FAILED
[INFO] [stdout] test documentation_tests::tests::test_version_consistency ... FAILED
[INFO] [stdout] test drag_node_integration::tests::test_drag_operation_history ... ok
[INFO] [stdout] test error::tests::test_empty_string_parameters ... ok
[INFO] [stdout] test error::tests::test_duplicate_node_id_constructor ... ok
[INFO] [stdout] test error::tests::test_debug_formatting ... ok
[INFO] [stdout] test error::tests::test_handle_not_found_constructor ... ok
[INFO] [stdout] test error::tests::test_duplicate_edge_id_constructor ... ok
[INFO] [stdout] test error::tests::test_error_cloning ... ok
[INFO] [stdout] test error::tests::test_edge_not_found_constructor ... ok
[INFO] [stdout] test error::tests::test_invalid_connection_constructor ... ok
[INFO] [stdout] test error::tests::test_error_equality_comprehensive ... ok
[INFO] [stdout] test error::tests::test_invalid_size_variant ... ok
[INFO] [stdout] test error::tests::test_self_connection_variant ... ok
[INFO] [stdout] test error::tests::test_serialization_variant ... ok
[INFO] [stdout] test error::tests::test_very_long_strings ... ok
[INFO] [stdout] test graph::tests::tests::test_comprehensive_edge_operations ... ok
[INFO] [stdout] test error::tests::test_from_string_conversion ... ok
[INFO] [stdout] test error::tests::test_unicode_characters ... ok
[INFO] [stdout] test error::tests::test_result_type_usage ... ok
[INFO] [stdout] test error::tests::test_invalid_operation_constructor ... ok
[INFO] [stdout] test error::tests::test_invalid_position_variant ... ok
[INFO] [stdout] test error::tests::test_error_categorization_by_domain ... ok
[INFO] [stdout] test graph::tests::tests::test_creates_cycle ... ok
[INFO] [stdout] test graph::tests::tests::test_cycle_detection ... ok
[INFO] [stdout] test graph::tests::tests::test_edge_builder ... ok
[INFO] [stdout] test graph::tests::tests::test_comprehensive_node_operations ... ok
[INFO] [stdout] test graph::tests::tests::test_edge_builder_self_connection ... ok
[INFO] [stdout] test error::tests::test_spatial_index_constructor ... ok
[INFO] [stdout] test error::tests::test_layout_constructor ... ok
[INFO] [stdout] test graph::tests::tests::test_graph_bounds ... ok
[INFO] [stdout] test graph::tests::tests::test_graph_operations ... ok
[INFO] [stdout] test graph::tests::tests::test_node_builder ... ok
[INFO] [stdout] test error::tests::test_node_not_found_constructor ... ok
[INFO] [stdout] test graph::tests::tests::test_node_creation ... ok
[INFO] [stdout] test graph::tests::tests::test_graph_cascade_delete ... ok
[INFO] [stdout] test graph::tests::tests::test_topological_sort ... ok
[INFO] [stdout] test graph::tests::tests::test_topological_sort_with_cycle ... ok
[INFO] [stdout] test graph_cycle_detection::tests::test_creates_cycle_adding_edge ... ok
[INFO] [stdout] test graph_cycle_detection::tests::test_creates_cycle_nonexistent_nodes ... ok
[INFO] [stdout] test graph_cycle_detection::tests::test_cycle_detection_with_disconnected_components ... ok
[INFO] [stdout] test graph::tests::tests::test_edge_creation ... ok
[INFO] [stdout] test graph_cycle_detection::tests::test_find_cycle_multiple_cycles ... ok
[INFO] [stdout] test graph_cycle_detection::tests::test_find_cycle_self_loop ... ok
[INFO] [stdout] test graph_cycle_detection::tests::test_has_cycle_complex_graph_no_cycle ... ok
[INFO] [stdout] test graph_cycle_detection::tests::test_has_cycle_empty_graph ... ok
[INFO] [stdout] test graph_cycle_detection::tests::test_find_cycle_no_cycle ... ok
[INFO] [stdout] test graph_cycle_detection::tests::test_find_cycle_simple_cycle ... ok
[INFO] [stdout] test graph_cycle_detection::tests::test_has_cycle_self_loop ... ok
[INFO] [stdout] test graph_cycle_detection::tests::test_has_cycle_simple_two_node_cycle ... ok
[INFO] [stdout] test graph_handle_integration::tests::test_edge_with_handle_references ... ok
[INFO] [stdout] test graph_cycle_detection::tests::test_has_cycle_single_edge ... ok
[INFO] [stdout] test graph_handle_integration::tests::test_graph_get_handle_connections ... ok
[INFO] [stdout] test graph_handle_integration::tests::test_graph_handle_based_connection ... ok
[INFO] [stdout] test graph_handle_integration::tests::test_handle_connection_limit_enforcement ... ok
[INFO] [stdout] test graph_handle_integration::tests::test_handle_connection_type_validation ... ok
[INFO] [stdout] test graph_cycle_detection::tests::test_has_cycle_single_node ... ok
[INFO] [stdout] test graph_cycle_detection::tests::test_topological_sort_cyclic ... ok
[INFO] [stdout] test graph_cycle_detection::tests::test_has_cycle_three_node_cycle ... ok
[INFO] [stdout] test graph_handle_integration::tests::test_node_handle_hit_detection ... ok
[INFO] [stdout] test groups::tests::tests::test_add_node_to_nonexistent_group ... ok
[INFO] [stdout] test graph_cycle_detection::tests::test_has_cycle_complex_graph_with_cycle ... ok
[INFO] [stdout] test graph_cycle_detection::tests::test_topological_sort_acyclic ... ok
[INFO] [stdout] test groups::tests::tests::test_cancel_group_drag ... ok
[INFO] [stdout] test groups::tests::tests::test_complete_group_drag ... ok
[INFO] [stdout] test groups::tests::tests::test_create_group_from_nodes ... ok
[INFO] [stdout] test groups::tests::tests::test_dissolve_group ... ok
[INFO] [stdout] test groups::tests::tests::test_add_node_to_group ... ok
[INFO] [stdout] test groups::tests::tests::test_drag_operations_without_active_drag ... ok
[INFO] [stdout] test graph_handle_integration::tests::test_invalid_handle_connection ... ok
[INFO] [stdout] test groups::tests::tests::test_duplicate_group_creation_fails ... ok
[INFO] [stdout] test groups::tests::tests::test_empty_group_creation_fails ... ok
[INFO] [stdout] test groups::tests::tests::test_get_group ... ok
[INFO] [stdout] test groups::tests::tests::test_get_node_group ... ok
[INFO] [stdout] test groups::tests::tests::test_get_nonexistent_group ... ok
[INFO] [stdout] test groups::tests::tests::test_get_ungrouped_node ... ok
[INFO] [stdout] test graph_handle_integration::tests::test_node_with_handles ... ok
[INFO] [stdout] test groups::tests::tests::test_add_node_already_in_group ... ok
[INFO] [stdout] test groups::tests::tests::test_calculate_group_bounds_nonexistent ... ok
[INFO] [stdout] test groups::tests::tests::test_dissolve_nonexistent_group ... ok
[INFO] [stdout] test groups::tests::tests::test_has_group ... ok
[INFO] [stdout] test groups::tests::tests::test_group_ids ... ok
[INFO] [stdout] test groups::tests::tests::test_is_node_grouped ... ok
[INFO] [stdout] test groups::tests::tests::test_group_bounds_empty_group ... ok
[INFO] [stdout] test groups::tests::tests::test_remove_last_node_dissolves_group ... ok
[INFO] [stdout] test groups::tests::tests::test_group_count ... ok
[INFO] [stdout] test groups::tests::tests::test_node_already_in_group_fails ... ok
[INFO] [stdout] test groups::tests::tests::test_remove_node_from_group ... ok
[INFO] [stdout] test groups::tests::tests::test_remove_node_from_nonexistent_group ... ok
[INFO] [stdout] test groups::tests::tests::test_remove_node_not_in_group ... ok
[INFO] [stdout] test groups::tests::tests::test_set_group_name ... ok
[INFO] [stdout] test groups::tests::tests::test_set_group_name_nonexistent ... ok
[INFO] [stdout] test groups::tests::tests::test_start_group_drag_already_dragging ... ok
[INFO] [stdout] test groups::tests::tests::test_start_group_drag_nonexistent ... ok
[INFO] [stdout] test groups::tests::tests::test_update_group_drag ... ok
[INFO] [stdout] test handle::tests::test_handle_builder_methods ... ok
[INFO] [stdout] test handle::tests::test_handle_connection_compatibility ... ok
[INFO] [stdout] test handle::tests::test_absolute_position_calculation ... ok
[INFO] [stdout] test handle::tests::test_handle_connection_type_validation ... ok
[INFO] [stdout] test handle::tests::test_handle_manager_operations ... ok
[INFO] [stdout] test handle::tests::test_handle_creation ... ok
[INFO] [stdout] test handle::tests::test_handle_manager_find_at_position ... ok
[INFO] [stdout] test handle_connection_counting::tests::test_can_accept_connection_with_limit_not_reached ... ok
[INFO] [stdout] test handle::tests::test_handle_type_filtering ... ok
[INFO] [stdout] test handle::tests::test_point_inside_handle ... ok
[INFO] [stdout] test handle_connection_counting::tests::test_can_accept_connection_with_limit_reached ... ok
[INFO] [stdout] test handle_connection_counting::tests::test_can_accept_connection_with_no_limit ... ok
[INFO] [stdout] test handle_connection_counting::tests::test_connection_count_excludes_unrelated_handles ... ok
[INFO] [stdout] test handle_connection_counting::tests::test_connection_count_with_multiple_edges ... ok
[INFO] [stdout] test handle_connection_counting::tests::test_connection_count_with_edge_removal ... ok
[INFO] [stdout] test handle_connection_counting::tests::test_connection_count_with_edges_without_handles ... ok
[INFO] [stdout] test handle_connection_counting::tests::test_connection_count_performance_with_many_edges ... ok
[INFO] [stdout] test handle_connection_counting::tests::test_connection_count_with_single_edge ... ok
[INFO] [stdout] test interactive_edge_creation::tests::test_edge_creation_handle_validation ... ok
[INFO] [stdout] test interactive_edge_creation::tests::test_cancel_edge_creation ... ok
[INFO] [stdout] test graph_cycle_detection::tests::test_cycle_detection_performance ... ok
[INFO] [stdout] test interactive_edge_creation::tests::test_edge_creation_connection_limits ... ok
[INFO] [stdout] test handle_connection_counting::tests::test_connection_count_with_no_edges ... ok
[INFO] [stdout] test interactive_edge_creation::tests::test_complete_edge_creation_to_target_handle ... ok
[INFO] [stdout] test handle_connection_counting::tests::test_connection_count_with_nonexistent_handle ... ok
[INFO] [stdout] test interactive_edge_creation::tests::test_edge_creation_hit_detection ... ok
[INFO] [stdout] test interactive_edge_creation::tests::test_edge_creation_visual_feedback ... ok
[INFO] [stdout] test layout::tests::tests::test_circular_layout_angle_calculations ... ok
[INFO] [stdout] test layout::tests::tests::test_circular_layout ... ok
[INFO] [stdout] test interactive_edge_creation::tests::test_edge_creation_performance_with_many_nodes ... ok
[INFO] [stdout] test interactive_edge_creation::tests::test_edge_creation_to_node_without_handle ... ok
[INFO] [stdout] test api_contracts::auto_layout::tests::test_auto_layout_config_builder_api_contract ... ok
[INFO] [stdout] test api_contracts::graph::tests::test_graph_creation_api_contract ... ok
[INFO] [stdout] test api_contracts::graph::tests::test_graph_edge_operations_api_contract ... ok
[INFO] [stdout] test error::tests::test_special_characters_in_ids ... ok
[INFO] [stdout] test error::tests::test_std_error_trait_integration ... ok
[INFO] [stdout] test graph::tests::tests::test_graph_clear ... ok
[INFO] [stdout] test graph::tests::tests::test_graph_connectivity ... ok
[INFO] [stdout] test groups::tests::tests::test_calculate_group_bounds ... ok
[INFO] [stdout] test groups::tests::tests::test_start_group_drag ... ok
[INFO] [stdout] test layout::tests::tests::test_circular_layout_edge_cases ... ok
[INFO] [stdout] test layout::tests::tests::test_circular_layout_empty_graph ... ok
[INFO] [stdout] test layout::tests::tests::test_force_directed_builder ... ok
[INFO] [stdout] test layout::tests::tests::test_force_directed_edge_cases ... ok
[INFO] [stdout] test layout::tests::tests::test_hierarchical_layout ... ok
[INFO] [stdout] test layout::tests::tests::test_hierarchical_layout_cycle_detection ... ok
[INFO] [stdout] test layout::tests::tests::test_layout_utils_center ... ok
[INFO] [stdout] test layout::tests::tests::test_force_directed_energy_calculation ... ok
[INFO] [stdout] test layout::tests::tests::test_grid_layout_cell_calculations ... ok
[INFO] [stdout] test layout::tests::tests::test_grid_layout_edge_cases ... ok
[INFO] [stdout] test layout::tests::tests::test_grid_layout ... ok
[INFO] [stdout] test layout::tests::tests::test_force_directed_layout ... ok
[INFO] [stdout] test layout::tests::tests::test_hierarchical_layout_edge_cases ... ok
[INFO] [stdout] test layout::tests::tests::test_layout_interruption ... ok
[INFO] [stdout] test interactive_edge_creation::tests::test_start_edge_creation_from_source_handle ... ok
[INFO] [stdout] test interactive_edge_creation::tests::test_update_edge_creation_preview ... ok
[INFO] [stdout] test proptest::graph_tests::test_edge_properties ... ok
[INFO] [stdout] test proptest::graph_tests::test_node_properties ... ok
[INFO] [stdout] test layout::tests::tests::test_layout_utils_edge_cases ... ok
[INFO] [stdout] test layout::tests::tests::test_layout_utils_padding_calculations ... ok
[INFO] [stdout] test layout::tests::tests::test_hierarchical_layout_builder ... ok
[INFO] [stdout] test layout::tests::tests::test_layout_utils_scale ... ok
[INFO] [stdout] test proptest::graph_tests::test_rect_properties ... ok
[INFO] [stdout] test proptest::graph_tests::test_viewport_properties ... ok
[INFO] [stdout] test proptest::graph_tests::test_position_operations ... ok
[INFO] [stdout] test proptest::layout_tests::test_layout_algorithm_empty_graph ... ok
[INFO] [stdout] test proptest::graph_tests::test_graph_invariants ... ok
[INFO] [stdout] test proptest::graph_tests::test_connected_components ... ok
[INFO] [stdout] test proptest::graph_tests::test_error_handling ... ok
[INFO] [stdout] test proptest::layout_tests::test_force_directed_layout_properties ... ok
[INFO] [stdout] test proptest::layout_tests::test_hierarchical_layout_properties ... ok
[INFO] [stdout] test proptest::layout_tests::test_circular_layout_properties ... ok
[INFO] [stdout] test proptest::layout_tests::test_grid_layout_properties ... ok
[INFO] [stdout] test renaming_validation_tests::tests::test_api_documentation_updated ... FAILED
[INFO] [stdout] test performance_tests::performance_tests::test_large_graph_operations_performance ... ok
[INFO] [stdout] test renaming_validation_tests::tests::test_core_dependencies_updated ... ok
[INFO] [stdout] test performance_tests::performance_tests::test_1000_node_spatial_index_performance ... ok
[INFO] [stdout] test proptest::graph_tests::test_graph_operations ... ok
[INFO] [stdout] test renaming_validation_tests::tests::test_documentation_generation_works ... ok
[INFO] [stdout] test renaming_validation_tests::tests::test_deprecation_warnings_implemented ... ok
[INFO] [stdout] test renaming_validation_tests::tests::test_architecture_docs_updated ... FAILED
[INFO] [stdout] test renaming_validation_tests::tests::test_all_tests_pass_with_new_naming ... ok
[INFO] [stdout] test renaming_validation_tests::tests::test_core_package_name_updated ... ok
[INFO] [stdout] test renaming_validation_tests::tests::test_example_imports_updated ... FAILED
[INFO] [stdout] test renaming_validation_tests::tests::test_directory_structure_updated ... FAILED
[INFO] [stdout] test renaming_validation_tests::tests::test_examples_build_with_new_naming ... ok
[INFO] [stdout] test renaming_validation_tests::tests::test_leptos_dependencies_updated ... FAILED
[INFO] [stdout] test renaming_validation_tests::tests::test_example_directories_updated ... FAILED
[INFO] [stdout] test renaming_validation_tests::tests::test_leptos_package_name_updated ... FAILED
[INFO] [stdout] test renaming_validation_tests::tests::test_leptos_demo_imports_updated ... FAILED
[INFO] [stdout] test renaming_validation_tests::tests::test_main_package_name_updated ... FAILED
[INFO] [stdout] test renaming_validation_tests::tests::test_rust_imports_updated ... ok
[INFO] [stdout] test renaming_validation_tests::tests::test_readme_updated ... FAILED
[INFO] [stdout] test renaming_validation_tests::tests::test_renderer_dependencies_updated ... FAILED
[INFO] [stdout] test renaming_validation_tests::tests::test_migration_guide_exists ... FAILED
[INFO] [stdout] test renaming_validation_tests::tests::test_renderer_package_name_updated ... FAILED
[INFO] [stdout] test performance_tests::performance_tests::test_1000_node_graph_creation_performance ... ok
[INFO] [stdout] test renaming_validation_tests::tests::test_wasm_dependencies_updated ... FAILED
[INFO] [stdout] test renaming_validation_tests::tests::test_package_metadata_updated ... FAILED
[INFO] [stdout] test selection::tests::tests::test_destructive_keyboard_shortcuts ... ok
[INFO] [stdout] test renaming_validation_tests::tests::test_workspace_package_names_updated ... FAILED
[INFO] [stdout] test selection::tests::tests::test_keyboard_navigation ... ok
[INFO] [stdout] test selection::tests::tests::test_clear_selection ... ok
[INFO] [stdout] test selection::tests::tests::test_rectangle_selection_basic ... ok
[INFO] [stdout] test selection::tests::tests::test_rectangle_selection_bounds ... ok
[INFO] [stdout] test selection::tests::tests::test_single_mode_replaces_selection ... ok
[INFO] [stdout] test selection::tests::tests::test_new_selection_manager ... ok
[INFO] [stdout] test selection::tests::tests::test_keyboard_shortcuts ... ok
[INFO] [stdout] test selection::tests::tests::test_multi_mode_accumulates_selection ... ok
[INFO] [stdout] test selection::tests::tests::test_toggle_node_selection ... ok
[INFO] [stdout] test selection::tests::tests::test_visual_feedback_animation ... ok
[INFO] [stdout] test renaming_validation_tests::tests::test_wasm_package_name_updated ... FAILED
[INFO] [stdout] test spatial::tests::tests::test_bounds_calculation ... ok
[INFO] [stdout] test proptest::graph_tests::test_spatial_consistency ... ok
[INFO] [stdout] test selection::tests::tests::test_single_node_selection ... ok
[INFO] [stdout] test spatial::tests::tests::test_bulk_load ... ok
[INFO] [stdout] test selection::tests::tests::test_visual_feedback_basic ... ok
[INFO] [stdout] test spatial::tests::tests::test_grid_cells ... ok
[INFO] [stdout] test selection::tests::tests::test_visual_feedback_batch_operations ... ok
[INFO] [stdout] test selection::tests::tests::test_visual_feedback_selection_integration ... ok
[INFO] [stdout] test spatial::tests::tests::test_custom_cell_size ... ok
[INFO] [stdout] test spatial::tests::tests::test_remove_node ... ok
[INFO] [stdout] test spatial::tests::tests::test_radius_query ... ok
[INFO] [stdout] test spatial::tests::tests::test_spatial_index_clear_functionality ... ok
[INFO] [stdout] test spatial::tests::tests::test_default_implementation ... ok
[INFO] [stdout] test spatial::tests::tests::test_insert_and_query ... ok
[INFO] [stdout] test spatial::tests::tests::test_spatial_index_creation ... ok
[INFO] [stdout] test spatial::tests::tests::test_nearest_query ... ok
[INFO] [stdout] test renaming_validation_tests::tests::test_workspace_builds ... FAILED
[INFO] [stdout] test spatial::tests::tests::test_spatial_index_zero_negative_size_bounds ... ok
[INFO] [stdout] test spatial::tests::tests::test_update_node ... ok
[INFO] [stdout] test spatial::tests::tests::test_viewport_query ... ok
[INFO] [stdout] test types::tests::tests::test_distance_edge_cases ... ok
[INFO] [stdout] test types::tests::tests::test_identifier_creation ... ok
[INFO] [stdout] test types::tests::tests::test_identifier_generation ... ok
[INFO] [stdout] test types::tests::tests::test_position_arithmetic_operations ... ok
[INFO] [stdout] test types::tests::tests::test_position_edge_cases ... ok
[INFO] [stdout] test types::tests::tests::test_arithmetic_edge_cases ... ok
[INFO] [stdout] test spatial::tests::tests::test_spatial_index_viewport_query_edge_cases ... ok
[INFO] [stdout] test types::tests::tests::test_position_distance_calculation ... ok
[INFO] [stdout] test spatial::tests::tests::test_spatial_query_builder ... ok
[INFO] [stdout] test spatial::tests::tests::test_spatial_index_nan_infinity_handling ... ok
[INFO] [stdout] test types::tests::tests::test_size_operations ... ok
[INFO] [stdout] test types::tests::tests::test_position_validity ... ok
[INFO] [stdout] test types::tests::tests::test_rect_operations ... ok
[INFO] [stdout] test types::tests::tests::test_size_validity ... ok
[INFO] [stdout] test types::tests::tests::test_rect_creation ... ok
[INFO] [stdout] test types::tests::tests::test_position_operations ... ok
[INFO] [stdout] test types::tests::tests::test_viewport_edge_cases ... ok
[INFO] [stdout] test types::tests::tests::test_viewport_modifications ... ok
[INFO] [stdout] test types::tests::tests::test_viewport_operations ... ok
[INFO] [stdout] test types::tests::tests::test_viewport_transformations ... ok
[INFO] [stdout] test types::tests::tests::test_size_edge_cases ... ok
[INFO] [stdout] test spatial::tests::tests::test_spatial_query_builder_edge_cases ... ok
[INFO] [stdout] test performance_tests::performance_tests::test_2000_node_graph_performance ... ok
[INFO] [stdout] test proptest::spatial_tests::test_spatial_index_bounds_consistency ... ok
[INFO] [stdout] test proptest::spatial_tests::test_spatial_index_radius_queries ... ok
[INFO] [stdout] test proptest::spatial_tests::test_spatial_index_rect_queries ... ok
[INFO] [stdout] test proptest::spatial_tests::test_spatial_index_nearest_properties ... ok
[INFO] [stdout] test performance_tests::performance_tests::test_1000_node_layout_algorithms_performance ... ok
[INFO] [stdout] test performance_tests::performance_tests::test_5000_node_graph_performance ... ok
[INFO] [stdout] test proptest::spatial_tests::test_spatial_index_consistency ... ok
[INFO] [stdout] 
[INFO] [stdout] failures:
[INFO] [stdout] 
[INFO] [stdout] ---- api_reference_tests::tests::test_api_cross_references stdout ----
[INFO] [stdout] 
[INFO] [stdout] thread 'api_reference_tests::tests::test_api_cross_references' (1191) panicked at src/api_reference_tests.rs:238:70:
[INFO] [stdout] called `Result::unwrap()` on an `Err` value: Os { code: 2, kind: NotFound, message: "No such file or directory" }
[INFO] [stdout] stack backtrace:
[INFO] [stdout]    0:     0x6068039c3351 - <<std[617be2ca0a6fd877]::sys::backtrace::BacktraceLock>::print::DisplayBacktrace as core[a373ad73a504971]::fmt::Display>::fmt
[INFO] [stdout]    1:     0x6068039d8d9a - core[a373ad73a504971]::fmt::write
[INFO] [stdout]    2:     0x6068039c79cc - <alloc[2e1b2a31b91974c5]::vec::Vec<u8> as core[a373ad73a504971]::io::write::Write>::write_fmt
[INFO] [stdout]    3:     0x60680399df46 - std[617be2ca0a6fd877]::panicking::default_hook::{closure#0}
[INFO] [stdout]    4:     0x6068039bb4f9 - std[617be2ca0a6fd877]::panicking::default_hook
[INFO] [stdout]    5:     0x6068039063f0 - test[aada8e7e76ba119b]::test_main_inner::{closure#0}
[INFO] [stdout]    6:     0x6068039bb6b2 - std[617be2ca0a6fd877]::panicking::panic_with_hook
[INFO] [stdout]    7:     0x60680399dff2 - std[617be2ca0a6fd877]::panicking::panic_handler::{closure#0}
[INFO] [stdout]    8:     0x606803996a29 - std[617be2ca0a6fd877]::sys::backtrace::__rust_end_short_backtrace::<std[617be2ca0a6fd877]::panicking::panic_handler::{closure#0}, !>
[INFO] [stdout]    9:     0x60680399ebfd - __rustc[ea4f61d10b84890b]::rust_begin_unwind
[INFO] [stdout]   10:     0x6068039d957c - core[a373ad73a504971]::panicking::panic_fmt
[INFO] [stdout]   11:     0x6068039d9352 - core[a373ad73a504971]::result::unwrap_failed
[INFO] [stdout]   12:     0x6068038d273e - <flow_rs_core[fb2724f09bfdaf2b]::api_reference_tests::tests::test_api_cross_references::{closure#0} as core[a373ad73a504971]::ops::function::FnOnce<()>>::call_once
[INFO] [stdout]   13:     0x6068038f983b - test[aada8e7e76ba119b]::__rust_begin_short_backtrace::<core[a373ad73a504971]::result::Result<(), alloc[2e1b2a31b91974c5]::string::String>, fn() -> core[a373ad73a504971]::result::Result<(), alloc[2e1b2a31b91974c5]::string::String>>
[INFO] [stdout]   14:     0x606803906a15 - test[aada8e7e76ba119b]::run_test::{closure#0}
[INFO] [stdout]   15:     0x606803900304 - std[617be2ca0a6fd877]::sys::backtrace::__rust_begin_short_backtrace::<test[aada8e7e76ba119b]::run_test::{closure#1}, ()>
[INFO] [stdout]   16:     0x606803909aa2 - <std[617be2ca0a6fd877]::thread::lifecycle::spawn_unchecked<test[aada8e7e76ba119b]::run_test::{closure#1}, ()>::{closure#1} as core[a373ad73a504971]::ops::function::FnOnce<()>>::call_once::{shim:vtable#0}
[INFO] [stdout]   17:     0x6068039c284f - <std[617be2ca0a6fd877]::sys::thread::unix::Thread>::new::thread_start
[INFO] [stdout]   18:     0x7a90473cedfa - <unknown>
[INFO] [stdout]   19:     0x7a90474623d4 - clone
[INFO] [stdout]   20:                0x0 - <unknown>
[INFO] [stdout] 
[INFO] [stdout] ---- api_reference_tests::tests::test_api_method_signatures_accurate stdout ----
[INFO] [stdout] 
[INFO] [stdout] thread 'api_reference_tests::tests::test_api_method_signatures_accurate' (1197) panicked at src/api_reference_tests.rs:140:70:
[INFO] [stdout] called `Result::unwrap()` on an `Err` value: Os { code: 2, kind: NotFound, message: "No such file or directory" }
[INFO] [stdout] stack backtrace:
[INFO] [stdout]    0:     0x6068039c3351 - <<std[617be2ca0a6fd877]::sys::backtrace::BacktraceLock>::print::DisplayBacktrace as core[a373ad73a504971]::fmt::Display>::fmt
[INFO] [stdout]    1:     0x6068039d8d9a - core[a373ad73a504971]::fmt::write
[INFO] [stdout]    2:     0x6068039c79cc - <alloc[2e1b2a31b91974c5]::vec::Vec<u8> as core[a373ad73a504971]::io::write::Write>::write_fmt
[INFO] [stdout]    3:     0x60680399df46 - std[617be2ca0a6fd877]::panicking::default_hook::{closure#0}
[INFO] [stdout]    4:     0x6068039bb4f9 - std[617be2ca0a6fd877]::panicking::default_hook
[INFO] [stdout]    5:     0x6068039063f0 - test[aada8e7e76ba119b]::test_main_inner::{closure#0}
[INFO] [stdout]    6:     0x6068039bb6b2 - std[617be2ca0a6fd877]::panicking::panic_with_hook
[INFO] [stdout]    7:     0x60680399dff2 - std[617be2ca0a6fd877]::panicking::panic_handler::{closure#0}
[INFO] [stdout]    8:     0x606803996a29 - std[617be2ca0a6fd877]::sys::backtrace::__rust_end_short_backtrace::<std[617be2ca0a6fd877]::panicking::panic_handler::{closure#0}, !>
[INFO] [stdout]    9:     0x60680399ebfd - __rustc[ea4f61d10b84890b]::rust_begin_unwind
[INFO] [stdout]   10:     0x6068039d957c - core[a373ad73a504971]::panicking::panic_fmt
[INFO] [stdout]   11:     0x6068039d9352 - core[a373ad73a504971]::result::unwrap_failed
[INFO] [stdout]   12:     0x6068038d4c61 - <flow_rs_core[fb2724f09bfdaf2b]::api_reference_tests::tests::test_api_method_signatures_accurate::{closure#0} as core[a373ad73a504971]::ops::function::FnOnce<()>>::call_once
[INFO] [stdout]   13:     0x6068038f983b - test[aada8e7e76ba119b]::__rust_begin_short_backtrace::<core[a373ad73a504971]::result::Result<(), alloc[2e1b2a31b91974c5]::string::String>, fn() -> core[a373ad73a504971]::result::Result<(), alloc[2e1b2a31b91974c5]::string::String>>
[INFO] [stdout]   14:     0x606803906a15 - test[aada8e7e76ba119b]::run_test::{closure#0}
[INFO] [stdout]   15:     0x606803900304 - std[617be2ca0a6fd877]::sys::backtrace::__rust_begin_short_backtrace::<test[aada8e7e76ba119b]::run_test::{closure#1}, ()>
[INFO] [stdout]   16:     0x606803909aa2 - <std[617be2ca0a6fd877]::thread::lifecycle::spawn_unchecked<test[aada8e7e76ba119b]::run_test::{closure#1}, ()>::{closure#1} as core[a373ad73a504971]::ops::function::FnOnce<()>>::call_once::{shim:vtable#0}
[INFO] [stdout]   17:     0x6068039c284f - <std[617be2ca0a6fd877]::sys::thread::unix::Thread>::new::thread_start
[INFO] [stdout]   18:     0x7a90473cedfa - <unknown>
[INFO] [stdout]   19:     0x7a90474623d4 - clone
[INFO] [stdout]   20:                0x0 - <unknown>
[INFO] [stdout] 
[INFO] [stdout] ---- api_reference_tests::tests::test_api_return_types_documented stdout ----
[INFO] [stdout] 
[INFO] [stdout] thread 'api_reference_tests::tests::test_api_return_types_documented' (1201) panicked at src/api_reference_tests.rs:165:70:
[INFO] [stdout] called `Result::unwrap()` on an `Err` value: Os { code: 2, kind: NotFound, message: "No such file or directory" }
[INFO] [stdout] stack backtrace:
[INFO] [stdout]    0:     0x6068039c3351 - <<std[617be2ca0a6fd877]::sys::backtrace::BacktraceLock>::print::DisplayBacktrace as core[a373ad73a504971]::fmt::Display>::fmt
[INFO] [stdout]    1:     0x6068039d8d9a - core[a373ad73a504971]::fmt::write
[INFO] [stdout]    2:     0x6068039c79cc - <alloc[2e1b2a31b91974c5]::vec::Vec<u8> as core[a373ad73a504971]::io::write::Write>::write_fmt
[INFO] [stdout]    3:     0x60680399df46 - std[617be2ca0a6fd877]::panicking::default_hook::{closure#0}
[INFO] [stdout]    4:     0x6068039bb4f9 - std[617be2ca0a6fd877]::panicking::default_hook
[INFO] [stdout]    5:     0x6068039063f0 - test[aada8e7e76ba119b]::test_main_inner::{closure#0}
[INFO] [stdout]    6:     0x6068039bb6b2 - std[617be2ca0a6fd877]::panicking::panic_with_hook
[INFO] [stdout]    7:     0x60680399dff2 - std[617be2ca0a6fd877]::panicking::panic_handler::{closure#0}
[INFO] [stdout]    8:     0x606803996a29 - std[617be2ca0a6fd877]::sys::backtrace::__rust_end_short_backtrace::<std[617be2ca0a6fd877]::panicking::panic_handler::{closure#0}, !>
[INFO] [stdout]    9:     0x60680399ebfd - __rustc[ea4f61d10b84890b]::rust_begin_unwind
[INFO] [stdout]   10:     0x6068039d957c - core[a373ad73a504971]::panicking::panic_fmt
[INFO] [stdout]   11:     0x6068039d9352 - core[a373ad73a504971]::result::unwrap_failed
[INFO] [stdout]   12:     0x6068038d4638 - <flow_rs_core[fb2724f09bfdaf2b]::api_reference_tests::tests::test_api_return_types_documented::{closure#0} as core[a373ad73a504971]::ops::function::FnOnce<()>>::call_once
[INFO] [stdout]   13:     0x6068038f983b - test[aada8e7e76ba119b]::__rust_begin_short_backtrace::<core[a373ad73a504971]::result::Result<(), alloc[2e1b2a31b91974c5]::string::String>, fn() -> core[a373ad73a504971]::result::Result<(), alloc[2e1b2a31b91974c5]::string::String>>
[INFO] [stdout]   14:     0x606803906a15 - test[aada8e7e76ba119b]::run_test::{closure#0}
[INFO] [stdout]   15:     0x606803900304 - std[617be2ca0a6fd877]::sys::backtrace::__rust_begin_short_backtrace::<test[aada8e7e76ba119b]::run_test::{closure#1}, ()>
[INFO] [stdout]   16:     0x606803909aa2 - <std[617be2ca0a6fd877]::thread::lifecycle::spawn_unchecked<test[aada8e7e76ba119b]::run_test::{closure#1}, ()>::{closure#1} as core[a373ad73a504971]::ops::function::FnOnce<()>>::call_once::{shim:vtable#0}
[INFO] [stdout]   17:     0x6068039c284f - <std[617be2ca0a6fd877]::sys::thread::unix::Thread>::new::thread_start
[INFO] [stdout]   18:     0x7a90473cedfa - <unknown>
[INFO] [stdout]   19:     0x7a90474623d4 - clone
[INFO] [stdout]   20:                0x0 - <unknown>
[INFO] [stdout] 
[INFO] [stdout] ---- api_reference_tests::tests::test_api_error_handling stdout ----
[INFO] [stdout] 
[INFO] [stdout] thread 'api_reference_tests::tests::test_api_error_handling' (1193) panicked at src/api_reference_tests.rs:304:70:
[INFO] [stdout] called `Result::unwrap()` on an `Err` value: Os { code: 2, kind: NotFound, message: "No such file or directory" }
[INFO] [stdout] stack backtrace:
[INFO] [stdout]    0:     0x6068039c3351 - <<std[617be2ca0a6fd877]::sys::backtrace::BacktraceLock>::print::DisplayBacktrace as core[a373ad73a504971]::fmt::Display>::fmt
[INFO] [stdout]    1:     0x6068039d8d9a - core[a373ad73a504971]::fmt::write
[INFO] [stdout]    2:     0x6068039c79cc - <alloc[2e1b2a31b91974c5]::vec::Vec<u8> as core[a373ad73a504971]::io::write::Write>::write_fmt
[INFO] [stdout]    3:     0x60680399df46 - std[617be2ca0a6fd877]::panicking::default_hook::{closure#0}
[INFO] [stdout]    4:     0x6068039bb4f9 - std[617be2ca0a6fd877]::panicking::default_hook
[INFO] [stdout]    5:     0x6068039063f0 - test[aada8e7e76ba119b]::test_main_inner::{closure#0}
[INFO] [stdout]    6:     0x6068039bb6b2 - std[617be2ca0a6fd877]::panicking::panic_with_hook
[INFO] [stdout]    7:     0x60680399dff2 - std[617be2ca0a6fd877]::panicking::panic_handler::{closure#0}
[INFO] [stdout]    8:     0x606803996a29 - std[617be2ca0a6fd877]::sys::backtrace::__rust_end_short_backtrace::<std[617be2ca0a6fd877]::panicking::panic_handler::{closure#0}, !>
[INFO] [stdout]    9:     0x60680399ebfd - __rustc[ea4f61d10b84890b]::rust_begin_unwind
[INFO] [stdout]   10:     0x6068039d957c - core[a373ad73a504971]::panicking::panic_fmt
[INFO] [stdout]   11:     0x6068039d9352 - core[a373ad73a504971]::result::unwrap_failed
[INFO] [stdout]   12:     0x6068038d1fd6 - <flow_rs_core[fb2724f09bfdaf2b]::api_reference_tests::tests::test_api_error_handling::{closure#0} as core[a373ad73a504971]::ops::function::FnOnce<()>>::call_once
[INFO] [stdout]   13:     0x6068038f983b - test[aada8e7e76ba119b]::__rust_begin_short_backtrace::<core[a373ad73a504971]::result::Result<(), alloc[2e1b2a31b91974c5]::string::String>, fn() -> core[a373ad73a504971]::result::Result<(), alloc[2e1b2a31b91974c5]::string::String>>
[INFO] [stdout]   14:     0x606803906a15 - test[aada8e7e76ba119b]::run_test::{closure#0}
[INFO] [stdout]   15:     0x606803900304 - std[617be2ca0a6fd877]::sys::backtrace::__rust_begin_short_backtrace::<test[aada8e7e76ba119b]::run_test::{closure#1}, ()>
[INFO] [stdout]   16:     0x606803909aa2 - <std[617be2ca0a6fd877]::thread::lifecycle::spawn_unchecked<test[aada8e7e76ba119b]::run_test::{closure#1}, ()>::{closure#1} as core[a373ad73a504971]::ops::function::FnOnce<()>>::call_once::{shim:vtable#0}
[INFO] [stdout]   17:     0x6068039c284f - <std[617be2ca0a6fd877]::sys::thread::unix::Thread>::new::thread_start
[INFO] [stdout]   18:     0x7a90473cedfa - <unknown>
[INFO] [stdout]   19:     0x7a90474623d4 - clone
[INFO] [stdout]   20:                0x0 - <unknown>
[INFO] [stdout] 
[INFO] [stdout] ---- api_reference_tests::tests::test_core_types_documented stdout ----
[INFO] [stdout] 
[INFO] [stdout] thread 'api_reference_tests::tests::test_core_types_documented' (1206) panicked at src/api_reference_tests.rs:45:70:
[INFO] [stdout] called `Result::unwrap()` on an `Err` value: Os { code: 2, kind: NotFound, message: "No such file or directory" }
[INFO] [stdout] stack backtrace:
[INFO] [stdout]    0:     0x6068039c3351 - <<std[617be2ca0a6fd877]::sys::backtrace::BacktraceLock>::print::DisplayBacktrace as core[a373ad73a504971]::fmt::Display>::fmt
[INFO] [stdout]    1:     0x6068039d8d9a - core[a373ad73a504971]::fmt::write
[INFO] [stdout]    2:     0x6068039c79cc - <alloc[2e1b2a31b91974c5]::vec::Vec<u8> as core[a373ad73a504971]::io::write::Write>::write_fmt
[INFO] [stdout]    3:     0x60680399df46 - std[617be2ca0a6fd877]::panicking::default_hook::{closure#0}
[INFO] [stdout]    4:     0x6068039bb4f9 - std[617be2ca0a6fd877]::panicking::default_hook
[INFO] [stdout]    5:     0x6068039063f0 - test[aada8e7e76ba119b]::test_main_inner::{closure#0}
[INFO] [stdout]    6:     0x6068039bb6b2 - std[617be2ca0a6fd877]::panicking::panic_with_hook
[INFO] [stdout]    7:     0x60680399dff2 - std[617be2ca0a6fd877]::panicking::panic_handler::{closure#0}
[INFO] [stdout]    8:     0x606803996a29 - std[617be2ca0a6fd877]::sys::backtrace::__rust_end_short_backtrace::<std[617be2ca0a6fd877]::panicking::panic_handler::{closure#0}, !>
[INFO] [stdout]    9:     0x60680399ebfd - __rustc[ea4f61d10b84890b]::rust_begin_unwind
[INFO] [stdout]   10:     0x6068039d957c - core[a373ad73a504971]::panicking::panic_fmt
[INFO] [stdout]   11:     0x6068039d9352 - core[a373ad73a504971]::result::unwrap_failed
[INFO] [stdout]   12:     0x6068038d344d - <flow_rs_core[fb2724f09bfdaf2b]::api_reference_tests::tests::test_core_types_documented::{closure#0} as core[a373ad73a504971]::ops::function::FnOnce<()>>::call_once
[INFO] [stdout]   13:     0x6068038f983b - test[aada8e7e76ba119b]::__rust_begin_short_backtrace::<core[a373ad73a504971]::result::Result<(), alloc[2e1b2a31b91974c5]::string::String>, fn() -> core[a373ad73a504971]::result::Result<(), alloc[2e1b2a31b91974c5]::string::String>>
[INFO] [stdout]   14:     0x606803906a15 - test[aada8e7e76ba119b]::run_test::{closure#0}
[INFO] [stdout]   15:     0x606803900304 - std[617be2ca0a6fd877]::sys::backtrace::__rust_begin_short_backtrace::<test[aada8e7e76ba119b]::run_test::{closure#1}, ()>
[INFO] [stdout]   16:     0x606803909aa2 - <std[617be2ca0a6fd877]::thread::lifecycle::spawn_unchecked<test[aada8e7e76ba119b]::run_test::{closure#1}, ()>::{closure#1} as core[a373ad73a504971]::ops::function::FnOnce<()>>::call_once::{shim:vtable#0}
[INFO] [stdout]   17:     0x6068039c284f - <std[617be2ca0a6fd877]::sys::thread::unix::Thread>::new::thread_start
[INFO] [stdout]   18:     0x7a90473cedfa - <unknown>
[INFO] [stdout]   19:     0x7a90474623d4 - clone
[INFO] [stdout]   20:                0x0 - <unknown>
[INFO] [stdout] 
[INFO] [stdout] ---- api_reference_tests::tests::test_api_examples_compilable stdout ----
[INFO] [stdout] 
[INFO] [stdout] thread 'api_reference_tests::tests::test_api_examples_compilable' (1195) panicked at src/api_reference_tests.rs:122:70:
[INFO] [stdout] called `Result::unwrap()` on an `Err` value: Os { code: 2, kind: NotFound, message: "No such file or directory" }
[INFO] [stdout] stack backtrace:
[INFO] [stdout]    0:     0x6068039c3351 - <<std[617be2ca0a6fd877]::sys::backtrace::BacktraceLock>::print::DisplayBacktrace as core[a373ad73a504971]::fmt::Display>::fmt
[INFO] [stdout]    1:     0x6068039d8d9a - core[a373ad73a504971]::fmt::write
[INFO] [stdout]    2:     0x6068039c79cc - <alloc[2e1b2a31b91974c5]::vec::Vec<u8> as core[a373ad73a504971]::io::write::Write>::write_fmt
[INFO] [stdout]    3:     0x60680399df46 - std[617be2ca0a6fd877]::panicking::default_hook::{closure#0}
[INFO] [stdout]    4:     0x6068039bb4f9 - std[617be2ca0a6fd877]::panicking::default_hook
[INFO] [stdout]    5:     0x6068039063f0 - test[aada8e7e76ba119b]::test_main_inner::{closure#0}
[INFO] [stdout]    6:     0x6068039bb6b2 - std[617be2ca0a6fd877]::panicking::panic_with_hook
[INFO] [stdout]    7:     0x60680399dff2 - std[617be2ca0a6fd877]::panicking::panic_handler::{closure#0}
[INFO] [stdout]    8:     0x606803996a29 - std[617be2ca0a6fd877]::sys::backtrace::__rust_end_short_backtrace::<std[617be2ca0a6fd877]::panicking::panic_handler::{closure#0}, !>
[INFO] [stdout]    9:     0x60680399ebfd - __rustc[ea4f61d10b84890b]::rust_begin_unwind
[INFO] [stdout]   10:     0x6068039d957c - core[a373ad73a504971]::panicking::panic_fmt
[INFO] [stdout]   11:     0x6068039d9352 - core[a373ad73a504971]::result::unwrap_failed
[INFO] [stdout]   12:     0x6068038d3a6a - <flow_rs_core[fb2724f09bfdaf2b]::api_reference_tests::tests::test_api_examples_compilable::{closure#0} as core[a373ad73a504971]::ops::function::FnOnce<()>>::call_once
[INFO] [stdout]   13:     0x6068038f983b - test[aada8e7e76ba119b]::__rust_begin_short_backtrace::<core[a373ad73a504971]::result::Result<(), alloc[2e1b2a31b91974c5]::string::String>, fn() -> core[a373ad73a504971]::result::Result<(), alloc[2e1b2a31b91974c5]::string::String>>
[INFO] [stdout]   14:     0x606803906a15 - test[aada8e7e76ba119b]::run_test::{closure#0}
[INFO] [stdout]   15:     0x606803900304 - std[617be2ca0a6fd877]::sys::backtrace::__rust_begin_short_backtrace::<test[aada8e7e76ba119b]::run_test::{closure#1}, ()>
[INFO] [stdout]   16:     0x606803909aa2 - <std[617be2ca0a6fd877]::thread::lifecycle::spawn_unchecked<test[aada8e7e76ba119b]::run_test::{closure#1}, ()>::{closure#1} as core[a373ad73a504971]::ops::function::FnOnce<()>>::call_once::{shim:vtable#0}
[INFO] [stdout]   17:     0x6068039c284f - <std[617be2ca0a6fd877]::sys::thread::unix::Thread>::new::thread_start
[INFO] [stdout]   18:     0x7a90473cedfa - <unknown>
[INFO] [stdout]   19:     0x7a90474623d4 - clone
[INFO] [stdout]   20:                0x0 - <unknown>
[INFO] [stdout] 
[INFO] [stdout] ---- api_reference_tests::tests::test_api_usage_patterns stdout ----
[INFO] [stdout] 
[INFO] [stdout] thread 'api_reference_tests::tests::test_api_usage_patterns' (1202) panicked at src/api_reference_tests.rs:281:70:
[INFO] [stdout] called `Result::unwrap()` on an `Err` value: Os { code: 2, kind: NotFound, message: "No such file or directory" }
[INFO] [stdout] stack backtrace:
[INFO] [stdout]    0:     0x6068039c3351 - <<std[617be2ca0a6fd877]::sys::backtrace::BacktraceLock>::print::DisplayBacktrace as core[a373ad73a504971]::fmt::Display>::fmt
[INFO] [stdout]    1:     0x6068039d8d9a - core[a373ad73a504971]::fmt::write
[INFO] [stdout]    2:     0x6068039c79cc - <alloc[2e1b2a31b91974c5]::vec::Vec<u8> as core[a373ad73a504971]::io::write::Write>::write_fmt
[INFO] [stdout]    3:     0x60680399df46 - std[617be2ca0a6fd877]::panicking::default_hook::{closure#0}
[INFO] [stdout]    4:     0x6068039bb4f9 - std[617be2ca0a6fd877]::panicking::default_hook
[INFO] [stdout]    5:     0x6068039063f0 - test[aada8e7e76ba119b]::test_main_inner::{closure#0}
[INFO] [stdout]    6:     0x6068039bb6b2 - std[617be2ca0a6fd877]::panicking::panic_with_hook
[INFO] [stdout]    7:     0x60680399dff2 - std[617be2ca0a6fd877]::panicking::panic_handler::{closure#0}
[INFO] [stdout]    8:     0x606803996a29 - std[617be2ca0a6fd877]::sys::backtrace::__rust_end_short_backtrace::<std[617be2ca0a6fd877]::panicking::panic_handler::{closure#0}, !>
[INFO] [stdout]    9:     0x60680399ebfd - __rustc[ea4f61d10b84890b]::rust_begin_unwind
[INFO] [stdout]   10:     0x6068039d957c - core[a373ad73a504971]::panicking::panic_fmt
[INFO] [stdout]   11:     0x6068039d9352 - core[a373ad73a504971]::result::unwrap_failed
[INFO] [stdout]   12:     0x6068038d224a - <flow_rs_core[fb2724f09bfdaf2b]::api_reference_tests::tests::test_api_usage_patterns::{closure#0} as core[a373ad73a504971]::ops::function::FnOnce<()>>::call_once
[INFO] [stdout]   13:     0x6068038f983b - test[aada8e7e76ba119b]::__rust_begin_short_backtrace::<core[a373ad73a504971]::result::Result<(), alloc[2e1b2a31b91974c5]::string::String>, fn() -> core[a373ad73a504971]::result::Result<(), alloc[2e1b2a31b91974c5]::string::String>>
[INFO] [stdout]   14:     0x606803906a15 - test[aada8e7e76ba119b]::run_test::{closure#0}
[INFO] [stdout]   15:     0x606803900304 - std[617be2ca0a6fd877]::sys::backtrace::__rust_begin_short_backtrace::<test[aada8e7e76ba119b]::run_test::{closure#1}, ()>
[INFO] [stdout]   16:     0x606803909aa2 - <std[617be2ca0a6fd877]::thread::lifecycle::spawn_unchecked<test[aada8e7e76ba119b]::run_test::{closure#1}, ()>::{closure#1} as core[a373ad73a504971]::ops::function::FnOnce<()>>::call_once::{shim:vtable#0}
[INFO] [stdout]   17:     0x6068039c284f - <std[617be2ca0a6fd877]::sys::thread::unix::Thread>::new::thread_start
[INFO] [stdout]   18:     0x7a90473cedfa - <unknown>
[INFO] [stdout]   19:     0x7a90474623d4 - clone
[INFO] [stdout]   20:                0x0 - <unknown>
[INFO] [stdout] 
[INFO] [stdout] ---- api_reference_tests::tests::test_api_examples_working stdout ----
[INFO] [stdout] 
[INFO] [stdout] thread 'api_reference_tests::tests::test_api_examples_working' (1196) panicked at src/api_reference_tests.rs:215:70:
[INFO] [stdout] called `Result::unwrap()` on an `Err` value: Os { code: 2, kind: NotFound, message: "No such file or directory" }
[INFO] [stdout] stack backtrace:
[INFO] [stdout]    0:     0x6068039c3351 - <<std[617be2ca0a6fd877]::sys::backtrace::BacktraceLock>::print::DisplayBacktrace as core[a373ad73a504971]::fmt::Display>::fmt
[INFO] [stdout]    1:     0x6068039d8d9a - core[a373ad73a504971]::fmt::write
[INFO] [stdout]    2:     0x6068039c79cc - <alloc[2e1b2a31b91974c5]::vec::Vec<u8> as core[a373ad73a504971]::io::write::Write>::write_fmt
[INFO] [stdout]    3:     0x60680399df46 - std[617be2ca0a6fd877]::panicking::default_hook::{closure#0}
[INFO] [stdout]    4:     0x6068039bb4f9 - std[617be2ca0a6fd877]::panicking::default_hook
[INFO] [stdout]    5:     0x6068039063f0 - test[aada8e7e76ba119b]::test_main_inner::{closure#0}
[INFO] [stdout]    6:     0x6068039bb6b2 - std[617be2ca0a6fd877]::panicking::panic_with_hook
[INFO] [stdout]    7:     0x60680399dff2 - std[617be2ca0a6fd877]::panicking::panic_handler::{closure#0}
[INFO] [stdout]    8:     0x606803996a29 - std[617be2ca0a6fd877]::sys::backtrace::__rust_end_short_backtrace::<std[617be2ca0a6fd877]::panicking::panic_handler::{closure#0}, !>
[INFO] [stdout]    9:     0x60680399ebfd - __rustc[ea4f61d10b84890b]::rust_begin_unwind
[INFO] [stdout]   10:     0x6068039d957c - core[a373ad73a504971]::panicking::panic_fmt
[INFO] [stdout]   11:     0x6068039d9352 - core[a373ad73a504971]::result::unwrap_failed
[INFO] [stdout]   12:     0x6068038d2966 - <flow_rs_core[fb2724f09bfdaf2b]::api_reference_tests::tests::test_api_examples_working::{closure#0} as core[a373ad73a504971]::ops::function::FnOnce<()>>::call_once
[INFO] [stdout]   13:     0x6068038f983b - test[aada8e7e76ba119b]::__rust_begin_short_backtrace::<core[a373ad73a504971]::result::Result<(), alloc[2e1b2a31b91974c5]::string::String>, fn() -> core[a373ad73a504971]::result::Result<(), alloc[2e1b2a31b91974c5]::string::String>>
[INFO] [stdout]   14:     0x606803906a15 - test[aada8e7e76ba119b]::run_test::{closure#0}
[INFO] [stdout]   15:     0x606803900304 - std[617be2ca0a6fd877]::sys::backtrace::__rust_begin_short_backtrace::<test[aada8e7e76ba119b]::run_test::{closure#1}, ()>
[INFO] [stdout]   16:     0x606803909aa2 - <std[617be2ca0a6fd877]::thread::lifecycle::spawn_unchecked<test[aada8e7e76ba119b]::run_test::{closure#1}, ()>::{closure#1} as core[a373ad73a504971]::ops::function::FnOnce<()>>::call_once::{shim:vtable#0}
[INFO] [stdout]   17:     0x6068039c284f - <std[617be2ca0a6fd877]::sys::thread::unix::Thread>::new::thread_start
[INFO] [stdout]   18:     0x7a90473cedfa - <unknown>
[INFO] [stdout]   19:     0x7a90474623d4 - clone
[INFO] [stdout]   20:                0x0 - <unknown>
[INFO] [stdout] 
[INFO] [stdout] ---- api_reference_tests::tests::test_api_version_consistency stdout ----
[INFO] [stdout] 
[INFO] [stdout] thread 'api_reference_tests::tests::test_api_version_consistency' (1203) panicked at src/api_reference_tests.rs:260:70:
[INFO] [stdout] called `Result::unwrap()` on an `Err` value: Os { code: 2, kind: NotFound, message: "No such file or directory" }
[INFO] [stdout] stack backtrace:
[INFO] [stdout]    0:     0x6068039c3351 - <<std[617be2ca0a6fd877]::sys::backtrace::BacktraceLock>::print::DisplayBacktrace as core[a373ad73a504971]::fmt::Display>::fmt
[INFO] [stdout]    1:     0x6068039d8d9a - core[a373ad73a504971]::fmt::write
[INFO] [stdout]    2:     0x6068039c79cc - <alloc[2e1b2a31b91974c5]::vec::Vec<u8> as core[a373ad73a504971]::io::write::Write>::write_fmt
[INFO] [stdout]    3:     0x60680399df46 - std[617be2ca0a6fd877]::panicking::default_hook::{closure#0}
[INFO] [stdout]    4:     0x6068039bb4f9 - std[617be2ca0a6fd877]::panicking::default_hook
[INFO] [stdout]    5:     0x6068039063f0 - test[aada8e7e76ba119b]::test_main_inner::{closure#0}
[INFO] [stdout]    6:     0x6068039bb6b2 - std[617be2ca0a6fd877]::panicking::panic_with_hook
[INFO] [stdout]    7:     0x60680399dff2 - std[617be2ca0a6fd877]::panicking::panic_handler::{closure#0}
[INFO] [stdout]    8:     0x606803996a29 - std[617be2ca0a6fd877]::sys::backtrace::__rust_end_short_backtrace::<std[617be2ca0a6fd877]::panicking::panic_handler::{closure#0}, !>
[INFO] [stdout]    9:     0x60680399ebfd - __rustc[ea4f61d10b84890b]::rust_begin_unwind
[INFO] [stdout]   10:     0x6068039d957c - core[a373ad73a504971]::panicking::panic_fmt
[INFO] [stdout]   11:     0x6068039d9352 - core[a373ad73a504971]::result::unwrap_failed
[INFO] [stdout]   12:     0x6068038d3e9f - <flow_rs_core[fb2724f09bfdaf2b]::api_reference_tests::tests::test_api_version_consistency::{closure#0} as core[a373ad73a504971]::ops::function::FnOnce<()>>::call_once
[INFO] [stdout]   13:     0x6068038f983b - test[aada8e7e76ba119b]::__rust_begin_short_backtrace::<core[a373ad73a504971]::result::Result<(), alloc[2e1b2a31b91974c5]::string::String>, fn() -> core[a373ad73a504971]::result::Result<(), alloc[2e1b2a31b91974c5]::string::String>>
[INFO] [stdout]   14:     0x606803906a15 - test[aada8e7e76ba119b]::run_test::{closure#0}
[INFO] [stdout]   15:     0x606803900304 - std[617be2ca0a6fd877]::sys::backtrace::__rust_begin_short_backtrace::<test[aada8e7e76ba119b]::run_test::{closure#1}, ()>
[INFO] [stdout]   16:     0x606803909aa2 - <std[617be2ca0a6fd877]::thread::lifecycle::spawn_unchecked<test[aada8e7e76ba119b]::run_test::{closure#1}, ()>::{closure#1} as core[a373ad73a504971]::ops::function::FnOnce<()>>::call_once::{shim:vtable#0}
[INFO] [stdout]   17:     0x6068039c284f - <std[617be2ca0a6fd877]::sys::thread::unix::Thread>::new::thread_start
[INFO] [stdout]   18:     0x7a90473cedfa - <unknown>
[INFO] [stdout]   19:     0x7a90474623d4 - clone
[INFO] [stdout]   20:                0x0 - <unknown>
[INFO] [stdout] 
[INFO] [stdout] ---- api_reference_tests::tests::test_api_parameter_documentation stdout ----
[INFO] [stdout] 
[INFO] [stdout] thread 'api_reference_tests::tests::test_api_parameter_documentation' (1198) panicked at src/api_reference_tests.rs:190:70:
[INFO] [stdout] called `Result::unwrap()` on an `Err` value: Os { code: 2, kind: NotFound, message: "No such file or directory" }
[INFO] [stdout] stack backtrace:
[INFO] [stdout]    0:     0x6068039c3351 - <<std[617be2ca0a6fd877]::sys::backtrace::BacktraceLock>::print::DisplayBacktrace as core[a373ad73a504971]::fmt::Display>::fmt
[INFO] [stdout]    1:     0x6068039d8d9a - core[a373ad73a504971]::fmt::write
[INFO] [stdout]    2:     0x6068039c79cc - <alloc[2e1b2a31b91974c5]::vec::Vec<u8> as core[a373ad73a504971]::io::write::Write>::write_fmt
[INFO] [stdout]    3:     0x60680399df46 - std[617be2ca0a6fd877]::panicking::default_hook::{closure#0}
[INFO] [stdout]    4:     0x6068039bb4f9 - std[617be2ca0a6fd877]::panicking::default_hook
[INFO] [stdout]    5:     0x6068039063f0 - test[aada8e7e76ba119b]::test_main_inner::{closure#0}
[INFO] [stdout]    6:     0x6068039bb6b2 - std[617be2ca0a6fd877]::panicking::panic_with_hook
[INFO] [stdout]    7:     0x60680399dff2 - std[617be2ca0a6fd877]::panicking::panic_handler::{closure#0}
[INFO] [stdout]    8:     0x606803996a29 - std[617be2ca0a6fd877]::sys::backtrace::__rust_end_short_backtrace::<std[617be2ca0a6fd877]::panicking::panic_handler::{closure#0}, !>
[INFO] [stdout]    9:     0x60680399ebfd - __rustc[ea4f61d10b84890b]::rust_begin_unwind
[INFO] [stdout]   10:     0x6068039d957c - core[a373ad73a504971]::panicking::panic_fmt
[INFO] [stdout]   11:     0x6068039d9352 - core[a373ad73a504971]::result::unwrap_failed
[INFO] [stdout]   12:     0x6068038d4321 - <flow_rs_core[fb2724f09bfdaf2b]::api_reference_tests::tests::test_api_parameter_documentation::{closure#0} as core[a373ad73a504971]::ops::function::FnOnce<()>>::call_once
[INFO] [stdout]   13:     0x6068038f983b - test[aada8e7e76ba119b]::__rust_begin_short_backtrace::<core[a373ad73a504971]::result::Result<(), alloc[2e1b2a31b91974c5]::string::String>, fn() -> core[a373ad73a504971]::result::Result<(), alloc[2e1b2a31b91974c5]::string::String>>
[INFO] [stdout]   14:     0x606803906a15 - test[aada8e7e76ba119b]::run_test::{closure#0}
[INFO] [stdout]   15:     0x606803900304 - std[617be2ca0a6fd877]::sys::backtrace::__rust_begin_short_backtrace::<test[aada8e7e76ba119b]::run_test::{closure#1}, ()>
[INFO] [stdout]   16:     0x606803909aa2 - <std[617be2ca0a6fd877]::thread::lifecycle::spawn_unchecked<test[aada8e7e76ba119b]::run_test::{closure#1}, ()>::{closure#1} as core[a373ad73a504971]::ops::function::FnOnce<()>>::call_once::{shim:vtable#0}
[INFO] [stdout]   17:     0x6068039c284f - <std[617be2ca0a6fd877]::sys::thread::unix::Thread>::new::thread_start
[INFO] [stdout]   18:     0x7a90473cedfa - <unknown>
[INFO] [stdout]   19:     0x7a90474623d4 - clone
[INFO] [stdout]   20:                0x0 - <unknown>
[INFO] [stdout] 
[INFO] [stdout] ---- api_reference_tests::tests::test_automated_doc_generation_script_exists stdout ----
[INFO] [stdout] 
[INFO] [stdout] thread 'api_reference_tests::tests::test_automated_doc_generation_script_exists' (1204) panicked at src/api_reference_tests.rs:406:9:
[INFO] [stdout] API documentation generation script should exist
[INFO] [stdout] stack backtrace:
[INFO] [stdout]    0:     0x6068039c3351 - <<std[617be2ca0a6fd877]::sys::backtrace::BacktraceLock>::print::DisplayBacktrace as core[a373ad73a504971]::fmt::Display>::fmt
[INFO] [stdout]    1:     0x6068039d8d9a - core[a373ad73a504971]::fmt::write
[INFO] [stdout]    2:     0x6068039c79cc - <alloc[2e1b2a31b91974c5]::vec::Vec<u8> as core[a373ad73a504971]::io::write::Write>::write_fmt
[INFO] [stdout]    3:     0x60680399df46 - std[617be2ca0a6fd877]::panicking::default_hook::{closure#0}
[INFO] [stdout]    4:     0x6068039bb4f9 - std[617be2ca0a6fd877]::panicking::default_hook
[INFO] [stdout]    5:     0x6068039063f0 - test[aada8e7e76ba119b]::test_main_inner::{closure#0}
[INFO] [stdout]    6:     0x6068039bb6b2 - std[617be2ca0a6fd877]::panicking::panic_with_hook
[INFO] [stdout]    7:     0x60680399e024 - std[617be2ca0a6fd877]::panicking::panic_handler::{closure#0}
[INFO] [stdout]    8:     0x606803996a29 - std[617be2ca0a6fd877]::sys::backtrace::__rust_end_short_backtrace::<std[617be2ca0a6fd877]::panicking::panic_handler::{closure#0}, !>
[INFO] [stdout]    9:     0x60680399ebfd - __rustc[ea4f61d10b84890b]::rust_begin_unwind
[INFO] [stdout]   10:     0x6068039d957c - core[a373ad73a504971]::panicking::panic_fmt
[INFO] [stdout]   11:     0x6068038d4fc0 - <flow_rs_core[fb2724f09bfdaf2b]::api_reference_tests::tests::test_automated_doc_generation_script_exists::{closure#0} as core[a373ad73a504971]::ops::function::FnOnce<()>>::call_once
[INFO] [stdout]   12:     0x6068038f983b - test[aada8e7e76ba119b]::__rust_begin_short_backtrace::<core[a373ad73a504971]::result::Result<(), alloc[2e1b2a31b91974c5]::string::String>, fn() -> core[a373ad73a504971]::result::Result<(), alloc[2e1b2a31b91974c5]::string::String>>
[INFO] [stdout]   13:     0x606803906a15 - test[aada8e7e76ba119b]::run_test::{closure#0}
[INFO] [stdout]   14:     0x606803900304 - std[617be2ca0a6fd877]::sys::backtrace::__rust_begin_short_backtrace::<test[aada8e7e76ba119b]::run_test::{closure#1}, ()>
[INFO] [stdout]   15:     0x606803909aa2 - <std[617be2ca0a6fd877]::thread::lifecycle::spawn_unchecked<test[aada8e7e76ba119b]::run_test::{closure#1}, ()>::{closure#1} as core[a373ad73a504971]::ops::function::FnOnce<()>>::call_once::{shim:vtable#0}
[INFO] [stdout]   16:     0x6068039c284f - <std[617be2ca0a6fd877]::sys::thread::unix::Thread>::new::thread_start
[INFO] [stdout]   17:     0x7a90473cedfa - <unknown>
[INFO] [stdout]   18:     0x7a90474623d4 - clone
[INFO] [stdout]   19:                0x0 - <unknown>
[INFO] [stdout] 
[INFO] [stdout] ---- api_reference_tests::tests::test_api_performance_notes stdout ----
[INFO] [stdout] 
[INFO] [stdout] thread 'api_reference_tests::tests::test_api_performance_notes' (1199) panicked at src/api_reference_tests.rs:331:70:
[INFO] [stdout] called `Result::unwrap()` on an `Err` value: Os { code: 2, kind: NotFound, message: "No such file or directory" }
[INFO] [stdout] stack backtrace:
[INFO] [stdout]    0:     0x6068039c3351 - <<std[617be2ca0a6fd877]::sys::backtrace::BacktraceLock>::print::DisplayBacktrace as core[a373ad73a504971]::fmt::Display>::fmt
[INFO] [stdout]    1:     0x6068039d8d9a - core[a373ad73a504971]::fmt::write
[INFO] [stdout]    2:     0x6068039c79cc - <alloc[2e1b2a31b91974c5]::vec::Vec<u8> as core[a373ad73a504971]::io::write::Write>::write_fmt
[INFO] [stdout]    3:     0x60680399df46 - std[617be2ca0a6fd877]::panicking::default_hook::{closure#0}
[INFO] [stdout]    4:     0x6068039bb4f9 - std[617be2ca0a6fd877]::panicking::default_hook
[INFO] [stdout]    5:     0x6068039063f0 - test[aada8e7e76ba119b]::test_main_inner::{closure#0}
[INFO] [stdout]    6:     0x6068039bb6b2 - std[617be2ca0a6fd877]::panicking::panic_with_hook
[INFO] [stdout]    7:     0x60680399dff2 - std[617be2ca0a6fd877]::panicking::panic_handler::{closure#0}
[INFO] [stdout]    8:     0x606803996a29 - std[617be2ca0a6fd877]::sys::backtrace::__rust_end_short_backtrace::<std[617be2ca0a6fd877]::panicking::panic_handler::{closure#0}, !>
[INFO] [stdout]    9:     0x60680399ebfd - __rustc[ea4f61d10b84890b]::rust_begin_unwind
[INFO] [stdout]   10:     0x6068039d957c - core[a373ad73a504971]::panicking::panic_fmt
[INFO] [stdout]   11:     0x6068039d9352 - core[a373ad73a504971]::result::unwrap_failed
[INFO] [stdout]   12:     0x6068038d2d66 - <flow_rs_core[fb2724f09bfdaf2b]::api_reference_tests::tests::test_api_performance_notes::{closure#0} as core[a373ad73a504971]::ops::function::FnOnce<()>>::call_once
[INFO] [stdout]   13:     0x6068038f983b - test[aada8e7e76ba119b]::__rust_begin_short_backtrace::<core[a373ad73a504971]::result::Result<(), alloc[2e1b2a31b91974c5]::string::String>, fn() -> core[a373ad73a504971]::result::Result<(), alloc[2e1b2a31b91974c5]::string::String>>
[INFO] [stdout]   14:     0x606803906a15 - test[aada8e7e76ba119b]::run_test::{closure#0}
[INFO] [stdout]   15:     0x606803900304 - std[617be2ca0a6fd877]::sys::backtrace::__rust_begin_short_backtrace::<test[aada8e7e76ba119b]::run_test::{closure#1}, ()>
[INFO] [stdout]   16:     0x606803909aa2 - <std[617be2ca0a6fd877]::thread::lifecycle::spawn_unchecked<test[aada8e7e76ba119b]::run_test::{closure#1}, ()>::{closure#1} as core[a373ad73a504971]::ops::function::FnOnce<()>>::call_once::{shim:vtable#0}
[INFO] [stdout]   17:     0x6068039c284f - <std[617be2ca0a6fd877]::sys::thread::unix::Thread>::new::thread_start
[INFO] [stdout]   18:     0x7a90473cedfa - <unknown>
[INFO] [stdout]   19:     0x7a90474623d4 - clone
[INFO] [stdout]   20:                0x0 - <unknown>
[INFO] [stdout] 
[INFO] [stdout] ---- api_reference_tests::tests::test_api_evolution_strategy stdout ----
[INFO] [stdout] 
[INFO] [stdout] thread 'api_reference_tests::tests::test_api_evolution_strategy' (1194) panicked at src/api_reference_tests.rs:374:74:
[INFO] [stdout] called `Result::unwrap()` on an `Err` value: Os { code: 2, kind: NotFound, message: "No such file or directory" }
[INFO] [stdout] stack backtrace:
[INFO] [stdout]    0:     0x6068039c3351 - <<std[617be2ca0a6fd877]::sys::backtrace::BacktraceLock>::print::DisplayBacktrace as core[a373ad73a504971]::fmt::Display>::fmt
[INFO] [stdout]    1:     0x6068039d8d9a - core[a373ad73a504971]::fmt::write
[INFO] [stdout]    2:     0x6068039c79cc - <alloc[2e1b2a31b91974c5]::vec::Vec<u8> as core[a373ad73a504971]::io::write::Write>::write_fmt
[INFO] [stdout]    3:     0x60680399df46 - std[617be2ca0a6fd877]::panicking::default_hook::{closure#0}
[INFO] [stdout]    4:     0x6068039bb4f9 - std[617be2ca0a6fd877]::panicking::default_hook
[INFO] [stdout]    5:     0x6068039063f0 - test[aada8e7e76ba119b]::test_main_inner::{closure#0}
[INFO] [stdout]    6:     0x6068039bb6b2 - std[617be2ca0a6fd877]::panicking::panic_with_hook
[INFO] [stdout]    7:     0x60680399dff2 - std[617be2ca0a6fd877]::panicking::panic_handler::{closure#0}
[INFO] [stdout]    8:     0x606803996a29 - std[617be2ca0a6fd877]::sys::backtrace::__rust_end_short_backtrace::<std[617be2ca0a6fd877]::panicking::panic_handler::{closure#0}, !>
[INFO] [stdout]    9:     0x60680399ebfd - __rustc[ea4f61d10b84890b]::rust_begin_unwind
[INFO] [stdout]   10:     0x6068039d957c - core[a373ad73a504971]::panicking::panic_fmt
[INFO] [stdout]   11:     0x6068039d9352 - core[a373ad73a504971]::result::unwrap_failed
[INFO] [stdout]   12:     0x6068038d3636 - <flow_rs_core[fb2724f09bfdaf2b]::api_reference_tests::tests::test_api_evolution_strategy::{closure#0} as core[a373ad73a504971]::ops::function::FnOnce<()>>::call_once
[INFO] [stdout]   13:     0x6068038f983b - test[aada8e7e76ba119b]::__rust_begin_short_backtrace::<core[a373ad73a504971]::result::Result<(), alloc[2e1b2a31b91974c5]::string::String>, fn() -> core[a373ad73a504971]::result::Result<(), alloc[2e1b2a31b91974c5]::string::String>>
[INFO] [stdout]   14:     0x606803906a15 - test[aada8e7e76ba119b]::run_test::{closure#0}
[INFO] [stdout]   15:     0x606803900304 - std[617be2ca0a6fd877]::sys::backtrace::__rust_begin_short_backtrace::<test[aada8e7e76ba119b]::run_test::{closure#1}, ()>
[INFO] [stdout]   16:     0x606803909aa2 - <std[617be2ca0a6fd877]::thread::lifecycle::spawn_unchecked<test[aada8e7e76ba119b]::run_test::{closure#1}, ()>::{closure#1} as core[a373ad73a504971]::ops::function::FnOnce<()>>::call_once::{shim:vtable#0}
[INFO] [stdout]   17:     0x6068039c284f - <std[617be2ca0a6fd877]::sys::thread::unix::Thread>::new::thread_start
[INFO] [stdout]   18:     0x7a90473cedfa - <unknown>
[INFO] [stdout]   19:     0x7a90474623d4 - clone
[INFO] [stdout]   20:                0x0 - <unknown>
[INFO] [stdout] 
[INFO] [stdout] ---- api_reference_tests::tests::test_api_reference_structure_exists stdout ----
[INFO] [stdout] 
[INFO] [stdout] thread 'api_reference_tests::tests::test_api_reference_structure_exists' (1200) panicked at src/api_reference_tests.rs:28:9:
[INFO] [stdout] API reference directory should exist
[INFO] [stdout] stack backtrace:
[INFO] [stdout]    0:     0x6068039c3351 - <<std[617be2ca0a6fd877]::sys::backtrace::BacktraceLock>::print::DisplayBacktrace as core[a373ad73a504971]::fmt::Display>::fmt
[INFO] [stdout]    1:     0x6068039d8d9a - core[a373ad73a504971]::fmt::write
[INFO] [stdout]    2:     0x6068039c79cc - <alloc[2e1b2a31b91974c5]::vec::Vec<u8> as core[a373ad73a504971]::io::write::Write>::write_fmt
[INFO] [stdout]    3:     0x60680399df46 - std[617be2ca0a6fd877]::panicking::default_hook::{closure#0}
[INFO] [stdout]    4:     0x6068039bb4f9 - std[617be2ca0a6fd877]::panicking::default_hook
[INFO] [stdout]    5:     0x6068039063f0 - test[aada8e7e76ba119b]::test_main_inner::{closure#0}
[INFO] [stdout]    6:     0x6068039bb6b2 - std[617be2ca0a6fd877]::panicking::panic_with_hook
[INFO] [stdout]    7:     0x60680399e024 - std[617be2ca0a6fd877]::panicking::panic_handler::{closure#0}
[INFO] [stdout]    8:     0x606803996a29 - std[617be2ca0a6fd877]::sys::backtrace::__rust_end_short_backtrace::<std[617be2ca0a6fd877]::panicking::panic_handler::{closure#0}, !>
[INFO] [stdout]    9:     0x60680399ebfd - __rustc[ea4f61d10b84890b]::rust_begin_unwind
[INFO] [stdout]   10:     0x6068039d957c - core[a373ad73a504971]::panicking::panic_fmt
[INFO] [stdout]   11:     0x6068038d4e39 - <flow_rs_core[fb2724f09bfdaf2b]::api_reference_tests::tests::test_api_reference_structure_exists::{closure#0} as core[a373ad73a504971]::ops::function::FnOnce<()>>::call_once
[INFO] [stdout]   12:     0x6068038f983b - test[aada8e7e76ba119b]::__rust_begin_short_backtrace::<core[a373ad73a504971]::result::Result<(), alloc[2e1b2a31b91974c5]::string::String>, fn() -> core[a373ad73a504971]::result::Result<(), alloc[2e1b2a31b91974c5]::string::String>>
[INFO] [stdout]   13:     0x606803906a15 - test[aada8e7e76ba119b]::run_test::{closure#0}
[INFO] [stdout]   14:     0x606803900304 - std[617be2ca0a6fd877]::sys::backtrace::__rust_begin_short_backtrace::<test[aada8e7e76ba119b]::run_test::{closure#1}, ()>
[INFO] [stdout]   15:     0x606803909aa2 - <std[617be2ca0a6fd877]::thread::lifecycle::spawn_unchecked<test[aada8e7e76ba119b]::run_test::{closure#1}, ()>::{closure#1} as core[a373ad73a504971]::ops::function::FnOnce<()>>::call_once::{shim:vtable#0}
[INFO] [stdout]   16:     0x6068039c284f - <std[617be2ca0a6fd877]::sys::thread::unix::Thread>::new::thread_start
[INFO] [stdout]   17:     0x7a90473cedfa - <unknown>
[INFO] [stdout]   18:     0x7a90474623d4 - clone
[INFO] [stdout]   19:                0x0 - <unknown>
[INFO] [stdout] 
[INFO] [stdout] ---- api_reference_tests::tests::test_layout_algorithms_documented stdout ----
[INFO] [stdout] 
[INFO] [stdout] thread 'api_reference_tests::tests::test_layout_algorithms_documented' (1209) panicked at src/api_reference_tests.rs:85:70:
[INFO] [stdout] called `Result::unwrap()` on an `Err` value: Os { code: 2, kind: NotFound, message: "No such file or directory" }
[INFO] [stdout] stack backtrace:
[INFO] [stdout]    0:     0x6068039c3351 - <<std[617be2ca0a6fd877]::sys::backtrace::BacktraceLock>::print::DisplayBacktrace as core[a373ad73a504971]::fmt::Display>::fmt
[INFO] [stdout]    1:     0x6068039d8d9a - core[a373ad73a504971]::fmt::write
[INFO] [stdout]    2:     0x6068039c79cc - <alloc[2e1b2a31b91974c5]::vec::Vec<u8> as core[a373ad73a504971]::io::write::Write>::write_fmt
[INFO] [stdout]    3:     0x60680399df46 - std[617be2ca0a6fd877]::panicking::default_hook::{closure#0}
[INFO] [stdout]    4:     0x6068039bb4f9 - std[617be2ca0a6fd877]::panicking::default_hook
[INFO] [stdout]    5:     0x6068039063f0 - test[aada8e7e76ba119b]::test_main_inner::{closure#0}
[INFO] [stdout]    6:     0x6068039bb6b2 - std[617be2ca0a6fd877]::panicking::panic_with_hook
[INFO] [stdout]    7:     0x60680399dff2 - std[617be2ca0a6fd877]::panicking::panic_handler::{closure#0}
[INFO] [stdout]    8:     0x606803996a29 - std[617be2ca0a6fd877]::sys::backtrace::__rust_end_short_backtrace::<std[617be2ca0a6fd877]::panicking::panic_handler::{closure#0}, !>
[INFO] [stdout]    9:     0x60680399ebfd - __rustc[ea4f61d10b84890b]::rust_begin_unwind
[INFO] [stdout]   10:     0x6068039d957c - core[a373ad73a504971]::panicking::panic_fmt
[INFO] [stdout]   11:     0x6068039d9352 - core[a373ad73a504971]::result::unwrap_failed
[INFO] [stdout]   12:     0x6068038d4960 - <flow_rs_core[fb2724f09bfdaf2b]::api_reference_tests::tests::test_layout_algorithms_documented::{closure#0} as core[a373ad73a504971]::ops::function::FnOnce<()>>::call_once
[INFO] [stdout]   13:     0x6068038f983b - test[aada8e7e76ba119b]::__rust_begin_short_backtrace::<core[a373ad73a504971]::result::Result<(), alloc[2e1b2a31b91974c5]::string::String>, fn() -> core[a373ad73a504971]::result::Result<(), alloc[2e1b2a31b91974c5]::string::String>>
[INFO] [stdout]   14:     0x606803906a15 - test[aada8e7e76ba119b]::run_test::{closure#0}
[INFO] [stdout]   15:     0x606803900304 - std[617be2ca0a6fd877]::sys::backtrace::__rust_begin_short_backtrace::<test[aada8e7e76ba119b]::run_test::{closure#1}, ()>
[INFO] [stdout]   16:     0x606803909aa2 - <std[617be2ca0a6fd877]::thread::lifecycle::spawn_unchecked<test[aada8e7e76ba119b]::run_test::{closure#1}, ()>::{closure#1} as core[a373ad73a504971]::ops::function::FnOnce<()>>::call_once::{shim:vtable#0}
[INFO] [stdout]   17:     0x6068039c284f - <std[617be2ca0a6fd877]::sys::thread::unix::Thread>::new::thread_start
[INFO] [stdout]   18:     0x7a90473cedfa - <unknown>
[INFO] [stdout]   19:     0x7a90474623d4 - clone
[INFO] [stdout]   20:                0x0 - <unknown>
[INFO] [stdout] 
[INFO] [stdout] ---- api_reference_tests::tests::test_api_design_principles stdout ----
[INFO] [stdout] 
[INFO] [stdout] thread 'api_reference_tests::tests::test_api_design_principles' (1192) panicked at src/api_reference_tests.rs:352:74:
[INFO] [stdout] called `Result::unwrap()` on an `Err` value: Os { code: 2, kind: NotFound, message: "No such file or directory" }
[INFO] [stdout] stack backtrace:
[INFO] [stdout]    0:     0x6068039c3351 - <<std[617be2ca0a6fd877]::sys::backtrace::BacktraceLock>::print::DisplayBacktrace as core[a373ad73a504971]::fmt::Display>::fmt
[INFO] [stdout]    1:     0x6068039d8d9a - core[a373ad73a504971]::fmt::write
[INFO] [stdout]    2:     0x6068039c79cc - <alloc[2e1b2a31b91974c5]::vec::Vec<u8> as core[a373ad73a504971]::io::write::Write>::write_fmt
[INFO] [stdout]    3:     0x60680399df46 - std[617be2ca0a6fd877]::panicking::default_hook::{closure#0}
[INFO] [stdout]    4:     0x6068039bb4f9 - std[617be2ca0a6fd877]::panicking::default_hook
[INFO] [stdout]    5:     0x6068039063f0 - test[aada8e7e76ba119b]::test_main_inner::{closure#0}
[INFO] [stdout]    6:     0x6068039bb6b2 - std[617be2ca0a6fd877]::panicking::panic_with_hook
[INFO] [stdout]    7:     0x60680399dff2 - std[617be2ca0a6fd877]::panicking::panic_handler::{closure#0}
[INFO] [stdout]    8:     0x606803996a29 - std[617be2ca0a6fd877]::sys::backtrace::__rust_end_short_backtrace::<std[617be2ca0a6fd877]::panicking::panic_handler::{closure#0}, !>
[INFO] [stdout]    9:     0x60680399ebfd - __rustc[ea4f61d10b84890b]::rust_begin_unwind
[INFO] [stdout]   10:     0x6068039d957c - core[a373ad73a504971]::panicking::panic_fmt
[INFO] [stdout]   11:     0x6068039d9352 - core[a373ad73a504971]::result::unwrap_failed
[INFO] [stdout]   12:     0x6068038d2ba6 - <flow_rs_core[fb2724f09bfdaf2b]::api_reference_tests::tests::test_api_design_principles::{closure#0} as core[a373ad73a504971]::ops::function::FnOnce<()>>::call_once
[INFO] [stdout]   13:     0x6068038f983b - test[aada8e7e76ba119b]::__rust_begin_short_backtrace::<core[a373ad73a504971]::result::Result<(), alloc[2e1b2a31b91974c5]::string::String>, fn() -> core[a373ad73a504971]::result::Result<(), alloc[2e1b2a31b91974c5]::string::String>>
[INFO] [stdout]   14:     0x606803906a15 - test[aada8e7e76ba119b]::run_test::{closure#0}
[INFO] [stdout]   15:     0x606803900304 - std[617be2ca0a6fd877]::sys::backtrace::__rust_begin_short_backtrace::<test[aada8e7e76ba119b]::run_test::{closure#1}, ()>
[INFO] [stdout]   16:     0x606803909aa2 - <std[617be2ca0a6fd877]::thread::lifecycle::spawn_unchecked<test[aada8e7e76ba119b]::run_test::{closure#1}, ()>::{closure#1} as core[a373ad73a504971]::ops::function::FnOnce<()>>::call_once::{shim:vtable#0}
[INFO] [stdout]   17:     0x6068039c284f - <std[617be2ca0a6fd877]::sys::thread::unix::Thread>::new::thread_start
[INFO] [stdout]   18:     0x7a90473cedfa - <unknown>
[INFO] [stdout]   19:     0x7a90474623d4 - clone
[INFO] [stdout]   20:                0x0 - <unknown>
[INFO] [stdout] 
[INFO] [stdout] ---- api_reference_tests::tests::test_managers_documented stdout ----
[INFO] [stdout] 
[INFO] [stdout] thread 'api_reference_tests::tests::test_managers_documented' (1210) panicked at src/api_reference_tests.rs:64:70:
[INFO] [stdout] called `Result::unwrap()` on an `Err` value: Os { code: 2, kind: NotFound, message: "No such file or directory" }
[INFO] [stdout] stack backtrace:
[INFO] [stdout]    0:     0x6068039c3351 - <<std[617be2ca0a6fd877]::sys::backtrace::BacktraceLock>::print::DisplayBacktrace as core[a373ad73a504971]::fmt::Display>::fmt
[INFO] [stdout]    1:     0x6068039d8d9a - core[a373ad73a504971]::fmt::write
[INFO] [stdout]    2:     0x6068039c79cc - <alloc[2e1b2a31b91974c5]::vec::Vec<u8> as core[a373ad73a504971]::io::write::Write>::write_fmt
[INFO] [stdout]    3:     0x60680399df46 - std[617be2ca0a6fd877]::panicking::default_hook::{closure#0}
[INFO] [stdout]    4:     0x6068039bb4f9 - std[617be2ca0a6fd877]::panicking::default_hook
[INFO] [stdout]    5:     0x6068039063f0 - test[aada8e7e76ba119b]::test_main_inner::{closure#0}
[INFO] [stdout]    6:     0x6068039bb6b2 - std[617be2ca0a6fd877]::panicking::panic_with_hook
[INFO] [stdout]    7:     0x60680399dff2 - std[617be2ca0a6fd877]::panicking::panic_handler::{closure#0}
[INFO] [stdout]    8:     0x606803996a29 - std[617be2ca0a6fd877]::sys::backtrace::__rust_end_short_backtrace::<std[617be2ca0a6fd877]::panicking::panic_handler::{closure#0}, !>
[INFO] [stdout]    9:     0x60680399ebfd - __rustc[ea4f61d10b84890b]::rust_begin_unwind
[INFO] [stdout]   10:     0x6068039d957c - core[a373ad73a504971]::panicking::panic_fmt
[INFO] [stdout]   11:     0x6068039d9352 - core[a373ad73a504971]::result::unwrap_failed
[INFO] [stdout]   12:     0x6068038d2570 - <flow_rs_core[fb2724f09bfdaf2b]::api_reference_tests::tests::test_managers_documented::{closure#0} as core[a373ad73a504971]::ops::function::FnOnce<()>>::call_once
[INFO] [stdout]   13:     0x6068038f983b - test[aada8e7e76ba119b]::__rust_begin_short_backtrace::<core[a373ad73a504971]::result::Result<(), alloc[2e1b2a31b91974c5]::string::String>, fn() -> core[a373ad73a504971]::result::Result<(), alloc[2e1b2a31b91974c5]::string::String>>
[INFO] [stdout]   14:     0x606803906a15 - test[aada8e7e76ba119b]::run_test::{closure#0}
[INFO] [stdout]   15:     0x606803900304 - std[617be2ca0a6fd877]::sys::backtrace::__rust_begin_short_backtrace::<test[aada8e7e76ba119b]::run_test::{closure#1}, ()>
[INFO] [stdout]   16:     0x606803909aa2 - <std[617be2ca0a6fd877]::thread::lifecycle::spawn_unchecked<test[aada8e7e76ba119b]::run_test::{closure#1}, ()>::{closure#1} as core[a373ad73a504971]::ops::function::FnOnce<()>>::call_once::{shim:vtable#0}
[INFO] [stdout]   17:     0x6068039c284f - <std[617be2ca0a6fd877]::sys::thread::unix::Thread>::new::thread_start
[INFO] [stdout]   18:     0x7a90473cedfa - <unknown>
[INFO] [stdout]   19:     0x7a90474623d4 - clone
[INFO] [stdout]   20:                0x0 - <unknown>
[INFO] [stdout] 
[INFO] [stdout] ---- api_reference_tests::tests::test_error_types_documented stdout ----
[INFO] [stdout] 
[INFO] [stdout] thread 'api_reference_tests::tests::test_error_types_documented' (1207) panicked at src/api_reference_tests.rs:106:70:
[INFO] [stdout] called `Result::unwrap()` on an `Err` value: Os { code: 2, kind: NotFound, message: "No such file or directory" }
[INFO] [stdout] stack backtrace:
[INFO] [stdout]    0:     0x6068039c3351 - <<std[617be2ca0a6fd877]::sys::backtrace::BacktraceLock>::print::DisplayBacktrace as core[a373ad73a504971]::fmt::Display>::fmt
[INFO] [stdout]    1:     0x6068039d8d9a - core[a373ad73a504971]::fmt::write
[INFO] [stdout]    2:     0x6068039c79cc - <alloc[2e1b2a31b91974c5]::vec::Vec<u8> as core[a373ad73a504971]::io::write::Write>::write_fmt
[INFO] [stdout]    3:     0x60680399df46 - std[617be2ca0a6fd877]::panicking::default_hook::{closure#0}
[INFO] [stdout]    4:     0x6068039bb4f9 - std[617be2ca0a6fd877]::panicking::default_hook
[INFO] [stdout]    5:     0x6068039063f0 - test[aada8e7e76ba119b]::test_main_inner::{closure#0}
[INFO] [stdout]    6:     0x6068039bb6b2 - std[617be2ca0a6fd877]::panicking::panic_with_hook
[INFO] [stdout]    7:     0x60680399dff2 - std[617be2ca0a6fd877]::panicking::panic_handler::{closure#0}
[INFO] [stdout]    8:     0x606803996a29 - std[617be2ca0a6fd877]::sys::backtrace::__rust_end_short_backtrace::<std[617be2ca0a6fd877]::panicking::panic_handler::{closure#0}, !>
[INFO] [stdout]    9:     0x60680399ebfd - __rustc[ea4f61d10b84890b]::rust_begin_unwind
[INFO] [stdout]   10:     0x6068039d957c - core[a373ad73a504971]::panicking::panic_fmt
[INFO] [stdout]   11:     0x6068039d9352 - core[a373ad73a504971]::result::unwrap_failed
[INFO] [stdout]   12:     0x6068038d38cc - <flow_rs_core[fb2724f09bfdaf2b]::api_reference_tests::tests::test_error_types_documented::{closure#0} as core[a373ad73a504971]::ops::function::FnOnce<()>>::call_once
[INFO] [stdout]   13:     0x6068038f983b - test[aada8e7e76ba119b]::__rust_begin_short_backtrace::<core[a373ad73a504971]::result::Result<(), alloc[2e1b2a31b91974c5]::string::String>, fn() -> core[a373ad73a504971]::result::Result<(), alloc[2e1b2a31b91974c5]::string::String>>
[INFO] [stdout]   14:     0x606803906a15 - test[aada8e7e76ba119b]::run_test::{closure#0}
[INFO] [stdout]   15:     0x606803900304 - std[617be2ca0a6fd877]::sys::backtrace::__rust_begin_short_backtrace::<test[aada8e7e76ba119b]::run_test::{closure#1}, ()>
[INFO] [stdout]   16:     0x606803909aa2 - <std[617be2ca0a6fd877]::thread::lifecycle::spawn_unchecked<test[aada8e7e76ba119b]::run_test::{closure#1}, ()>::{closure#1} as core[a373ad73a504971]::ops::function::FnOnce<()>>::call_once::{shim:vtable#0}
[INFO] [stdout]   17:     0x6068039c284f - <std[617be2ca0a6fd877]::sys::thread::unix::Thread>::new::thread_start
[INFO] [stdout]   18:     0x7a90473cedfa - <unknown>
[INFO] [stdout]   19:     0x7a90474623d4 - clone
[INFO] [stdout]   20:                0x0 - <unknown>
[INFO] [stdout] 
[INFO] [stdout] ---- documentation_tests::tests::test_architecture_doc_accuracy stdout ----
[INFO] [stdout] 
[INFO] [stdout] thread 'documentation_tests::tests::test_architecture_doc_accuracy' (1226) panicked at src/documentation_tests.rs:142:83:
[INFO] [stdout] called `Result::unwrap()` on an `Err` value: Os { code: 2, kind: NotFound, message: "No such file or directory" }
[INFO] [stdout] stack backtrace:
[INFO] [stdout]    0:     0x6068039c3351 - <<std[617be2ca0a6fd877]::sys::backtrace::BacktraceLock>::print::DisplayBacktrace as core[a373ad73a504971]::fmt::Display>::fmt
[INFO] [stdout]    1:     0x6068039d8d9a - core[a373ad73a504971]::fmt::write
[INFO] [stdout]    2:     0x6068039c79cc - <alloc[2e1b2a31b91974c5]::vec::Vec<u8> as core[a373ad73a504971]::io::write::Write>::write_fmt
[INFO] [stdout]    3:     0x60680399df46 - std[617be2ca0a6fd877]::panicking::default_hook::{closure#0}
[INFO] [stdout]    4:     0x6068039bb4f9 - std[617be2ca0a6fd877]::panicking::default_hook
[INFO] [stdout]    5:     0x6068039063f0 - test[aada8e7e76ba119b]::test_main_inner::{closure#0}
[INFO] [stdout]    6:     0x6068039bb6b2 - std[617be2ca0a6fd877]::panicking::panic_with_hook
[INFO] [stdout]    7:     0x60680399dff2 - std[617be2ca0a6fd877]::panicking::panic_handler::{closure#0}
[INFO] [stdout]    8:     0x606803996a29 - std[617be2ca0a6fd877]::sys::backtrace::__rust_end_short_backtrace::<std[617be2ca0a6fd877]::panicking::panic_handler::{closure#0}, !>
[INFO] [stdout]    9:     0x60680399ebfd - __rustc[ea4f61d10b84890b]::rust_begin_unwind
[INFO] [stdout]   10:     0x6068039d957c - core[a373ad73a504971]::panicking::panic_fmt
[INFO] [stdout]   11:     0x6068039d9352 - core[a373ad73a504971]::result::unwrap_failed
[INFO] [stdout]   12:     0x6068038e63f8 - <flow_rs_core[fb2724f09bfdaf2b]::documentation_tests::tests::test_architecture_doc_accuracy::{closure#0} as core[a373ad73a504971]::ops::function::FnOnce<()>>::call_once
[INFO] [stdout]   13:     0x6068038f983b - test[aada8e7e76ba119b]::__rust_begin_short_backtrace::<core[a373ad73a504971]::result::Result<(), alloc[2e1b2a31b91974c5]::string::String>, fn() -> core[a373ad73a504971]::result::Result<(), alloc[2e1b2a31b91974c5]::string::String>>
[INFO] [stdout]   14:     0x606803906a15 - test[aada8e7e76ba119b]::run_test::{closure#0}
[INFO] [stdout]   15:     0x606803900304 - std[617be2ca0a6fd877]::sys::backtrace::__rust_begin_short_backtrace::<test[aada8e7e76ba119b]::run_test::{closure#1}, ()>
[INFO] [stdout]   16:     0x606803909aa2 - <std[617be2ca0a6fd877]::thread::lifecycle::spawn_unchecked<test[aada8e7e76ba119b]::run_test::{closure#1}, ()>::{closure#1} as core[a373ad73a504971]::ops::function::FnOnce<()>>::call_once::{shim:vtable#0}
[INFO] [stdout]   17:     0x6068039c284f - <std[617be2ca0a6fd877]::sys::thread::unix::Thread>::new::thread_start
[INFO] [stdout]   18:     0x7a90473cedfa - <unknown>
[INFO] [stdout]   19:     0x7a90474623d4 - clone
[INFO] [stdout]   20:                0x0 - <unknown>
[INFO] [stdout] 
[INFO] [stdout] ---- documentation_tests::tests::test_api_design_accuracy stdout ----
[INFO] [stdout] 
[INFO] [stdout] thread 'documentation_tests::tests::test_api_design_accuracy' (1224) panicked at src/documentation_tests.rs:158:71:
[INFO] [stdout] called `Result::unwrap()` on an `Err` value: Os { code: 2, kind: NotFound, message: "No such file or directory" }
[INFO] [stdout] stack backtrace:
[INFO] [stdout]    0:     0x6068039c3351 - <<std[617be2ca0a6fd877]::sys::backtrace::BacktraceLock>::print::DisplayBacktrace as core[a373ad73a504971]::fmt::Display>::fmt
[INFO] [stdout]    1:     0x6068039d8d9a - core[a373ad73a504971]::fmt::write
[INFO] [stdout]    2:     0x6068039c79cc - <alloc[2e1b2a31b91974c5]::vec::Vec<u8> as core[a373ad73a504971]::io::write::Write>::write_fmt
[INFO] [stdout]    3:     0x60680399df46 - std[617be2ca0a6fd877]::panicking::default_hook::{closure#0}
[INFO] [stdout]    4:     0x6068039bb4f9 - std[617be2ca0a6fd877]::panicking::default_hook
[INFO] [stdout]    5:     0x6068039063f0 - test[aada8e7e76ba119b]::test_main_inner::{closure#0}
[INFO] [stdout]    6:     0x6068039bb6b2 - std[617be2ca0a6fd877]::panicking::panic_with_hook
[INFO] [stdout]    7:     0x60680399dff2 - std[617be2ca0a6fd877]::panicking::panic_handler::{closure#0}
[INFO] [stdout]    8:     0x606803996a29 - std[617be2ca0a6fd877]::sys::backtrace::__rust_end_short_backtrace::<std[617be2ca0a6fd877]::panicking::panic_handler::{closure#0}, !>
[INFO] [stdout]    9:     0x60680399ebfd - __rustc[ea4f61d10b84890b]::rust_begin_unwind
[INFO] [stdout]   10:     0x6068039d957c - core[a373ad73a504971]::panicking::panic_fmt
[INFO] [stdout]   11:     0x6068039d9352 - core[a373ad73a504971]::result::unwrap_failed
[INFO] [stdout]   12:     0x6068038e5ae1 - <flow_rs_core[fb2724f09bfdaf2b]::documentation_tests::tests::test_api_design_accuracy::{closure#0} as core[a373ad73a504971]::ops::function::FnOnce<()>>::call_once
[INFO] [stdout]   13:     0x6068038f983b - test[aada8e7e76ba119b]::__rust_begin_short_backtrace::<core[a373ad73a504971]::result::Result<(), alloc[2e1b2a31b91974c5]::string::String>, fn() -> core[a373ad73a504971]::result::Result<(), alloc[2e1b2a31b91974c5]::string::String>>
[INFO] [stdout]   14:     0x606803906a15 - test[aada8e7e76ba119b]::run_test::{closure#0}
[INFO] [stdout]   15:     0x606803900304 - std[617be2ca0a6fd877]::sys::backtrace::__rust_begin_short_backtrace::<test[aada8e7e76ba119b]::run_test::{closure#1}, ()>
[INFO] [stdout]   16:     0x606803909aa2 - <std[617be2ca0a6fd877]::thread::lifecycle::spawn_unchecked<test[aada8e7e76ba119b]::run_test::{closure#1}, ()>::{closure#1} as core[a373ad73a504971]::ops::function::FnOnce<()>>::call_once::{shim:vtable#0}
[INFO] [stdout]   17:     0x6068039c284f - <std[617be2ca0a6fd877]::sys::thread::unix::Thread>::new::thread_start
[INFO] [stdout]   18:     0x7a90473cedfa - <unknown>
[INFO] [stdout]   19:     0x7a90474623d4 - clone
[INFO] [stdout]   20:                0x0 - <unknown>
[INFO] [stdout] 
[INFO] [stdout] ---- documentation_tests::tests::test_release_documentation_completeness stdout ----
[INFO] [stdout] 
[INFO] [stdout] thread 'documentation_tests::tests::test_release_documentation_completeness' (1236) panicked at src/documentation_tests.rs:424:72:
[INFO] [stdout] called `Result::unwrap()` on an `Err` value: Os { code: 2, kind: NotFound, message: "No such file or directory" }
[INFO] [stdout] stack backtrace:
[INFO] [stdout]    0:     0x6068039c3351 - <<std[617be2ca0a6fd877]::sys::backtrace::BacktraceLock>::print::DisplayBacktrace as core[a373ad73a504971]::fmt::Display>::fmt
[INFO] [stdout]    1:     0x6068039d8d9a - core[a373ad73a504971]::fmt::write
[INFO] [stdout]    2:     0x6068039c79cc - <alloc[2e1b2a31b91974c5]::vec::Vec<u8> as core[a373ad73a504971]::io::write::Write>::write_fmt
[INFO] [stdout]    3:     0x60680399df46 - std[617be2ca0a6fd877]::panicking::default_hook::{closure#0}
[INFO] [stdout]    4:     0x6068039bb4f9 - std[617be2ca0a6fd877]::panicking::default_hook
[INFO] [stdout]    5:     0x6068039063f0 - test[aada8e7e76ba119b]::test_main_inner::{closure#0}
[INFO] [stdout]    6:     0x6068039bb6b2 - std[617be2ca0a6fd877]::panicking::panic_with_hook
[INFO] [stdout]    7:     0x60680399dff2 - std[617be2ca0a6fd877]::panicking::panic_handler::{closure#0}
[INFO] [stdout]    8:     0x606803996a29 - std[617be2ca0a6fd877]::sys::backtrace::__rust_end_short_backtrace::<std[617be2ca0a6fd877]::panicking::panic_handler::{closure#0}, !>
[INFO] [stdout]    9:     0x60680399ebfd - __rustc[ea4f61d10b84890b]::rust_begin_unwind
[INFO] [stdout]   10:     0x6068039d957c - core[a373ad73a504971]::panicking::panic_fmt
[INFO] [stdout]   11:     0x6068039d9352 - core[a373ad73a504971]::result::unwrap_failed
[INFO] [stdout]   12:     0x6068038e8106 - <flow_rs_core[fb2724f09bfdaf2b]::documentation_tests::tests::test_release_documentation_completeness::{closure#0} as core[a373ad73a504971]::ops::function::FnOnce<()>>::call_once
[INFO] [stdout]   13:     0x6068038f983b - test[aada8e7e76ba119b]::__rust_begin_short_backtrace::<core[a373ad73a504971]::result::Result<(), alloc[2e1b2a31b91974c5]::string::String>, fn() -> core[a373ad73a504971]::result::Result<(), alloc[2e1b2a31b91974c5]::string::String>>
[INFO] [stdout]   14:     0x606803906a15 - test[aada8e7e76ba119b]::run_test::{closure#0}
[INFO] [stdout]   15:     0x606803900304 - std[617be2ca0a6fd877]::sys::backtrace::__rust_begin_short_backtrace::<test[aada8e7e76ba119b]::run_test::{closure#1}, ()>
[INFO] [stdout]   16:     0x606803909aa2 - <std[617be2ca0a6fd877]::thread::lifecycle::spawn_unchecked<test[aada8e7e76ba119b]::run_test::{closure#1}, ()>::{closure#1} as core[a373ad73a504971]::ops::function::FnOnce<()>>::call_once::{shim:vtable#0}
[INFO] [stdout]   17:     0x6068039c284f - <std[617be2ca0a6fd877]::sys::thread::unix::Thread>::new::thread_start
[INFO] [stdout]   18:     0x7a90473cedfa - <unknown>
[INFO] [stdout]   19:     0x7a90474623d4 - clone
[INFO] [stdout]   20:                0x0 - <unknown>
[INFO] [stdout] 
[INFO] [stdout] ---- documentation_tests::tests::test_code_examples_formatting stdout ----
[INFO] [stdout] 
[INFO] [stdout] thread 'documentation_tests::tests::test_code_examples_formatting' (1227) panicked at src/documentation_tests.rs:274:57:
[INFO] [stdout] called `Result::unwrap()` on an `Err` value: Os { code: 2, kind: NotFound, message: "No such file or directory" }
[INFO] [stdout] stack backtrace:
[INFO] [stdout]    0:     0x6068039c3351 - <<std[617be2ca0a6fd877]::sys::backtrace::BacktraceLock>::print::DisplayBacktrace as core[a373ad73a504971]::fmt::Display>::fmt
[INFO] [stdout]    1:     0x6068039d8d9a - core[a373ad73a504971]::fmt::write
[INFO] [stdout]    2:     0x6068039c79cc - <alloc[2e1b2a31b91974c5]::vec::Vec<u8> as core[a373ad73a504971]::io::write::Write>::write_fmt
[INFO] [stdout]    3:     0x60680399df46 - std[617be2ca0a6fd877]::panicking::default_hook::{closure#0}
[INFO] [stdout]    4:     0x6068039bb4f9 - std[617be2ca0a6fd877]::panicking::default_hook
[INFO] [stdout]    5:     0x6068039063f0 - test[aada8e7e76ba119b]::test_main_inner::{closure#0}
[INFO] [stdout]    6:     0x6068039bb6b2 - std[617be2ca0a6fd877]::panicking::panic_with_hook
[INFO] [stdout]    7:     0x60680399dff2 - std[617be2ca0a6fd877]::panicking::panic_handler::{closure#0}
[INFO] [stdout]    8:     0x606803996a29 - std[617be2ca0a6fd877]::sys::backtrace::__rust_end_short_backtrace::<std[617be2ca0a6fd877]::panicking::panic_handler::{closure#0}, !>
[INFO] [stdout]    9:     0x60680399ebfd - __rustc[ea4f61d10b84890b]::rust_begin_unwind
[INFO] [stdout]   10:     0x6068039d957c - core[a373ad73a504971]::panicking::panic_fmt
[INFO] [stdout]   11:     0x6068039d9352 - core[a373ad73a504971]::result::unwrap_failed
[INFO] [stdout]   12:     0x6068038e61fb - <flow_rs_core[fb2724f09bfdaf2b]::documentation_tests::tests::test_code_examples_formatting::{closure#0} as core[a373ad73a504971]::ops::function::FnOnce<()>>::call_once
[INFO] [stdout]   13:     0x6068038f983b - test[aada8e7e76ba119b]::__rust_begin_short_backtrace::<core[a373ad73a504971]::result::Result<(), alloc[2e1b2a31b91974c5]::string::String>, fn() -> core[a373ad73a504971]::result::Result<(), alloc[2e1b2a31b91974c5]::string::String>>
[INFO] [stdout]   14:     0x606803906a15 - test[aada8e7e76ba119b]::run_test::{closure#0}
[INFO] [stdout]   15:     0x606803900304 - std[617be2ca0a6fd877]::sys::backtrace::__rust_begin_short_backtrace::<test[aada8e7e76ba119b]::run_test::{closure#1}, ()>
[INFO] [stdout]   16:     0x606803909aa2 - <std[617be2ca0a6fd877]::thread::lifecycle::spawn_unchecked<test[aada8e7e76ba119b]::run_test::{closure#1}, ()>::{closure#1} as core[a373ad73a504971]::ops::function::FnOnce<()>>::call_once::{shim:vtable#0}
[INFO] [stdout]   17:     0x6068039c284f - <std[617be2ca0a6fd877]::sys::thread::unix::Thread>::new::thread_start
[INFO] [stdout]   18:     0x7a90473cedfa - <unknown>
[INFO] [stdout]   19:     0x7a90474623d4 - clone
[INFO] [stdout]   20:                0x0 - <unknown>
[INFO] [stdout] 
[INFO] [stdout] ---- documentation_tests::tests::test_internal_links_valid stdout ----
[INFO] [stdout] 
[INFO] [stdout] thread 'documentation_tests::tests::test_internal_links_valid' (1233) panicked at src/documentation_tests.rs:293:57:
[INFO] [stdout] called `Result::unwrap()` on an `Err` value: Os { code: 2, kind: NotFound, message: "No such file or directory" }
[INFO] [stdout] stack backtrace:
[INFO] [stdout]    0:     0x6068039c3351 - <<std[617be2ca0a6fd877]::sys::backtrace::BacktraceLock>::print::DisplayBacktrace as core[a373ad73a504971]::fmt::Display>::fmt
[INFO] [stdout]    1:     0x6068039d8d9a - core[a373ad73a504971]::fmt::write
[INFO] [stdout]    2:     0x6068039c79cc - <alloc[2e1b2a31b91974c5]::vec::Vec<u8> as core[a373ad73a504971]::io::write::Write>::write_fmt
[INFO] [stdout]    3:     0x60680399df46 - std[617be2ca0a6fd877]::panicking::default_hook::{closure#0}
[INFO] [stdout]    4:     0x6068039bb4f9 - std[617be2ca0a6fd877]::panicking::default_hook
[INFO] [stdout]    5:     0x6068039063f0 - test[aada8e7e76ba119b]::test_main_inner::{closure#0}
[INFO] [stdout]    6:     0x6068039bb6b2 - std[617be2ca0a6fd877]::panicking::panic_with_hook
[INFO] [stdout]    7:     0x60680399dff2 - std[617be2ca0a6fd877]::panicking::panic_handler::{closure#0}
[INFO] [stdout]    8:     0x606803996a29 - std[617be2ca0a6fd877]::sys::backtrace::__rust_end_short_backtrace::<std[617be2ca0a6fd877]::panicking::panic_handler::{closure#0}, !>
[INFO] [stdout]    9:     0x60680399ebfd - __rustc[ea4f61d10b84890b]::rust_begin_unwind
[INFO] [stdout]   10:     0x6068039d957c - core[a373ad73a504971]::panicking::panic_fmt
[INFO] [stdout]   11:     0x6068039d9352 - core[a373ad73a504971]::result::unwrap_failed
[INFO] [stdout]   12:     0x6068038e60d6 - <flow_rs_core[fb2724f09bfdaf2b]::documentation_tests::tests::test_internal_links_valid::{closure#0} as core[a373ad73a504971]::ops::function::FnOnce<()>>::call_once
[INFO] [stdout]   13:     0x6068038f983b - test[aada8e7e76ba119b]::__rust_begin_short_backtrace::<core[a373ad73a504971]::result::Result<(), alloc[2e1b2a31b91974c5]::string::String>, fn() -> core[a373ad73a504971]::result::Result<(), alloc[2e1b2a31b91974c5]::string::String>>
[INFO] [stdout]   14:     0x606803906a15 - test[aada8e7e76ba119b]::run_test::{closure#0}
[INFO] [stdout]   15:     0x606803900304 - std[617be2ca0a6fd877]::sys::backtrace::__rust_begin_short_backtrace::<test[aada8e7e76ba119b]::run_test::{closure#1}, ()>
[INFO] [stdout]   16:     0x606803909aa2 - <std[617be2ca0a6fd877]::thread::lifecycle::spawn_unchecked<test[aada8e7e76ba119b]::run_test::{closure#1}, ()>::{closure#1} as core[a373ad73a504971]::ops::function::FnOnce<()>>::call_once::{shim:vtable#0}
[INFO] [stdout]   17:     0x6068039c284f - <std[617be2ca0a6fd877]::sys::thread::unix::Thread>::new::thread_start
[INFO] [stdout]   18:     0x7a90473cedfa - <unknown>
[INFO] [stdout]   19:     0x7a90474623d4 - clone
[INFO] [stdout]   20:                0x0 - <unknown>
[INFO] [stdout] 
[INFO] [stdout] ---- documentation_tests::tests::test_readme_accuracy stdout ----
[INFO] [stdout] 
[INFO] [stdout] thread 'documentation_tests::tests::test_readme_accuracy' (1235) panicked at src/documentation_tests.rs:112:57:
[INFO] [stdout] called `Result::unwrap()` on an `Err` value: Os { code: 2, kind: NotFound, message: "No such file or directory" }
[INFO] [stdout] stack backtrace:
[INFO] [stdout]    0:     0x6068039c3351 - <<std[617be2ca0a6fd877]::sys::backtrace::BacktraceLock>::print::DisplayBacktrace as core[a373ad73a504971]::fmt::Display>::fmt
[INFO] [stdout]    1:     0x6068039d8d9a - core[a373ad73a504971]::fmt::write
[INFO] [stdout]    2:     0x6068039c79cc - <alloc[2e1b2a31b91974c5]::vec::Vec<u8> as core[a373ad73a504971]::io::write::Write>::write_fmt
[INFO] [stdout]    3:     0x60680399df46 - std[617be2ca0a6fd877]::panicking::default_hook::{closure#0}
[INFO] [stdout]    4:     0x6068039bb4f9 - std[617be2ca0a6fd877]::panicking::default_hook
[INFO] [stdout]    5:     0x6068039063f0 - test[aada8e7e76ba119b]::test_main_inner::{closure#0}
[INFO] [stdout]    6:     0x6068039bb6b2 - std[617be2ca0a6fd877]::panicking::panic_with_hook
[INFO] [stdout]    7:     0x60680399dff2 - std[617be2ca0a6fd877]::panicking::panic_handler::{closure#0}
[INFO] [stdout]    8:     0x606803996a29 - std[617be2ca0a6fd877]::sys::backtrace::__rust_end_short_backtrace::<std[617be2ca0a6fd877]::panicking::panic_handler::{closure#0}, !>
[INFO] [stdout]    9:     0x60680399ebfd - __rustc[ea4f61d10b84890b]::rust_begin_unwind
[INFO] [stdout]   10:     0x6068039d957c - core[a373ad73a504971]::panicking::panic_fmt
[INFO] [stdout]   11:     0x6068039d9352 - core[a373ad73a504971]::result::unwrap_failed
[INFO] [stdout]   12:     0x6068038e57f9 - <flow_rs_core[fb2724f09bfdaf2b]::documentation_tests::tests::test_readme_accuracy::{closure#0} as core[a373ad73a504971]::ops::function::FnOnce<()>>::call_once
[INFO] [stdout]   13:     0x6068038f983b - test[aada8e7e76ba119b]::__rust_begin_short_backtrace::<core[a373ad73a504971]::result::Result<(), alloc[2e1b2a31b91974c5]::string::String>, fn() -> core[a373ad73a504971]::result::Result<(), alloc[2e1b2a31b91974c5]::string::String>>
[INFO] [stdout]   14:     0x606803906a15 - test[aada8e7e76ba119b]::run_test::{closure#0}
[INFO] [stdout]   15:     0x606803900304 - std[617be2ca0a6fd877]::sys::backtrace::__rust_begin_short_backtrace::<test[aada8e7e76ba119b]::run_test::{closure#1}, ()>
[INFO] [stdout]   16:     0x606803909aa2 - <std[617be2ca0a6fd877]::thread::lifecycle::spawn_unchecked<test[aada8e7e76ba119b]::run_test::{closure#1}, ()>::{closure#1} as core[a373ad73a504971]::ops::function::FnOnce<()>>::call_once::{shim:vtable#0}
[INFO] [stdout]   17:     0x6068039c284f - <std[617be2ca0a6fd877]::sys::thread::unix::Thread>::new::thread_start
[INFO] [stdout]   18:     0x7a90473cedfa - <unknown>
[INFO] [stdout]   19:     0x7a90474623d4 - clone
[INFO] [stdout]   20:                0x0 - <unknown>
[INFO] [stdout] 
[INFO] [stdout] ---- documentation_tests::tests::test_documentation_style_consistency stdout ----
[INFO] [stdout] 
[INFO] [stdout] thread 'documentation_tests::tests::test_documentation_style_consistency' (1229) panicked at src/documentation_tests.rs:246:57:
[INFO] [stdout] called `Result::unwrap()` on an `Err` value: Os { code: 2, kind: NotFound, message: "No such file or directory" }
[INFO] [stdout] stack backtrace:
[INFO] [stdout]    0:     0x6068039c3351 - <<std[617be2ca0a6fd877]::sys::backtrace::BacktraceLock>::print::DisplayBacktrace as core[a373ad73a504971]::fmt::Display>::fmt
[INFO] [stdout]    1:     0x6068039d8d9a - core[a373ad73a504971]::fmt::write
[INFO] [stdout]    2:     0x6068039c79cc - <alloc[2e1b2a31b91974c5]::vec::Vec<u8> as core[a373ad73a504971]::io::write::Write>::write_fmt
[INFO] [stdout]    3:     0x60680399df46 - std[617be2ca0a6fd877]::panicking::default_hook::{closure#0}
[INFO] [stdout]    4:     0x6068039bb4f9 - std[617be2ca0a6fd877]::panicking::default_hook
[INFO] [stdout]    5:     0x6068039063f0 - test[aada8e7e76ba119b]::test_main_inner::{closure#0}
[INFO] [stdout]    6:     0x6068039bb6b2 - std[617be2ca0a6fd877]::panicking::panic_with_hook
[INFO] [stdout]    7:     0x60680399dff2 - std[617be2ca0a6fd877]::panicking::panic_handler::{closure#0}
[INFO] [stdout]    8:     0x606803996a29 - std[617be2ca0a6fd877]::sys::backtrace::__rust_end_short_backtrace::<std[617be2ca0a6fd877]::panicking::panic_handler::{closure#0}, !>
[INFO] [stdout]    9:     0x60680399ebfd - __rustc[ea4f61d10b84890b]::rust_begin_unwind
[INFO] [stdout]   10:     0x6068039d957c - core[a373ad73a504971]::panicking::panic_fmt
[INFO] [stdout]   11:     0x6068039d9352 - core[a373ad73a504971]::result::unwrap_failed
[INFO] [stdout]   12:     0x6068038e7700 - <flow_rs_core[fb2724f09bfdaf2b]::documentation_tests::tests::test_documentation_style_consistency::{closure#0} as core[a373ad73a504971]::ops::function::FnOnce<()>>::call_once
[INFO] [stdout]   13:     0x6068038f983b - test[aada8e7e76ba119b]::__rust_begin_short_backtrace::<core[a373ad73a504971]::result::Result<(), alloc[2e1b2a31b91974c5]::string::String>, fn() -> core[a373ad73a504971]::result::Result<(), alloc[2e1b2a31b91974c5]::string::String>>
[INFO] [stdout]   14:     0x606803906a15 - test[aada8e7e76ba119b]::run_test::{closure#0}
[INFO] [stdout]   15:     0x606803900304 - std[617be2ca0a6fd877]::sys::backtrace::__rust_begin_short_backtrace::<test[aada8e7e76ba119b]::run_test::{closure#1}, ()>
[INFO] [stdout]   16:     0x606803909aa2 - <std[617be2ca0a6fd877]::thread::lifecycle::spawn_unchecked<test[aada8e7e76ba119b]::run_test::{closure#1}, ()>::{closure#1} as core[a373ad73a504971]::ops::function::FnOnce<()>>::call_once::{shim:vtable#0}
[INFO] [stdout]   17:     0x6068039c284f - <std[617be2ca0a6fd877]::sys::thread::unix::Thread>::new::thread_start
[INFO] [stdout]   18:     0x7a90473cedfa - <unknown>
[INFO] [stdout]   19:     0x7a90474623d4 - clone
[INFO] [stdout]   20:                0x0 - <unknown>
[INFO] [stdout] 
[INFO] [stdout] ---- documentation_tests::tests::test_testing_documentation_accuracy stdout ----
[INFO] [stdout] 
[INFO] [stdout] thread 'documentation_tests::tests::test_testing_documentation_accuracy' (1238) panicked at src/documentation_tests.rs:405:92:
[INFO] [stdout] called `Result::unwrap()` on an `Err` value: Os { code: 2, kind: NotFound, message: "No such file or directory" }
[INFO] [stdout] stack backtrace:
[INFO] [stdout]    0:     0x6068039c3351 - <<std[617be2ca0a6fd877]::sys::backtrace::BacktraceLock>::print::DisplayBacktrace as core[a373ad73a504971]::fmt::Display>::fmt
[INFO] [stdout]    1:     0x6068039d8d9a - core[a373ad73a504971]::fmt::write
[INFO] [stdout]    2:     0x6068039c79cc - <alloc[2e1b2a31b91974c5]::vec::Vec<u8> as core[a373ad73a504971]::io::write::Write>::write_fmt
[INFO] [stdout]    3:     0x60680399df46 - std[617be2ca0a6fd877]::panicking::default_hook::{closure#0}
[INFO] [stdout]    4:     0x6068039bb4f9 - std[617be2ca0a6fd877]::panicking::default_hook
[INFO] [stdout]    5:     0x6068039063f0 - test[aada8e7e76ba119b]::test_main_inner::{closure#0}
[INFO] [stdout]    6:     0x6068039bb6b2 - std[617be2ca0a6fd877]::panicking::panic_with_hook
[INFO] [stdout]    7:     0x60680399dff2 - std[617be2ca0a6fd877]::panicking::panic_handler::{closure#0}
[INFO] [stdout]    8:     0x606803996a29 - std[617be2ca0a6fd877]::sys::backtrace::__rust_end_short_backtrace::<std[617be2ca0a6fd877]::panicking::panic_handler::{closure#0}, !>
[INFO] [stdout]    9:     0x60680399ebfd - __rustc[ea4f61d10b84890b]::rust_begin_unwind
[INFO] [stdout]   10:     0x6068039d957c - core[a373ad73a504971]::panicking::panic_fmt
[INFO] [stdout]   11:     0x6068039d9352 - core[a373ad73a504971]::result::unwrap_failed
[INFO] [stdout]   12:     0x6068038e74bb - <flow_rs_core[fb2724f09bfdaf2b]::documentation_tests::tests::test_testing_documentation_accuracy::{closure#0} as core[a373ad73a504971]::ops::function::FnOnce<()>>::call_once
[INFO] [stdout]   13:     0x6068038f983b - test[aada8e7e76ba119b]::__rust_begin_short_backtrace::<core[a373ad73a504971]::result::Result<(), alloc[2e1b2a31b91974c5]::string::String>, fn() -> core[a373ad73a504971]::result::Result<(), alloc[2e1b2a31b91974c5]::string::String>>
[INFO] [stdout]   14:     0x606803906a15 - test[aada8e7e76ba119b]::run_test::{closure#0}
[INFO] [stdout]   15:     0x606803900304 - std[617be2ca0a6fd877]::sys::backtrace::__rust_begin_short_backtrace::<test[aada8e7e76ba119b]::run_test::{closure#1}, ()>
[INFO] [stdout]   16:     0x606803909aa2 - <std[617be2ca0a6fd877]::thread::lifecycle::spawn_unchecked<test[aada8e7e76ba119b]::run_test::{closure#1}, ()>::{closure#1} as core[a373ad73a504971]::ops::function::FnOnce<()>>::call_once::{shim:vtable#0}
[INFO] [stdout]   17:     0x6068039c284f - <std[617be2ca0a6fd877]::sys::thread::unix::Thread>::new::thread_start
[INFO] [stdout]   18:     0x7a90473cedfa - <unknown>
[INFO] [stdout]   19:     0x7a90474623d4 - clone
[INFO] [stdout]   20:                0x0 - <unknown>
[INFO] [stdout] 
[INFO] [stdout] ---- documentation_tests::tests::test_usage_examples_compilable stdout ----
[INFO] [stdout] 
[INFO] [stdout] thread 'documentation_tests::tests::test_usage_examples_compilable' (1239) panicked at src/documentation_tests.rs:364:57:
[INFO] [stdout] called `Result::unwrap()` on an `Err` value: Os { code: 2, kind: NotFound, message: "No such file or directory" }
[INFO] [stdout] stack backtrace:
[INFO] [stdout]    0:     0x6068039c3351 - <<std[617be2ca0a6fd877]::sys::backtrace::BacktraceLock>::print::DisplayBacktrace as core[a373ad73a504971]::fmt::Display>::fmt
[INFO] [stdout]    1:     0x6068039d8d9a - core[a373ad73a504971]::fmt::write
[INFO] [stdout]    2:     0x6068039c79cc - <alloc[2e1b2a31b91974c5]::vec::Vec<u8> as core[a373ad73a504971]::io::write::Write>::write_fmt
[INFO] [stdout]    3:     0x60680399df46 - std[617be2ca0a6fd877]::panicking::default_hook::{closure#0}
[INFO] [stdout]    4:     0x6068039bb4f9 - std[617be2ca0a6fd877]::panicking::default_hook
[INFO] [stdout]    5:     0x6068039063f0 - test[aada8e7e76ba119b]::test_main_inner::{closure#0}
[INFO] [stdout]    6:     0x6068039bb6b2 - std[617be2ca0a6fd877]::panicking::panic_with_hook
[INFO] [stdout]    7:     0x60680399dff2 - std[617be2ca0a6fd877]::panicking::panic_handler::{closure#0}
[INFO] [stdout]    8:     0x606803996a29 - std[617be2ca0a6fd877]::sys::backtrace::__rust_end_short_backtrace::<std[617be2ca0a6fd877]::panicking::panic_handler::{closure#0}, !>
[INFO] [stdout]    9:     0x60680399ebfd - __rustc[ea4f61d10b84890b]::rust_begin_unwind
[INFO] [stdout]   10:     0x6068039d957c - core[a373ad73a504971]::panicking::panic_fmt
[INFO] [stdout]   11:     0x6068039d9352 - core[a373ad73a504971]::result::unwrap_failed
[INFO] [stdout]   12:     0x6068038e653b - <flow_rs_core[fb2724f09bfdaf2b]::documentation_tests::tests::test_usage_examples_compilable::{closure#0} as core[a373ad73a504971]::ops::function::FnOnce<()>>::call_once
[INFO] [stdout]   13:     0x6068038f983b - test[aada8e7e76ba119b]::__rust_begin_short_backtrace::<core[a373ad73a504971]::result::Result<(), alloc[2e1b2a31b91974c5]::string::String>, fn() -> core[a373ad73a504971]::result::Result<(), alloc[2e1b2a31b91974c5]::string::String>>
[INFO] [stdout]   14:     0x606803906a15 - test[aada8e7e76ba119b]::run_test::{closure#0}
[INFO] [stdout]   15:     0x606803900304 - std[617be2ca0a6fd877]::sys::backtrace::__rust_begin_short_backtrace::<test[aada8e7e76ba119b]::run_test::{closure#1}, ()>
[INFO] [stdout]   16:     0x606803909aa2 - <std[617be2ca0a6fd877]::thread::lifecycle::spawn_unchecked<test[aada8e7e76ba119b]::run_test::{closure#1}, ()>::{closure#1} as core[a373ad73a504971]::ops::function::FnOnce<()>>::call_once::{shim:vtable#0}
[INFO] [stdout]   17:     0x6068039c284f - <std[617be2ca0a6fd877]::sys::thread::unix::Thread>::new::thread_start
[INFO] [stdout]   18:     0x7a90473cedfa - <unknown>
[INFO] [stdout]   19:     0x7a90474623d4 - clone
[INFO] [stdout]   20:                0x0 - <unknown>
[INFO] [stdout] 
[INFO] [stdout] ---- documentation_tests::tests::test_core_documentation_files_exist stdout ----
[INFO] [stdout] 
[INFO] [stdout] thread 'documentation_tests::tests::test_core_documentation_files_exist' (1228) panicked at src/documentation_tests.rs:26:9:
[INFO] [stdout] docs/ directory should exist
[INFO] [stdout] stack backtrace:
[INFO] [stdout]    0:     0x6068039c3351 - <<std[617be2ca0a6fd877]::sys::backtrace::BacktraceLock>::print::DisplayBacktrace as core[a373ad73a504971]::fmt::Display>::fmt
[INFO] [stdout]    1:     0x6068039d8d9a - core[a373ad73a504971]::fmt::write
[INFO] [stdout]    2:     0x6068039c79cc - <alloc[2e1b2a31b91974c5]::vec::Vec<u8> as core[a373ad73a504971]::io::write::Write>::write_fmt
[INFO] [stdout]    3:     0x60680399df46 - std[617be2ca0a6fd877]::panicking::default_hook::{closure#0}
[INFO] [stdout]    4:     0x6068039bb4f9 - std[617be2ca0a6fd877]::panicking::default_hook
[INFO] [stdout]    5:     0x6068039063f0 - test[aada8e7e76ba119b]::test_main_inner::{closure#0}
[INFO] [stdout]    6:     0x6068039bb6b2 - std[617be2ca0a6fd877]::panicking::panic_with_hook
[INFO] [stdout]    7:     0x60680399e024 - std[617be2ca0a6fd877]::panicking::panic_handler::{closure#0}
[INFO] [stdout]    8:     0x606803996a29 - std[617be2ca0a6fd877]::sys::backtrace::__rust_end_short_backtrace::<std[617be2ca0a6fd877]::panicking::panic_handler::{closure#0}, !>
[INFO] [stdout]    9:     0x60680399ebfd - __rustc[ea4f61d10b84890b]::rust_begin_unwind
[INFO] [stdout]   10:     0x6068039d957c - core[a373ad73a504971]::panicking::panic_fmt
[INFO] [stdout]   11:     0x6068038e73eb - <flow_rs_core[fb2724f09bfdaf2b]::documentation_tests::tests::test_core_documentation_files_exist::{closure#0} as core[a373ad73a504971]::ops::function::FnOnce<()>>::call_once
[INFO] [stdout]   12:     0x6068038f983b - test[aada8e7e76ba119b]::__rust_begin_short_backtrace::<core[a373ad73a504971]::result::Result<(), alloc[2e1b2a31b91974c5]::string::String>, fn() -> core[a373ad73a504971]::result::Result<(), alloc[2e1b2a31b91974c5]::string::String>>
[INFO] [stdout]   13:     0x606803906a15 - test[aada8e7e76ba119b]::run_test::{closure#0}
[INFO] [stdout]   14:     0x606803900304 - std[617be2ca0a6fd877]::sys::backtrace::__rust_begin_short_backtrace::<test[aada8e7e76ba119b]::run_test::{closure#1}, ()>
[INFO] [stdout]   15:     0x606803909aa2 - <std[617be2ca0a6fd877]::thread::lifecycle::spawn_unchecked<test[aada8e7e76ba119b]::run_test::{closure#1}, ()>::{closure#1} as core[a373ad73a504971]::ops::function::FnOnce<()>>::call_once::{shim:vtable#0}
[INFO] [stdout]   16:     0x6068039c284f - <std[617be2ca0a6fd877]::sys::thread::unix::Thread>::new::thread_start
[INFO] [stdout]   17:     0x7a90473cedfa - <unknown>
[INFO] [stdout]   18:     0x7a90474623d4 - clone
[INFO] [stdout]   19:                0x0 - <unknown>
[INFO] [stdout] 
[INFO] [stdout] ---- documentation_tests::tests::test_simple_flow_example_documentation stdout ----
[INFO] [stdout] 
[INFO] [stdout] thread 'documentation_tests::tests::test_simple_flow_example_documentation' (1237) panicked at src/documentation_tests.rs:180:86:
[INFO] [stdout] called `Result::unwrap()` on an `Err` value: Os { code: 2, kind: NotFound, message: "No such file or directory" }
[INFO] [stdout] stack backtrace:
[INFO] [stdout]    0:     0x6068039c3351 - <<std[617be2ca0a6fd877]::sys::backtrace::BacktraceLock>::print::DisplayBacktrace as core[a373ad73a504971]::fmt::Display>::fmt
[INFO] [stdout]    1:     0x6068039d8d9a - core[a373ad73a504971]::fmt::write
[INFO] [stdout]    2:     0x6068039c79cc - <alloc[2e1b2a31b91974c5]::vec::Vec<u8> as core[a373ad73a504971]::io::write::Write>::write_fmt
[INFO] [stdout]    3:     0x60680399df46 - std[617be2ca0a6fd877]::panicking::default_hook::{closure#0}
[INFO] [stdout]    4:     0x6068039bb4f9 - std[617be2ca0a6fd877]::panicking::default_hook
[INFO] [stdout]    5:     0x6068039063f0 - test[aada8e7e76ba119b]::test_main_inner::{closure#0}
[INFO] [stdout]    6:     0x6068039bb6b2 - std[617be2ca0a6fd877]::panicking::panic_with_hook
[INFO] [stdout]    7:     0x60680399dff2 - std[617be2ca0a6fd877]::panicking::panic_handler::{closure#0}
[INFO] [stdout]    8:     0x606803996a29 - std[617be2ca0a6fd877]::sys::backtrace::__rust_end_short_backtrace::<std[617be2ca0a6fd877]::panicking::panic_handler::{closure#0}, !>
[INFO] [stdout]    9:     0x60680399ebfd - __rustc[ea4f61d10b84890b]::rust_begin_unwind
[INFO] [stdout]   10:     0x6068039d957c - core[a373ad73a504971]::panicking::panic_fmt
[INFO] [stdout]   11:     0x6068039d9352 - core[a373ad73a504971]::result::unwrap_failed
[INFO] [stdout]   12:     0x6068038e7f89 - <flow_rs_core[fb2724f09bfdaf2b]::documentation_tests::tests::test_simple_flow_example_documentation::{closure#0} as core[a373ad73a504971]::ops::function::FnOnce<()>>::call_once
[INFO] [stdout]   13:     0x6068038f983b - test[aada8e7e76ba119b]::__rust_begin_short_backtrace::<core[a373ad73a504971]::result::Result<(), alloc[2e1b2a31b91974c5]::string::String>, fn() -> core[a373ad73a504971]::result::Result<(), alloc[2e1b2a31b91974c5]::string::String>>
[INFO] [stdout]   14:     0x606803906a15 - test[aada8e7e76ba119b]::run_test::{closure#0}
[INFO] [stdout]   15:     0x606803900304 - std[617be2ca0a6fd877]::sys::backtrace::__rust_begin_short_backtrace::<test[aada8e7e76ba119b]::run_test::{closure#1}, ()>
[INFO] [stdout]   16:     0x606803909aa2 - <std[617be2ca0a6fd877]::thread::lifecycle::spawn_unchecked<test[aada8e7e76ba119b]::run_test::{closure#1}, ()>::{closure#1} as core[a373ad73a504971]::ops::function::FnOnce<()>>::call_once::{shim:vtable#0}
[INFO] [stdout]   17:     0x6068039c284f - <std[617be2ca0a6fd877]::sys::thread::unix::Thread>::new::thread_start
[INFO] [stdout]   18:     0x7a90473cedfa - <unknown>
[INFO] [stdout]   19:     0x7a90474623d4 - clone
[INFO] [stdout]   20:                0x0 - <unknown>
[INFO] [stdout] 
[INFO] [stdout] ---- documentation_tests::tests::test_example_documentation_exists stdout ----
[INFO] [stdout] 
[INFO] [stdout] thread 'documentation_tests::tests::test_example_documentation_exists' (1232) panicked at src/documentation_tests.rs:51:9:
[INFO] [stdout] examples/ directory should exist
[INFO] [stdout] stack backtrace:
[INFO] [stdout]    0:     0x6068039c3351 - <<std[617be2ca0a6fd877]::sys::backtrace::BacktraceLock>::print::DisplayBacktrace as core[a373ad73a504971]::fmt::Display>::fmt
[INFO] [stdout]    1:     0x6068039d8d9a - core[a373ad73a504971]::fmt::write
[INFO] [stdout]    2:     0x6068039c79cc - <alloc[2e1b2a31b91974c5]::vec::Vec<u8> as core[a373ad73a504971]::io::write::Write>::write_fmt
[INFO] [stdout]    3:     0x60680399df46 - std[617be2ca0a6fd877]::panicking::default_hook::{closure#0}
[INFO] [stdout]    4:     0x6068039bb4f9 - std[617be2ca0a6fd877]::panicking::default_hook
[INFO] [stdout]    5:     0x6068039063f0 - test[aada8e7e76ba119b]::test_main_inner::{closure#0}
[INFO] [stdout]    6:     0x6068039bb6b2 - std[617be2ca0a6fd877]::panicking::panic_with_hook
[INFO] [stdout]    7:     0x60680399e024 - std[617be2ca0a6fd877]::panicking::panic_handler::{closure#0}
[INFO] [stdout]    8:     0x606803996a29 - std[617be2ca0a6fd877]::sys::backtrace::__rust_end_short_backtrace::<std[617be2ca0a6fd877]::panicking::panic_handler::{closure#0}, !>
[INFO] [stdout]    9:     0x60680399ebfd - __rustc[ea4f61d10b84890b]::rust_begin_unwind
[INFO] [stdout]   10:     0x6068039d957c - core[a373ad73a504971]::panicking::panic_fmt
[INFO] [stdout]   11:     0x6068038e6b1a - <flow_rs_core[fb2724f09bfdaf2b]::documentation_tests::tests::test_example_documentation_exists::{closure#0} as core[a373ad73a504971]::ops::function::FnOnce<()>>::call_once
[INFO] [stdout]   12:     0x6068038f983b - test[aada8e7e76ba119b]::__rust_begin_short_backtrace::<core[a373ad73a504971]::result::Result<(), alloc[2e1b2a31b91974c5]::string::String>, fn() -> core[a373ad73a504971]::result::Result<(), alloc[2e1b2a31b91974c5]::string::String>>
[INFO] [stdout]   13:     0x606803906a15 - test[aada8e7e76ba119b]::run_test::{closure#0}
[INFO] [stdout]   14:     0x606803900304 - std[617be2ca0a6fd877]::sys::backtrace::__rust_begin_short_backtrace::<test[aada8e7e76ba119b]::run_test::{closure#1}, ()>
[INFO] [stdout]   15:     0x606803909aa2 - <std[617be2ca0a6fd877]::thread::lifecycle::spawn_unchecked<test[aada8e7e76ba119b]::run_test::{closure#1}, ()>::{closure#1} as core[a373ad73a504971]::ops::function::FnOnce<()>>::call_once::{shim:vtable#0}
[INFO] [stdout]   16:     0x6068039c284f - <std[617be2ca0a6fd877]::sys::thread::unix::Thread>::new::thread_start
[INFO] [stdout]   17:     0x7a90473cedfa - <unknown>
[INFO] [stdout]   18:     0x7a90474623d4 - clone
[INFO] [stdout]   19:                0x0 - <unknown>
[INFO] [stdout] 
[INFO] [stdout] ---- documentation_tests::tests::test_example_build_instructions stdout ----
[INFO] [stdout] 
[INFO] [stdout] thread 'documentation_tests::tests::test_example_build_instructions' (1231) panicked at src/documentation_tests.rs:199:86:
[INFO] [stdout] called `Result::unwrap()` on an `Err` value: Os { code: 2, kind: NotFound, message: "No such file or directory" }
[INFO] [stdout] stack backtrace:
[INFO] [stdout]    0:     0x6068039c3351 - <<std[617be2ca0a6fd877]::sys::backtrace::BacktraceLock>::print::DisplayBacktrace as core[a373ad73a504971]::fmt::Display>::fmt
[INFO] [stdout]    1:     0x6068039d8d9a - core[a373ad73a504971]::fmt::write
[INFO] [stdout]    2:     0x6068039c79cc - <alloc[2e1b2a31b91974c5]::vec::Vec<u8> as core[a373ad73a504971]::io::write::Write>::write_fmt
[INFO] [stdout]    3:     0x60680399df46 - std[617be2ca0a6fd877]::panicking::default_hook::{closure#0}
[INFO] [stdout]    4:     0x6068039bb4f9 - std[617be2ca0a6fd877]::panicking::default_hook
[INFO] [stdout]    5:     0x6068039063f0 - test[aada8e7e76ba119b]::test_main_inner::{closure#0}
[INFO] [stdout]    6:     0x6068039bb6b2 - std[617be2ca0a6fd877]::panicking::panic_with_hook
[INFO] [stdout]    7:     0x60680399dff2 - std[617be2ca0a6fd877]::panicking::panic_handler::{closure#0}
[INFO] [stdout]    8:     0x606803996a29 - std[617be2ca0a6fd877]::sys::backtrace::__rust_end_short_backtrace::<std[617be2ca0a6fd877]::panicking::panic_handler::{closure#0}, !>
[INFO] [stdout]    9:     0x60680399ebfd - __rustc[ea4f61d10b84890b]::rust_begin_unwind
[INFO] [stdout]   10:     0x6068039d957c - core[a373ad73a504971]::panicking::panic_fmt
[INFO] [stdout]   11:     0x6068039d9352 - core[a373ad73a504971]::result::unwrap_failed
[INFO] [stdout]   12:     0x6068038e67ab - <flow_rs_core[fb2724f09bfdaf2b]::documentation_tests::tests::test_example_build_instructions::{closure#0} as core[a373ad73a504971]::ops::function::FnOnce<()>>::call_once
[INFO] [stdout]   13:     0x6068038f983b - test[aada8e7e76ba119b]::__rust_begin_short_backtrace::<core[a373ad73a504971]::result::Result<(), alloc[2e1b2a31b91974c5]::string::String>, fn() -> core[a373ad73a504971]::result::Result<(), alloc[2e1b2a31b91974c5]::string::String>>
[INFO] [stdout]   14:     0x606803906a15 - test[aada8e7e76ba119b]::run_test::{closure#0}
[INFO] [stdout]   15:     0x606803900304 - std[617be2ca0a6fd877]::sys::backtrace::__rust_begin_short_backtrace::<test[aada8e7e76ba119b]::run_test::{closure#1}, ()>
[INFO] [stdout]   16:     0x606803909aa2 - <std[617be2ca0a6fd877]::thread::lifecycle::spawn_unchecked<test[aada8e7e76ba119b]::run_test::{closure#1}, ()>::{closure#1} as core[a373ad73a504971]::ops::function::FnOnce<()>>::call_once::{shim:vtable#0}
[INFO] [stdout]   17:     0x6068039c284f - <std[617be2ca0a6fd877]::sys::thread::unix::Thread>::new::thread_start
[INFO] [stdout]   18:     0x7a90473cedfa - <unknown>
[INFO] [stdout]   19:     0x7a90474623d4 - clone
[INFO] [stdout]   20:                0x0 - <unknown>
[INFO] [stdout] 
[INFO] [stdout] ---- documentation_tests::tests::test_performance_claims_documented stdout ----
[INFO] [stdout] 
[INFO] [stdout] thread 'documentation_tests::tests::test_performance_claims_documented' (1234) panicked at src/documentation_tests.rs:381:57:
[INFO] [stdout] called `Result::unwrap()` on an `Err` value: Os { code: 2, kind: NotFound, message: "No such file or directory" }
[INFO] [stdout] stack backtrace:
[INFO] [stdout]    0:     0x6068039c3351 - <<std[617be2ca0a6fd877]::sys::backtrace::BacktraceLock>::print::DisplayBacktrace as core[a373ad73a504971]::fmt::Display>::fmt
[INFO] [stdout]    1:     0x6068039d8d9a - core[a373ad73a504971]::fmt::write
[INFO] [stdout]    2:     0x6068039c79cc - <alloc[2e1b2a31b91974c5]::vec::Vec<u8> as core[a373ad73a504971]::io::write::Write>::write_fmt
[INFO] [stdout]    3:     0x60680399df46 - std[617be2ca0a6fd877]::panicking::default_hook::{closure#0}
[INFO] [stdout]    4:     0x6068039bb4f9 - std[617be2ca0a6fd877]::panicking::default_hook
[INFO] [stdout]    5:     0x6068039063f0 - test[aada8e7e76ba119b]::test_main_inner::{closure#0}
[INFO] [stdout]    6:     0x6068039bb6b2 - std[617be2ca0a6fd877]::panicking::panic_with_hook
[INFO] [stdout]    7:     0x60680399dff2 - std[617be2ca0a6fd877]::panicking::panic_handler::{closure#0}
[INFO] [stdout]    8:     0x606803996a29 - std[617be2ca0a6fd877]::sys::backtrace::__rust_end_short_backtrace::<std[617be2ca0a6fd877]::panicking::panic_handler::{closure#0}, !>
[INFO] [stdout]    9:     0x60680399ebfd - __rustc[ea4f61d10b84890b]::rust_begin_unwind
[INFO] [stdout]   10:     0x6068039d957c - core[a373ad73a504971]::panicking::panic_fmt
[INFO] [stdout]   11:     0x6068039d9352 - core[a373ad73a504971]::result::unwrap_failed
[INFO] [stdout]   12:     0x6068038e6c69 - <flow_rs_core[fb2724f09bfdaf2b]::documentation_tests::tests::test_performance_claims_documented::{closure#0} as core[a373ad73a504971]::ops::function::FnOnce<()>>::call_once
[INFO] [stdout]   13:     0x6068038f983b - test[aada8e7e76ba119b]::__rust_begin_short_backtrace::<core[a373ad73a504971]::result::Result<(), alloc[2e1b2a31b91974c5]::string::String>, fn() -> core[a373ad73a504971]::result::Result<(), alloc[2e1b2a31b91974c5]::string::String>>
[INFO] [stdout]   14:     0x606803906a15 - test[aada8e7e76ba119b]::run_test::{closure#0}
[INFO] [stdout]   15:     0x606803900304 - std[617be2ca0a6fd877]::sys::backtrace::__rust_begin_short_backtrace::<test[aada8e7e76ba119b]::run_test::{closure#1}, ()>
[INFO] [stdout]   16:     0x606803909aa2 - <std[617be2ca0a6fd877]::thread::lifecycle::spawn_unchecked<test[aada8e7e76ba119b]::run_test::{closure#1}, ()>::{closure#1} as core[a373ad73a504971]::ops::function::FnOnce<()>>::call_once::{shim:vtable#0}
[INFO] [stdout]   17:     0x6068039c284f - <std[617be2ca0a6fd877]::sys::thread::unix::Thread>::new::thread_start
[INFO] [stdout]   18:     0x7a90473cedfa - <unknown>
[INFO] [stdout]   19:     0x7a90474623d4 - clone
[INFO] [stdout]   20:                0x0 - <unknown>
[INFO] [stdout] 
[INFO] [stdout] ---- documentation_tests::tests::test_version_consistency stdout ----
[INFO] [stdout] 
[INFO] [stdout] thread 'documentation_tests::tests::test_version_consistency' (1240) panicked at src/documentation_tests.rs:218:62:
[INFO] [stdout] called `Result::unwrap()` on an `Err` value: Os { code: 2, kind: NotFound, message: "No such file or directory" }
[INFO] [stdout] stack backtrace:
[INFO] [stdout]    0:     0x6068039c3351 - <<std[617be2ca0a6fd877]::sys::backtrace::BacktraceLock>::print::DisplayBacktrace as core[a373ad73a504971]::fmt::Display>::fmt
[INFO] [stdout]    1:     0x6068039d8d9a - core[a373ad73a504971]::fmt::write
[INFO] [stdout]    2:     0x6068039c79cc - <alloc[2e1b2a31b91974c5]::vec::Vec<u8> as core[a373ad73a504971]::io::write::Write>::write_fmt
[INFO] [stdout]    3:     0x60680399df46 - std[617be2ca0a6fd877]::panicking::default_hook::{closure#0}
[INFO] [stdout]    4:     0x6068039bb4f9 - std[617be2ca0a6fd877]::panicking::default_hook
[INFO] [stdout]    5:     0x6068039063f0 - test[aada8e7e76ba119b]::test_main_inner::{closure#0}
[INFO] [stdout]    6:     0x6068039bb6b2 - std[617be2ca0a6fd877]::panicking::panic_with_hook
[INFO] [stdout]    7:     0x60680399dff2 - std[617be2ca0a6fd877]::panicking::panic_handler::{closure#0}
[INFO] [stdout]    8:     0x606803996a29 - std[617be2ca0a6fd877]::sys::backtrace::__rust_end_short_backtrace::<std[617be2ca0a6fd877]::panicking::panic_handler::{closure#0}, !>
[INFO] [stdout]    9:     0x60680399ebfd - __rustc[ea4f61d10b84890b]::rust_begin_unwind
[INFO] [stdout]   10:     0x6068039d957c - core[a373ad73a504971]::panicking::panic_fmt
[INFO] [stdout]   11:     0x6068039d9352 - core[a373ad73a504971]::result::unwrap_failed
[INFO] [stdout]   12:     0x6068038e5eff - <flow_rs_core[fb2724f09bfdaf2b]::documentation_tests::tests::test_version_consistency::{closure#0} as core[a373ad73a504971]::ops::function::FnOnce<()>>::call_once
[INFO] [stdout]   13:     0x6068038f983b - test[aada8e7e76ba119b]::__rust_begin_short_backtrace::<core[a373ad73a504971]::result::Result<(), alloc[2e1b2a31b91974c5]::string::String>, fn() -> core[a373ad73a504971]::result::Result<(), alloc[2e1b2a31b91974c5]::string::String>>
[INFO] [stdout]   14:     0x606803906a15 - test[aada8e7e76ba119b]::run_test::{closure#0}
[INFO] [stdout]   15:     0x606803900304 - std[617be2ca0a6fd877]::sys::backtrace::__rust_begin_short_backtrace::<test[aada8e7e76ba119b]::run_test::{closure#1}, ()>
[INFO] [stdout]   16:     0x606803909aa2 - <std[617be2ca0a6fd877]::thread::lifecycle::spawn_unchecked<test[aada8e7e76ba119b]::run_test::{closure#1}, ()>::{closure#1} as core[a373ad73a504971]::ops::function::FnOnce<()>>::call_once::{shim:vtable#0}
[INFO] [stdout]   17:     0x6068039c284f - <std[617be2ca0a6fd877]::sys::thread::unix::Thread>::new::thread_start
[INFO] [stdout]   18:     0x7a90473cedfa - <unknown>
[INFO] [stdout]   19:     0x7a90474623d4 - clone
[INFO] [stdout]   20:                0x0 - <unknown>
[INFO] [stdout] 
[INFO] [stdout] ---- renaming_validation_tests::tests::test_api_documentation_updated stdout ----
[INFO] [stdout] 
[INFO] [stdout] thread 'renaming_validation_tests::tests::test_api_documentation_updated' (1428) panicked at src/renaming_validation_tests.rs:298:70:
[INFO] [stdout] called `Result::unwrap()` on an `Err` value: Os { code: 2, kind: NotFound, message: "No such file or directory" }
[INFO] [stdout] stack backtrace:
[INFO] [stdout]    0:     0x6068039c3351 - <<std[617be2ca0a6fd877]::sys::backtrace::BacktraceLock>::print::DisplayBacktrace as core[a373ad73a504971]::fmt::Display>::fmt
[INFO] [stdout]    1:     0x6068039d8d9a - core[a373ad73a504971]::fmt::write
[INFO] [stdout]    2:     0x6068039c79cc - <alloc[2e1b2a31b91974c5]::vec::Vec<u8> as core[a373ad73a504971]::io::write::Write>::write_fmt
[INFO] [stdout]    3:     0x60680399df46 - std[617be2ca0a6fd877]::panicking::default_hook::{closure#0}
[INFO] [stdout]    4:     0x6068039bb4f9 - std[617be2ca0a6fd877]::panicking::default_hook
[INFO] [stdout]    5:     0x6068039063f0 - test[aada8e7e76ba119b]::test_main_inner::{closure#0}
[INFO] [stdout]    6:     0x6068039bb6b2 - std[617be2ca0a6fd877]::panicking::panic_with_hook
[INFO] [stdout]    7:     0x60680399dff2 - std[617be2ca0a6fd877]::panicking::panic_handler::{closure#0}
[INFO] [stdout]    8:     0x606803996a29 - std[617be2ca0a6fd877]::sys::backtrace::__rust_end_short_backtrace::<std[617be2ca0a6fd877]::panicking::panic_handler::{closure#0}, !>
[INFO] [stdout]    9:     0x60680399ebfd - __rustc[ea4f61d10b84890b]::rust_begin_unwind
[INFO] [stdout]   10:     0x6068039d957c - core[a373ad73a504971]::panicking::panic_fmt
[INFO] [stdout]   11:     0x6068039d9352 - core[a373ad73a504971]::result::unwrap_failed
[INFO] [stdout]   12:     0x6068038421ec - <flow_rs_core[fb2724f09bfdaf2b]::renaming_validation_tests::tests::test_api_documentation_updated::{closure#0} as core[a373ad73a504971]::ops::function::FnOnce<()>>::call_once
[INFO] [stdout]   13:     0x6068038f983b - test[aada8e7e76ba119b]::__rust_begin_short_backtrace::<core[a373ad73a504971]::result::Result<(), alloc[2e1b2a31b91974c5]::string::String>, fn() -> core[a373ad73a504971]::result::Result<(), alloc[2e1b2a31b91974c5]::string::String>>
[INFO] [stdout]   14:     0x606803906a15 - test[aada8e7e76ba119b]::run_test::{closure#0}
[INFO] [stdout]   15:     0x606803900304 - std[617be2ca0a6fd877]::sys::backtrace::__rust_begin_short_backtrace::<test[aada8e7e76ba119b]::run_test::{closure#1}, ()>
[INFO] [stdout]   16:     0x606803909aa2 - <std[617be2ca0a6fd877]::thread::lifecycle::spawn_unchecked<test[aada8e7e76ba119b]::run_test::{closure#1}, ()>::{closure#1} as core[a373ad73a504971]::ops::function::FnOnce<()>>::call_once::{shim:vtable#0}
[INFO] [stdout]   17:     0x6068039c284f - <std[617be2ca0a6fd877]::sys::thread::unix::Thread>::new::thread_start
[INFO] [stdout]   18:     0x7a90473cedfa - <unknown>
[INFO] [stdout]   19:     0x7a90474623d4 - clone
[INFO] [stdout]   20:                0x0 - <unknown>
[INFO] [stdout] 
[INFO] [stdout] ---- renaming_validation_tests::tests::test_architecture_docs_updated stdout ----
[INFO] [stdout] 
[INFO] [stdout] thread 'renaming_validation_tests::tests::test_architecture_docs_updated' (1429) panicked at src/renaming_validation_tests.rs:321:83:
[INFO] [stdout] called `Result::unwrap()` on an `Err` value: Os { code: 2, kind: NotFound, message: "No such file or directory" }
[INFO] [stdout] stack backtrace:
[INFO] [stdout]    0:     0x6068039c3351 - <<std[617be2ca0a6fd877]::sys::backtrace::BacktraceLock>::print::DisplayBacktrace as core[a373ad73a504971]::fmt::Display>::fmt
[INFO] [stdout]    1:     0x6068039d8d9a - core[a373ad73a504971]::fmt::write
[INFO] [stdout]    2:     0x6068039c79cc - <alloc[2e1b2a31b91974c5]::vec::Vec<u8> as core[a373ad73a504971]::io::write::Write>::write_fmt
[INFO] [stdout]    3:     0x60680399df46 - std[617be2ca0a6fd877]::panicking::default_hook::{closure#0}
[INFO] [stdout]    4:     0x6068039bb4f9 - std[617be2ca0a6fd877]::panicking::default_hook
[INFO] [stdout]    5:     0x6068039063f0 - test[aada8e7e76ba119b]::test_main_inner::{closure#0}
[INFO] [stdout]    6:     0x6068039bb6b2 - std[617be2ca0a6fd877]::panicking::panic_with_hook
[INFO] [stdout]    7:     0x60680399dff2 - std[617be2ca0a6fd877]::panicking::panic_handler::{closure#0}
[INFO] [stdout]    8:     0x606803996a29 - std[617be2ca0a6fd877]::sys::backtrace::__rust_end_short_backtrace::<std[617be2ca0a6fd877]::panicking::panic_handler::{closure#0}, !>
[INFO] [stdout]    9:     0x60680399ebfd - __rustc[ea4f61d10b84890b]::rust_begin_unwind
[INFO] [stdout]   10:     0x6068039d957c - core[a373ad73a504971]::panicking::panic_fmt
[INFO] [stdout]   11:     0x6068039d9352 - core[a373ad73a504971]::result::unwrap_failed
[INFO] [stdout]   12:     0x606803842376 - <flow_rs_core[fb2724f09bfdaf2b]::renaming_validation_tests::tests::test_architecture_docs_updated::{closure#0} as core[a373ad73a504971]::ops::function::FnOnce<()>>::call_once
[INFO] [stdout]   13:     0x6068038f983b - test[aada8e7e76ba119b]::__rust_begin_short_backtrace::<core[a373ad73a504971]::result::Result<(), alloc[2e1b2a31b91974c5]::string::String>, fn() -> core[a373ad73a504971]::result::Result<(), alloc[2e1b2a31b91974c5]::string::String>>
[INFO] [stdout]   14:     0x606803906a15 - test[aada8e7e76ba119b]::run_test::{closure#0}
[INFO] [stdout]   15:     0x606803900304 - std[617be2ca0a6fd877]::sys::backtrace::__rust_begin_short_backtrace::<test[aada8e7e76ba119b]::run_test::{closure#1}, ()>
[INFO] [stdout]   16:     0x606803909aa2 - <std[617be2ca0a6fd877]::thread::lifecycle::spawn_unchecked<test[aada8e7e76ba119b]::run_test::{closure#1}, ()>::{closure#1} as core[a373ad73a504971]::ops::function::FnOnce<()>>::call_once::{shim:vtable#0}
[INFO] [stdout]   17:     0x6068039c284f - <std[617be2ca0a6fd877]::sys::thread::unix::Thread>::new::thread_start
[INFO] [stdout]   18:     0x7a90473cedfa - <unknown>
[INFO] [stdout]   19:     0x7a90474623d4 - clone
[INFO] [stdout]   20:                0x0 - <unknown>
[INFO] [stdout] 
[INFO] [stdout] ---- renaming_validation_tests::tests::test_example_imports_updated stdout ----
[INFO] [stdout] 
[INFO] [stdout] thread 'renaming_validation_tests::tests::test_example_imports_updated' (1436) panicked at src/renaming_validation_tests.rs:240:89:
[INFO] [stdout] called `Result::unwrap()` on an `Err` value: Os { code: 2, kind: NotFound, message: "No such file or directory" }
[INFO] [stdout] stack backtrace:
[INFO] [stdout]    0:     0x6068039c3351 - <<std[617be2ca0a6fd877]::sys::backtrace::BacktraceLock>::print::DisplayBacktrace as core[a373ad73a504971]::fmt::Display>::fmt
[INFO] [stdout]    1:     0x6068039d8d9a - core[a373ad73a504971]::fmt::write
[INFO] [stdout]    2:     0x6068039c79cc - <alloc[2e1b2a31b91974c5]::vec::Vec<u8> as core[a373ad73a504971]::io::write::Write>::write_fmt
[INFO] [stdout]    3:     0x60680399df46 - std[617be2ca0a6fd877]::panicking::default_hook::{closure#0}
[INFO] [stdout]    4:     0x6068039bb4f9 - std[617be2ca0a6fd877]::panicking::default_hook
[INFO] [stdout]    5:     0x6068039063f0 - test[aada8e7e76ba119b]::test_main_inner::{closure#0}
[INFO] [stdout]    6:     0x6068039bb6b2 - std[617be2ca0a6fd877]::panicking::panic_with_hook
[INFO] [stdout]    7:     0x60680399dff2 - std[617be2ca0a6fd877]::panicking::panic_handler::{closure#0}
[INFO] [stdout]    8:     0x606803996a29 - std[617be2ca0a6fd877]::sys::backtrace::__rust_end_short_backtrace::<std[617be2ca0a6fd877]::panicking::panic_handler::{closure#0}, !>
[INFO] [stdout]    9:     0x60680399ebfd - __rustc[ea4f61d10b84890b]::rust_begin_unwind
[INFO] [stdout]   10:     0x6068039d957c - core[a373ad73a504971]::panicking::panic_fmt
[INFO] [stdout]   11:     0x6068039d9352 - core[a373ad73a504971]::result::unwrap_failed
[INFO] [stdout]   12:     0x606803841f1b - <flow_rs_core[fb2724f09bfdaf2b]::renaming_validation_tests::tests::test_example_imports_updated::{closure#0} as core[a373ad73a504971]::ops::function::FnOnce<()>>::call_once
[INFO] [stdout]   13:     0x6068038f983b - test[aada8e7e76ba119b]::__rust_begin_short_backtrace::<core[a373ad73a504971]::result::Result<(), alloc[2e1b2a31b91974c5]::string::String>, fn() -> core[a373ad73a504971]::result::Result<(), alloc[2e1b2a31b91974c5]::string::String>>
[INFO] [stdout]   14:     0x606803906a15 - test[aada8e7e76ba119b]::run_test::{closure#0}
[INFO] [stdout]   15:     0x606803900304 - std[617be2ca0a6fd877]::sys::backtrace::__rust_begin_short_backtrace::<test[aada8e7e76ba119b]::run_test::{closure#1}, ()>
[INFO] [stdout]   16:     0x606803909aa2 - <std[617be2ca0a6fd877]::thread::lifecycle::spawn_unchecked<test[aada8e7e76ba119b]::run_test::{closure#1}, ()>::{closure#1} as core[a373ad73a504971]::ops::function::FnOnce<()>>::call_once::{shim:vtable#0}
[INFO] [stdout]   17:     0x6068039c284f - <std[617be2ca0a6fd877]::sys::thread::unix::Thread>::new::thread_start
[INFO] [stdout]   18:     0x7a90473cedfa - <unknown>
[INFO] [stdout]   19:     0x7a90474623d4 - clone
[INFO] [stdout]   20:                0x0 - <unknown>
[INFO] [stdout] 
[INFO] [stdout] ---- renaming_validation_tests::tests::test_directory_structure_updated stdout ----
[INFO] [stdout] 
[INFO] [stdout] thread 'renaming_validation_tests::tests::test_directory_structure_updated' (1433) panicked at src/renaming_validation_tests.rs:347:9:
[INFO] [stdout] flow-core directory should exist
[INFO] [stdout] stack backtrace:
[INFO] [stdout]    0:     0x6068039c3351 - <<std[617be2ca0a6fd877]::sys::backtrace::BacktraceLock>::print::DisplayBacktrace as core[a373ad73a504971]::fmt::Display>::fmt
[INFO] [stdout]    1:     0x6068039d8d9a - core[a373ad73a504971]::fmt::write
[INFO] [stdout]    2:     0x6068039c79cc - <alloc[2e1b2a31b91974c5]::vec::Vec<u8> as core[a373ad73a504971]::io::write::Write>::write_fmt
[INFO] [stdout]    3:     0x60680399df46 - std[617be2ca0a6fd877]::panicking::default_hook::{closure#0}
[INFO] [stdout]    4:     0x6068039bb4f9 - std[617be2ca0a6fd877]::panicking::default_hook
[INFO] [stdout]    5:     0x6068039063f0 - test[aada8e7e76ba119b]::test_main_inner::{closure#0}
[INFO] [stdout]    6:     0x6068039bb6b2 - std[617be2ca0a6fd877]::panicking::panic_with_hook
[INFO] [stdout]    7:     0x60680399e024 - std[617be2ca0a6fd877]::panicking::panic_handler::{closure#0}
[INFO] [stdout]    8:     0x606803996a29 - std[617be2ca0a6fd877]::sys::backtrace::__rust_end_short_backtrace::<std[617be2ca0a6fd877]::panicking::panic_handler::{closure#0}, !>
[INFO] [stdout]    9:     0x60680399ebfd - __rustc[ea4f61d10b84890b]::rust_begin_unwind
[INFO] [stdout]   10:     0x6068039d957c - core[a373ad73a504971]::panicking::panic_fmt
[INFO] [stdout]   11:     0x606803842f26 - <flow_rs_core[fb2724f09bfdaf2b]::renaming_validation_tests::tests::test_directory_structure_updated::{closure#0} as core[a373ad73a504971]::ops::function::FnOnce<()>>::call_once
[INFO] [stdout]   12:     0x6068038f983b - test[aada8e7e76ba119b]::__rust_begin_short_backtrace::<core[a373ad73a504971]::result::Result<(), alloc[2e1b2a31b91974c5]::string::String>, fn() -> core[a373ad73a504971]::result::Result<(), alloc[2e1b2a31b91974c5]::string::String>>
[INFO] [stdout]   13:     0x606803906a15 - test[aada8e7e76ba119b]::run_test::{closure#0}
[INFO] [stdout]   14:     0x606803900304 - std[617be2ca0a6fd877]::sys::backtrace::__rust_begin_short_backtrace::<test[aada8e7e76ba119b]::run_test::{closure#1}, ()>
[INFO] [stdout]   15:     0x606803909aa2 - <std[617be2ca0a6fd877]::thread::lifecycle::spawn_unchecked<test[aada8e7e76ba119b]::run_test::{closure#1}, ()>::{closure#1} as core[a373ad73a504971]::ops::function::FnOnce<()>>::call_once::{shim:vtable#0}
[INFO] [stdout]   16:     0x6068039c284f - <std[617be2ca0a6fd877]::sys::thread::unix::Thread>::new::thread_start
[INFO] [stdout]   17:     0x7a90473cedfa - <unknown>
[INFO] [stdout]   18:     0x7a90474623d4 - clone
[INFO] [stdout]   19:                0x0 - <unknown>
[INFO] [stdout] 
[INFO] [stdout] ---- renaming_validation_tests::tests::test_leptos_dependencies_updated stdout ----
[INFO] [stdout] 
[INFO] [stdout] thread 'renaming_validation_tests::tests::test_leptos_dependencies_updated' (1439) panicked at src/renaming_validation_tests.rs:197:74:
[INFO] [stdout] called `Result::unwrap()` on an `Err` value: Os { code: 2, kind: NotFound, message: "No such file or directory" }
[INFO] [stdout] stack backtrace:
[INFO] [stdout]    0:     0x6068039c3351 - <<std[617be2ca0a6fd877]::sys::backtrace::BacktraceLock>::print::DisplayBacktrace as core[a373ad73a504971]::fmt::Display>::fmt
[INFO] [stdout]    1:     0x6068039d8d9a - core[a373ad73a504971]::fmt::write
[INFO] [stdout]    2:     0x6068039c79cc - <alloc[2e1b2a31b91974c5]::vec::Vec<u8> as core[a373ad73a504971]::io::write::Write>::write_fmt
[INFO] [stdout]    3:     0x60680399df46 - std[617be2ca0a6fd877]::panicking::default_hook::{closure#0}
[INFO] [stdout]    4:     0x6068039bb4f9 - std[617be2ca0a6fd877]::panicking::default_hook
[INFO] [stdout]    5:     0x6068039063f0 - test[aada8e7e76ba119b]::test_main_inner::{closure#0}
[INFO] [stdout]    6:     0x6068039bb6b2 - std[617be2ca0a6fd877]::panicking::panic_with_hook
[INFO] [stdout]    7:     0x60680399dff2 - std[617be2ca0a6fd877]::panicking::panic_handler::{closure#0}
[INFO] [stdout]    8:     0x606803996a29 - std[617be2ca0a6fd877]::sys::backtrace::__rust_end_short_backtrace::<std[617be2ca0a6fd877]::panicking::panic_handler::{closure#0}, !>
[INFO] [stdout]    9:     0x60680399ebfd - __rustc[ea4f61d10b84890b]::rust_begin_unwind
[INFO] [stdout]   10:     0x6068039d957c - core[a373ad73a504971]::panicking::panic_fmt
[INFO] [stdout]   11:     0x6068039d9352 - core[a373ad73a504971]::result::unwrap_failed
[INFO] [stdout]   12:     0x60680384352c - <flow_rs_core[fb2724f09bfdaf2b]::renaming_validation_tests::tests::test_leptos_dependencies_updated::{closure#0} as core[a373ad73a504971]::ops::function::FnOnce<()>>::call_once
[INFO] [stdout]   13:     0x6068038f983b - test[aada8e7e76ba119b]::__rust_begin_short_backtrace::<core[a373ad73a504971]::result::Result<(), alloc[2e1b2a31b91974c5]::string::String>, fn() -> core[a373ad73a504971]::result::Result<(), alloc[2e1b2a31b91974c5]::string::String>>
[INFO] [stdout]   14:     0x606803906a15 - test[aada8e7e76ba119b]::run_test::{closure#0}
[INFO] [stdout]   15:     0x606803900304 - std[617be2ca0a6fd877]::sys::backtrace::__rust_begin_short_backtrace::<test[aada8e7e76ba119b]::run_test::{closure#1}, ()>
[INFO] [stdout]   16:     0x606803909aa2 - <std[617be2ca0a6fd877]::thread::lifecycle::spawn_unchecked<test[aada8e7e76ba119b]::run_test::{closure#1}, ()>::{closure#1} as core[a373ad73a504971]::ops::function::FnOnce<()>>::call_once::{shim:vtable#0}
[INFO] [stdout]   17:     0x6068039c284f - <std[617be2ca0a6fd877]::sys::thread::unix::Thread>::new::thread_start
[INFO] [stdout]   18:     0x7a90473cedfa - <unknown>
[INFO] [stdout]   19:     0x7a90474623d4 - clone
[INFO] [stdout]   20:                0x0 - <unknown>
[INFO] [stdout] 
[INFO] [stdout] ---- renaming_validation_tests::tests::test_example_directories_updated stdout ----
[INFO] [stdout] 
[INFO] [stdout] thread 'renaming_validation_tests::tests::test_example_directories_updated' (1435) panicked at src/renaming_validation_tests.rs:389:90:
[INFO] [stdout] called `Result::unwrap()` on an `Err` value: Os { code: 2, kind: NotFound, message: "No such file or directory" }
[INFO] [stdout] stack backtrace:
[INFO] [stdout]    0:     0x6068039c3351 - <<std[617be2ca0a6fd877]::sys::backtrace::BacktraceLock>::print::DisplayBacktrace as core[a373ad73a504971]::fmt::Display>::fmt
[INFO] [stdout]    1:     0x6068039d8d9a - core[a373ad73a504971]::fmt::write
[INFO] [stdout]    2:     0x6068039c79cc - <alloc[2e1b2a31b91974c5]::vec::Vec<u8> as core[a373ad73a504971]::io::write::Write>::write_fmt
[INFO] [stdout]    3:     0x60680399df46 - std[617be2ca0a6fd877]::panicking::default_hook::{closure#0}
[INFO] [stdout]    4:     0x6068039bb4f9 - std[617be2ca0a6fd877]::panicking::default_hook
[INFO] [stdout]    5:     0x6068039063f0 - test[aada8e7e76ba119b]::test_main_inner::{closure#0}
[INFO] [stdout]    6:     0x6068039bb6b2 - std[617be2ca0a6fd877]::panicking::panic_with_hook
[INFO] [stdout]    7:     0x60680399dff2 - std[617be2ca0a6fd877]::panicking::panic_handler::{closure#0}
[INFO] [stdout]    8:     0x606803996a29 - std[617be2ca0a6fd877]::sys::backtrace::__rust_end_short_backtrace::<std[617be2ca0a6fd877]::panicking::panic_handler::{closure#0}, !>
[INFO] [stdout]    9:     0x60680399ebfd - __rustc[ea4f61d10b84890b]::rust_begin_unwind
[INFO] [stdout]   10:     0x6068039d957c - core[a373ad73a504971]::panicking::panic_fmt
[INFO] [stdout]   11:     0x6068039d9352 - core[a373ad73a504971]::result::unwrap_failed
[INFO] [stdout]   12:     0x6068038431c1 - <flow_rs_core[fb2724f09bfdaf2b]::renaming_validation_tests::tests::test_example_directories_updated::{closure#0} as core[a373ad73a504971]::ops::function::FnOnce<()>>::call_once
[INFO] [stdout]   13:     0x6068038f983b - test[aada8e7e76ba119b]::__rust_begin_short_backtrace::<core[a373ad73a504971]::result::Result<(), alloc[2e1b2a31b91974c5]::string::String>, fn() -> core[a373ad73a504971]::result::Result<(), alloc[2e1b2a31b91974c5]::string::String>>
[INFO] [stdout]   14:     0x606803906a15 - test[aada8e7e76ba119b]::run_test::{closure#0}
[INFO] [stdout]   15:     0x606803900304 - std[617be2ca0a6fd877]::sys::backtrace::__rust_begin_short_backtrace::<test[aada8e7e76ba119b]::run_test::{closure#1}, ()>
[INFO] [stdout]   16:     0x606803909aa2 - <std[617be2ca0a6fd877]::thread::lifecycle::spawn_unchecked<test[aada8e7e76ba119b]::run_test::{closure#1}, ()>::{closure#1} as core[a373ad73a504971]::ops::function::FnOnce<()>>::call_once::{shim:vtable#0}
[INFO] [stdout]   17:     0x6068039c284f - <std[617be2ca0a6fd877]::sys::thread::unix::Thread>::new::thread_start
[INFO] [stdout]   18:     0x7a90473cedfa - <unknown>
[INFO] [stdout]   19:     0x7a90474623d4 - clone
[INFO] [stdout]   20:                0x0 - <unknown>
[INFO] [stdout] 
[INFO] [stdout] ---- renaming_validation_tests::tests::test_leptos_package_name_updated stdout ----
[INFO] [stdout] 
[INFO] [stdout] thread 'renaming_validation_tests::tests::test_leptos_package_name_updated' (1440) panicked at src/renaming_validation_tests.rs:128:74:
[INFO] [stdout] called `Result::unwrap()` on an `Err` value: Os { code: 2, kind: NotFound, message: "No such file or directory" }
[INFO] [stdout] stack backtrace:
[INFO] [stdout]    0:     0x6068039c3351 - <<std[617be2ca0a6fd877]::sys::backtrace::BacktraceLock>::print::DisplayBacktrace as core[a373ad73a504971]::fmt::Display>::fmt
[INFO] [stdout]    1:     0x6068039d8d9a - core[a373ad73a504971]::fmt::write
[INFO] [stdout]    2:     0x6068039c79cc - <alloc[2e1b2a31b91974c5]::vec::Vec<u8> as core[a373ad73a504971]::io::write::Write>::write_fmt
[INFO] [stdout]    3:     0x60680399df46 - std[617be2ca0a6fd877]::panicking::default_hook::{closure#0}
[INFO] [stdout]    4:     0x6068039bb4f9 - std[617be2ca0a6fd877]::panicking::default_hook
[INFO] [stdout]    5:     0x6068039063f0 - test[aada8e7e76ba119b]::test_main_inner::{closure#0}
[INFO] [stdout]    6:     0x6068039bb6b2 - std[617be2ca0a6fd877]::panicking::panic_with_hook
[INFO] [stdout]    7:     0x60680399dff2 - std[617be2ca0a6fd877]::panicking::panic_handler::{closure#0}
[INFO] [stdout]    8:     0x606803996a29 - std[617be2ca0a6fd877]::sys::backtrace::__rust_end_short_backtrace::<std[617be2ca0a6fd877]::panicking::panic_handler::{closure#0}, !>
[INFO] [stdout]    9:     0x60680399ebfd - __rustc[ea4f61d10b84890b]::rust_begin_unwind
[INFO] [stdout]   10:     0x6068039d957c - core[a373ad73a504971]::panicking::panic_fmt
[INFO] [stdout]   11:     0x6068039d9352 - core[a373ad73a504971]::result::unwrap_failed
[INFO] [stdout]   12:     0x60680384368b - <flow_rs_core[fb2724f09bfdaf2b]::renaming_validation_tests::tests::test_leptos_package_name_updated::{closure#0} as core[a373ad73a504971]::ops::function::FnOnce<()>>::call_once
[INFO] [stdout]   13:     0x6068038f983b - test[aada8e7e76ba119b]::__rust_begin_short_backtrace::<core[a373ad73a504971]::result::Result<(), alloc[2e1b2a31b91974c5]::string::String>, fn() -> core[a373ad73a504971]::result::Result<(), alloc[2e1b2a31b91974c5]::string::String>>
[INFO] [stdout]   14:     0x606803906a15 - test[aada8e7e76ba119b]::run_test::{closure#0}
[INFO] [stdout]   15:     0x606803900304 - std[617be2ca0a6fd877]::sys::backtrace::__rust_begin_short_backtrace::<test[aada8e7e76ba119b]::run_test::{closure#1}, ()>
[INFO] [stdout]   16:     0x606803909aa2 - <std[617be2ca0a6fd877]::thread::lifecycle::spawn_unchecked<test[aada8e7e76ba119b]::run_test::{closure#1}, ()>::{closure#1} as core[a373ad73a504971]::ops::function::FnOnce<()>>::call_once::{shim:vtable#0}
[INFO] [stdout]   17:     0x6068039c284f - <std[617be2ca0a6fd877]::sys::thread::unix::Thread>::new::thread_start
[INFO] [stdout]   18:     0x7a90473cedfa - <unknown>
[INFO] [stdout]   19:     0x7a90474623d4 - clone
[INFO] [stdout]   20:                0x0 - <unknown>
[INFO] [stdout] 
[INFO] [stdout] ---- renaming_validation_tests::tests::test_leptos_demo_imports_updated stdout ----
[INFO] [stdout] 
[INFO] [stdout] thread 'renaming_validation_tests::tests::test_leptos_demo_imports_updated' (1438) panicked at src/renaming_validation_tests.rs:256:76:
[INFO] [stdout] called `Result::unwrap()` on an `Err` value: Os { code: 2, kind: NotFound, message: "No such file or directory" }
[INFO] [stdout] stack backtrace:
[INFO] [stdout]    0:     0x6068039c3351 - <<std[617be2ca0a6fd877]::sys::backtrace::BacktraceLock>::print::DisplayBacktrace as core[a373ad73a504971]::fmt::Display>::fmt
[INFO] [stdout]    1:     0x6068039d8d9a - core[a373ad73a504971]::fmt::write
[INFO] [stdout]    2:     0x6068039c79cc - <alloc[2e1b2a31b91974c5]::vec::Vec<u8> as core[a373ad73a504971]::io::write::Write>::write_fmt
[INFO] [stdout]    3:     0x60680399df46 - std[617be2ca0a6fd877]::panicking::default_hook::{closure#0}
[INFO] [stdout]    4:     0x6068039bb4f9 - std[617be2ca0a6fd877]::panicking::default_hook
[INFO] [stdout]    5:     0x6068039063f0 - test[aada8e7e76ba119b]::test_main_inner::{closure#0}
[INFO] [stdout]    6:     0x6068039bb6b2 - std[617be2ca0a6fd877]::panicking::panic_with_hook
[INFO] [stdout]    7:     0x60680399dff2 - std[617be2ca0a6fd877]::panicking::panic_handler::{closure#0}
[INFO] [stdout]    8:     0x606803996a29 - std[617be2ca0a6fd877]::sys::backtrace::__rust_end_short_backtrace::<std[617be2ca0a6fd877]::panicking::panic_handler::{closure#0}, !>
[INFO] [stdout]    9:     0x60680399ebfd - __rustc[ea4f61d10b84890b]::rust_begin_unwind
[INFO] [stdout]   10:     0x6068039d957c - core[a373ad73a504971]::panicking::panic_fmt
[INFO] [stdout]   11:     0x6068039d9352 - core[a373ad73a504971]::result::unwrap_failed
[INFO] [stdout]   12:     0x60680384339b - <flow_rs_core[fb2724f09bfdaf2b]::renaming_validation_tests::tests::test_leptos_demo_imports_updated::{closure#0} as core[a373ad73a504971]::ops::function::FnOnce<()>>::call_once
[INFO] [stdout]   13:     0x6068038f983b - test[aada8e7e76ba119b]::__rust_begin_short_backtrace::<core[a373ad73a504971]::result::Result<(), alloc[2e1b2a31b91974c5]::string::String>, fn() -> core[a373ad73a504971]::result::Result<(), alloc[2e1b2a31b91974c5]::string::String>>
[INFO] [stdout]   14:     0x606803906a15 - test[aada8e7e76ba119b]::run_test::{closure#0}
[INFO] [stdout]   15:     0x606803900304 - std[617be2ca0a6fd877]::sys::backtrace::__rust_begin_short_backtrace::<test[aada8e7e76ba119b]::run_test::{closure#1}, ()>
[INFO] [stdout]   16:     0x606803909aa2 - <std[617be2ca0a6fd877]::thread::lifecycle::spawn_unchecked<test[aada8e7e76ba119b]::run_test::{closure#1}, ()>::{closure#1} as core[a373ad73a504971]::ops::function::FnOnce<()>>::call_once::{shim:vtable#0}
[INFO] [stdout]   17:     0x6068039c284f - <std[617be2ca0a6fd877]::sys::thread::unix::Thread>::new::thread_start
[INFO] [stdout]   18:     0x7a90473cedfa - <unknown>
[INFO] [stdout]   19:     0x7a90474623d4 - clone
[INFO] [stdout]   20:                0x0 - <unknown>
[INFO] [stdout] 
[INFO] [stdout] ---- renaming_validation_tests::tests::test_main_package_name_updated stdout ----
[INFO] [stdout] 
[INFO] [stdout] thread 'renaming_validation_tests::tests::test_main_package_name_updated' (1441) panicked at src/renaming_validation_tests.rs:68:62:
[INFO] [stdout] called `Result::unwrap()` on an `Err` value: Os { code: 2, kind: NotFound, message: "No such file or directory" }
[INFO] [stdout] stack backtrace:
[INFO] [stdout]    0:     0x6068039c3351 - <<std[617be2ca0a6fd877]::sys::backtrace::BacktraceLock>::print::DisplayBacktrace as core[a373ad73a504971]::fmt::Display>::fmt
[INFO] [stdout]    1:     0x6068039d8d9a - core[a373ad73a504971]::fmt::write
[INFO] [stdout]    2:     0x6068039c79cc - <alloc[2e1b2a31b91974c5]::vec::Vec<u8> as core[a373ad73a504971]::io::write::Write>::write_fmt
[INFO] [stdout]    3:     0x60680399df46 - std[617be2ca0a6fd877]::panicking::default_hook::{closure#0}
[INFO] [stdout]    4:     0x6068039bb4f9 - std[617be2ca0a6fd877]::panicking::default_hook
[INFO] [stdout]    5:     0x6068039063f0 - test[aada8e7e76ba119b]::test_main_inner::{closure#0}
[INFO] [stdout]    6:     0x6068039bb6b2 - std[617be2ca0a6fd877]::panicking::panic_with_hook
[INFO] [stdout]    7:     0x60680399dff2 - std[617be2ca0a6fd877]::panicking::panic_handler::{closure#0}
[INFO] [stdout]    8:     0x606803996a29 - std[617be2ca0a6fd877]::sys::backtrace::__rust_end_short_backtrace::<std[617be2ca0a6fd877]::panicking::panic_handler::{closure#0}, !>
[INFO] [stdout]    9:     0x60680399ebfd - __rustc[ea4f61d10b84890b]::rust_begin_unwind
[INFO] [stdout]   10:     0x6068039d957c - core[a373ad73a504971]::panicking::panic_fmt
[INFO] [stdout]   11:     0x6068039d9352 - core[a373ad73a504971]::result::unwrap_failed
[INFO] [stdout]   12:     0x60680384274b - <flow_rs_core[fb2724f09bfdaf2b]::renaming_validation_tests::tests::test_main_package_name_updated::{closure#0} as core[a373ad73a504971]::ops::function::FnOnce<()>>::call_once
[INFO] [stdout]   13:     0x6068038f983b - test[aada8e7e76ba119b]::__rust_begin_short_backtrace::<core[a373ad73a504971]::result::Result<(), alloc[2e1b2a31b91974c5]::string::String>, fn() -> core[a373ad73a504971]::result::Result<(), alloc[2e1b2a31b91974c5]::string::String>>
[INFO] [stdout]   14:     0x606803906a15 - test[aada8e7e76ba119b]::run_test::{closure#0}
[INFO] [stdout]   15:     0x606803900304 - std[617be2ca0a6fd877]::sys::backtrace::__rust_begin_short_backtrace::<test[aada8e7e76ba119b]::run_test::{closure#1}, ()>
[INFO] [stdout]   16:     0x606803909aa2 - <std[617be2ca0a6fd877]::thread::lifecycle::spawn_unchecked<test[aada8e7e76ba119b]::run_test::{closure#1}, ()>::{closure#1} as core[a373ad73a504971]::ops::function::FnOnce<()>>::call_once::{shim:vtable#0}
[INFO] [stdout]   17:     0x6068039c284f - <std[617be2ca0a6fd877]::sys::thread::unix::Thread>::new::thread_start
[INFO] [stdout]   18:     0x7a90473cedfa - <unknown>
[INFO] [stdout]   19:     0x7a90474623d4 - clone
[INFO] [stdout]   20:                0x0 - <unknown>
[INFO] [stdout] 
[INFO] [stdout] ---- renaming_validation_tests::tests::test_readme_updated stdout ----
[INFO] [stdout] 
[INFO] [stdout] thread 'renaming_validation_tests::tests::test_readme_updated' (1444) panicked at src/renaming_validation_tests.rs:275:57:
[INFO] [stdout] called `Result::unwrap()` on an `Err` value: Os { code: 2, kind: NotFound, message: "No such file or directory" }
[INFO] [stdout] stack backtrace:
[INFO] [stdout]    0:     0x6068039c3351 - <<std[617be2ca0a6fd877]::sys::backtrace::BacktraceLock>::print::DisplayBacktrace as core[a373ad73a504971]::fmt::Display>::fmt
[INFO] [stdout]    1:     0x6068039d8d9a - core[a373ad73a504971]::fmt::write
[INFO] [stdout]    2:     0x6068039c79cc - <alloc[2e1b2a31b91974c5]::vec::Vec<u8> as core[a373ad73a504971]::io::write::Write>::write_fmt
[INFO] [stdout]    3:     0x60680399df46 - std[617be2ca0a6fd877]::panicking::default_hook::{closure#0}
[INFO] [stdout]    4:     0x6068039bb4f9 - std[617be2ca0a6fd877]::panicking::default_hook
[INFO] [stdout]    5:     0x6068039063f0 - test[aada8e7e76ba119b]::test_main_inner::{closure#0}
[INFO] [stdout]    6:     0x6068039bb6b2 - std[617be2ca0a6fd877]::panicking::panic_with_hook
[INFO] [stdout]    7:     0x60680399dff2 - std[617be2ca0a6fd877]::panicking::panic_handler::{closure#0}
[INFO] [stdout]    8:     0x606803996a29 - std[617be2ca0a6fd877]::sys::backtrace::__rust_end_short_backtrace::<std[617be2ca0a6fd877]::panicking::panic_handler::{closure#0}, !>
[INFO] [stdout]    9:     0x60680399ebfd - __rustc[ea4f61d10b84890b]::rust_begin_unwind
[INFO] [stdout]   10:     0x6068039d957c - core[a373ad73a504971]::panicking::panic_fmt
[INFO] [stdout]   11:     0x6068039d9352 - core[a373ad73a504971]::result::unwrap_failed
[INFO] [stdout]   12:     0x606803841985 - <flow_rs_core[fb2724f09bfdaf2b]::renaming_validation_tests::tests::test_readme_updated::{closure#0} as core[a373ad73a504971]::ops::function::FnOnce<()>>::call_once
[INFO] [stdout]   13:     0x6068038f983b - test[aada8e7e76ba119b]::__rust_begin_short_backtrace::<core[a373ad73a504971]::result::Result<(), alloc[2e1b2a31b91974c5]::string::String>, fn() -> core[a373ad73a504971]::result::Result<(), alloc[2e1b2a31b91974c5]::string::String>>
[INFO] [stdout]   14:     0x606803906a15 - test[aada8e7e76ba119b]::run_test::{closure#0}
[INFO] [stdout]   15:     0x606803900304 - std[617be2ca0a6fd877]::sys::backtrace::__rust_begin_short_backtrace::<test[aada8e7e76ba119b]::run_test::{closure#1}, ()>
[INFO] [stdout]   16:     0x606803909aa2 - <std[617be2ca0a6fd877]::thread::lifecycle::spawn_unchecked<test[aada8e7e76ba119b]::run_test::{closure#1}, ()>::{closure#1} as core[a373ad73a504971]::ops::function::FnOnce<()>>::call_once::{shim:vtable#0}
[INFO] [stdout]   17:     0x6068039c284f - <std[617be2ca0a6fd877]::sys::thread::unix::Thread>::new::thread_start
[INFO] [stdout]   18:     0x7a90473cedfa - <unknown>
[INFO] [stdout]   19:     0x7a90474623d4 - clone
[INFO] [stdout]   20:                0x0 - <unknown>
[INFO] [stdout] 
[INFO] [stdout] ---- renaming_validation_tests::tests::test_renderer_dependencies_updated stdout ----
[INFO] [stdout] 
[INFO] [stdout] thread 'renaming_validation_tests::tests::test_renderer_dependencies_updated' (1445) panicked at src/renaming_validation_tests.rs:163:76:
[INFO] [stdout] called `Result::unwrap()` on an `Err` value: Os { code: 2, kind: NotFound, message: "No such file or directory" }
[INFO] [stdout] stack backtrace:
[INFO] [stdout]    0:     0x6068039c3351 - <<std[617be2ca0a6fd877]::sys::backtrace::BacktraceLock>::print::DisplayBacktrace as core[a373ad73a504971]::fmt::Display>::fmt
[INFO] [stdout]    1:     0x6068039d8d9a - core[a373ad73a504971]::fmt::write
[INFO] [stdout]    2:     0x6068039c79cc - <alloc[2e1b2a31b91974c5]::vec::Vec<u8> as core[a373ad73a504971]::io::write::Write>::write_fmt
[INFO] [stdout]    3:     0x60680399df46 - std[617be2ca0a6fd877]::panicking::default_hook::{closure#0}
[INFO] [stdout]    4:     0x6068039bb4f9 - std[617be2ca0a6fd877]::panicking::default_hook
[INFO] [stdout]    5:     0x6068039063f0 - test[aada8e7e76ba119b]::test_main_inner::{closure#0}
[INFO] [stdout]    6:     0x6068039bb6b2 - std[617be2ca0a6fd877]::panicking::panic_with_hook
[INFO] [stdout]    7:     0x60680399dff2 - std[617be2ca0a6fd877]::panicking::panic_handler::{closure#0}
[INFO] [stdout]    8:     0x606803996a29 - std[617be2ca0a6fd877]::sys::backtrace::__rust_end_short_backtrace::<std[617be2ca0a6fd877]::panicking::panic_handler::{closure#0}, !>
[INFO] [stdout]    9:     0x60680399ebfd - __rustc[ea4f61d10b84890b]::rust_begin_unwind
[INFO] [stdout]   10:     0x6068039d957c - core[a373ad73a504971]::panicking::panic_fmt
[INFO] [stdout]   11:     0x6068039d9352 - core[a373ad73a504971]::result::unwrap_failed
[INFO] [stdout]   12:     0x6068038437cb - <flow_rs_core[fb2724f09bfdaf2b]::renaming_validation_tests::tests::test_renderer_dependencies_updated::{closure#0} as core[a373ad73a504971]::ops::function::FnOnce<()>>::call_once
[INFO] [stdout]   13:     0x6068038f983b - test[aada8e7e76ba119b]::__rust_begin_short_backtrace::<core[a373ad73a504971]::result::Result<(), alloc[2e1b2a31b91974c5]::string::String>, fn() -> core[a373ad73a504971]::result::Result<(), alloc[2e1b2a31b91974c5]::string::String>>
[INFO] [stdout]   14:     0x606803906a15 - test[aada8e7e76ba119b]::run_test::{closure#0}
[INFO] [stdout]   15:     0x606803900304 - std[617be2ca0a6fd877]::sys::backtrace::__rust_begin_short_backtrace::<test[aada8e7e76ba119b]::run_test::{closure#1}, ()>
[INFO] [stdout]   16:     0x606803909aa2 - <std[617be2ca0a6fd877]::thread::lifecycle::spawn_unchecked<test[aada8e7e76ba119b]::run_test::{closure#1}, ()>::{closure#1} as core[a373ad73a504971]::ops::function::FnOnce<()>>::call_once::{shim:vtable#0}
[INFO] [stdout]   17:     0x6068039c284f - <std[617be2ca0a6fd877]::sys::thread::unix::Thread>::new::thread_start
[INFO] [stdout]   18:     0x7a90473cedfa - <unknown>
[INFO] [stdout]   19:     0x7a90474623d4 - clone
[INFO] [stdout]   20:                0x0 - <unknown>
[INFO] [stdout] 
[INFO] [stdout] ---- renaming_validation_tests::tests::test_migration_guide_exists stdout ----
[INFO] [stdout] 
[INFO] [stdout] thread 'renaming_validation_tests::tests::test_migration_guide_exists' (1442) panicked at src/renaming_validation_tests.rs:467:9:
[INFO] [stdout] Migration guide should exist
[INFO] [stdout] stack backtrace:
[INFO] [stdout]    0:     0x6068039c3351 - <<std[617be2ca0a6fd877]::sys::backtrace::BacktraceLock>::print::DisplayBacktrace as core[a373ad73a504971]::fmt::Display>::fmt
[INFO] [stdout]    1:     0x6068039d8d9a - core[a373ad73a504971]::fmt::write
[INFO] [stdout]    2:     0x6068039c79cc - <alloc[2e1b2a31b91974c5]::vec::Vec<u8> as core[a373ad73a504971]::io::write::Write>::write_fmt
[INFO] [stdout]    3:     0x60680399df46 - std[617be2ca0a6fd877]::panicking::default_hook::{closure#0}
[INFO] [stdout]    4:     0x6068039bb4f9 - std[617be2ca0a6fd877]::panicking::default_hook
[INFO] [stdout]    5:     0x6068039063f0 - test[aada8e7e76ba119b]::test_main_inner::{closure#0}
[INFO] [stdout]    6:     0x6068039bb6b2 - std[617be2ca0a6fd877]::panicking::panic_with_hook
[INFO] [stdout]    7:     0x60680399e024 - std[617be2ca0a6fd877]::panicking::panic_handler::{closure#0}
[INFO] [stdout]    8:     0x606803996a29 - std[617be2ca0a6fd877]::sys::backtrace::__rust_end_short_backtrace::<std[617be2ca0a6fd877]::panicking::panic_handler::{closure#0}, !>
[INFO] [stdout]    9:     0x60680399ebfd - __rustc[ea4f61d10b84890b]::rust_begin_unwind
[INFO] [stdout]   10:     0x6068039d957c - core[a373ad73a504971]::panicking::panic_fmt
[INFO] [stdout]   11:     0x606803841e0a - <flow_rs_core[fb2724f09bfdaf2b]::renaming_validation_tests::tests::test_migration_guide_exists::{closure#0} as core[a373ad73a504971]::ops::function::FnOnce<()>>::call_once
[INFO] [stdout]   12:     0x6068038f983b - test[aada8e7e76ba119b]::__rust_begin_short_backtrace::<core[a373ad73a504971]::result::Result<(), alloc[2e1b2a31b91974c5]::string::String>, fn() -> core[a373ad73a504971]::result::Result<(), alloc[2e1b2a31b91974c5]::string::String>>
[INFO] [stdout]   13:     0x606803906a15 - test[aada8e7e76ba119b]::run_test::{closure#0}
[INFO] [stdout]   14:     0x606803900304 - std[617be2ca0a6fd877]::sys::backtrace::__rust_begin_short_backtrace::<test[aada8e7e76ba119b]::run_test::{closure#1}, ()>
[INFO] [stdout]   15:     0x606803909aa2 - <std[617be2ca0a6fd877]::thread::lifecycle::spawn_unchecked<test[aada8e7e76ba119b]::run_test::{closure#1}, ()>::{closure#1} as core[a373ad73a504971]::ops::function::FnOnce<()>>::call_once::{shim:vtable#0}
[INFO] [stdout]   16:     0x6068039c284f - <std[617be2ca0a6fd877]::sys::thread::unix::Thread>::new::thread_start
[INFO] [stdout]   17:     0x7a90473cedfa - <unknown>
[INFO] [stdout]   18:     0x7a90474623d4 - clone
[INFO] [stdout]   19:                0x0 - <unknown>
[INFO] [stdout] 
[INFO] [stdout] ---- renaming_validation_tests::tests::test_renderer_package_name_updated stdout ----
[INFO] [stdout] 
[INFO] [stdout] thread 'renaming_validation_tests::tests::test_renderer_package_name_updated' (1446) panicked at src/renaming_validation_tests.rs:98:76:
[INFO] [stdout] called `Result::unwrap()` on an `Err` value: Os { code: 2, kind: NotFound, message: "No such file or directory" }
[INFO] [stdout] stack backtrace:
[INFO] [stdout]    0:     0x6068039c3351 - <<std[617be2ca0a6fd877]::sys::backtrace::BacktraceLock>::print::DisplayBacktrace as core[a373ad73a504971]::fmt::Display>::fmt
[INFO] [stdout]    1:     0x6068039d8d9a - core[a373ad73a504971]::fmt::write
[INFO] [stdout]    2:     0x6068039c79cc - <alloc[2e1b2a31b91974c5]::vec::Vec<u8> as core[a373ad73a504971]::io::write::Write>::write_fmt
[INFO] [stdout]    3:     0x60680399df46 - std[617be2ca0a6fd877]::panicking::default_hook::{closure#0}
[INFO] [stdout]    4:     0x6068039bb4f9 - std[617be2ca0a6fd877]::panicking::default_hook
[INFO] [stdout]    5:     0x6068039063f0 - test[aada8e7e76ba119b]::test_main_inner::{closure#0}
[INFO] [stdout]    6:     0x6068039bb6b2 - std[617be2ca0a6fd877]::panicking::panic_with_hook
[INFO] [stdout]    7:     0x60680399dff2 - std[617be2ca0a6fd877]::panicking::panic_handler::{closure#0}
[INFO] [stdout]    8:     0x606803996a29 - std[617be2ca0a6fd877]::sys::backtrace::__rust_end_short_backtrace::<std[617be2ca0a6fd877]::panicking::panic_handler::{closure#0}, !>
[INFO] [stdout]    9:     0x60680399ebfd - __rustc[ea4f61d10b84890b]::rust_begin_unwind
[INFO] [stdout]   10:     0x6068039d957c - core[a373ad73a504971]::panicking::panic_fmt
[INFO] [stdout]   11:     0x6068039d9352 - core[a373ad73a504971]::result::unwrap_failed
[INFO] [stdout]   12:     0x60680384390b - <flow_rs_core[fb2724f09bfdaf2b]::renaming_validation_tests::tests::test_renderer_package_name_updated::{closure#0} as core[a373ad73a504971]::ops::function::FnOnce<()>>::call_once
[INFO] [stdout]   13:     0x6068038f983b - test[aada8e7e76ba119b]::__rust_begin_short_backtrace::<core[a373ad73a504971]::result::Result<(), alloc[2e1b2a31b91974c5]::string::String>, fn() -> core[a373ad73a504971]::result::Result<(), alloc[2e1b2a31b91974c5]::string::String>>
[INFO] [stdout]   14:     0x606803906a15 - test[aada8e7e76ba119b]::run_test::{closure#0}
[INFO] [stdout]   15:     0x606803900304 - std[617be2ca0a6fd877]::sys::backtrace::__rust_begin_short_backtrace::<test[aada8e7e76ba119b]::run_test::{closure#1}, ()>
[INFO] [stdout]   16:     0x606803909aa2 - <std[617be2ca0a6fd877]::thread::lifecycle::spawn_unchecked<test[aada8e7e76ba119b]::run_test::{closure#1}, ()>::{closure#1} as core[a373ad73a504971]::ops::function::FnOnce<()>>::call_once::{shim:vtable#0}
[INFO] [stdout]   17:     0x6068039c284f - <std[617be2ca0a6fd877]::sys::thread::unix::Thread>::new::thread_start
[INFO] [stdout]   18:     0x7a90473cedfa - <unknown>
[INFO] [stdout]   19:     0x7a90474623d4 - clone
[INFO] [stdout]   20:                0x0 - <unknown>
[INFO] [stdout] 
[INFO] [stdout] ---- renaming_validation_tests::tests::test_wasm_dependencies_updated stdout ----
[INFO] [stdout] 
[INFO] [stdout] thread 'renaming_validation_tests::tests::test_wasm_dependencies_updated' (1448) panicked at src/renaming_validation_tests.rs:178:72:
[INFO] [stdout] called `Result::unwrap()` on an `Err` value: Os { code: 2, kind: NotFound, message: "No such file or directory" }
[INFO] [stdout] stack backtrace:
[INFO] [stdout]    0:     0x6068039c3351 - <<std[617be2ca0a6fd877]::sys::backtrace::BacktraceLock>::print::DisplayBacktrace as core[a373ad73a504971]::fmt::Display>::fmt
[INFO] [stdout]    1:     0x6068039d8d9a - core[a373ad73a504971]::fmt::write
[INFO] [stdout]    2:     0x6068039c79cc - <alloc[2e1b2a31b91974c5]::vec::Vec<u8> as core[a373ad73a504971]::io::write::Write>::write_fmt
[INFO] [stdout]    3:     0x60680399df46 - std[617be2ca0a6fd877]::panicking::default_hook::{closure#0}
[INFO] [stdout]    4:     0x6068039bb4f9 - std[617be2ca0a6fd877]::panicking::default_hook
[INFO] [stdout]    5:     0x6068039063f0 - test[aada8e7e76ba119b]::test_main_inner::{closure#0}
[INFO] [stdout]    6:     0x6068039bb6b2 - std[617be2ca0a6fd877]::panicking::panic_with_hook
[INFO] [stdout]    7:     0x60680399dff2 - std[617be2ca0a6fd877]::panicking::panic_handler::{closure#0}
[INFO] [stdout]    8:     0x606803996a29 - std[617be2ca0a6fd877]::sys::backtrace::__rust_end_short_backtrace::<std[617be2ca0a6fd877]::panicking::panic_handler::{closure#0}, !>
[INFO] [stdout]    9:     0x60680399ebfd - __rustc[ea4f61d10b84890b]::rust_begin_unwind
[INFO] [stdout]   10:     0x6068039d957c - core[a373ad73a504971]::panicking::panic_fmt
[INFO] [stdout]   11:     0x6068039d9352 - core[a373ad73a504971]::result::unwrap_failed
[INFO] [stdout]   12:     0x6068038428b6 - <flow_rs_core[fb2724f09bfdaf2b]::renaming_validation_tests::tests::test_wasm_dependencies_updated::{closure#0} as core[a373ad73a504971]::ops::function::FnOnce<()>>::call_once
[INFO] [stdout]   13:     0x6068038f983b - test[aada8e7e76ba119b]::__rust_begin_short_backtrace::<core[a373ad73a504971]::result::Result<(), alloc[2e1b2a31b91974c5]::string::String>, fn() -> core[a373ad73a504971]::result::Result<(), alloc[2e1b2a31b91974c5]::string::String>>
[INFO] [stdout]   14:     0x606803906a15 - test[aada8e7e76ba119b]::run_test::{closure#0}
[INFO] [stdout]   15:     0x606803900304 - std[617be2ca0a6fd877]::sys::backtrace::__rust_begin_short_backtrace::<test[aada8e7e76ba119b]::run_test::{closure#1}, ()>
[INFO] [stdout]   16:     0x606803909aa2 - <std[617be2ca0a6fd877]::thread::lifecycle::spawn_unchecked<test[aada8e7e76ba119b]::run_test::{closure#1}, ()>::{closure#1} as core[a373ad73a504971]::ops::function::FnOnce<()>>::call_once::{shim:vtable#0}
[INFO] [stdout]   17:     0x6068039c284f - <std[617be2ca0a6fd877]::sys::thread::unix::Thread>::new::thread_start
[INFO] [stdout]   18:     0x7a90473cedfa - <unknown>
[INFO] [stdout]   19:     0x7a90474623d4 - clone
[INFO] [stdout]   20:                0x0 - <unknown>
[INFO] [stdout] 
[INFO] [stdout] ---- renaming_validation_tests::tests::test_package_metadata_updated stdout ----
[INFO] [stdout] 
[INFO] [stdout] thread 'renaming_validation_tests::tests::test_package_metadata_updated' (1443) panicked at src/renaming_validation_tests.rs:435:62:
[INFO] [stdout] called `Result::unwrap()` on an `Err` value: Os { code: 2, kind: NotFound, message: "No such file or directory" }
[INFO] [stdout] stack backtrace:
[INFO] [stdout]    0:     0x6068039c3351 - <<std[617be2ca0a6fd877]::sys::backtrace::BacktraceLock>::print::DisplayBacktrace as core[a373ad73a504971]::fmt::Display>::fmt
[INFO] [stdout]    1:     0x6068039d8d9a - core[a373ad73a504971]::fmt::write
[INFO] [stdout]    2:     0x6068039c79cc - <alloc[2e1b2a31b91974c5]::vec::Vec<u8> as core[a373ad73a504971]::io::write::Write>::write_fmt
[INFO] [stdout]    3:     0x60680399df46 - std[617be2ca0a6fd877]::panicking::default_hook::{closure#0}
[INFO] [stdout]    4:     0x6068039bb4f9 - std[617be2ca0a6fd877]::panicking::default_hook
[INFO] [stdout]    5:     0x6068039063f0 - test[aada8e7e76ba119b]::test_main_inner::{closure#0}
[INFO] [stdout]    6:     0x6068039bb6b2 - std[617be2ca0a6fd877]::panicking::panic_with_hook
[INFO] [stdout]    7:     0x60680399dff2 - std[617be2ca0a6fd877]::panicking::panic_handler::{closure#0}
[INFO] [stdout]    8:     0x606803996a29 - std[617be2ca0a6fd877]::sys::backtrace::__rust_end_short_backtrace::<std[617be2ca0a6fd877]::panicking::panic_handler::{closure#0}, !>
[INFO] [stdout]    9:     0x60680399ebfd - __rustc[ea4f61d10b84890b]::rust_begin_unwind
[INFO] [stdout]   10:     0x6068039d957c - core[a373ad73a504971]::panicking::panic_fmt
[INFO] [stdout]   11:     0x6068039d9352 - core[a373ad73a504971]::result::unwrap_failed
[INFO] [stdout]   12:     0x60680384205b - <flow_rs_core[fb2724f09bfdaf2b]::renaming_validation_tests::tests::test_package_metadata_updated::{closure#0} as core[a373ad73a504971]::ops::function::FnOnce<()>>::call_once
[INFO] [stdout]   13:     0x6068038f983b - test[aada8e7e76ba119b]::__rust_begin_short_backtrace::<core[a373ad73a504971]::result::Result<(), alloc[2e1b2a31b91974c5]::string::String>, fn() -> core[a373ad73a504971]::result::Result<(), alloc[2e1b2a31b91974c5]::string::String>>
[INFO] [stdout]   14:     0x606803906a15 - test[aada8e7e76ba119b]::run_test::{closure#0}
[INFO] [stdout]   15:     0x606803900304 - std[617be2ca0a6fd877]::sys::backtrace::__rust_begin_short_backtrace::<test[aada8e7e76ba119b]::run_test::{closure#1}, ()>
[INFO] [stdout]   16:     0x606803909aa2 - <std[617be2ca0a6fd877]::thread::lifecycle::spawn_unchecked<test[aada8e7e76ba119b]::run_test::{closure#1}, ()>::{closure#1} as core[a373ad73a504971]::ops::function::FnOnce<()>>::call_once::{shim:vtable#0}
[INFO] [stdout]   17:     0x6068039c284f - <std[617be2ca0a6fd877]::sys::thread::unix::Thread>::new::thread_start
[INFO] [stdout]   18:     0x7a90473cedfa - <unknown>
[INFO] [stdout]   19:     0x7a90474623d4 - clone
[INFO] [stdout]   20:                0x0 - <unknown>
[INFO] [stdout] 
[INFO] [stdout] ---- renaming_validation_tests::tests::test_workspace_package_names_updated stdout ----
[INFO] [stdout] 
[INFO] [stdout] thread 'renaming_validation_tests::tests::test_workspace_package_names_updated' (1451) panicked at src/renaming_validation_tests.rs:26:62:
[INFO] [stdout] called `Result::unwrap()` on an `Err` value: Os { code: 2, kind: NotFound, message: "No such file or directory" }
[INFO] [stdout] stack backtrace:
[INFO] [stdout]    0:     0x6068039c3351 - <<std[617be2ca0a6fd877]::sys::backtrace::BacktraceLock>::print::DisplayBacktrace as core[a373ad73a504971]::fmt::Display>::fmt
[INFO] [stdout]    1:     0x6068039d8d9a - core[a373ad73a504971]::fmt::write
[INFO] [stdout]    2:     0x6068039c79cc - <alloc[2e1b2a31b91974c5]::vec::Vec<u8> as core[a373ad73a504971]::io::write::Write>::write_fmt
[INFO] [stdout]    3:     0x60680399df46 - std[617be2ca0a6fd877]::panicking::default_hook::{closure#0}
[INFO] [stdout]    4:     0x6068039bb4f9 - std[617be2ca0a6fd877]::panicking::default_hook
[INFO] [stdout]    5:     0x6068039063f0 - test[aada8e7e76ba119b]::test_main_inner::{closure#0}
[INFO] [stdout]    6:     0x6068039bb6b2 - std[617be2ca0a6fd877]::panicking::panic_with_hook
[INFO] [stdout]    7:     0x60680399dff2 - std[617be2ca0a6fd877]::panicking::panic_handler::{closure#0}
[INFO] [stdout]    8:     0x606803996a29 - std[617be2ca0a6fd877]::sys::backtrace::__rust_end_short_backtrace::<std[617be2ca0a6fd877]::panicking::panic_handler::{closure#0}, !>
[INFO] [stdout]    9:     0x60680399ebfd - __rustc[ea4f61d10b84890b]::rust_begin_unwind
[INFO] [stdout]   10:     0x6068039d957c - core[a373ad73a504971]::panicking::panic_fmt
[INFO] [stdout]   11:     0x6068039d9352 - core[a373ad73a504971]::result::unwrap_failed
[INFO] [stdout]   12:     0x606803843b28 - <flow_rs_core[fb2724f09bfdaf2b]::renaming_validation_tests::tests::test_workspace_package_names_updated::{closure#0} as core[a373ad73a504971]::ops::function::FnOnce<()>>::call_once
[INFO] [stdout]   13:     0x6068038f983b - test[aada8e7e76ba119b]::__rust_begin_short_backtrace::<core[a373ad73a504971]::result::Result<(), alloc[2e1b2a31b91974c5]::string::String>, fn() -> core[a373ad73a504971]::result::Result<(), alloc[2e1b2a31b91974c5]::string::String>>
[INFO] [stdout]   14:     0x606803906a15 - test[aada8e7e76ba119b]::run_test::{closure#0}
[INFO] [stdout]   15:     0x606803900304 - std[617be2ca0a6fd877]::sys::backtrace::__rust_begin_short_backtrace::<test[aada8e7e76ba119b]::run_test::{closure#1}, ()>
[INFO] [stdout]   16:     0x606803909aa2 - <std[617be2ca0a6fd877]::thread::lifecycle::spawn_unchecked<test[aada8e7e76ba119b]::run_test::{closure#1}, ()>::{closure#1} as core[a373ad73a504971]::ops::function::FnOnce<()>>::call_once::{shim:vtable#0}
[INFO] [stdout]   17:     0x6068039c284f - <std[617be2ca0a6fd877]::sys::thread::unix::Thread>::new::thread_start
[INFO] [stdout]   18:     0x7a90473cedfa - <unknown>
[INFO] [stdout]   19:     0x7a90474623d4 - clone
[INFO] [stdout]   20:                0x0 - <unknown>
[INFO] [stdout] 
[INFO] [stdout] ---- renaming_validation_tests::tests::test_wasm_package_name_updated stdout ----
[INFO] [stdout] 
[INFO] [stdout] thread 'renaming_validation_tests::tests::test_wasm_package_name_updated' (1449) panicked at src/renaming_validation_tests.rs:113:72:
[INFO] [stdout] called `Result::unwrap()` on an `Err` value: Os { code: 2, kind: NotFound, message: "No such file or directory" }
[INFO] [stdout] stack backtrace:
[INFO] [stdout]    0:     0x6068039c3351 - <<std[617be2ca0a6fd877]::sys::backtrace::BacktraceLock>::print::DisplayBacktrace as core[a373ad73a504971]::fmt::Display>::fmt
[INFO] [stdout]    1:     0x6068039d8d9a - core[a373ad73a504971]::fmt::write
[INFO] [stdout]    2:     0x6068039c79cc - <alloc[2e1b2a31b91974c5]::vec::Vec<u8> as core[a373ad73a504971]::io::write::Write>::write_fmt
[INFO] [stdout]    3:     0x60680399df46 - std[617be2ca0a6fd877]::panicking::default_hook::{closure#0}
[INFO] [stdout]    4:     0x6068039bb4f9 - std[617be2ca0a6fd877]::panicking::default_hook
[INFO] [stdout]    5:     0x6068039063f0 - test[aada8e7e76ba119b]::test_main_inner::{closure#0}
[INFO] [stdout]    6:     0x6068039bb6b2 - std[617be2ca0a6fd877]::panicking::panic_with_hook
[INFO] [stdout]    7:     0x60680399dff2 - std[617be2ca0a6fd877]::panicking::panic_handler::{closure#0}
[INFO] [stdout]    8:     0x606803996a29 - std[617be2ca0a6fd877]::sys::backtrace::__rust_end_short_backtrace::<std[617be2ca0a6fd877]::panicking::panic_handler::{closure#0}, !>
[INFO] [stdout]    9:     0x60680399ebfd - __rustc[ea4f61d10b84890b]::rust_begin_unwind
[INFO] [stdout]   10:     0x6068039d957c - core[a373ad73a504971]::panicking::panic_fmt
[INFO] [stdout]   11:     0x6068039d9352 - core[a373ad73a504971]::result::unwrap_failed
[INFO] [stdout]   12:     0x606803842a0b - <flow_rs_core[fb2724f09bfdaf2b]::renaming_validation_tests::tests::test_wasm_package_name_updated::{closure#0} as core[a373ad73a504971]::ops::function::FnOnce<()>>::call_once
[INFO] [stdout]   13:     0x6068038f983b - test[aada8e7e76ba119b]::__rust_begin_short_backtrace::<core[a373ad73a504971]::result::Result<(), alloc[2e1b2a31b91974c5]::string::String>, fn() -> core[a373ad73a504971]::result::Result<(), alloc[2e1b2a31b91974c5]::string::String>>
[INFO] [stdout]   14:     0x606803906a15 - test[aada8e7e76ba119b]::run_test::{closure#0}
[INFO] [stdout]   15:     0x606803900304 - std[617be2ca0a6fd877]::sys::backtrace::__rust_begin_short_backtrace::<test[aada8e7e76ba119b]::run_test::{closure#1}, ()>
[INFO] [stdout]   16:     0x606803909aa2 - <std[617be2ca0a6fd877]::thread::lifecycle::spawn_unchecked<test[aada8e7e76ba119b]::run_test::{closure#1}, ()>::{closure#1} as core[a373ad73a504971]::ops::function::FnOnce<()>>::call_once::{shim:vtable#0}
[INFO] [stdout]   17:     0x6068039c284f - <std[617be2ca0a6fd877]::sys::thread::unix::Thread>::new::thread_start
[INFO] [stdout]   18:     0x7a90473cedfa - <unknown>
[INFO] [stdout]   19:     0x7a90474623d4 - clone
[INFO] [stdout]   20:                0x0 - <unknown>
[INFO] [stdout] 
[INFO] [stdout] ---- renaming_validation_tests::tests::test_workspace_builds stdout ----
[INFO] [stdout] 
[INFO] [stdout] thread 'renaming_validation_tests::tests::test_workspace_builds' (1450) panicked at src/renaming_validation_tests.rs:419:62:
[INFO] [stdout] called `Result::unwrap()` on an `Err` value: Os { code: 2, kind: NotFound, message: "No such file or directory" }
[INFO] [stdout] stack backtrace:
[INFO] [stdout]    0:     0x6068039c3351 - <<std[617be2ca0a6fd877]::sys::backtrace::BacktraceLock>::print::DisplayBacktrace as core[a373ad73a504971]::fmt::Display>::fmt
[INFO] [stdout]    1:     0x6068039d8d9a - core[a373ad73a504971]::fmt::write
[INFO] [stdout]    2:     0x6068039c79cc - <alloc[2e1b2a31b91974c5]::vec::Vec<u8> as core[a373ad73a504971]::io::write::Write>::write_fmt
[INFO] [stdout]    3:     0x60680399df46 - std[617be2ca0a6fd877]::panicking::default_hook::{closure#0}
[INFO] [stdout]    4:     0x6068039bb4f9 - std[617be2ca0a6fd877]::panicking::default_hook
[INFO] [stdout]    5:     0x6068039063f0 - test[aada8e7e76ba119b]::test_main_inner::{closure#0}
[INFO] [stdout]    6:     0x6068039bb6b2 - std[617be2ca0a6fd877]::panicking::panic_with_hook
[INFO] [stdout]    7:     0x60680399dff2 - std[617be2ca0a6fd877]::panicking::panic_handler::{closure#0}
[INFO] [stdout]    8:     0x606803996a29 - std[617be2ca0a6fd877]::sys::backtrace::__rust_end_short_backtrace::<std[617be2ca0a6fd877]::panicking::panic_handler::{closure#0}, !>
[INFO] [stdout]    9:     0x60680399ebfd - __rustc[ea4f61d10b84890b]::rust_begin_unwind
[INFO] [stdout]   10:     0x6068039d957c - core[a373ad73a504971]::panicking::panic_fmt
[INFO] [stdout]   11:     0x6068039d9352 - core[a373ad73a504971]::result::unwrap_failed
[INFO] [stdout]   12:     0x606803841aeb - <flow_rs_core[fb2724f09bfdaf2b]::renaming_validation_tests::tests::test_workspace_builds::{closure#0} as core[a373ad73a504971]::ops::function::FnOnce<()>>::call_once
[INFO] [stdout]   13:     0x6068038f983b - test[aada8e7e76ba119b]::__rust_begin_short_backtrace::<core[a373ad73a504971]::result::Result<(), alloc[2e1b2a31b91974c5]::string::String>, fn() -> core[a373ad73a504971]::result::Result<(), alloc[2e1b2a31b91974c5]::string::String>>
[INFO] [stdout]   14:     0x606803906a15 - test[aada8e7e76ba119b]::run_test::{closure#0}
[INFO] [stdout]   15:     0x606803900304 - std[617be2ca0a6fd877]::sys::backtrace::__rust_begin_short_backtrace::<test[aada8e7e76ba119b]::run_test::{closure#1}, ()>
[INFO] [stdout]   16:     0x606803909aa2 - <std[617be2ca0a6fd877]::thread::lifecycle::spawn_unchecked<test[aada8e7e76ba119b]::run_test::{closure#1}, ()>::{closure#1} as core[a373ad73a504971]::ops::function::FnOnce<()>>::call_once::{shim:vtable#0}
[INFO] [stdout]   17:     0x6068039c284f - <std[617be2ca0a6fd877]::sys::thread::unix::Thread>::new::thread_start
[INFO] [stdout]   18:     0x7a90473cedfa - <unknown>
[INFO] [stdout]   19:     0x7a90474623d4 - clone
[INFO] [stdout]   20:                0x0 - <unknown>
[INFO] [stdout] 
[INFO] [stdout] 
[INFO] [stdout] failures:
[INFO] [stdout]     api_reference_tests::tests::test_api_cross_references
[INFO] [stdout]     api_reference_tests::tests::test_api_design_principles
[INFO] [stdout]     api_reference_tests::tests::test_api_error_handling
[INFO] [stdout]     api_reference_tests::tests::test_api_evolution_strategy
[INFO] [stdout]     api_reference_tests::tests::test_api_examples_compilable
[INFO] [stdout]     api_reference_tests::tests::test_api_examples_working
[INFO] [stdout]     api_reference_tests::tests::test_api_method_signatures_accurate
[INFO] [stdout]     api_reference_tests::tests::test_api_parameter_documentation
[INFO] [stdout]     api_reference_tests::tests::test_api_performance_notes
[INFO] [stdout]     api_reference_tests::tests::test_api_reference_structure_exists
[INFO] [stdout]     api_reference_tests::tests::test_api_return_types_documented
[INFO] [stdout]     api_reference_tests::tests::test_api_usage_patterns
[INFO] [stdout]     api_reference_tests::tests::test_api_version_consistency
[INFO] [stdout]     api_reference_tests::tests::test_automated_doc_generation_script_exists
[INFO] [stdout]     api_reference_tests::tests::test_core_types_documented
[INFO] [stdout]     api_reference_tests::tests::test_error_types_documented
[INFO] [stdout]     api_reference_tests::tests::test_layout_algorithms_documented
[INFO] [stdout]     api_reference_tests::tests::test_managers_documented
[INFO] [stdout]     documentation_tests::tests::test_api_design_accuracy
[INFO] [stdout]     documentation_tests::tests::test_architecture_doc_accuracy
[INFO] [stdout]     documentation_tests::tests::test_code_examples_formatting
[INFO] [stdout]     documentation_tests::tests::test_core_documentation_files_exist
[INFO] [stdout]     documentation_tests::tests::test_documentation_style_consistency
[INFO] [stdout]     documentation_tests::tests::test_example_build_instructions
[INFO] [stdout]     documentation_tests::tests::test_example_documentation_exists
[INFO] [stdout]     documentation_tests::tests::test_internal_links_valid
[INFO] [stdout]     documentation_tests::tests::test_performance_claims_documented
[INFO] [stdout]     documentation_tests::tests::test_readme_accuracy
[INFO] [stdout]     documentation_tests::tests::test_release_documentation_completeness
[INFO] [stdout]     documentation_tests::tests::test_simple_flow_example_documentation
[INFO] [stdout]     documentation_tests::tests::test_testing_documentation_accuracy
[INFO] [stdout]     documentation_tests::tests::test_usage_examples_compilable
[INFO] [stdout]     documentation_tests::tests::test_version_consistency
[INFO] [stdout]     renaming_validation_tests::tests::test_api_documentation_updated
[INFO] [stdout]     renaming_validation_tests::tests::test_architecture_docs_updated
[INFO] [stdout]     renaming_validation_tests::tests::test_directory_structure_updated
[INFO] [stdout]     renaming_validation_tests::tests::test_example_directories_updated
[INFO] [stdout]     renaming_validation_tests::tests::test_example_imports_updated
[INFO] [stdout]     renaming_validation_tests::tests::test_leptos_demo_imports_updated
[INFO] [stdout]     renaming_validation_tests::tests::test_leptos_dependencies_updated
[INFO] [stdout]     renaming_validation_tests::tests::test_leptos_package_name_updated
[INFO] [stdout]     renaming_validation_tests::tests::test_main_package_name_updated
[INFO] [stdout]     renaming_validation_tests::tests::test_migration_guide_exists
[INFO] [stdout]     renaming_validation_tests::tests::test_package_metadata_updated
[INFO] [stdout]     renaming_validation_tests::tests::test_readme_updated
[INFO] [stdout]     renaming_validation_tests::tests::test_renderer_dependencies_updated
[INFO] [stdout]     renaming_validation_tests::tests::test_renderer_package_name_updated
[INFO] [stdout]     renaming_validation_tests::tests::test_wasm_dependencies_updated
[INFO] [stdout]     renaming_validation_tests::tests::test_wasm_package_name_updated
[INFO] [stdout]     renaming_validation_tests::tests::test_workspace_builds
[INFO] [stdout]     renaming_validation_tests::tests::test_workspace_package_names_updated
[INFO] [stdout] 
[INFO] [stdout] test result: FAILED. 301 passed; 51 failed; 0 ignored; 0 measured; 0 filtered out; finished in 0.89s
[INFO] [stdout] 
[INFO] [stderr] error: test failed, to rerun pass `--lib`
[INFO] running `Command { std: "docker" "inspect" "e712b9f7553ad13fcad3ac60273a3283cf2e305715fc6c65c977ae9ec3056855", kill_on_drop: false }`
[INFO] running `Command { std: "docker" "rm" "-f" "e712b9f7553ad13fcad3ac60273a3283cf2e305715fc6c65c977ae9ec3056855", kill_on_drop: false }`
[INFO] [stdout] e712b9f7553ad13fcad3ac60273a3283cf2e305715fc6c65c977ae9ec3056855
