[INFO] fetching crate floop 0.3.2...
[INFO] testing floop-0.3.2 against 1.99.0-beta.8+cargoflags=--release for beta-release-1.100-2
[INFO] extracting crate floop 0.3.2 into /workspace/builds/worker-3-tc1/source
[INFO] started tweaking crates.io crate floop 0.3.2
[INFO] removed 0 missing tests
[INFO] finished tweaking crates.io crate floop 0.3.2
[INFO] tweaked toml for crates.io crate floop 0.3.2 written to /workspace/builds/worker-3-tc1/source/Cargo.toml
[INFO] validating manifest of crates.io crate floop 0.3.2 on toolchain 1.99.0-beta.8
[INFO] running `Command { std: CARGO_HOME="/workspace/cargo-home" RUSTUP_HOME="/workspace/rustup-home" "/workspace/cargo-home/bin/cargo" "+1.99.0-beta.8" "metadata" "--manifest-path" "Cargo.toml" "--no-deps", kill_on_drop: false }`
[INFO] crate crates.io crate floop 0.3.2 already has a lockfile, it will not be regenerated
[INFO] running `Command { std: CARGO_HOME="/workspace/cargo-home" RUSTUP_HOME="/workspace/rustup-home" "/workspace/cargo-home/bin/cargo" "+1.99.0-beta.8" "fetch" "--manifest-path" "Cargo.toml", kill_on_drop: false }`
[INFO] running `Command { std: "docker" "create" "-v" "/var/lib/crater-agent-workspace/builds/worker-3-tc1/source:/opt/rustwide/workdir:ro,Z" "-v" "/var/lib/crater-agent-workspace/builds/worker-3-tc1/target:/opt/rustwide/target:rw,Z" "-v" "/var/lib/crater-agent-workspace/cargo-home:/opt/rustwide/cargo-home:ro,Z" "-v" "/var/lib/crater-agent-workspace/rustup-home:/opt/rustwide/rustup-home:ro,Z" "-m" "1610612736" "--network" "none" "ghcr.io/rust-lang/crates-build-env/linux@sha256:77db811e55d90add9212f6832c23229e3de5f1c1f9905e8cb07319ea15df73ac" "sleep" "infinity", kill_on_drop: false }`
[INFO] [stdout] f84d5754dd762bab8104fc762263fcdea5aeddd2c67e2ac2f92a5a7c066b1f3a
[INFO] running `Command { std: "docker" "start" "f84d5754dd762bab8104fc762263fcdea5aeddd2c67e2ac2f92a5a7c066b1f3a", kill_on_drop: false }`
[INFO] running `Command { std: "docker" "inspect" "f84d5754dd762bab8104fc762263fcdea5aeddd2c67e2ac2f92a5a7c066b1f3a", kill_on_drop: false }`
[INFO] running `Command { std: "docker" "exec" "-e" "SOURCE_DIR=/opt/rustwide/workdir" "-e" "CARGO_HOME=/opt/rustwide/cargo-home" "-e" "RUSTUP_HOME=/opt/rustwide/rustup-home" "-e" "CARGO_TARGET_DIR=/opt/rustwide/target" "-w" "/opt/rustwide/workdir" "--user" "0:0" "f84d5754dd762bab8104fc762263fcdea5aeddd2c67e2ac2f92a5a7c066b1f3a" "/opt/rustwide/cargo-home/bin/cargo" "+1.99.0-beta.8" "metadata" "--no-deps" "--format-version=1", kill_on_drop: false }`
[INFO] running `Command { std: "docker" "inspect" "f84d5754dd762bab8104fc762263fcdea5aeddd2c67e2ac2f92a5a7c066b1f3a", kill_on_drop: false }`
[INFO] running `Command { std: "docker" "exec" "-e" "SOURCE_DIR=/opt/rustwide/workdir" "-e" "CARGO_HOME=/opt/rustwide/cargo-home" "-e" "RUSTUP_HOME=/opt/rustwide/rustup-home" "-e" "CARGO_TARGET_DIR=/opt/rustwide/target" "-e" "CARGO_INCREMENTAL=0" "-e" "RUST_BACKTRACE=full" "-e" "RUSTFLAGS=--cap-lints=warn" "-e" "RUSTDOCFLAGS=--cap-lints=warn" "-w" "/opt/rustwide/workdir" "--user" "0:0" "f84d5754dd762bab8104fc762263fcdea5aeddd2c67e2ac2f92a5a7c066b1f3a" "/opt/rustwide/cargo-home/bin/cargo" "+1.99.0-beta.8" "build" "--frozen" "--message-format=json" "--release", kill_on_drop: false }`
[INFO] [stderr]    Compiling proc-macro2 v1.0.106
[INFO] [stderr]    Compiling rustc-hash v2.1.2
[INFO] [stderr]    Compiling mutants v0.0.3
[INFO] [stderr]    Compiling unsynn v0.3.0
[INFO] [stderr]    Compiling floop v0.3.2 (/opt/rustwide/workdir)
[INFO] [stderr]     Finished `release` profile [optimized] target(s) in 7.71s
[INFO] running `Command { std: "docker" "inspect" "f84d5754dd762bab8104fc762263fcdea5aeddd2c67e2ac2f92a5a7c066b1f3a", kill_on_drop: false }`
[INFO] running `Command { std: "docker" "exec" "-e" "SOURCE_DIR=/opt/rustwide/workdir" "-e" "CARGO_HOME=/opt/rustwide/cargo-home" "-e" "RUSTUP_HOME=/opt/rustwide/rustup-home" "-e" "CARGO_TARGET_DIR=/opt/rustwide/target" "-e" "CARGO_INCREMENTAL=0" "-e" "RUST_BACKTRACE=full" "-e" "RUSTFLAGS=--cap-lints=warn" "-e" "RUSTDOCFLAGS=--cap-lints=warn" "-w" "/opt/rustwide/workdir" "--user" "0:0" "f84d5754dd762bab8104fc762263fcdea5aeddd2c67e2ac2f92a5a7c066b1f3a" "/opt/rustwide/cargo-home/bin/cargo" "+1.99.0-beta.8" "test" "--frozen" "--no-run" "--message-format=json" "--release", kill_on_drop: false }`
[INFO] [stderr]    Compiling crossbeam-utils v0.8.21
[INFO] [stderr]    Compiling rustix v1.1.4
[INFO] [stderr]    Compiling futures-io v0.3.32
[INFO] [stderr]    Compiling target-triple v1.0.0
[INFO] [stderr]    Compiling serde v1.0.228
[INFO] [stderr]    Compiling pin-project-lite v0.2.17
[INFO] [stderr]    Compiling linux-raw-sys v0.12.1
[INFO] [stderr]    Compiling futures-core v0.3.32
[INFO] [stderr]    Compiling parking v2.2.1
[INFO] [stderr]    Compiling quote v1.0.45
[INFO] [stderr]    Compiling errno v0.3.14
[INFO] [stderr]    Compiling futures-sink v0.3.32
[INFO] [stderr]    Compiling winnow v1.0.2
[INFO] [stderr]    Compiling toml_datetime v1.1.1+spec-1.1.0
[INFO] [stderr]    Compiling serde_spanned v1.1.1
[INFO] [stderr]    Compiling futures-channel v0.3.32
[INFO] [stderr]    Compiling proc-macro2 v1.0.106
[INFO] [stderr]    Compiling futures-lite v2.6.1
[INFO] [stderr]    Compiling piper v0.2.5
[INFO] [stderr]    Compiling signal-hook-registry v1.4.8
[INFO] [stderr]    Compiling toml_writer v1.1.1+spec-1.1.0
[INFO] [stderr]    Compiling syn v2.0.117
[INFO] [stderr]    Compiling unicode-ident v1.0.24
[INFO] [stderr]    Compiling floop v0.3.2 (/opt/rustwide/workdir)
[INFO] [stderr]    Compiling termcolor v1.4.1
[INFO] [stderr]    Compiling slab v0.4.12
[INFO] [stderr]    Compiling dissimilar v1.0.11
[INFO] [stderr]    Compiling serde_core v1.0.228
[INFO] [stderr]    Compiling bitflags v2.11.1
[INFO] [stderr]    Compiling async-task v4.7.1
[INFO] [stderr]    Compiling toml_parser v1.1.2+spec-1.1.0
[INFO] [stderr]    Compiling async-io v2.6.0
[INFO] [stderr]    Compiling memchr v2.8.0
[INFO] [stderr]    Compiling concurrent-queue v2.5.0
[INFO] [stderr]    Compiling event-listener v5.4.1
[INFO] [stderr]    Compiling unsynn v0.3.0
[INFO] [stderr]    Compiling event-listener-strategy v0.5.4
[INFO] [stderr]    Compiling async-channel v2.5.0
[INFO] [stderr]    Compiling toml v1.1.2+spec-1.1.0
[INFO] [stderr]    Compiling blocking v1.6.2
[INFO] [stderr]    Compiling async-lock v3.4.2
[INFO] [stderr]    Compiling async-executor v1.14.0
[INFO] [stderr]    Compiling futures-task v0.3.32
[INFO] [stderr]    Compiling serde_json v1.0.149
[INFO] [stderr]    Compiling glob v0.3.3
[INFO] [stderr]    Compiling async-fs v2.2.0
[INFO] [stderr]    Compiling futures-macro v0.3.32
[INFO] [stderr]    Compiling serde_derive v1.0.228
[INFO] [stderr]    Compiling futures-util v0.3.32
[INFO] [stderr]    Compiling trybuild v1.0.116
[INFO] [stderr]    Compiling futures-executor v0.3.32
[INFO] [stderr]    Compiling futures v0.3.32
[INFO] [stderr]    Compiling polling v3.11.0
[INFO] [stderr]    Compiling async-signal v0.2.14
[INFO] [stderr]    Compiling async-net v2.0.0
[INFO] [stderr]    Compiling async-process v2.5.0
[INFO] [stderr]    Compiling smol v2.0.2
[INFO] [stderr]     Finished `release` profile [optimized] target(s) in 52.29s
[INFO] running `Command { std: "docker" "inspect" "f84d5754dd762bab8104fc762263fcdea5aeddd2c67e2ac2f92a5a7c066b1f3a", kill_on_drop: false }`
[INFO] running `Command { std: "docker" "exec" "-e" "SOURCE_DIR=/opt/rustwide/workdir" "-e" "CARGO_HOME=/opt/rustwide/cargo-home" "-e" "RUSTUP_HOME=/opt/rustwide/rustup-home" "-e" "CARGO_TARGET_DIR=/opt/rustwide/target" "-e" "CARGO_INCREMENTAL=0" "-e" "RUST_BACKTRACE=full" "-e" "RUSTFLAGS=--cap-lints=warn" "-e" "RUSTDOCFLAGS=--cap-lints=warn" "-w" "/opt/rustwide/workdir" "--user" "0:0" "f84d5754dd762bab8104fc762263fcdea5aeddd2c67e2ac2f92a5a7c066b1f3a" "/opt/rustwide/cargo-home/bin/cargo" "+1.99.0-beta.8" "test" "--frozen" "--release", kill_on_drop: false }`
[INFO] [stderr]     Finished `release` profile [optimized] target(s) in 0.16s
[INFO] [stderr]      Running unittests src/lib.rs (/opt/rustwide/target/release/deps/floop-fb681f03d9e92c7c)
[INFO] [stdout] 
[INFO] [stdout] running 3 tests
[INFO] [stdout] test parser::test::parse_empty ... ok
[INFO] [stdout] test parser::test::parse_arm ... ok
[INFO] [stdout] test parser::test::parse_all ... ok
[INFO] [stdout] 
[INFO] [stdout] test result: ok. 3 passed; 0 failed; 0 ignored; 0 measured; 0 filtered out; finished in 0.00s
[INFO] [stdout] 
[INFO] [stderr]      Running tests/biased/main.rs (/opt/rustwide/target/release/deps/biased-2cc7ebbb6fccba8d)
[INFO] [stdout] 
[INFO] [stdout] running 1 test
[INFO] [stdout] test counter ... ok
[INFO] [stdout] 
[INFO] [stdout] test result: ok. 1 passed; 0 failed; 0 ignored; 0 measured; 0 filtered out; finished in 0.21s
[INFO] [stdout] 
[INFO] [stderr]      Running tests/break_/main.rs (/opt/rustwide/target/release/deps/break_-9888ba7ee280ab3e)
[INFO] [stdout] 
[INFO] [stdout] running 3 tests
[INFO] [stdout] test break_no_copy ... ok
[INFO] [stdout] test break_ ... ok
[INFO] [stdout] test break_complex ... ok
[INFO] [stdout] 
[INFO] [stdout] test result: ok. 3 passed; 0 failed; 0 ignored; 0 measured; 0 filtered out; finished in 1.43s
[INFO] [stdout] 
[INFO] [stderr]      Running tests/compile_fail/main.rs (/opt/rustwide/target/release/deps/compile_fail-9ca8d257b7d11e77)
[INFO] [stdout] 
[INFO] [stderr]      Running tests/continue_/main.rs (/opt/rustwide/target/release/deps/continue_-12bdc4d1c6871f19)
[INFO] [stdout] running 0 tests
[INFO] [stdout] 
[INFO] [stdout] test result: ok. 0 passed; 0 failed; 0 ignored; 0 measured; 0 filtered out; finished in 0.00s
[INFO] [stdout] 
[INFO] [stdout] 
[INFO] [stdout] running 6 tests
[INFO] [stdout] test continue_is_not_infinite_loop ... ok
[INFO] [stdout] test continue_does_not_poll_after_finish ... ok
[INFO] [stdout] test continue_does_not_prevent_break ... ok
[INFO] [stdout] test continue_before_after ... ok
[INFO] [stdout] test continue_before_afdter_no_arms ... ok
[INFO] [stderr]      Running tests/deadlock/main.rs (/opt/rustwide/target/release/deps/deadlock-23ec261ea2baefa3)
[INFO] [stdout] test continue_move ... ok
[INFO] [stdout] 
[INFO] [stdout] test result: ok. 6 passed; 0 failed; 0 ignored; 0 measured; 0 filtered out; finished in 0.11s
[INFO] [stdout] 
[INFO] [stdout] 
[INFO] [stdout] running 1 test
[INFO] [stdout] test return_infinite_loop ... ok
[INFO] [stdout] 
[INFO] [stdout] test result: ok. 1 passed; 0 failed; 0 ignored; 0 measured; 0 filtered out; finished in 0.26s
[INFO] [stdout] 
[INFO] [stderr]      Running tests/empty/main.rs (/opt/rustwide/target/release/deps/empty-7a20ccb21f47bebd)
[INFO] [stdout] 
[INFO] [stdout] running 2 tests
[INFO] [stdout] test empty_unbiased ... ok
[INFO] [stdout] test empty_biased ... ok
[INFO] [stdout] 
[INFO] [stdout] test result: ok. 2 passed; 0 failed; 0 ignored; 0 measured; 0 filtered out; finished in 0.00s
[INFO] [stdout] 
[INFO] [stderr]      Running tests/return_/main.rs (/opt/rustwide/target/release/deps/return_-2401b0441bc38926)
[INFO] [stdout] 
[INFO] [stdout] running 4 tests
[INFO] [stdout] test return_empty ... ok
[INFO] [stdout] test question_mark_operator ... ok
[INFO] [stdout] test return_break ... ok
[INFO] [stdout] test return_ ... ok
[INFO] [stderr]      Running tests/trybuild/main.rs (/opt/rustwide/target/release/deps/trybuild-d993959bf37f9c93)
[INFO] [stdout] 
[INFO] [stdout] test result: ok. 4 passed; 0 failed; 0 ignored; 0 measured; 0 filtered out; finished in 0.17s
[INFO] [stdout] 
[INFO] [stdout] 
[INFO] [stdout] running 1 test
[INFO] [stderr]    Compiling pin-project-lite v0.2.17
[INFO] [stderr]    Compiling crossbeam-utils v0.8.21
[INFO] [stderr]    Compiling futures-core v0.3.32
[INFO] [stderr]    Compiling proc-macro2 v1.0.106
[INFO] [stderr]    Compiling futures-io v0.3.32
[INFO] [stderr]    Compiling parking v2.2.1
[INFO] [stderr]    Compiling fastrand v2.4.1
[INFO] [stderr]    Compiling slab v0.4.12
[INFO] [stderr]    Compiling unicode-ident v1.0.24
[INFO] [stderr]    Compiling rustix v1.1.4
[INFO] [stderr]    Compiling autocfg v1.5.0
[INFO] [stderr]    Compiling bitflags v2.11.1
[INFO] [stderr]    Compiling libc v0.2.186
[INFO] [stderr]    Compiling linux-raw-sys v0.12.1
[INFO] [stderr]    Compiling quote v1.0.45
[INFO] [stderr]    Compiling async-task v4.7.1
[INFO] [stderr]    Compiling cfg-if v1.0.4
[INFO] [stderr]    Compiling atomic-waker v1.1.2
[INFO] [stderr]    Compiling futures-sink v0.3.32
[INFO] [stderr]    Compiling memchr v2.8.0
[INFO] [stderr]    Compiling futures-task v0.3.32
[INFO] [stderr]    Compiling mutants v0.0.3
[INFO] [stderr]    Compiling rustc-hash v2.1.2
[INFO] [stderr]    Compiling futures-channel v0.3.32
[INFO] [stderr]    Compiling futures-lite v2.6.1
[INFO] [stderr]    Compiling piper v0.2.5
[INFO] [stderr]    Compiling async-io v2.6.0
[INFO] [stderr]    Compiling concurrent-queue v2.5.0
[INFO] [stderr]    Compiling event-listener v5.4.1
[INFO] [stderr]    Compiling unsynn v0.3.0
[INFO] [stderr]    Compiling event-listener-strategy v0.5.4
[INFO] [stderr]    Compiling async-channel v2.5.0
[INFO] [stderr]    Compiling async-lock v3.4.2
[INFO] [stderr]    Compiling syn v2.0.117
[INFO] [stderr]    Compiling async-executor v1.14.0
[INFO] [stderr]    Compiling blocking v1.6.2
[INFO] [stderr]    Compiling errno v0.3.14
[INFO] [stderr]    Compiling async-fs v2.2.0
[INFO] [stderr]    Compiling signal-hook-registry v1.4.8
[INFO] [stderr]    Compiling floop v0.3.2 (/opt/rustwide/workdir)
[INFO] [stderr]    Compiling futures-macro v0.3.32
[INFO] [stderr]    Compiling futures-util v0.3.32
[INFO] [stderr]    Compiling polling v3.11.0
[INFO] [stderr]    Compiling async-signal v0.2.14
[INFO] [stderr]    Compiling async-net v2.0.0
[INFO] [stderr]    Compiling async-process v2.5.0
[INFO] [stderr]    Compiling smol v2.0.2
[INFO] [stderr]    Compiling futures-executor v0.3.32
[INFO] [stderr]    Compiling futures v0.3.32
[INFO] [stderr]    Compiling floop-tests v0.0.0 (/opt/rustwide/target/tests/trybuild/floop)
[INFO] [stderr]     Finished `dev` profile [unoptimized + debuginfo] target(s) in 20.91s
[INFO] [stderr] 
[INFO] [stderr] 
[INFO] [stderr] test tests/trybuild/workaround.rs [should pass] ... ok
[INFO] [stderr] 
[INFO] [stderr] STDOUT:
[INFO] [stderr] ┈┈┈┈┈┈┈┈┈┈┈┈┈┈┈┈┈┈┈┈┈┈┈┈┈┈┈┈┈┈┈┈┈┈┈┈┈┈┈┈┈┈┈┈┈┈┈┈┈┈┈┈┈┈┈┈┈┈┈┈
[INFO] [stderr] hello world!
[INFO] [stderr] ┈┈┈┈┈┈┈┈┈┈┈┈┈┈┈┈┈┈┈┈┈┈┈┈┈┈┈┈┈┈┈┈┈┈┈┈┈┈┈┈┈┈┈┈┈┈┈┈┈┈┈┈┈┈┈┈┈┈┈┈
[INFO] [stderr] 
[INFO] [stderr] test tests/compile_fail/missing_arm.rs [should fail to compile] ... ok
[INFO] [stderr] test tests/compile_fail/no_arm_bad_after.rs [should fail to compile] ... ok
[INFO] [stderr] test tests/compile_fail/non_new_future_footgun.rs [should fail to compile] ... ok
[INFO] [stderr] test tests/compile_fail/incorrect_return.rs [should fail to compile] ... ok
[INFO] [stderr] test tests/compile_fail/break_in_before_after.rs [should fail to compile] ... ok
[INFO] [stdout] test trybuild ... ok
[INFO] [stderr] test tests/compile_fail/const_panic_fails.rs [should fail to compile] ... ok
[INFO] [stdout] 
[INFO] [stderr] 
[INFO] [stdout] test result: ok. 1 passed; 0 failed; 0 ignored; 0 measured; 0 filtered out; finished in 37.63s
[INFO] [stderr] 
[INFO] [stdout] 
[INFO] [stderr]      Running tests/unbiased/main.rs (/opt/rustwide/target/release/deps/unbiased-f5648c40b47e279c)
[INFO] [stdout] 
[INFO] [stdout] running 1 test
[INFO] [stdout] test unbiased ... ok
[INFO] [stdout] 
[INFO] [stdout] test result: ok. 1 passed; 0 failed; 0 ignored; 0 measured; 0 filtered out; finished in 0.00s
[INFO] [stdout] 
[INFO] [stderr]      Running tests/uncategorized/main.rs (/opt/rustwide/target/release/deps/uncategorized-094f567d006b2cca)
[INFO] [stdout] 
[INFO] [stdout] running 5 tests
[INFO] [stdout] test after::after_ ... ok
[INFO] [stdout] test before_no_arms::before_no_arms ... ok
[INFO] [stdout] test vars_from_before::vars_from_before ... ok
[INFO] [stdout] test condition::condition ... ok
[INFO] [stdout] test intentional_footgun::intentional_footgun ... FAILED
[INFO] [stdout] 
[INFO] [stdout] failures:
[INFO] [stdout] 
[INFO] [stdout] ---- intentional_footgun::intentional_footgun stdout ----
[INFO] [stdout] 
[INFO] [stdout] thread 'intentional_footgun::intentional_footgun' (3115) panicked at tests/uncategorized/intentional_footgun.rs:27:5:
[INFO] [stdout] assertion `left == right` failed
[INFO] [stdout]   left: 9
[INFO] [stdout]  right: 10
[INFO] [stdout] stack backtrace:
[INFO] [stdout]    0:     0x5c952a6fbed1 - <<std[70759c8f55707aa4]::sys::backtrace::BacktraceLock>::print::DisplayBacktrace as core[df12db4294e9bfd3]::fmt::Display>::fmt
[INFO] [stdout]    1:     0x5c952a71018a - core[df12db4294e9bfd3]::fmt::write
[INFO] [stdout]    2:     0x5c952a70041c - <alloc[2182bb758b4b3781]::vec::Vec<u8> as core[df12db4294e9bfd3]::io::write::Write>::write_fmt
[INFO] [stdout]    3:     0x5c952a6d8026 - std[70759c8f55707aa4]::panicking::default_hook::{closure#0}
[INFO] [stdout]    4:     0x5c952a6f4409 - std[70759c8f55707aa4]::panicking::default_hook
[INFO] [stdout]    5:     0x5c952a685f00 - test[9d35eded1c95d3be]::test_main_inner::<test[9d35eded1c95d3be]::test_main_static::{closure#0}>::{closure#0}
[INFO] [stdout]    6:     0x5c952a6f45c2 - std[70759c8f55707aa4]::panicking::panic_with_hook
[INFO] [stdout]    7:     0x5c952a6d80d2 - std[70759c8f55707aa4]::panicking::panic_handler::{closure#0}
[INFO] [stdout]    8:     0x5c952a6d0e29 - std[70759c8f55707aa4]::sys::backtrace::__rust_end_short_backtrace::<std[70759c8f55707aa4]::panicking::panic_handler::{closure#0}, !>
[INFO] [stdout]    9:     0x5c952a6d8ccd - __rustc[8fa7c3cbc660c2b3]::rust_begin_unwind
[INFO] [stdout]   10:     0x5c952a7108bc - core[df12db4294e9bfd3]::panicking::panic_fmt
[INFO] [stdout]   11:     0x5c952a7107d3 - core[df12db4294e9bfd3]::panicking::assert_failed_inner
[INFO] [stdout]   12:     0x5c952a6d09b5 - core[df12db4294e9bfd3]::panicking::assert_failed::<i32, i32>
[INFO] [stdout]   13:     0x5c952a678d21 - <uncategorized[2ee59b7579d6c9b4]::intentional_footgun::intentional_footgun::{closure#0} as core[df12db4294e9bfd3]::ops::function::FnOnce<()>>::call_once
[INFO] [stdout]   14:     0x5c952a6791eb - test[9d35eded1c95d3be]::__rust_begin_short_backtrace::<core[df12db4294e9bfd3]::result::Result<(), alloc[2182bb758b4b3781]::string::String>, fn() -> core[df12db4294e9bfd3]::result::Result<(), alloc[2182bb758b4b3781]::string::String>>
[INFO] [stdout]   15:     0x5c952a686855 - test[9d35eded1c95d3be]::run_test::{closure#0}
[INFO] [stdout]   16:     0x5c952a680114 - std[70759c8f55707aa4]::sys::backtrace::__rust_begin_short_backtrace::<test[9d35eded1c95d3be]::run_test::{closure#1}, ()>
[INFO] [stdout]   17:     0x5c952a6899b2 - <std[70759c8f55707aa4]::thread::lifecycle::spawn_unchecked<test[9d35eded1c95d3be]::run_test::{closure#1}, ()>::{closure#1} as core[df12db4294e9bfd3]::ops::function::FnOnce<()>>::call_once::{shim:vtable#0}
[INFO] [stdout]   18:     0x5c952a6fb779 - <std[70759c8f55707aa4]::sys::thread::unix::Thread>::new::thread_start
[INFO] [stdout]   19:     0x71d6779ccdfa - <unknown>
[INFO] [stdout]   20:     0x71d677a603d4 - clone
[INFO] [stdout]   21:                0x0 - <unknown>
[INFO] [stdout] 
[INFO] [stdout] 
[INFO] [stdout] failures:
[INFO] [stdout]     intentional_footgun::intentional_footgun
[INFO] [stdout] 
[INFO] [stdout] test result: FAILED. 4 passed; 1 failed; 0 ignored; 0 measured; 0 filtered out; finished in 0.21s
[INFO] [stdout] 
[INFO] [stderr] error: test failed, to rerun pass `--test uncategorized`
[INFO] running `Command { std: "docker" "inspect" "f84d5754dd762bab8104fc762263fcdea5aeddd2c67e2ac2f92a5a7c066b1f3a", kill_on_drop: false }`
[INFO] running `Command { std: "docker" "rm" "-f" "f84d5754dd762bab8104fc762263fcdea5aeddd2c67e2ac2f92a5a7c066b1f3a", kill_on_drop: false }`
[INFO] [stdout] f84d5754dd762bab8104fc762263fcdea5aeddd2c67e2ac2f92a5a7c066b1f3a
