[INFO] fetching crate flood-tide-gen 0.2.2...
[INFO] testing flood-tide-gen-0.2.2 against 1.100.0-beta.1+cargoflags=--release for beta-release-1.100-2
[INFO] extracting crate flood-tide-gen 0.2.2 into /workspace/builds/worker-6-tc2/source
[INFO] started tweaking crates.io crate flood-tide-gen 0.2.2
[INFO] removed 0 missing tests
[INFO] finished tweaking crates.io crate flood-tide-gen 0.2.2
[INFO] tweaked toml for crates.io crate flood-tide-gen 0.2.2 written to /workspace/builds/worker-6-tc2/source/Cargo.toml
[INFO] validating manifest of crates.io crate flood-tide-gen 0.2.2 on toolchain 1.100.0-beta.1
[INFO] running `Command { std: CARGO_HOME="/workspace/cargo-home" RUSTUP_HOME="/workspace/rustup-home" "/workspace/cargo-home/bin/cargo" "+1.100.0-beta.1" "metadata" "--manifest-path" "Cargo.toml" "--no-deps", kill_on_drop: false }`
[INFO] crate crates.io crate flood-tide-gen 0.2.2 already has a lockfile, it will not be regenerated
[INFO] running `Command { std: CARGO_HOME="/workspace/cargo-home" RUSTUP_HOME="/workspace/rustup-home" "/workspace/cargo-home/bin/cargo" "+1.100.0-beta.1" "fetch" "--manifest-path" "Cargo.toml", kill_on_drop: false }`
[INFO] running `Command { std: "docker" "create" "-v" "/var/lib/crater-agent-workspace/builds/worker-6-tc2/source:/opt/rustwide/workdir:ro,Z" "-v" "/var/lib/crater-agent-workspace/builds/worker-6-tc2/target:/opt/rustwide/target:rw,Z" "-v" "/var/lib/crater-agent-workspace/cargo-home:/opt/rustwide/cargo-home:ro,Z" "-v" "/var/lib/crater-agent-workspace/rustup-home:/opt/rustwide/rustup-home:ro,Z" "-m" "1610612736" "--network" "none" "ghcr.io/rust-lang/crates-build-env/linux@sha256:77db811e55d90add9212f6832c23229e3de5f1c1f9905e8cb07319ea15df73ac" "sleep" "infinity", kill_on_drop: false }`
[INFO] [stdout] de69b38b1a9c73210b576b05cba05fe40ee79b2f0f541fd0efda5567c97c0963
[INFO] running `Command { std: "docker" "start" "de69b38b1a9c73210b576b05cba05fe40ee79b2f0f541fd0efda5567c97c0963", kill_on_drop: false }`
[INFO] running `Command { std: "docker" "inspect" "de69b38b1a9c73210b576b05cba05fe40ee79b2f0f541fd0efda5567c97c0963", kill_on_drop: false }`
[INFO] running `Command { std: "docker" "exec" "-e" "SOURCE_DIR=/opt/rustwide/workdir" "-e" "CARGO_HOME=/opt/rustwide/cargo-home" "-e" "RUSTUP_HOME=/opt/rustwide/rustup-home" "-e" "CARGO_TARGET_DIR=/opt/rustwide/target" "-w" "/opt/rustwide/workdir" "--user" "0:0" "de69b38b1a9c73210b576b05cba05fe40ee79b2f0f541fd0efda5567c97c0963" "/opt/rustwide/cargo-home/bin/cargo" "+1.100.0-beta.1" "metadata" "--no-deps" "--format-version=1", kill_on_drop: false }`
[INFO] running `Command { std: "docker" "inspect" "de69b38b1a9c73210b576b05cba05fe40ee79b2f0f541fd0efda5567c97c0963", kill_on_drop: false }`
[INFO] running `Command { std: "docker" "exec" "-e" "SOURCE_DIR=/opt/rustwide/workdir" "-e" "CARGO_HOME=/opt/rustwide/cargo-home" "-e" "RUSTUP_HOME=/opt/rustwide/rustup-home" "-e" "CARGO_TARGET_DIR=/opt/rustwide/target" "-e" "CARGO_INCREMENTAL=0" "-e" "RUST_BACKTRACE=full" "-e" "RUSTFLAGS=--cap-lints=warn" "-e" "RUSTDOCFLAGS=--cap-lints=warn" "-w" "/opt/rustwide/workdir" "--user" "0:0" "de69b38b1a9c73210b576b05cba05fe40ee79b2f0f541fd0efda5567c97c0963" "/opt/rustwide/cargo-home/bin/cargo" "+1.100.0-beta.1" "build" "--frozen" "--message-format=json" "--release", kill_on_drop: false }`
[INFO] [stderr]    Compiling heck v0.5.0
[INFO] [stderr]    Compiling flood-tide-gen v0.2.2 (/opt/rustwide/workdir)
[INFO] [stderr]     Finished `release` profile [optimized] target(s) in 1.94s
[INFO] running `Command { std: "docker" "inspect" "de69b38b1a9c73210b576b05cba05fe40ee79b2f0f541fd0efda5567c97c0963", kill_on_drop: false }`
[INFO] running `Command { std: "docker" "exec" "-e" "SOURCE_DIR=/opt/rustwide/workdir" "-e" "CARGO_HOME=/opt/rustwide/cargo-home" "-e" "RUSTUP_HOME=/opt/rustwide/rustup-home" "-e" "CARGO_TARGET_DIR=/opt/rustwide/target" "-e" "CARGO_INCREMENTAL=0" "-e" "RUST_BACKTRACE=full" "-e" "RUSTFLAGS=--cap-lints=warn" "-e" "RUSTDOCFLAGS=--cap-lints=warn" "-w" "/opt/rustwide/workdir" "--user" "0:0" "de69b38b1a9c73210b576b05cba05fe40ee79b2f0f541fd0efda5567c97c0963" "/opt/rustwide/cargo-home/bin/cargo" "+1.100.0-beta.1" "test" "--frozen" "--no-run" "--message-format=json" "--release", kill_on_drop: false }`
[INFO] [stderr]    Compiling flood-tide-gen v0.2.2 (/opt/rustwide/workdir)
[INFO] [stderr]     Finished `release` profile [optimized] target(s) in 1.97s
[INFO] running `Command { std: "docker" "inspect" "de69b38b1a9c73210b576b05cba05fe40ee79b2f0f541fd0efda5567c97c0963", kill_on_drop: false }`
[INFO] running `Command { std: "docker" "exec" "-e" "SOURCE_DIR=/opt/rustwide/workdir" "-e" "CARGO_HOME=/opt/rustwide/cargo-home" "-e" "RUSTUP_HOME=/opt/rustwide/rustup-home" "-e" "CARGO_TARGET_DIR=/opt/rustwide/target" "-e" "CARGO_INCREMENTAL=0" "-e" "RUST_BACKTRACE=full" "-e" "RUSTFLAGS=--cap-lints=warn" "-e" "RUSTDOCFLAGS=--cap-lints=warn" "-w" "/opt/rustwide/workdir" "--user" "0:0" "de69b38b1a9c73210b576b05cba05fe40ee79b2f0f541fd0efda5567c97c0963" "/opt/rustwide/cargo-home/bin/cargo" "+1.100.0-beta.1" "test" "--frozen" "--release", kill_on_drop: false }`
[INFO] [stderr]     Finished `release` profile [optimized] target(s) in 0.02s
[INFO] [stderr]      Running unittests src/lib.rs (/opt/rustwide/target/release/build/flood-tide-gen/e716eace74a51490/out/flood_tide_gen-e716eace74a51490)
[INFO] [stderr]      Running tests/dummy_cmd.rs (/opt/rustwide/target/release/build/flood-tide-gen/a737ccb6ae70b234/out/dummy_cmd-a737ccb6ae70b234)
[INFO] [stdout] 
[INFO] [stdout] running 0 tests
[INFO] [stdout] 
[INFO] [stdout] test result: ok. 0 passed; 0 failed; 0 ignored; 0 measured; 0 filtered out; finished in 0.00s
[INFO] [stdout] 
[INFO] [stdout] 
[INFO] [stdout] running 2 tests
[INFO] [stdout] test gen_src_cmd_input_path_type ... FAILED
[INFO] [stdout] test gen_src_cmd_output_path_type ... FAILED
[INFO] [stdout] 
[INFO] [stdout] failures:
[INFO] [stdout] 
[INFO] [stdout] ---- gen_src_cmd_input_path_type stdout ----
[INFO] [stdout] 
[INFO] [stdout] thread 'gen_src_cmd_input_path_type' (261) panicked at tests/dummy_cmd.rs:8:5:
[INFO] [stderr] error: test failed, to rerun pass `--test dummy_cmd`
[INFO] [stdout] assertion failed: std::fs::create_dir_all(test_out_path!("input-path-test")).is_ok()
[INFO] [stdout] stack backtrace:
[INFO] [stdout]    0:     0x60d099d695c1 - <<std[617be2ca0a6fd877]::sys::backtrace::BacktraceLock>::print::DisplayBacktrace as core[a373ad73a504971]::fmt::Display>::fmt
[INFO] [stdout]    1:     0x60d099d805fa - core[a373ad73a504971]::fmt::write
[INFO] [stdout]    2:     0x60d099d6dcfc - <alloc[2e1b2a31b91974c5]::vec::Vec<u8> as core[a373ad73a504971]::io::write::Write>::write_fmt
[INFO] [stdout]    3:     0x60d099d44996 - std[617be2ca0a6fd877]::panicking::default_hook::{closure#0}
[INFO] [stdout]    4:     0x60d099d618d9 - std[617be2ca0a6fd877]::panicking::default_hook
[INFO] [stdout]    5:     0x60d099c28170 - test[aada8e7e76ba119b]::test_main_inner::{closure#0}
[INFO] [stdout]    6:     0x60d099d61a92 - std[617be2ca0a6fd877]::panicking::panic_with_hook
[INFO] [stdout]    7:     0x60d099d44a74 - std[617be2ca0a6fd877]::panicking::panic_handler::{closure#0}
[INFO] [stdout]    8:     0x60d099d3cf19 - std[617be2ca0a6fd877]::sys::backtrace::__rust_end_short_backtrace::<std[617be2ca0a6fd877]::panicking::panic_handler::{closure#0}, !>
[INFO] [stdout]    9:     0x60d099d4575d - __rustc[ea4f61d10b84890b]::rust_begin_unwind
[INFO] [stdout]   10:     0x60d099d80ddc - core[a373ad73a504971]::panicking::panic_fmt
[INFO] [stdout]   11:     0x60d099d80da2 - core[a373ad73a504971]::panicking::panic
[INFO] [stdout]   12:     0x60d099c19c0e - <dummy_cmd[92f74e7109f3c497]::gen_src_cmd_input_path_type::{closure#0} as core[a373ad73a504971]::ops::function::FnOnce<()>>::call_once
[INFO] [stdout]   13:     0x60d099c1b5bb - test[aada8e7e76ba119b]::__rust_begin_short_backtrace::<core[a373ad73a504971]::result::Result<(), alloc[2e1b2a31b91974c5]::string::String>, fn() -> core[a373ad73a504971]::result::Result<(), alloc[2e1b2a31b91974c5]::string::String>>
[INFO] [stdout]   14:     0x60d099c28795 - test[aada8e7e76ba119b]::run_test::{closure#0}
[INFO] [stdout]   15:     0x60d099c22084 - std[617be2ca0a6fd877]::sys::backtrace::__rust_begin_short_backtrace::<test[aada8e7e76ba119b]::run_test::{closure#1}, ()>
[INFO] [stdout]   16:     0x60d099c2b822 - <std[617be2ca0a6fd877]::thread::lifecycle::spawn_unchecked<test[aada8e7e76ba119b]::run_test::{closure#1}, ()>::{closure#1} as core[a373ad73a504971]::ops::function::FnOnce<()>>::call_once::{shim:vtable#0}
[INFO] [stdout]   17:     0x60d099d68abf - <std[617be2ca0a6fd877]::sys::thread::unix::Thread>::new::thread_start
[INFO] [stdout]   18:     0x7c5a1348bdfa - <unknown>
[INFO] [stdout]   19:     0x7c5a1351f3d4 - clone
[INFO] [stdout]   20:                0x0 - <unknown>
[INFO] [stdout] 
[INFO] [stdout] ---- gen_src_cmd_output_path_type stdout ----
[INFO] [stdout] 
[INFO] [stdout] thread 'gen_src_cmd_output_path_type' (262) panicked at tests/dummy_cmd.rs:42:5:
[INFO] [stdout] assertion failed: std::fs::create_dir_all(test_out_path!("output-path-test")).is_ok()
[INFO] [stdout] stack backtrace:
[INFO] [stdout]    0:     0x60d099d695c1 - <<std[617be2ca0a6fd877]::sys::backtrace::BacktraceLock>::print::DisplayBacktrace as core[a373ad73a504971]::fmt::Display>::fmt
[INFO] [stdout]    1:     0x60d099d805fa - core[a373ad73a504971]::fmt::write
[INFO] [stdout]    2:     0x60d099d6dcfc - <alloc[2e1b2a31b91974c5]::vec::Vec<u8> as core[a373ad73a504971]::io::write::Write>::write_fmt
[INFO] [stdout]    3:     0x60d099d44996 - std[617be2ca0a6fd877]::panicking::default_hook::{closure#0}
[INFO] [stdout]    4:     0x60d099d618d9 - std[617be2ca0a6fd877]::panicking::default_hook
[INFO] [stdout]    5:     0x60d099c28170 - test[aada8e7e76ba119b]::test_main_inner::{closure#0}
[INFO] [stdout]    6:     0x60d099d61a92 - std[617be2ca0a6fd877]::panicking::panic_with_hook
[INFO] [stdout]    7:     0x60d099d44a74 - std[617be2ca0a6fd877]::panicking::panic_handler::{closure#0}
[INFO] [stdout]    8:     0x60d099d3cf19 - std[617be2ca0a6fd877]::sys::backtrace::__rust_end_short_backtrace::<std[617be2ca0a6fd877]::panicking::panic_handler::{closure#0}, !>
[INFO] [stdout]    9:     0x60d099d4575d - __rustc[ea4f61d10b84890b]::rust_begin_unwind
[INFO] [stdout]   10:     0x60d099d80ddc - core[a373ad73a504971]::panicking::panic_fmt
[INFO] [stdout]   11:     0x60d099d80da2 - core[a373ad73a504971]::panicking::panic
[INFO] [stdout]   12:     0x60d099c1a02e - <dummy_cmd[92f74e7109f3c497]::gen_src_cmd_output_path_type::{closure#0} as core[a373ad73a504971]::ops::function::FnOnce<()>>::call_once
[INFO] [stdout]   13:     0x60d099c1b5bb - test[aada8e7e76ba119b]::__rust_begin_short_backtrace::<core[a373ad73a504971]::result::Result<(), alloc[2e1b2a31b91974c5]::string::String>, fn() -> core[a373ad73a504971]::result::Result<(), alloc[2e1b2a31b91974c5]::string::String>>
[INFO] [stdout]   14:     0x60d099c28795 - test[aada8e7e76ba119b]::run_test::{closure#0}
[INFO] [stdout]   15:     0x60d099c22084 - std[617be2ca0a6fd877]::sys::backtrace::__rust_begin_short_backtrace::<test[aada8e7e76ba119b]::run_test::{closure#1}, ()>
[INFO] [stdout]   16:     0x60d099c2b822 - <std[617be2ca0a6fd877]::thread::lifecycle::spawn_unchecked<test[aada8e7e76ba119b]::run_test::{closure#1}, ()>::{closure#1} as core[a373ad73a504971]::ops::function::FnOnce<()>>::call_once::{shim:vtable#0}
[INFO] [stdout]   17:     0x60d099d68abf - <std[617be2ca0a6fd877]::sys::thread::unix::Thread>::new::thread_start
[INFO] [stdout]   18:     0x7c5a1348bdfa - <unknown>
[INFO] [stdout]   19:     0x7c5a1351f3d4 - clone
[INFO] [stdout]   20:                0x0 - <unknown>
[INFO] [stdout] 
[INFO] [stdout] 
[INFO] [stdout] failures:
[INFO] [stdout]     gen_src_cmd_input_path_type
[INFO] [stdout]     gen_src_cmd_output_path_type
[INFO] [stdout] 
[INFO] [stdout] test result: FAILED. 0 passed; 2 failed; 0 ignored; 0 measured; 0 filtered out; finished in 0.00s
[INFO] [stdout] 
[INFO] running `Command { std: "docker" "inspect" "de69b38b1a9c73210b576b05cba05fe40ee79b2f0f541fd0efda5567c97c0963", kill_on_drop: false }`
[INFO] running `Command { std: "docker" "rm" "-f" "de69b38b1a9c73210b576b05cba05fe40ee79b2f0f541fd0efda5567c97c0963", kill_on_drop: false }`
[INFO] [stdout] de69b38b1a9c73210b576b05cba05fe40ee79b2f0f541fd0efda5567c97c0963
