[INFO] fetching crate flogging 0.6.0...
[INFO] testing flogging-0.6.0 against 1.100.0-beta.1+cargoflags=--release for beta-release-1.100-2
[INFO] extracting crate flogging 0.6.0 into /workspace/builds/worker-6-tc2/source
[INFO] started tweaking crates.io crate flogging 0.6.0
[INFO] removed 0 missing tests
[INFO] finished tweaking crates.io crate flogging 0.6.0
[INFO] tweaked toml for crates.io crate flogging 0.6.0 written to /workspace/builds/worker-6-tc2/source/Cargo.toml
[INFO] validating manifest of crates.io crate flogging 0.6.0 on toolchain 1.100.0-beta.1
[INFO] running `Command { std: CARGO_HOME="/workspace/cargo-home" RUSTUP_HOME="/workspace/rustup-home" "/workspace/cargo-home/bin/cargo" "+1.100.0-beta.1" "metadata" "--manifest-path" "Cargo.toml" "--no-deps", kill_on_drop: false }`
[INFO] crate crates.io crate flogging 0.6.0 already has a lockfile, it will not be regenerated
[INFO] running `Command { std: CARGO_HOME="/workspace/cargo-home" RUSTUP_HOME="/workspace/rustup-home" "/workspace/cargo-home/bin/cargo" "+1.100.0-beta.1" "fetch" "--manifest-path" "Cargo.toml", kill_on_drop: false }`
[INFO] [stderr]     Blocking waiting for file lock on package cache
[INFO] running `Command { std: "docker" "create" "-v" "/var/lib/crater-agent-workspace/builds/worker-6-tc2/source:/opt/rustwide/workdir:ro,Z" "-v" "/var/lib/crater-agent-workspace/builds/worker-6-tc2/target:/opt/rustwide/target:rw,Z" "-v" "/var/lib/crater-agent-workspace/cargo-home:/opt/rustwide/cargo-home:ro,Z" "-v" "/var/lib/crater-agent-workspace/rustup-home:/opt/rustwide/rustup-home:ro,Z" "-m" "1610612736" "--network" "none" "ghcr.io/rust-lang/crates-build-env/linux@sha256:77db811e55d90add9212f6832c23229e3de5f1c1f9905e8cb07319ea15df73ac" "sleep" "infinity", kill_on_drop: false }`
[INFO] [stdout] fcf663621f94713e6300fa8060a0af487eb8d289599953240beafc7b072a9b57
[INFO] running `Command { std: "docker" "start" "fcf663621f94713e6300fa8060a0af487eb8d289599953240beafc7b072a9b57", kill_on_drop: false }`
[INFO] running `Command { std: "docker" "inspect" "fcf663621f94713e6300fa8060a0af487eb8d289599953240beafc7b072a9b57", kill_on_drop: false }`
[INFO] running `Command { std: "docker" "exec" "-e" "SOURCE_DIR=/opt/rustwide/workdir" "-e" "CARGO_HOME=/opt/rustwide/cargo-home" "-e" "RUSTUP_HOME=/opt/rustwide/rustup-home" "-e" "CARGO_TARGET_DIR=/opt/rustwide/target" "-w" "/opt/rustwide/workdir" "--user" "0:0" "fcf663621f94713e6300fa8060a0af487eb8d289599953240beafc7b072a9b57" "/opt/rustwide/cargo-home/bin/cargo" "+1.100.0-beta.1" "metadata" "--no-deps" "--format-version=1", kill_on_drop: false }`
[INFO] running `Command { std: "docker" "inspect" "fcf663621f94713e6300fa8060a0af487eb8d289599953240beafc7b072a9b57", kill_on_drop: false }`
[INFO] running `Command { std: "docker" "exec" "-e" "SOURCE_DIR=/opt/rustwide/workdir" "-e" "CARGO_HOME=/opt/rustwide/cargo-home" "-e" "RUSTUP_HOME=/opt/rustwide/rustup-home" "-e" "CARGO_TARGET_DIR=/opt/rustwide/target" "-e" "CARGO_INCREMENTAL=0" "-e" "RUST_BACKTRACE=full" "-e" "RUSTFLAGS=--cap-lints=warn" "-e" "RUSTDOCFLAGS=--cap-lints=warn" "-w" "/opt/rustwide/workdir" "--user" "0:0" "fcf663621f94713e6300fa8060a0af487eb8d289599953240beafc7b072a9b57" "/opt/rustwide/cargo-home/bin/cargo" "+1.100.0-beta.1" "build" "--frozen" "--message-format=json" "--release", kill_on_drop: false }`
[INFO] [stderr]    Compiling unicode-ident v1.0.18
[INFO] [stderr]    Compiling memchr v2.7.5
[INFO] [stderr]    Compiling litrs v0.4.1
[INFO] [stderr]    Compiling proc-macro-error-attr v1.0.4
[INFO] [stderr]    Compiling proc-macro-error v1.0.4
[INFO] [stderr]    Compiling regex-syntax v0.8.5
[INFO] [stderr]    Compiling anyhow v1.0.99
[INFO] [stderr]    Compiling proc-macro2 v1.0.95
[INFO] [stderr]    Compiling iana-time-zone v0.1.63
[INFO] [stderr]    Compiling chrono v0.4.41
[INFO] [stderr]    Compiling strfmt v0.2.5
[INFO] [stderr]    Compiling document-features v0.2.11
[INFO] [stderr]    Compiling quote v1.0.40
[INFO] [stderr]    Compiling syn v2.0.104
[INFO] [stderr]    Compiling aho-corasick v1.1.3
[INFO] [stderr]    Compiling dyn-fmt v0.4.3
[INFO] [stderr]    Compiling regex-automata v0.4.9
[INFO] [stderr]    Compiling regex v1.11.2
[INFO] [stderr]    Compiling darling_core v0.21.0
[INFO] [stderr]    Compiling strum_macros v0.27.2
[INFO] [stderr]    Compiling darling_macro v0.21.0
[INFO] [stderr]    Compiling strum v0.27.2
[INFO] [stderr]    Compiling darling v0.21.0
[INFO] [stderr]    Compiling flogging_macros v0.6.0
[INFO] [stderr]    Compiling flogging v0.6.0 (/opt/rustwide/workdir)
[INFO] [stderr]     Finished `release` profile [optimized] target(s) in 48.40s
[INFO] running `Command { std: "docker" "inspect" "fcf663621f94713e6300fa8060a0af487eb8d289599953240beafc7b072a9b57", kill_on_drop: false }`
[INFO] running `Command { std: "docker" "exec" "-e" "SOURCE_DIR=/opt/rustwide/workdir" "-e" "CARGO_HOME=/opt/rustwide/cargo-home" "-e" "RUSTUP_HOME=/opt/rustwide/rustup-home" "-e" "CARGO_TARGET_DIR=/opt/rustwide/target" "-e" "CARGO_INCREMENTAL=0" "-e" "RUST_BACKTRACE=full" "-e" "RUSTFLAGS=--cap-lints=warn" "-e" "RUSTDOCFLAGS=--cap-lints=warn" "-w" "/opt/rustwide/workdir" "--user" "0:0" "fcf663621f94713e6300fa8060a0af487eb8d289599953240beafc7b072a9b57" "/opt/rustwide/cargo-home/bin/cargo" "+1.100.0-beta.1" "test" "--frozen" "--no-run" "--message-format=json" "--release", kill_on_drop: false }`
[INFO] [stderr]    Compiling flogging v0.6.0 (/opt/rustwide/workdir)
[INFO] [stderr]     Finished `release` profile [optimized] target(s) in 6.04s
[INFO] running `Command { std: "docker" "inspect" "fcf663621f94713e6300fa8060a0af487eb8d289599953240beafc7b072a9b57", kill_on_drop: false }`
[INFO] running `Command { std: "docker" "exec" "-e" "SOURCE_DIR=/opt/rustwide/workdir" "-e" "CARGO_HOME=/opt/rustwide/cargo-home" "-e" "RUSTUP_HOME=/opt/rustwide/rustup-home" "-e" "CARGO_TARGET_DIR=/opt/rustwide/target" "-e" "CARGO_INCREMENTAL=0" "-e" "RUST_BACKTRACE=full" "-e" "RUSTFLAGS=--cap-lints=warn" "-e" "RUSTDOCFLAGS=--cap-lints=warn" "-w" "/opt/rustwide/workdir" "--user" "0:0" "fcf663621f94713e6300fa8060a0af487eb8d289599953240beafc7b072a9b57" "/opt/rustwide/cargo-home/bin/cargo" "+1.100.0-beta.1" "test" "--frozen" "--release", kill_on_drop: false }`
[INFO] [stderr]     Finished `release` profile [optimized] target(s) in 0.10s
[INFO] [stderr]      Running unittests src/lib.rs (/opt/rustwide/target/release/build/flogging/29564fc15862ed2c/out/flogging-29564fc15862ed2c)
[INFO] [stdout] 
[INFO] [stdout] running 43 tests
[INFO] [stdout] test handlers::console_handler::console_type::tests::from_str_fail ... ok
[INFO] [stdout] test handlers::console_handler::console_type::tests::console_display ... ok
[INFO] [stdout] test handlers::console_handler::tests::production_handler ... ok
[INFO] [stdout] test handlers::console_handler::tests::stderr_handler ... ok
[INFO] [stdout] test handlers::console_handler::tests::stderr_handler_test_mode ... ok
[INFO] [stdout] test handlers::console_handler::tests::stdout_handler ... ok
[INFO] [stdout] test handlers::console_handler::tests::stdout_handler_test_mode ... ok
[INFO] [stdout] test handlers::console_handler::tests::production_handler_test_mode ... ok
[INFO] [stdout] test handlers::console_handler::console_type::tests::as_str_to_from_str ... ok
[INFO] [stdout] test handlers::formatters::format_trait::tests::strfmt_test ... ok
[INFO] [stdout] test handlers::formatters::format_trait::tests::debug ... ok
[INFO] [stdout] test handlers::file_handler::tests::file_handler_test_mode ... FAILED
[INFO] [stdout] test handlers::file_handler::tests::filename_empty - should panic ... ok
[INFO] [stdout] test handlers::formatters::format_type::tests::display ... ok
[INFO] [stdout] test handlers::formatters::test::custom ... ok
[INFO] [stdout] test handlers::formatters::test::iso8601 ... ok
[INFO] [stdout] test handlers::formatters::test::simple_formatter ... ok
[INFO] [stdout] test handlers::file_handler::tests::file_handler ... FAILED
[INFO] [stdout] test logger::builder::tests::add_console_handler ... ok
[INFO] [stdout] test handlers::file_handler::tests::file_handler_file_test ... FAILED
[INFO] [stdout] test handlers::mock_handler::tests::handler_trait ... ok
[INFO] [stdout] test handlers::formatters::test::unix_timestamp ... ok
[INFO] [stdout] test handlers::handler::test::handlers ... ok
[INFO] [stdout] test handlers::string_handler::tests::string_handler ... ok
[INFO] [stdout] test logger::builder::tests::add_custom_handler ... ok
[INFO] [stdout] test logger::builder::tests::add_pconsole_handler ... ok
[INFO] [stdout] test logger::builder::tests::add_custom_handler_with ... ok
[INFO] [stdout] test logger::builder::tests::add_econsole_handler ... ok
[INFO] [stdout] test logger::builder::tests::add_file_handler ... FAILED
[INFO] [stdout] test logger::builder::tests::add_file_handler_with ... FAILED
[INFO] [stdout] 
[INFO] [stdout] test
[INFO] [stdout] formatted arguments
[INFO] [stdout] test logger::builder::tests::add_econsole_handler_with ... ok
[INFO] [stdout] test logger::builder::tests::add_string_handler ... ok
[INFO] [stdout] test logger::builder::tests::add_string_handler_with ... ok
[INFO] [stdout] test logger::builder::tests::remove_file ... FAILED
[INFO] [stdout] test logger::builder::tests::temp ... ok
[INFO] [stdout] test logger::level::tests::check_conversions ... ok
[INFO] [stdout] test logger::log_entry::tests::to_string ... ok
[INFO] [stdout] test logger::tests::is_logging ... ok
[INFO] [stdout] test logger::tests::has_handler ... ok
[INFO] [stdout] test logger::builder::tests::add_console_handler_with ... ok
[INFO] [stdout] test logger::tests::get_handler ... ok
[INFO] [stdout] test logger::level::tests::compare_levels ... ok
[INFO] [stdout] test logger::builder::tests::add_pconsole_handler_with ... ok
[INFO] [stdout] 
[INFO] [stdout] failures:
[INFO] [stdout] 
[INFO] [stdout] ---- handlers::file_handler::tests::file_handler_test_mode stdout ----
[INFO] [stdout] 
[INFO] [stdout] thread 'handlers::file_handler::tests::file_handler_test_mode' (829) panicked at src/logger/builder.rs:355:65:
[INFO] [stdout] called `Result::unwrap()` on an `Err` value: Os { code: 2, kind: NotFound, message: "No such file or directory" }
[INFO] [stdout] stack backtrace:
[INFO] [stdout]    0:     0x57235820bfe1 - <<std[617be2ca0a6fd877]::sys::backtrace::BacktraceLock>::print::DisplayBacktrace as core[a373ad73a504971]::fmt::Display>::fmt
[INFO] [stdout]    1:     0x57235822188a - core[a373ad73a504971]::fmt::write
[INFO] [stdout]    2:     0x57235821023c - <alloc[2e1b2a31b91974c5]::vec::Vec<u8> as core[a373ad73a504971]::io::write::Write>::write_fmt
[INFO] [stdout]    3:     0x5723581e77d6 - std[617be2ca0a6fd877]::panicking::default_hook::{closure#0}
[INFO] [stdout]    4:     0x572358203c89 - std[617be2ca0a6fd877]::panicking::default_hook
[INFO] [stdout]    5:     0x5723580d2d20 - test[aada8e7e76ba119b]::test_main_inner::{closure#0}
[INFO] [stdout]    6:     0x572358203e42 - std[617be2ca0a6fd877]::panicking::panic_with_hook
[INFO] [stdout]    7:     0x5723581e7882 - std[617be2ca0a6fd877]::panicking::panic_handler::{closure#0}
[INFO] [stdout]    8:     0x5723581e0359 - std[617be2ca0a6fd877]::sys::backtrace::__rust_end_short_backtrace::<std[617be2ca0a6fd877]::panicking::panic_handler::{closure#0}, !>
[INFO] [stdout]    9:     0x5723581e848d - __rustc[ea4f61d10b84890b]::rust_begin_unwind
[INFO] [stdout]   10:     0x57235822206c - core[a373ad73a504971]::panicking::panic_fmt
[INFO] [stdout]   11:     0x572358221e42 - core[a373ad73a504971]::result::unwrap_failed
[INFO] [stdout]   12:     0x5723580a7240 - <flogging[8e98fdfc178cdb52]::logger::builder::LoggerBuilder>::add_handler_with
[INFO] [stdout]   13:     0x5723580af645 - <flogging[8e98fdfc178cdb52]::handlers::file_handler::tests::file_handler_test_mode::{closure#0} as core[a373ad73a504971]::ops::function::FnOnce<()>>::call_once
[INFO] [stdout]   14:     0x5723580c616b - test[aada8e7e76ba119b]::__rust_begin_short_backtrace::<core[a373ad73a504971]::result::Result<(), alloc[2e1b2a31b91974c5]::string::String>, fn() -> core[a373ad73a504971]::result::Result<(), alloc[2e1b2a31b91974c5]::string::String>>
[INFO] [stdout]   15:     0x5723580d3345 - test[aada8e7e76ba119b]::run_test::{closure#0}
[INFO] [stdout]   16:     0x5723580ccc34 - std[617be2ca0a6fd877]::sys::backtrace::__rust_begin_short_backtrace::<test[aada8e7e76ba119b]::run_test::{closure#1}, ()>
[INFO] [stdout]   17:     0x5723580d63d2 - <std[617be2ca0a6fd877]::thread::lifecycle::spawn_unchecked<test[aada8e7e76ba119b]::run_test::{closure#1}, ()>::{closure#1} as core[a373ad73a504971]::ops::function::FnOnce<()>>::call_once::{shim:vtable#0}
[INFO] [stdout]   18:     0x57235820b1cf - <std[617be2ca0a6fd877]::sys::thread::unix::Thread>::new::thread_start
[INFO] [stdout]   19:     0x7a53372bfdfa - <unknown>
[INFO] [stdout]   20:     0x7a53373533d4 - clone
[INFO] [stdout]   21:                0x0 - <unknown>
[INFO] [stdout] 
[INFO] [stdout] ---- handlers::file_handler::tests::file_handler stdout ----
[INFO] [stdout] 
[INFO] [stdout] thread 'handlers::file_handler::tests::file_handler' (827) panicked at src/logger/builder.rs:355:65:
[INFO] [stdout] called `Result::unwrap()` on an `Err` value: Os { code: 2, kind: NotFound, message: "No such file or directory" }
[INFO] [stdout] stack backtrace:
[INFO] [stdout]    0:     0x57235820bfe1 - <<std[617be2ca0a6fd877]::sys::backtrace::BacktraceLock>::print::DisplayBacktrace as core[a373ad73a504971]::fmt::Display>::fmt
[INFO] [stdout]    1:     0x57235822188a - core[a373ad73a504971]::fmt::write
[INFO] [stdout]    2:     0x57235821023c - <alloc[2e1b2a31b91974c5]::vec::Vec<u8> as core[a373ad73a504971]::io::write::Write>::write_fmt
[INFO] [stdout]    3:     0x5723581e77d6 - std[617be2ca0a6fd877]::panicking::default_hook::{closure#0}
[INFO] [stdout]    4:     0x572358203c89 - std[617be2ca0a6fd877]::panicking::default_hook
[INFO] [stdout]    5:     0x5723580d2d20 - test[aada8e7e76ba119b]::test_main_inner::{closure#0}
[INFO] [stdout]    6:     0x572358203e42 - std[617be2ca0a6fd877]::panicking::panic_with_hook
[INFO] [stdout]    7:     0x5723581e7882 - std[617be2ca0a6fd877]::panicking::panic_handler::{closure#0}
[INFO] [stdout]    8:     0x5723581e0359 - std[617be2ca0a6fd877]::sys::backtrace::__rust_end_short_backtrace::<std[617be2ca0a6fd877]::panicking::panic_handler::{closure#0}, !>
[INFO] [stdout]    9:     0x5723581e848d - __rustc[ea4f61d10b84890b]::rust_begin_unwind
[INFO] [stdout]   10:     0x57235822206c - core[a373ad73a504971]::panicking::panic_fmt
[INFO] [stdout]   11:     0x572358221e42 - core[a373ad73a504971]::result::unwrap_failed
[INFO] [stdout]   12:     0x5723580a7240 - <flogging[8e98fdfc178cdb52]::logger::builder::LoggerBuilder>::add_handler_with
[INFO] [stdout]   13:     0x5723580b4521 - <flogging[8e98fdfc178cdb52]::logger::Logger>::file_logger
[INFO] [stdout]   14:     0x5723580ae3a7 - <flogging[8e98fdfc178cdb52]::handlers::file_handler::tests::file_handler::{closure#0} as core[a373ad73a504971]::ops::function::FnOnce<()>>::call_once
[INFO] [stdout]   15:     0x5723580c616b - test[aada8e7e76ba119b]::__rust_begin_short_backtrace::<core[a373ad73a504971]::result::Result<(), alloc[2e1b2a31b91974c5]::string::String>, fn() -> core[a373ad73a504971]::result::Result<(), alloc[2e1b2a31b91974c5]::string::String>>
[INFO] [stdout]   16:     0x5723580d3345 - test[aada8e7e76ba119b]::run_test::{closure#0}
[INFO] [stdout]   17:     0x5723580ccc34 - std[617be2ca0a6fd877]::sys::backtrace::__rust_begin_short_backtrace::<test[aada8e7e76ba119b]::run_test::{closure#1}, ()>
[INFO] [stdout]   18:     0x5723580d63d2 - <std[617be2ca0a6fd877]::thread::lifecycle::spawn_unchecked<test[aada8e7e76ba119b]::run_test::{closure#1}, ()>::{closure#1} as core[a373ad73a504971]::ops::function::FnOnce<()>>::call_once::{shim:vtable#0}
[INFO] [stdout]   19:     0x57235820b1cf - <std[617be2ca0a6fd877]::sys::thread::unix::Thread>::new::thread_start
[INFO] [stdout]   20:     0x7a53372bfdfa - <unknown>
[INFO] [stdout]   21:     0x7a53373533d4 - clone
[INFO] [stdout]   22:                0x0 - <unknown>
[INFO] [stdout] 
[INFO] [stdout] ---- handlers::file_handler::tests::file_handler_file_test stdout ----
[INFO] [stdout] 
[INFO] [stdout] thread 'handlers::file_handler::tests::file_handler_file_test' (828) panicked at src/logger/builder.rs:355:65:
[INFO] [stdout] called `Result::unwrap()` on an `Err` value: Os { code: 2, kind: NotFound, message: "No such file or directory" }
[INFO] [stdout] stack backtrace:
[INFO] [stdout]    0:     0x57235820bfe1 - <<std[617be2ca0a6fd877]::sys::backtrace::BacktraceLock>::print::DisplayBacktrace as core[a373ad73a504971]::fmt::Display>::fmt
[INFO] [stdout]    1:     0x57235822188a - core[a373ad73a504971]::fmt::write
[INFO] [stdout]    2:     0x57235821023c - <alloc[2e1b2a31b91974c5]::vec::Vec<u8> as core[a373ad73a504971]::io::write::Write>::write_fmt
[INFO] [stdout]    3:     0x5723581e77d6 - std[617be2ca0a6fd877]::panicking::default_hook::{closure#0}
[INFO] [stdout]    4:     0x572358203c89 - std[617be2ca0a6fd877]::panicking::default_hook
[INFO] [stdout]    5:     0x5723580d2d20 - test[aada8e7e76ba119b]::test_main_inner::{closure#0}
[INFO] [stdout]    6:     0x572358203e42 - std[617be2ca0a6fd877]::panicking::panic_with_hook
[INFO] [stdout]    7:     0x5723581e7882 - std[617be2ca0a6fd877]::panicking::panic_handler::{closure#0}
[INFO] [stdout]    8:     0x5723581e0359 - std[617be2ca0a6fd877]::sys::backtrace::__rust_end_short_backtrace::<std[617be2ca0a6fd877]::panicking::panic_handler::{closure#0}, !>
[INFO] [stdout]    9:     0x5723581e848d - __rustc[ea4f61d10b84890b]::rust_begin_unwind
[INFO] [stdout]   10:     0x57235822206c - core[a373ad73a504971]::panicking::panic_fmt
[INFO] [stdout]   11:     0x572358221e42 - core[a373ad73a504971]::result::unwrap_failed
[INFO] [stdout]   12:     0x5723580a7240 - <flogging[8e98fdfc178cdb52]::logger::builder::LoggerBuilder>::add_handler_with
[INFO] [stdout]   13:     0x5723580aec35 - <flogging[8e98fdfc178cdb52]::handlers::file_handler::tests::file_handler_file_test::{closure#0} as core[a373ad73a504971]::ops::function::FnOnce<()>>::call_once
[INFO] [stdout]   14:     0x5723580c616b - test[aada8e7e76ba119b]::__rust_begin_short_backtrace::<core[a373ad73a504971]::result::Result<(), alloc[2e1b2a31b91974c5]::string::String>, fn() -> core[a373ad73a504971]::result::Result<(), alloc[2e1b2a31b91974c5]::string::String>>
[INFO] [stdout]   15:     0x5723580d3345 - test[aada8e7e76ba119b]::run_test::{closure#0}
[INFO] [stdout]   16:     0x5723580ccc34 - std[617be2ca0a6fd877]::sys::backtrace::__rust_begin_short_backtrace::<test[aada8e7e76ba119b]::run_test::{closure#1}, ()>
[INFO] [stdout]   17:     0x5723580d63d2 - <std[617be2ca0a6fd877]::thread::lifecycle::spawn_unchecked<test[aada8e7e76ba119b]::run_test::{closure#1}, ()>::{closure#1} as core[a373ad73a504971]::ops::function::FnOnce<()>>::call_once::{shim:vtable#0}
[INFO] [stdout]   18:     0x57235820b1cf - <std[617be2ca0a6fd877]::sys::thread::unix::Thread>::new::thread_start
[INFO] [stdout]   19:     0x7a53372bfdfa - <unknown>
[INFO] [stdout]   20:     0x7a53373533d4 - clone
[INFO] [stdout]   21:                0x0 - <unknown>
[INFO] [stdout] 
[INFO] [stdout] ---- logger::builder::tests::add_file_handler stdout ----
[INFO] [stdout] 
[INFO] [stdout] thread 'logger::builder::tests::add_file_handler' (847) panicked at src/logger/builder.rs:355:65:
[INFO] [stdout] called `Result::unwrap()` on an `Err` value: Os { code: 2, kind: NotFound, message: "No such file or directory" }
[INFO] [stdout] stack backtrace:
[INFO] [stdout]    0:     0x57235820bfe1 - <<std[617be2ca0a6fd877]::sys::backtrace::BacktraceLock>::print::DisplayBacktrace as core[a373ad73a504971]::fmt::Display>::fmt
[INFO] [stdout]    1:     0x57235822188a - core[a373ad73a504971]::fmt::write
[INFO] [stdout]    2:     0x57235821023c - <alloc[2e1b2a31b91974c5]::vec::Vec<u8> as core[a373ad73a504971]::io::write::Write>::write_fmt
[INFO] [stdout]    3:     0x5723581e77d6 - std[617be2ca0a6fd877]::panicking::default_hook::{closure#0}
[INFO] [stdout]    4:     0x572358203c89 - std[617be2ca0a6fd877]::panicking::default_hook
[INFO] [stdout]    5:     0x5723580d2d20 - test[aada8e7e76ba119b]::test_main_inner::{closure#0}
[INFO] [stdout]    6:     0x572358203e42 - std[617be2ca0a6fd877]::panicking::panic_with_hook
[INFO] [stdout]    7:     0x5723581e7882 - std[617be2ca0a6fd877]::panicking::panic_handler::{closure#0}
[INFO] [stdout]    8:     0x5723581e0359 - std[617be2ca0a6fd877]::sys::backtrace::__rust_end_short_backtrace::<std[617be2ca0a6fd877]::panicking::panic_handler::{closure#0}, !>
[INFO] [stdout]    9:     0x5723581e848d - __rustc[ea4f61d10b84890b]::rust_begin_unwind
[INFO] [stdout]   10:     0x57235822206c - core[a373ad73a504971]::panicking::panic_fmt
[INFO] [stdout]   11:     0x572358221e42 - core[a373ad73a504971]::result::unwrap_failed
[INFO] [stdout]   12:     0x5723580a7240 - <flogging[8e98fdfc178cdb52]::logger::builder::LoggerBuilder>::add_handler_with
[INFO] [stdout]   13:     0x5723580c364b - <flogging[8e98fdfc178cdb52]::logger::builder::tests::add_file_handler::{closure#0} as core[a373ad73a504971]::ops::function::FnOnce<()>>::call_once
[INFO] [stdout]   14:     0x5723580c616b - test[aada8e7e76ba119b]::__rust_begin_short_backtrace::<core[a373ad73a504971]::result::Result<(), alloc[2e1b2a31b91974c5]::string::String>, fn() -> core[a373ad73a504971]::result::Result<(), alloc[2e1b2a31b91974c5]::string::String>>
[INFO] [stdout]   15:     0x5723580d3345 - test[aada8e7e76ba119b]::run_test::{closure#0}
[INFO] [stdout]   16:     0x5723580ccc34 - std[617be2ca0a6fd877]::sys::backtrace::__rust_begin_short_backtrace::<test[aada8e7e76ba119b]::run_test::{closure#1}, ()>
[INFO] [stdout]   17:     0x5723580d63d2 - <std[617be2ca0a6fd877]::thread::lifecycle::spawn_unchecked<test[aada8e7e76ba119b]::run_test::{closure#1}, ()>::{closure#1} as core[a373ad73a504971]::ops::function::FnOnce<()>>::call_once::{shim:vtable#0}
[INFO] [stdout]   18:     0x57235820b1cf - <std[617be2ca0a6fd877]::sys::thread::unix::Thread>::new::thread_start
[INFO] [stdout]   19:     0x7a53372bfdfa - <unknown>
[INFO] [stdout]   20:     0x7a53373533d4 - clone
[INFO] [stdout]   21:                0x0 - <unknown>
[INFO] [stdout] 
[INFO] [stdout] ---- logger::builder::tests::add_file_handler_with stdout ----
[INFO] [stdout] 
[INFO] [stdout] thread 'logger::builder::tests::add_file_handler_with' (848) panicked at src/logger/builder.rs:355:65:
[INFO] [stdout] called `Result::unwrap()` on an `Err` value: Os { code: 2, kind: NotFound, message: "No such file or directory" }
[INFO] [stdout] stack backtrace:
[INFO] [stdout]    0:     0x57235820bfe1 - <<std[617be2ca0a6fd877]::sys::backtrace::BacktraceLock>::print::DisplayBacktrace as core[a373ad73a504971]::fmt::Display>::fmt
[INFO] [stdout]    1:     0x57235822188a - core[a373ad73a504971]::fmt::write
[INFO] [stdout]    2:     0x57235821023c - <alloc[2e1b2a31b91974c5]::vec::Vec<u8> as core[a373ad73a504971]::io::write::Write>::write_fmt
[INFO] [stdout]    3:     0x5723581e77d6 - std[617be2ca0a6fd877]::panicking::default_hook::{closure#0}
[INFO] [stdout]    4:     0x572358203c89 - std[617be2ca0a6fd877]::panicking::default_hook
[INFO] [stdout]    5:     0x5723580d2d20 - test[aada8e7e76ba119b]::test_main_inner::{closure#0}
[INFO] [stdout]    6:     0x572358203e42 - std[617be2ca0a6fd877]::panicking::panic_with_hook
[INFO] [stdout]    7:     0x5723581e7882 - std[617be2ca0a6fd877]::panicking::panic_handler::{closure#0}
[INFO] [stdout]    8:     0x5723581e0359 - std[617be2ca0a6fd877]::sys::backtrace::__rust_end_short_backtrace::<std[617be2ca0a6fd877]::panicking::panic_handler::{closure#0}, !>
[INFO] [stdout]    9:     0x5723581e848d - __rustc[ea4f61d10b84890b]::rust_begin_unwind
[INFO] [stdout]   10:     0x57235822206c - core[a373ad73a504971]::panicking::panic_fmt
[INFO] [stdout]   11:     0x572358221e42 - core[a373ad73a504971]::result::unwrap_failed
[INFO] [stdout]   12:     0x5723580a7240 - <flogging[8e98fdfc178cdb52]::logger::builder::LoggerBuilder>::add_handler_with
[INFO] [stdout]   13:     0x5723580c4a18 - <flogging[8e98fdfc178cdb52]::logger::builder::tests::add_file_handler_with::{closure#0} as core[a373ad73a504971]::ops::function::FnOnce<()>>::call_once
[INFO] [stdout]   14:     0x5723580c616b - test[aada8e7e76ba119b]::__rust_begin_short_backtrace::<core[a373ad73a504971]::result::Result<(), alloc[2e1b2a31b91974c5]::string::String>, fn() -> core[a373ad73a504971]::result::Result<(), alloc[2e1b2a31b91974c5]::string::String>>
[INFO] [stdout]   15:     0x5723580d3345 - test[aada8e7e76ba119b]::run_test::{closure#0}
[INFO] [stdout]   16:     0x5723580ccc34 - std[617be2ca0a6fd877]::sys::backtrace::__rust_begin_short_backtrace::<test[aada8e7e76ba119b]::run_test::{closure#1}, ()>
[INFO] [stdout]   17:     0x5723580d63d2 - <std[617be2ca0a6fd877]::thread::lifecycle::spawn_unchecked<test[aada8e7e76ba119b]::run_test::{closure#1}, ()>::{closure#1} as core[a373ad73a504971]::ops::function::FnOnce<()>>::call_once::{shim:vtable#0}
[INFO] [stdout]   18:     0x57235820b1cf - <std[617be2ca0a6fd877]::sys::thread::unix::Thread>::new::thread_start
[INFO] [stdout]   19:     0x7a53372bfdfa - <unknown>
[INFO] [stdout]   20:     0x7a53373533d4 - clone
[INFO] [stdout]   21:                0x0 - <unknown>
[INFO] [stdout] 
[INFO] [stdout] ---- logger::builder::tests::remove_file stdout ----
[INFO] [stdout] 
[INFO] [stdout] thread 'logger::builder::tests::remove_file' (853) panicked at src/logger/builder.rs:355:65:
[INFO] [stdout] called `Result::unwrap()` on an `Err` value: Os { code: 2, kind: NotFound, message: "No such file or directory" }
[INFO] [stdout] stack backtrace:
[INFO] [stdout]    0:     0x57235820bfe1 - <<std[617be2ca0a6fd877]::sys::backtrace::BacktraceLock>::print::DisplayBacktrace as core[a373ad73a504971]::fmt::Display>::fmt
[INFO] [stdout]    1:     0x57235822188a - core[a373ad73a504971]::fmt::write
[INFO] [stdout]    2:     0x57235821023c - <alloc[2e1b2a31b91974c5]::vec::Vec<u8> as core[a373ad73a504971]::io::write::Write>::write_fmt
[INFO] [stdout]    3:     0x5723581e77d6 - std[617be2ca0a6fd877]::panicking::default_hook::{closure#0}
[INFO] [stdout]    4:     0x572358203c89 - std[617be2ca0a6fd877]::panicking::default_hook
[INFO] [stdout]    5:     0x5723580d2d20 - test[aada8e7e76ba119b]::test_main_inner::{closure#0}
[INFO] [stdout]    6:     0x572358203e42 - std[617be2ca0a6fd877]::panicking::panic_with_hook
[INFO] [stdout]    7:     0x5723581e7882 - std[617be2ca0a6fd877]::panicking::panic_handler::{closure#0}
[INFO] [stdout]    8:     0x5723581e0359 - std[617be2ca0a6fd877]::sys::backtrace::__rust_end_short_backtrace::<std[617be2ca0a6fd877]::panicking::panic_handler::{closure#0}, !>
[INFO] [stdout]    9:     0x5723581e848d - __rustc[ea4f61d10b84890b]::rust_begin_unwind
[INFO] [stdout]   10:     0x57235822206c - core[a373ad73a504971]::panicking::panic_fmt
[INFO] [stdout]   11:     0x572358221e42 - core[a373ad73a504971]::result::unwrap_failed
[INFO] [stdout]   12:     0x5723580a7240 - <flogging[8e98fdfc178cdb52]::logger::builder::LoggerBuilder>::add_handler_with
[INFO] [stdout]   13:     0x5723580c339f - <flogging[8e98fdfc178cdb52]::logger::builder::tests::remove_file::{closure#0} as core[a373ad73a504971]::ops::function::FnOnce<()>>::call_once
[INFO] [stdout]   14:     0x5723580c616b - test[aada8e7e76ba119b]::__rust_begin_short_backtrace::<core[a373ad73a504971]::result::Result<(), alloc[2e1b2a31b91974c5]::string::String>, fn() -> core[a373ad73a504971]::result::Result<(), alloc[2e1b2a31b91974c5]::string::String>>
[INFO] [stdout]   15:     0x5723580d3345 - test[aada8e7e76ba119b]::run_test::{closure#0}
[INFO] [stdout]   16:     0x5723580ccc34 - std[617be2ca0a6fd877]::sys::backtrace::__rust_begin_short_backtrace::<test[aada8e7e76ba119b]::run_test::{closure#1}, ()>
[INFO] [stdout]   17:     0x5723580d63d2 - <std[617be2ca0a6fd877]::thread::lifecycle::spawn_unchecked<test[aada8e7e76ba119b]::run_test::{closure#1}, ()>::{closure#1} as core[a373ad73a504971]::ops::function::FnOnce<()>>::call_once::{shim:vtable#0}
[INFO] [stdout]   18:     0x57235820b1cf - <std[617be2ca0a6fd877]::sys::thread::unix::Thread>::new::thread_start
[INFO] [stdout]   19:     0x7a53372bfdfa - <unknown>
[INFO] [stdout]   20:     0x7a53373533d4 - clone
[INFO] [stdout]   21:                0x0 - <unknown>
[INFO] [stdout] 
[INFO] [stdout] 
[INFO] [stdout] failures:
[INFO] [stdout]     handlers::file_handler::tests::file_handler
[INFO] [stdout]     handlers::file_handler::tests::file_handler_file_test
[INFO] [stdout]     handlers::file_handler::tests::file_handler_test_mode
[INFO] [stdout]     logger::builder::tests::add_file_handler
[INFO] [stdout]     logger::builder::tests::add_file_handler_with
[INFO] [stdout]     logger::builder::tests::remove_file
[INFO] [stdout] 
[INFO] [stdout] test result: FAILED. 37 passed; 6 failed; 0 ignored; 0 measured; 0 filtered out; finished in 0.01s
[INFO] [stdout] 
[INFO] [stderr] error: test failed, to rerun pass `--lib`
[INFO] running `Command { std: "docker" "inspect" "fcf663621f94713e6300fa8060a0af487eb8d289599953240beafc7b072a9b57", kill_on_drop: false }`
[INFO] running `Command { std: "docker" "rm" "-f" "fcf663621f94713e6300fa8060a0af487eb8d289599953240beafc7b072a9b57", kill_on_drop: false }`
[INFO] [stdout] fcf663621f94713e6300fa8060a0af487eb8d289599953240beafc7b072a9b57
