[INFO] fetching crate floe-rs 0.1.0...
[INFO] testing floe-rs-0.1.0 against 1.100.0-beta.1+cargoflags=--release for beta-release-1.100-2
[INFO] extracting crate floe-rs 0.1.0 into /workspace/builds/worker-7-tc2/source
[INFO] started tweaking crates.io crate floe-rs 0.1.0
[INFO] finished tweaking crates.io crate floe-rs 0.1.0
[INFO] tweaked toml for crates.io crate floe-rs 0.1.0 written to /workspace/builds/worker-7-tc2/source/Cargo.toml
[INFO] validating manifest of crates.io crate floe-rs 0.1.0 on toolchain 1.100.0-beta.1
[INFO] running `Command { std: CARGO_HOME="/workspace/cargo-home" RUSTUP_HOME="/workspace/rustup-home" "/workspace/cargo-home/bin/cargo" "+1.100.0-beta.1" "metadata" "--manifest-path" "Cargo.toml" "--no-deps", kill_on_drop: false }`
[INFO] crate crates.io crate floe-rs 0.1.0 already has a lockfile, it will not be regenerated
[INFO] running `Command { std: CARGO_HOME="/workspace/cargo-home" RUSTUP_HOME="/workspace/rustup-home" "/workspace/cargo-home/bin/cargo" "+1.100.0-beta.1" "fetch" "--manifest-path" "Cargo.toml", kill_on_drop: false }`
[INFO] running `Command { std: "docker" "create" "-v" "/var/lib/crater-agent-workspace/builds/worker-7-tc2/source:/opt/rustwide/workdir:ro,Z" "-v" "/var/lib/crater-agent-workspace/builds/worker-7-tc2/target:/opt/rustwide/target:rw,Z" "-v" "/var/lib/crater-agent-workspace/cargo-home:/opt/rustwide/cargo-home:ro,Z" "-v" "/var/lib/crater-agent-workspace/rustup-home:/opt/rustwide/rustup-home:ro,Z" "-m" "1610612736" "--network" "none" "ghcr.io/rust-lang/crates-build-env/linux@sha256:77db811e55d90add9212f6832c23229e3de5f1c1f9905e8cb07319ea15df73ac" "sleep" "infinity", kill_on_drop: false }`
[INFO] [stdout] 08173ad6715faba0e2b9cb75f346c86b5a8643fbfb2c6301d0b8f76b99e7eec5
[INFO] running `Command { std: "docker" "start" "08173ad6715faba0e2b9cb75f346c86b5a8643fbfb2c6301d0b8f76b99e7eec5", kill_on_drop: false }`
[INFO] running `Command { std: "docker" "inspect" "08173ad6715faba0e2b9cb75f346c86b5a8643fbfb2c6301d0b8f76b99e7eec5", kill_on_drop: false }`
[INFO] running `Command { std: "docker" "exec" "-e" "SOURCE_DIR=/opt/rustwide/workdir" "-e" "CARGO_HOME=/opt/rustwide/cargo-home" "-e" "RUSTUP_HOME=/opt/rustwide/rustup-home" "-e" "CARGO_TARGET_DIR=/opt/rustwide/target" "-w" "/opt/rustwide/workdir" "--user" "0:0" "08173ad6715faba0e2b9cb75f346c86b5a8643fbfb2c6301d0b8f76b99e7eec5" "/opt/rustwide/cargo-home/bin/cargo" "+1.100.0-beta.1" "metadata" "--no-deps" "--format-version=1", kill_on_drop: false }`
[INFO] running `Command { std: "docker" "inspect" "08173ad6715faba0e2b9cb75f346c86b5a8643fbfb2c6301d0b8f76b99e7eec5", kill_on_drop: false }`
[INFO] running `Command { std: "docker" "exec" "-e" "SOURCE_DIR=/opt/rustwide/workdir" "-e" "CARGO_HOME=/opt/rustwide/cargo-home" "-e" "RUSTUP_HOME=/opt/rustwide/rustup-home" "-e" "CARGO_TARGET_DIR=/opt/rustwide/target" "-e" "CARGO_INCREMENTAL=0" "-e" "RUST_BACKTRACE=full" "-e" "RUSTFLAGS=--cap-lints=warn" "-e" "RUSTDOCFLAGS=--cap-lints=warn" "-w" "/opt/rustwide/workdir" "--user" "0:0" "08173ad6715faba0e2b9cb75f346c86b5a8643fbfb2c6301d0b8f76b99e7eec5" "/opt/rustwide/cargo-home/bin/cargo" "+1.100.0-beta.1" "build" "--frozen" "--message-format=json" "--release", kill_on_drop: false }`
[INFO] [stderr]    Compiling typenum v1.19.0
[INFO] [stderr]    Compiling zerocopy v0.8.48
[INFO] [stderr]    Compiling cmov v0.5.2
[INFO] [stderr]    Compiling cpubits v0.1.0
[INFO] [stderr]    Compiling libc v0.2.183
[INFO] [stderr]    Compiling getrandom v0.4.2
[INFO] [stderr]    Compiling thiserror v2.0.18
[INFO] [stderr]    Compiling syn v2.0.117
[INFO] [stderr]    Compiling ctutils v0.4.0
[INFO] [stderr]    Compiling zerocopy-derive v0.8.48
[INFO] [stderr]    Compiling zeroize_derive v1.4.3
[INFO] [stderr]    Compiling thiserror-impl v2.0.18
[INFO] [stderr]    Compiling zeroize v1.8.2
[INFO] [stderr]    Compiling hybrid-array v0.4.10
[INFO] [stderr]    Compiling crypto-common v0.2.1
[INFO] [stderr]    Compiling block-buffer v0.12.0
[INFO] [stderr]    Compiling inout v0.2.2
[INFO] [stderr]    Compiling universal-hash v0.6.1
[INFO] [stderr]    Compiling cipher v0.5.1
[INFO] [stderr]    Compiling digest v0.11.2
[INFO] [stderr]    Compiling aead v0.6.0-rc.10
[INFO] [stderr]    Compiling polyval v0.7.1
[INFO] [stderr]    Compiling sha2 v0.11.0
[INFO] [stderr]    Compiling hmac v0.13.0
[INFO] [stderr]    Compiling ghash v0.6.0
[INFO] [stderr]    Compiling ctr v0.10.0-rc.4
[INFO] [stderr]    Compiling aes v0.9.0-rc.4
[INFO] [stderr]    Compiling aes-gcm v0.11.0-rc.3
[INFO] [stderr]    Compiling floe-rs v0.1.0 (/opt/rustwide/workdir)
[INFO] [stderr]     Finished `release` profile [optimized] target(s) in 25.22s
[INFO] running `Command { std: "docker" "inspect" "08173ad6715faba0e2b9cb75f346c86b5a8643fbfb2c6301d0b8f76b99e7eec5", kill_on_drop: false }`
[INFO] running `Command { std: "docker" "exec" "-e" "SOURCE_DIR=/opt/rustwide/workdir" "-e" "CARGO_HOME=/opt/rustwide/cargo-home" "-e" "RUSTUP_HOME=/opt/rustwide/rustup-home" "-e" "CARGO_TARGET_DIR=/opt/rustwide/target" "-e" "CARGO_INCREMENTAL=0" "-e" "RUST_BACKTRACE=full" "-e" "RUSTFLAGS=--cap-lints=warn" "-e" "RUSTDOCFLAGS=--cap-lints=warn" "-w" "/opt/rustwide/workdir" "--user" "0:0" "08173ad6715faba0e2b9cb75f346c86b5a8643fbfb2c6301d0b8f76b99e7eec5" "/opt/rustwide/cargo-home/bin/cargo" "+1.100.0-beta.1" "test" "--frozen" "--no-run" "--message-format=json" "--release", kill_on_drop: false }`
[INFO] [stderr]    Compiling pastey v0.2.1
[INFO] [stderr]    Compiling floe-rs v0.1.0 (/opt/rustwide/workdir)
[INFO] [stderr]     Finished `release` profile [optimized] target(s) in 2.42s
[INFO] running `Command { std: "docker" "inspect" "08173ad6715faba0e2b9cb75f346c86b5a8643fbfb2c6301d0b8f76b99e7eec5", kill_on_drop: false }`
[INFO] running `Command { std: "docker" "exec" "-e" "SOURCE_DIR=/opt/rustwide/workdir" "-e" "CARGO_HOME=/opt/rustwide/cargo-home" "-e" "RUSTUP_HOME=/opt/rustwide/rustup-home" "-e" "CARGO_TARGET_DIR=/opt/rustwide/target" "-e" "CARGO_INCREMENTAL=0" "-e" "RUST_BACKTRACE=full" "-e" "RUSTFLAGS=--cap-lints=warn" "-e" "RUSTDOCFLAGS=--cap-lints=warn" "-w" "/opt/rustwide/workdir" "--user" "0:0" "08173ad6715faba0e2b9cb75f346c86b5a8643fbfb2c6301d0b8f76b99e7eec5" "/opt/rustwide/cargo-home/bin/cargo" "+1.100.0-beta.1" "test" "--frozen" "--release", kill_on_drop: false }`
[INFO] [stderr]     Finished `release` profile [optimized] target(s) in 0.08s
[INFO] [stderr]      Running unittests src/lib.rs (/opt/rustwide/target/release/build/floe-rs/5e0df913197df149/out/floe_rs-5e0df913197df149)
[INFO] [stdout] 
[INFO] [stdout] running 20 tests
[INFO] [stdout] test tests::test_aes_gcm_empty_plaintext ... ok
[INFO] [stdout] test tests::test_go_gcm256_iv256_4k ... FAILED
[INFO] [stdout] test tests::test_cpp_gcm256_iv256_64 ... FAILED
[INFO] [stdout] test tests::test_cpp_gcm256_iv256_1m ... FAILED
[INFO] [stdout] test tests::test_invalid_key_length ... ok
[INFO] [stdout] test tests::test_aes_gcm ... ok
[INFO] [stdout] test tests::test_cpp_gcm256_iv256_4k ... FAILED
[INFO] [stdout] test tests::test_go_gcm256_iv256_64 ... FAILED
[INFO] [stdout] test tests::test_java_lastsegempty ... FAILED
[INFO] [stdout] test tests::test_java_lastsegaligned ... FAILED
[INFO] [stdout] test tests::test_pub_java_gcm256_iv256_1m ... FAILED
[INFO] [stdout] test tests::test_java_gcm256_iv256_4k ... FAILED
[INFO] [stdout] test tests::test_java_gcm256_iv256_64 ... FAILED
[INFO] [stdout] test tests::test_java_gcm256_iv256_1m ... FAILED
[INFO] [stdout] test tests::test_pub_java_gcm256_iv256_4k ... FAILED
[INFO] [stdout] test tests::test_go_gcm256_iv256_1m ... FAILED
[INFO] [stdout] test tests::test_rust_gcm256_iv256_64 ... FAILED
[INFO] [stdout] test tests::test_rust_gcm256_iv256_1m ... FAILED
[INFO] [stdout] test tests::test_rust_gcm256_iv256_4k ... FAILED
[INFO] [stdout] test tests::test_pub_java_gcm256_iv256_64 ... FAILED
[INFO] [stdout] 
[INFO] [stdout] failures:
[INFO] [stdout] 
[INFO] [stdout] ---- tests::test_go_gcm256_iv256_4k stdout ----
[INFO] [stdout] 
[INFO] [stdout] thread 'tests::test_go_gcm256_iv256_4k' (604) panicked at src/tests/helpers.rs:38:51:
[INFO] [stdout] should be able to read the test vector: Os { code: 2, kind: NotFound, message: "No such file or directory" }
[INFO] [stdout] stack backtrace:
[INFO] [stdout]    0:     0x5dfcaf2c40a1 - <<std[617be2ca0a6fd877]::sys::backtrace::BacktraceLock>::print::DisplayBacktrace as core[a373ad73a504971]::fmt::Display>::fmt
[INFO] [stdout]    1:     0x5dfcaf2d83da - core[a373ad73a504971]::fmt::write
[INFO] [stdout]    2:     0x5dfcaf2c82bc - <alloc[2e1b2a31b91974c5]::vec::Vec<u8> as core[a373ad73a504971]::io::write::Write>::write_fmt
[INFO] [stdout]    3:     0x5dfcaf2a01a6 - std[617be2ca0a6fd877]::panicking::default_hook::{closure#0}
[INFO] [stdout]    4:     0x5dfcaf2bc3d9 - std[617be2ca0a6fd877]::panicking::default_hook
[INFO] [stdout]    5:     0x5dfcaf2506f0 - test[aada8e7e76ba119b]::test_main_inner::{closure#0}
[INFO] [stdout]    6:     0x5dfcaf2bc592 - std[617be2ca0a6fd877]::panicking::panic_with_hook
[INFO] [stdout]    7:     0x5dfcaf2a0252 - std[617be2ca0a6fd877]::panicking::panic_handler::{closure#0}
[INFO] [stdout]    8:     0x5dfcaf298dd9 - std[617be2ca0a6fd877]::sys::backtrace::__rust_end_short_backtrace::<std[617be2ca0a6fd877]::panicking::panic_handler::{closure#0}, !>
[INFO] [stdout]    9:     0x5dfcaf2a0e5d - __rustc[ea4f61d10b84890b]::rust_begin_unwind
[INFO] [stdout]   10:     0x5dfcaf2d8b0c - core[a373ad73a504971]::panicking::panic_fmt
[INFO] [stdout]   11:     0x5dfcaf2d88e2 - core[a373ad73a504971]::result::unwrap_failed
[INFO] [stdout]   12:     0x5dfcaf2354ca - floe_rs[75f3570b61cce659]::tests::helpers::read_hex_file
[INFO] [stdout]   13:     0x5dfcaf236651 - <floe_rs[75f3570b61cce659]::tests::test_go_gcm256_iv256_4k::{closure#0} as core[a373ad73a504971]::ops::function::FnOnce<()>>::call_once
[INFO] [stdout]   14:     0x5dfcaf243b3b - test[aada8e7e76ba119b]::__rust_begin_short_backtrace::<core[a373ad73a504971]::result::Result<(), alloc[2e1b2a31b91974c5]::string::String>, fn() -> core[a373ad73a504971]::result::Result<(), alloc[2e1b2a31b91974c5]::string::String>>
[INFO] [stdout]   15:     0x5dfcaf250d15 - test[aada8e7e76ba119b]::run_test::{closure#0}
[INFO] [stdout]   16:     0x5dfcaf24a604 - std[617be2ca0a6fd877]::sys::backtrace::__rust_begin_short_backtrace::<test[aada8e7e76ba119b]::run_test::{closure#1}, ()>
[INFO] [stdout]   17:     0x5dfcaf253da2 - <std[617be2ca0a6fd877]::thread::lifecycle::spawn_unchecked<test[aada8e7e76ba119b]::run_test::{closure#1}, ()>::{closure#1} as core[a373ad73a504971]::ops::function::FnOnce<()>>::call_once::{shim:vtable#0}
[INFO] [stdout]   18:     0x5dfcaf2c359f - <std[617be2ca0a6fd877]::sys::thread::unix::Thread>::new::thread_start
[INFO] [stdout]   19:     0x75ad1b05ddfa - <unknown>
[INFO] [stdout]   20:     0x75ad1b0f13d4 - clone
[INFO] [stdout]   21:                0x0 - <unknown>
[INFO] [stdout] 
[INFO] [stdout] ---- tests::test_cpp_gcm256_iv256_64 stdout ----
[INFO] [stdout] 
[INFO] [stdout] thread 'tests::test_cpp_gcm256_iv256_64' (602) panicked at src/tests/helpers.rs:38:51:
[INFO] [stdout] should be able to read the test vector: Os { code: 2, kind: NotFound, message: "No such file or directory" }
[INFO] [stdout] stack backtrace:
[INFO] [stdout]    0:     0x5dfcaf2c40a1 - <<std[617be2ca0a6fd877]::sys::backtrace::BacktraceLock>::print::DisplayBacktrace as core[a373ad73a504971]::fmt::Display>::fmt
[INFO] [stdout]    1:     0x5dfcaf2d83da - core[a373ad73a504971]::fmt::write
[INFO] [stdout]    2:     0x5dfcaf2c82bc - <alloc[2e1b2a31b91974c5]::vec::Vec<u8> as core[a373ad73a504971]::io::write::Write>::write_fmt
[INFO] [stdout]    3:     0x5dfcaf2a01a6 - std[617be2ca0a6fd877]::panicking::default_hook::{closure#0}
[INFO] [stdout]    4:     0x5dfcaf2bc3d9 - std[617be2ca0a6fd877]::panicking::default_hook
[INFO] [stdout]    5:     0x5dfcaf2506f0 - test[aada8e7e76ba119b]::test_main_inner::{closure#0}
[INFO] [stdout]    6:     0x5dfcaf2bc592 - std[617be2ca0a6fd877]::panicking::panic_with_hook
[INFO] [stdout]    7:     0x5dfcaf2a0252 - std[617be2ca0a6fd877]::panicking::panic_handler::{closure#0}
[INFO] [stdout]    8:     0x5dfcaf298dd9 - std[617be2ca0a6fd877]::sys::backtrace::__rust_end_short_backtrace::<std[617be2ca0a6fd877]::panicking::panic_handler::{closure#0}, !>
[INFO] [stdout]    9:     0x5dfcaf2a0e5d - __rustc[ea4f61d10b84890b]::rust_begin_unwind
[INFO] [stdout]   10:     0x5dfcaf2d8b0c - core[a373ad73a504971]::panicking::panic_fmt
[INFO] [stdout]   11:     0x5dfcaf2d88e2 - core[a373ad73a504971]::result::unwrap_failed
[INFO] [stdout]   12:     0x5dfcaf2354ca - floe_rs[75f3570b61cce659]::tests::helpers::read_hex_file
[INFO] [stdout]   13:     0x5dfcaf236da1 - <floe_rs[75f3570b61cce659]::tests::test_cpp_gcm256_iv256_64::{closure#0} as core[a373ad73a504971]::ops::function::FnOnce<()>>::call_once
[INFO] [stdout]   14:     0x5dfcaf243b3b - test[aada8e7e76ba119b]::__rust_begin_short_backtrace::<core[a373ad73a504971]::result::Result<(), alloc[2e1b2a31b91974c5]::string::String>, fn() -> core[a373ad73a504971]::result::Result<(), alloc[2e1b2a31b91974c5]::string::String>>
[INFO] [stdout]   15:     0x5dfcaf250d15 - test[aada8e7e76ba119b]::run_test::{closure#0}
[INFO] [stdout]   16:     0x5dfcaf24a604 - std[617be2ca0a6fd877]::sys::backtrace::__rust_begin_short_backtrace::<test[aada8e7e76ba119b]::run_test::{closure#1}, ()>
[INFO] [stdout]   17:     0x5dfcaf253da2 - <std[617be2ca0a6fd877]::thread::lifecycle::spawn_unchecked<test[aada8e7e76ba119b]::run_test::{closure#1}, ()>::{closure#1} as core[a373ad73a504971]::ops::function::FnOnce<()>>::call_once::{shim:vtable#0}
[INFO] [stdout]   18:     0x5dfcaf2c359f - <std[617be2ca0a6fd877]::sys::thread::unix::Thread>::new::thread_start
[INFO] [stdout]   19:     0x75ad1b05ddfa - <unknown>
[INFO] [stdout]   20:     0x75ad1b0f13d4 - clone
[INFO] [stdout]   21:                0x0 - <unknown>
[INFO] [stdout] 
[INFO] [stdout] ---- tests::test_cpp_gcm256_iv256_1m stdout ----
[INFO] [stdout] 
[INFO] [stdout] thread 'tests::test_cpp_gcm256_iv256_1m' (600) panicked at src/tests/helpers.rs:38:51:
[INFO] [stdout] should be able to read the test vector: Os { code: 2, kind: NotFound, message: "No such file or directory" }
[INFO] [stdout] stack backtrace:
[INFO] [stdout]    0:     0x5dfcaf2c40a1 - <<std[617be2ca0a6fd877]::sys::backtrace::BacktraceLock>::print::DisplayBacktrace as core[a373ad73a504971]::fmt::Display>::fmt
[INFO] [stdout]    1:     0x5dfcaf2d83da - core[a373ad73a504971]::fmt::write
[INFO] [stdout]    2:     0x5dfcaf2c82bc - <alloc[2e1b2a31b91974c5]::vec::Vec<u8> as core[a373ad73a504971]::io::write::Write>::write_fmt
[INFO] [stdout]    3:     0x5dfcaf2a01a6 - std[617be2ca0a6fd877]::panicking::default_hook::{closure#0}
[INFO] [stdout]    4:     0x5dfcaf2bc3d9 - std[617be2ca0a6fd877]::panicking::default_hook
[INFO] [stdout]    5:     0x5dfcaf2506f0 - test[aada8e7e76ba119b]::test_main_inner::{closure#0}
[INFO] [stdout]    6:     0x5dfcaf2bc592 - std[617be2ca0a6fd877]::panicking::panic_with_hook
[INFO] [stdout]    7:     0x5dfcaf2a0252 - std[617be2ca0a6fd877]::panicking::panic_handler::{closure#0}
[INFO] [stdout]    8:     0x5dfcaf298dd9 - std[617be2ca0a6fd877]::sys::backtrace::__rust_end_short_backtrace::<std[617be2ca0a6fd877]::panicking::panic_handler::{closure#0}, !>
[INFO] [stdout]    9:     0x5dfcaf2a0e5d - __rustc[ea4f61d10b84890b]::rust_begin_unwind
[INFO] [stdout]   10:     0x5dfcaf2d8b0c - core[a373ad73a504971]::panicking::panic_fmt
[INFO] [stdout]   11:     0x5dfcaf2d88e2 - core[a373ad73a504971]::result::unwrap_failed
[INFO] [stdout]   12:     0x5dfcaf2354ca - floe_rs[75f3570b61cce659]::tests::helpers::read_hex_file
[INFO] [stdout]   13:     0x5dfcaf236a01 - <floe_rs[75f3570b61cce659]::tests::test_cpp_gcm256_iv256_1m::{closure#0} as core[a373ad73a504971]::ops::function::FnOnce<()>>::call_once
[INFO] [stdout]   14:     0x5dfcaf243b3b - test[aada8e7e76ba119b]::__rust_begin_short_backtrace::<core[a373ad73a504971]::result::Result<(), alloc[2e1b2a31b91974c5]::string::String>, fn() -> core[a373ad73a504971]::result::Result<(), alloc[2e1b2a31b91974c5]::string::String>>
[INFO] [stdout]   15:     0x5dfcaf250d15 - test[aada8e7e76ba119b]::run_test::{closure#0}
[INFO] [stdout]   16:     0x5dfcaf24a604 - std[617be2ca0a6fd877]::sys::backtrace::__rust_begin_short_backtrace::<test[aada8e7e76ba119b]::run_test::{closure#1}, ()>
[INFO] [stdout]   17:     0x5dfcaf253da2 - <std[617be2ca0a6fd877]::thread::lifecycle::spawn_unchecked<test[aada8e7e76ba119b]::run_test::{closure#1}, ()>::{closure#1} as core[a373ad73a504971]::ops::function::FnOnce<()>>::call_once::{shim:vtable#0}
[INFO] [stdout]   18:     0x5dfcaf2c359f - <std[617be2ca0a6fd877]::sys::thread::unix::Thread>::new::thread_start
[INFO] [stdout]   19:     0x75ad1b05ddfa - <unknown>
[INFO] [stdout]   20:     0x75ad1b0f13d4 - clone
[INFO] [stdout]   21:                0x0 - <unknown>
[INFO] [stdout] 
[INFO] [stdout] ---- tests::test_cpp_gcm256_iv256_4k stdout ----
[INFO] [stdout] 
[INFO] [stdout] thread 'tests::test_cpp_gcm256_iv256_4k' (601) panicked at src/tests/helpers.rs:38:51:
[INFO] [stdout] should be able to read the test vector: Os { code: 2, kind: NotFound, message: "No such file or directory" }
[INFO] [stdout] stack backtrace:
[INFO] [stdout]    0:     0x5dfcaf2c40a1 - <<std[617be2ca0a6fd877]::sys::backtrace::BacktraceLock>::print::DisplayBacktrace as core[a373ad73a504971]::fmt::Display>::fmt
[INFO] [stdout]    1:     0x5dfcaf2d83da - core[a373ad73a504971]::fmt::write
[INFO] [stdout]    2:     0x5dfcaf2c82bc - <alloc[2e1b2a31b91974c5]::vec::Vec<u8> as core[a373ad73a504971]::io::write::Write>::write_fmt
[INFO] [stdout]    3:     0x5dfcaf2a01a6 - std[617be2ca0a6fd877]::panicking::default_hook::{closure#0}
[INFO] [stdout]    4:     0x5dfcaf2bc3d9 - std[617be2ca0a6fd877]::panicking::default_hook
[INFO] [stdout]    5:     0x5dfcaf2506f0 - test[aada8e7e76ba119b]::test_main_inner::{closure#0}
[INFO] [stdout]    6:     0x5dfcaf2bc592 - std[617be2ca0a6fd877]::panicking::panic_with_hook
[INFO] [stdout]    7:     0x5dfcaf2a0252 - std[617be2ca0a6fd877]::panicking::panic_handler::{closure#0}
[INFO] [stdout]    8:     0x5dfcaf298dd9 - std[617be2ca0a6fd877]::sys::backtrace::__rust_end_short_backtrace::<std[617be2ca0a6fd877]::panicking::panic_handler::{closure#0}, !>
[INFO] [stdout]    9:     0x5dfcaf2a0e5d - __rustc[ea4f61d10b84890b]::rust_begin_unwind
[INFO] [stdout]   10:     0x5dfcaf2d8b0c - core[a373ad73a504971]::panicking::panic_fmt
[INFO] [stdout]   11:     0x5dfcaf2d88e2 - core[a373ad73a504971]::result::unwrap_failed
[INFO] [stdout]   12:     0x5dfcaf2354ca - floe_rs[75f3570b61cce659]::tests::helpers::read_hex_file
[INFO] [stdout]   13:     0x5dfcaf236bd1 - <floe_rs[75f3570b61cce659]::tests::test_cpp_gcm256_iv256_4k::{closure#0} as core[a373ad73a504971]::ops::function::FnOnce<()>>::call_once
[INFO] [stdout]   14:     0x5dfcaf243b3b - test[aada8e7e76ba119b]::__rust_begin_short_backtrace::<core[a373ad73a504971]::result::Result<(), alloc[2e1b2a31b91974c5]::string::String>, fn() -> core[a373ad73a504971]::result::Result<(), alloc[2e1b2a31b91974c5]::string::String>>
[INFO] [stdout]   15:     0x5dfcaf250d15 - test[aada8e7e76ba119b]::run_test::{closure#0}
[INFO] [stdout]   16:     0x5dfcaf24a604 - std[617be2ca0a6fd877]::sys::backtrace::__rust_begin_short_backtrace::<test[aada8e7e76ba119b]::run_test::{closure#1}, ()>
[INFO] [stdout]   17:     0x5dfcaf253da2 - <std[617be2ca0a6fd877]::thread::lifecycle::spawn_unchecked<test[aada8e7e76ba119b]::run_test::{closure#1}, ()>::{closure#1} as core[a373ad73a504971]::ops::function::FnOnce<()>>::call_once::{shim:vtable#0}
[INFO] [stdout]   18:     0x5dfcaf2c359f - <std[617be2ca0a6fd877]::sys::thread::unix::Thread>::new::thread_start
[INFO] [stdout]   19:     0x75ad1b05ddfa - <unknown>
[INFO] [stdout]   20:     0x75ad1b0f13d4 - clone
[INFO] [stdout]   21:                0x0 - <unknown>
[INFO] [stdout] 
[INFO] [stdout] ---- tests::test_go_gcm256_iv256_64 stdout ----
[INFO] [stdout] 
[INFO] [stdout] thread 'tests::test_go_gcm256_iv256_64' (605) panicked at src/tests/helpers.rs:38:51:
[INFO] [stdout] should be able to read the test vector: Os { code: 2, kind: NotFound, message: "No such file or directory" }
[INFO] [stdout] stack backtrace:
[INFO] [stdout]    0:     0x5dfcaf2c40a1 - <<std[617be2ca0a6fd877]::sys::backtrace::BacktraceLock>::print::DisplayBacktrace as core[a373ad73a504971]::fmt::Display>::fmt
[INFO] [stdout]    1:     0x5dfcaf2d83da - core[a373ad73a504971]::fmt::write
[INFO] [stdout]    2:     0x5dfcaf2c82bc - <alloc[2e1b2a31b91974c5]::vec::Vec<u8> as core[a373ad73a504971]::io::write::Write>::write_fmt
[INFO] [stdout]    3:     0x5dfcaf2a01a6 - std[617be2ca0a6fd877]::panicking::default_hook::{closure#0}
[INFO] [stdout]    4:     0x5dfcaf2bc3d9 - std[617be2ca0a6fd877]::panicking::default_hook
[INFO] [stdout]    5:     0x5dfcaf2506f0 - test[aada8e7e76ba119b]::test_main_inner::{closure#0}
[INFO] [stdout]    6:     0x5dfcaf2bc592 - std[617be2ca0a6fd877]::panicking::panic_with_hook
[INFO] [stdout]    7:     0x5dfcaf2a0252 - std[617be2ca0a6fd877]::panicking::panic_handler::{closure#0}
[INFO] [stdout]    8:     0x5dfcaf298dd9 - std[617be2ca0a6fd877]::sys::backtrace::__rust_end_short_backtrace::<std[617be2ca0a6fd877]::panicking::panic_handler::{closure#0}, !>
[INFO] [stdout]    9:     0x5dfcaf2a0e5d - __rustc[ea4f61d10b84890b]::rust_begin_unwind
[INFO] [stdout]   10:     0x5dfcaf2d8b0c - core[a373ad73a504971]::panicking::panic_fmt
[INFO] [stdout]   11:     0x5dfcaf2d88e2 - core[a373ad73a504971]::result::unwrap_failed
[INFO] [stdout]   12:     0x5dfcaf2354ca - floe_rs[75f3570b61cce659]::tests::helpers::read_hex_file
[INFO] [stdout]   13:     0x5dfcaf236821 - <floe_rs[75f3570b61cce659]::tests::test_go_gcm256_iv256_64::{closure#0} as core[a373ad73a504971]::ops::function::FnOnce<()>>::call_once
[INFO] [stdout]   14:     0x5dfcaf243b3b - test[aada8e7e76ba119b]::__rust_begin_short_backtrace::<core[a373ad73a504971]::result::Result<(), alloc[2e1b2a31b91974c5]::string::String>, fn() -> core[a373ad73a504971]::result::Result<(), alloc[2e1b2a31b91974c5]::string::String>>
[INFO] [stdout]   15:     0x5dfcaf250d15 - test[aada8e7e76ba119b]::run_test::{closure#0}
[INFO] [stdout]   16:     0x5dfcaf24a604 - std[617be2ca0a6fd877]::sys::backtrace::__rust_begin_short_backtrace::<test[aada8e7e76ba119b]::run_test::{closure#1}, ()>
[INFO] [stdout]   17:     0x5dfcaf253da2 - <std[617be2ca0a6fd877]::thread::lifecycle::spawn_unchecked<test[aada8e7e76ba119b]::run_test::{closure#1}, ()>::{closure#1} as core[a373ad73a504971]::ops::function::FnOnce<()>>::call_once::{shim:vtable#0}
[INFO] [stdout]   18:     0x5dfcaf2c359f - <std[617be2ca0a6fd877]::sys::thread::unix::Thread>::new::thread_start
[INFO] [stdout]   19:     0x75ad1b05ddfa - <unknown>
[INFO] [stdout]   20:     0x75ad1b0f13d4 - clone
[INFO] [stdout]   21:                0x0 - <unknown>
[INFO] [stdout] 
[INFO] [stdout] ---- tests::test_java_lastsegempty stdout ----
[INFO] [stdout] 
[INFO] [stdout] thread 'tests::test_java_lastsegempty' (611) panicked at src/tests/helpers.rs:38:51:
[INFO] [stdout] should be able to read the test vector: Os { code: 2, kind: NotFound, message: "No such file or directory" }
[INFO] [stdout] stack backtrace:
[INFO] [stdout]    0:     0x5dfcaf2c40a1 - <<std[617be2ca0a6fd877]::sys::backtrace::BacktraceLock>::print::DisplayBacktrace as core[a373ad73a504971]::fmt::Display>::fmt
[INFO] [stdout]    1:     0x5dfcaf2d83da - core[a373ad73a504971]::fmt::write
[INFO] [stdout]    2:     0x5dfcaf2c82bc - <alloc[2e1b2a31b91974c5]::vec::Vec<u8> as core[a373ad73a504971]::io::write::Write>::write_fmt
[INFO] [stdout]    3:     0x5dfcaf2a01a6 - std[617be2ca0a6fd877]::panicking::default_hook::{closure#0}
[INFO] [stdout]    4:     0x5dfcaf2bc3d9 - std[617be2ca0a6fd877]::panicking::default_hook
[INFO] [stdout]    5:     0x5dfcaf2506f0 - test[aada8e7e76ba119b]::test_main_inner::{closure#0}
[INFO] [stdout]    6:     0x5dfcaf2bc592 - std[617be2ca0a6fd877]::panicking::panic_with_hook
[INFO] [stdout]    7:     0x5dfcaf2a0252 - std[617be2ca0a6fd877]::panicking::panic_handler::{closure#0}
[INFO] [stdout]    8:     0x5dfcaf298dd9 - std[617be2ca0a6fd877]::sys::backtrace::__rust_end_short_backtrace::<std[617be2ca0a6fd877]::panicking::panic_handler::{closure#0}, !>
[INFO] [stdout]    9:     0x5dfcaf2a0e5d - __rustc[ea4f61d10b84890b]::rust_begin_unwind
[INFO] [stdout]   10:     0x5dfcaf2d8b0c - core[a373ad73a504971]::panicking::panic_fmt
[INFO] [stdout]   11:     0x5dfcaf2d88e2 - core[a373ad73a504971]::result::unwrap_failed
[INFO] [stdout]   12:     0x5dfcaf2354ca - floe_rs[75f3570b61cce659]::tests::helpers::read_hex_file
[INFO] [stdout]   13:     0x5dfcaf2362b1 - <floe_rs[75f3570b61cce659]::tests::test_java_lastsegempty::{closure#0} as core[a373ad73a504971]::ops::function::FnOnce<()>>::call_once
[INFO] [stdout]   14:     0x5dfcaf243b3b - test[aada8e7e76ba119b]::__rust_begin_short_backtrace::<core[a373ad73a504971]::result::Result<(), alloc[2e1b2a31b91974c5]::string::String>, fn() -> core[a373ad73a504971]::result::Result<(), alloc[2e1b2a31b91974c5]::string::String>>
[INFO] [stdout]   15:     0x5dfcaf250d15 - test[aada8e7e76ba119b]::run_test::{closure#0}
[INFO] [stdout]   16:     0x5dfcaf24a604 - std[617be2ca0a6fd877]::sys::backtrace::__rust_begin_short_backtrace::<test[aada8e7e76ba119b]::run_test::{closure#1}, ()>
[INFO] [stdout]   17:     0x5dfcaf253da2 - <std[617be2ca0a6fd877]::thread::lifecycle::spawn_unchecked<test[aada8e7e76ba119b]::run_test::{closure#1}, ()>::{closure#1} as core[a373ad73a504971]::ops::function::FnOnce<()>>::call_once::{shim:vtable#0}
[INFO] [stdout]   18:     0x5dfcaf2c359f - <std[617be2ca0a6fd877]::sys::thread::unix::Thread>::new::thread_start
[INFO] [stdout]   19:     0x75ad1b05ddfa - <unknown>
[INFO] [stdout]   20:     0x75ad1b0f13d4 - clone
[INFO] [stdout]   21:                0x0 - <unknown>
[INFO] [stdout] 
[INFO] [stdout] ---- tests::test_java_lastsegaligned stdout ----
[INFO] [stdout] 
[INFO] [stdout] thread 'tests::test_java_lastsegaligned' (610) panicked at src/tests/helpers.rs:38:51:
[INFO] [stdout] should be able to read the test vector: Os { code: 2, kind: NotFound, message: "No such file or directory" }
[INFO] [stdout] stack backtrace:
[INFO] [stdout]    0:     0x5dfcaf2c40a1 - <<std[617be2ca0a6fd877]::sys::backtrace::BacktraceLock>::print::DisplayBacktrace as core[a373ad73a504971]::fmt::Display>::fmt
[INFO] [stdout]    1:     0x5dfcaf2d83da - core[a373ad73a504971]::fmt::write
[INFO] [stdout]    2:     0x5dfcaf2c82bc - <alloc[2e1b2a31b91974c5]::vec::Vec<u8> as core[a373ad73a504971]::io::write::Write>::write_fmt
[INFO] [stdout]    3:     0x5dfcaf2a01a6 - std[617be2ca0a6fd877]::panicking::default_hook::{closure#0}
[INFO] [stdout]    4:     0x5dfcaf2bc3d9 - std[617be2ca0a6fd877]::panicking::default_hook
[INFO] [stdout]    5:     0x5dfcaf2506f0 - test[aada8e7e76ba119b]::test_main_inner::{closure#0}
[INFO] [stdout]    6:     0x5dfcaf2bc592 - std[617be2ca0a6fd877]::panicking::panic_with_hook
[INFO] [stdout]    7:     0x5dfcaf2a0252 - std[617be2ca0a6fd877]::panicking::panic_handler::{closure#0}
[INFO] [stdout]    8:     0x5dfcaf298dd9 - std[617be2ca0a6fd877]::sys::backtrace::__rust_end_short_backtrace::<std[617be2ca0a6fd877]::panicking::panic_handler::{closure#0}, !>
[INFO] [stdout]    9:     0x5dfcaf2a0e5d - __rustc[ea4f61d10b84890b]::rust_begin_unwind
[INFO] [stdout]   10:     0x5dfcaf2d8b0c - core[a373ad73a504971]::panicking::panic_fmt
[INFO] [stdout]   11:     0x5dfcaf2d88e2 - core[a373ad73a504971]::result::unwrap_failed
[INFO] [stdout]   12:     0x5dfcaf2354ca - floe_rs[75f3570b61cce659]::tests::helpers::read_hex_file
[INFO] [stdout]   13:     0x5dfcaf236f71 - <floe_rs[75f3570b61cce659]::tests::test_java_lastsegaligned::{closure#0} as core[a373ad73a504971]::ops::function::FnOnce<()>>::call_once
[INFO] [stdout]   14:     0x5dfcaf243b3b - test[aada8e7e76ba119b]::__rust_begin_short_backtrace::<core[a373ad73a504971]::result::Result<(), alloc[2e1b2a31b91974c5]::string::String>, fn() -> core[a373ad73a504971]::result::Result<(), alloc[2e1b2a31b91974c5]::string::String>>
[INFO] [stdout]   15:     0x5dfcaf250d15 - test[aada8e7e76ba119b]::run_test::{closure#0}
[INFO] [stdout]   16:     0x5dfcaf24a604 - std[617be2ca0a6fd877]::sys::backtrace::__rust_begin_short_backtrace::<test[aada8e7e76ba119b]::run_test::{closure#1}, ()>
[INFO] [stdout]   17:     0x5dfcaf253da2 - <std[617be2ca0a6fd877]::thread::lifecycle::spawn_unchecked<test[aada8e7e76ba119b]::run_test::{closure#1}, ()>::{closure#1} as core[a373ad73a504971]::ops::function::FnOnce<()>>::call_once::{shim:vtable#0}
[INFO] [stdout]   18:     0x5dfcaf2c359f - <std[617be2ca0a6fd877]::sys::thread::unix::Thread>::new::thread_start
[INFO] [stdout]   19:     0x75ad1b05ddfa - <unknown>
[INFO] [stdout]   20:     0x75ad1b0f13d4 - clone
[INFO] [stdout]   21:                0x0 - <unknown>
[INFO] [stdout] 
[INFO] [stdout] ---- tests::test_pub_java_gcm256_iv256_1m stdout ----
[INFO] [stdout] 
[INFO] [stdout] thread 'tests::test_pub_java_gcm256_iv256_1m' (612) panicked at src/tests/helpers.rs:38:51:
[INFO] [stdout] should be able to read the test vector: Os { code: 2, kind: NotFound, message: "No such file or directory" }
[INFO] [stdout] stack backtrace:
[INFO] [stdout]    0:     0x5dfcaf2c40a1 - <<std[617be2ca0a6fd877]::sys::backtrace::BacktraceLock>::print::DisplayBacktrace as core[a373ad73a504971]::fmt::Display>::fmt
[INFO] [stdout]    1:     0x5dfcaf2d83da - core[a373ad73a504971]::fmt::write
[INFO] [stdout]    2:     0x5dfcaf2c82bc - <alloc[2e1b2a31b91974c5]::vec::Vec<u8> as core[a373ad73a504971]::io::write::Write>::write_fmt
[INFO] [stdout]    3:     0x5dfcaf2a01a6 - std[617be2ca0a6fd877]::panicking::default_hook::{closure#0}
[INFO] [stdout]    4:     0x5dfcaf2bc3d9 - std[617be2ca0a6fd877]::panicking::default_hook
[INFO] [stdout]    5:     0x5dfcaf2506f0 - test[aada8e7e76ba119b]::test_main_inner::{closure#0}
[INFO] [stdout]    6:     0x5dfcaf2bc592 - std[617be2ca0a6fd877]::panicking::panic_with_hook
[INFO] [stdout]    7:     0x5dfcaf2a0252 - std[617be2ca0a6fd877]::panicking::panic_handler::{closure#0}
[INFO] [stdout]    8:     0x5dfcaf298dd9 - std[617be2ca0a6fd877]::sys::backtrace::__rust_end_short_backtrace::<std[617be2ca0a6fd877]::panicking::panic_handler::{closure#0}, !>
[INFO] [stdout]    9:     0x5dfcaf2a0e5d - __rustc[ea4f61d10b84890b]::rust_begin_unwind
[INFO] [stdout]   10:     0x5dfcaf2d8b0c - core[a373ad73a504971]::panicking::panic_fmt
[INFO] [stdout]   11:     0x5dfcaf2d88e2 - core[a373ad73a504971]::result::unwrap_failed
[INFO] [stdout]   12:     0x5dfcaf2354ca - floe_rs[75f3570b61cce659]::tests::helpers::read_hex_file
[INFO] [stdout]   13:     0x5dfcaf2382de - <floe_rs[75f3570b61cce659]::tests::test_pub_java_gcm256_iv256_1m::{closure#0} as core[a373ad73a504971]::ops::function::FnOnce<()>>::call_once
[INFO] [stdout]   14:     0x5dfcaf243b3b - test[aada8e7e76ba119b]::__rust_begin_short_backtrace::<core[a373ad73a504971]::result::Result<(), alloc[2e1b2a31b91974c5]::string::String>, fn() -> core[a373ad73a504971]::result::Result<(), alloc[2e1b2a31b91974c5]::string::String>>
[INFO] [stdout]   15:     0x5dfcaf250d15 - test[aada8e7e76ba119b]::run_test::{closure#0}
[INFO] [stdout]   16:     0x5dfcaf24a604 - std[617be2ca0a6fd877]::sys::backtrace::__rust_begin_short_backtrace::<test[aada8e7e76ba119b]::run_test::{closure#1}, ()>
[INFO] [stdout]   17:     0x5dfcaf253da2 - <std[617be2ca0a6fd877]::thread::lifecycle::spawn_unchecked<test[aada8e7e76ba119b]::run_test::{closure#1}, ()>::{closure#1} as core[a373ad73a504971]::ops::function::FnOnce<()>>::call_once::{shim:vtable#0}
[INFO] [stdout]   18:     0x5dfcaf2c359f - <std[617be2ca0a6fd877]::sys::thread::unix::Thread>::new::thread_start
[INFO] [stdout]   19:     0x75ad1b05ddfa - <unknown>
[INFO] [stdout]   20:     0x75ad1b0f13d4 - clone
[INFO] [stdout]   21:                0x0 - <unknown>
[INFO] [stdout] 
[INFO] [stdout] ---- tests::test_java_gcm256_iv256_4k stdout ----
[INFO] [stdout] 
[INFO] [stdout] thread 'tests::test_java_gcm256_iv256_4k' (608) panicked at src/tests/helpers.rs:38:51:
[INFO] [stdout] should be able to read the test vector: Os { code: 2, kind: NotFound, message: "No such file or directory" }
[INFO] [stdout] stack backtrace:
[INFO] [stdout]    0:     0x5dfcaf2c40a1 - <<std[617be2ca0a6fd877]::sys::backtrace::BacktraceLock>::print::DisplayBacktrace as core[a373ad73a504971]::fmt::Display>::fmt
[INFO] [stdout]    1:     0x5dfcaf2d83da - core[a373ad73a504971]::fmt::write
[INFO] [stdout]    2:     0x5dfcaf2c82bc - <alloc[2e1b2a31b91974c5]::vec::Vec<u8> as core[a373ad73a504971]::io::write::Write>::write_fmt
[INFO] [stdout]    3:     0x5dfcaf2a01a6 - std[617be2ca0a6fd877]::panicking::default_hook::{closure#0}
[INFO] [stdout]    4:     0x5dfcaf2bc3d9 - std[617be2ca0a6fd877]::panicking::default_hook
[INFO] [stdout]    5:     0x5dfcaf2506f0 - test[aada8e7e76ba119b]::test_main_inner::{closure#0}
[INFO] [stdout]    6:     0x5dfcaf2bc592 - std[617be2ca0a6fd877]::panicking::panic_with_hook
[INFO] [stdout]    7:     0x5dfcaf2a0252 - std[617be2ca0a6fd877]::panicking::panic_handler::{closure#0}
[INFO] [stdout]    8:     0x5dfcaf298dd9 - std[617be2ca0a6fd877]::sys::backtrace::__rust_end_short_backtrace::<std[617be2ca0a6fd877]::panicking::panic_handler::{closure#0}, !>
[INFO] [stdout]    9:     0x5dfcaf2a0e5d - __rustc[ea4f61d10b84890b]::rust_begin_unwind
[INFO] [stdout]   10:     0x5dfcaf2d8b0c - core[a373ad73a504971]::panicking::panic_fmt
[INFO] [stdout]   11:     0x5dfcaf2d88e2 - core[a373ad73a504971]::result::unwrap_failed
[INFO] [stdout]   12:     0x5dfcaf2354ca - floe_rs[75f3570b61cce659]::tests::helpers::read_hex_file
[INFO] [stdout]   13:     0x5dfcaf237311 - <floe_rs[75f3570b61cce659]::tests::test_java_gcm256_iv256_4k::{closure#0} as core[a373ad73a504971]::ops::function::FnOnce<()>>::call_once
[INFO] [stdout]   14:     0x5dfcaf243b3b - test[aada8e7e76ba119b]::__rust_begin_short_backtrace::<core[a373ad73a504971]::result::Result<(), alloc[2e1b2a31b91974c5]::string::String>, fn() -> core[a373ad73a504971]::result::Result<(), alloc[2e1b2a31b91974c5]::string::String>>
[INFO] [stdout]   15:     0x5dfcaf250d15 - test[aada8e7e76ba119b]::run_test::{closure#0}
[INFO] [stdout]   16:     0x5dfcaf24a604 - std[617be2ca0a6fd877]::sys::backtrace::__rust_begin_short_backtrace::<test[aada8e7e76ba119b]::run_test::{closure#1}, ()>
[INFO] [stdout]   17:     0x5dfcaf253da2 - <std[617be2ca0a6fd877]::thread::lifecycle::spawn_unchecked<test[aada8e7e76ba119b]::run_test::{closure#1}, ()>::{closure#1} as core[a373ad73a504971]::ops::function::FnOnce<()>>::call_once::{shim:vtable#0}
[INFO] [stdout]   18:     0x5dfcaf2c359f - <std[617be2ca0a6fd877]::sys::thread::unix::Thread>::new::thread_start
[INFO] [stdout]   19:     0x75ad1b05ddfa - <unknown>
[INFO] [stdout]   20:     0x75ad1b0f13d4 - clone
[INFO] [stdout]   21:                0x0 - <unknown>
[INFO] [stdout] 
[INFO] [stdout] ---- tests::test_java_gcm256_iv256_64 stdout ----
[INFO] [stdout] 
[INFO] [stdout] thread 'tests::test_java_gcm256_iv256_64' (609) panicked at src/tests/helpers.rs:38:51:
[INFO] [stdout] should be able to read the test vector: Os { code: 2, kind: NotFound, message: "No such file or directory" }
[INFO] [stdout] stack backtrace:
[INFO] [stdout]    0:     0x5dfcaf2c40a1 - <<std[617be2ca0a6fd877]::sys::backtrace::BacktraceLock>::print::DisplayBacktrace as core[a373ad73a504971]::fmt::Display>::fmt
[INFO] [stdout]    1:     0x5dfcaf2d83da - core[a373ad73a504971]::fmt::write
[INFO] [stdout]    2:     0x5dfcaf2c82bc - <alloc[2e1b2a31b91974c5]::vec::Vec<u8> as core[a373ad73a504971]::io::write::Write>::write_fmt
[INFO] [stdout]    3:     0x5dfcaf2a01a6 - std[617be2ca0a6fd877]::panicking::default_hook::{closure#0}
[INFO] [stdout]    4:     0x5dfcaf2bc3d9 - std[617be2ca0a6fd877]::panicking::default_hook
[INFO] [stdout]    5:     0x5dfcaf2506f0 - test[aada8e7e76ba119b]::test_main_inner::{closure#0}
[INFO] [stdout]    6:     0x5dfcaf2bc592 - std[617be2ca0a6fd877]::panicking::panic_with_hook
[INFO] [stdout]    7:     0x5dfcaf2a0252 - std[617be2ca0a6fd877]::panicking::panic_handler::{closure#0}
[INFO] [stdout]    8:     0x5dfcaf298dd9 - std[617be2ca0a6fd877]::sys::backtrace::__rust_end_short_backtrace::<std[617be2ca0a6fd877]::panicking::panic_handler::{closure#0}, !>
[INFO] [stdout]    9:     0x5dfcaf2a0e5d - __rustc[ea4f61d10b84890b]::rust_begin_unwind
[INFO] [stdout]   10:     0x5dfcaf2d8b0c - core[a373ad73a504971]::panicking::panic_fmt
[INFO] [stdout]   11:     0x5dfcaf2d88e2 - core[a373ad73a504971]::result::unwrap_failed
[INFO] [stdout]   12:     0x5dfcaf2354ca - floe_rs[75f3570b61cce659]::tests::helpers::read_hex_file
[INFO] [stdout]   13:     0x5dfcaf2374e1 - <floe_rs[75f3570b61cce659]::tests::test_java_gcm256_iv256_64::{closure#0} as core[a373ad73a504971]::ops::function::FnOnce<()>>::call_once
[INFO] [stdout]   14:     0x5dfcaf243b3b - test[aada8e7e76ba119b]::__rust_begin_short_backtrace::<core[a373ad73a504971]::result::Result<(), alloc[2e1b2a31b91974c5]::string::String>, fn() -> core[a373ad73a504971]::result::Result<(), alloc[2e1b2a31b91974c5]::string::String>>
[INFO] [stdout]   15:     0x5dfcaf250d15 - test[aada8e7e76ba119b]::run_test::{closure#0}
[INFO] [stdout]   16:     0x5dfcaf24a604 - std[617be2ca0a6fd877]::sys::backtrace::__rust_begin_short_backtrace::<test[aada8e7e76ba119b]::run_test::{closure#1}, ()>
[INFO] [stdout]   17:     0x5dfcaf253da2 - <std[617be2ca0a6fd877]::thread::lifecycle::spawn_unchecked<test[aada8e7e76ba119b]::run_test::{closure#1}, ()>::{closure#1} as core[a373ad73a504971]::ops::function::FnOnce<()>>::call_once::{shim:vtable#0}
[INFO] [stdout]   18:     0x5dfcaf2c359f - <std[617be2ca0a6fd877]::sys::thread::unix::Thread>::new::thread_start
[INFO] [stdout]   19:     0x75ad1b05ddfa - <unknown>
[INFO] [stdout]   20:     0x75ad1b0f13d4 - clone
[INFO] [stdout]   21:                0x0 - <unknown>
[INFO] [stdout] 
[INFO] [stdout] ---- tests::test_java_gcm256_iv256_1m stdout ----
[INFO] [stdout] 
[INFO] [stdout] thread 'tests::test_java_gcm256_iv256_1m' (607) panicked at src/tests/helpers.rs:38:51:
[INFO] [stdout] should be able to read the test vector: Os { code: 2, kind: NotFound, message: "No such file or directory" }
[INFO] [stdout] stack backtrace:
[INFO] [stdout]    0:     0x5dfcaf2c40a1 - <<std[617be2ca0a6fd877]::sys::backtrace::BacktraceLock>::print::DisplayBacktrace as core[a373ad73a504971]::fmt::Display>::fmt
[INFO] [stdout]    1:     0x5dfcaf2d83da - core[a373ad73a504971]::fmt::write
[INFO] [stdout]    2:     0x5dfcaf2c82bc - <alloc[2e1b2a31b91974c5]::vec::Vec<u8> as core[a373ad73a504971]::io::write::Write>::write_fmt
[INFO] [stdout]    3:     0x5dfcaf2a01a6 - std[617be2ca0a6fd877]::panicking::default_hook::{closure#0}
[INFO] [stdout]    4:     0x5dfcaf2bc3d9 - std[617be2ca0a6fd877]::panicking::default_hook
[INFO] [stdout]    5:     0x5dfcaf2506f0 - test[aada8e7e76ba119b]::test_main_inner::{closure#0}
[INFO] [stdout]    6:     0x5dfcaf2bc592 - std[617be2ca0a6fd877]::panicking::panic_with_hook
[INFO] [stdout]    7:     0x5dfcaf2a0252 - std[617be2ca0a6fd877]::panicking::panic_handler::{closure#0}
[INFO] [stdout]    8:     0x5dfcaf298dd9 - std[617be2ca0a6fd877]::sys::backtrace::__rust_end_short_backtrace::<std[617be2ca0a6fd877]::panicking::panic_handler::{closure#0}, !>
[INFO] [stdout]    9:     0x5dfcaf2a0e5d - __rustc[ea4f61d10b84890b]::rust_begin_unwind
[INFO] [stdout]   10:     0x5dfcaf2d8b0c - core[a373ad73a504971]::panicking::panic_fmt
[INFO] [stdout]   11:     0x5dfcaf2d88e2 - core[a373ad73a504971]::result::unwrap_failed
[INFO] [stdout]   12:     0x5dfcaf2354ca - floe_rs[75f3570b61cce659]::tests::helpers::read_hex_file
[INFO] [stdout]   13:     0x5dfcaf237141 - <floe_rs[75f3570b61cce659]::tests::test_java_gcm256_iv256_1m::{closure#0} as core[a373ad73a504971]::ops::function::FnOnce<()>>::call_once
[INFO] [stdout]   14:     0x5dfcaf243b3b - test[aada8e7e76ba119b]::__rust_begin_short_backtrace::<core[a373ad73a504971]::result::Result<(), alloc[2e1b2a31b91974c5]::string::String>, fn() -> core[a373ad73a504971]::result::Result<(), alloc[2e1b2a31b91974c5]::string::String>>
[INFO] [stdout]   15:     0x5dfcaf250d15 - test[aada8e7e76ba119b]::run_test::{closure#0}
[INFO] [stdout]   16:     0x5dfcaf24a604 - std[617be2ca0a6fd877]::sys::backtrace::__rust_begin_short_backtrace::<test[aada8e7e76ba119b]::run_test::{closure#1}, ()>
[INFO] [stdout]   17:     0x5dfcaf253da2 - <std[617be2ca0a6fd877]::thread::lifecycle::spawn_unchecked<test[aada8e7e76ba119b]::run_test::{closure#1}, ()>::{closure#1} as core[a373ad73a504971]::ops::function::FnOnce<()>>::call_once::{shim:vtable#0}
[INFO] [stdout]   18:     0x5dfcaf2c359f - <std[617be2ca0a6fd877]::sys::thread::unix::Thread>::new::thread_start
[INFO] [stdout]   19:     0x75ad1b05ddfa - <unknown>
[INFO] [stdout]   20:     0x75ad1b0f13d4 - clone
[INFO] [stdout]   21:                0x0 - <unknown>
[INFO] [stdout] 
[INFO] [stdout] ---- tests::test_pub_java_gcm256_iv256_4k stdout ----
[INFO] [stdout] 
[INFO] [stdout] thread 'tests::test_pub_java_gcm256_iv256_4k' (613) panicked at src/tests/helpers.rs:38:51:
[INFO] [stdout] should be able to read the test vector: Os { code: 2, kind: NotFound, message: "No such file or directory" }
[INFO] [stdout] stack backtrace:
[INFO] [stdout]    0:     0x5dfcaf2c40a1 - <<std[617be2ca0a6fd877]::sys::backtrace::BacktraceLock>::print::DisplayBacktrace as core[a373ad73a504971]::fmt::Display>::fmt
[INFO] [stdout]    1:     0x5dfcaf2d83da - core[a373ad73a504971]::fmt::write
[INFO] [stdout]    2:     0x5dfcaf2c82bc - <alloc[2e1b2a31b91974c5]::vec::Vec<u8> as core[a373ad73a504971]::io::write::Write>::write_fmt
[INFO] [stdout]    3:     0x5dfcaf2a01a6 - std[617be2ca0a6fd877]::panicking::default_hook::{closure#0}
[INFO] [stdout]    4:     0x5dfcaf2bc3d9 - std[617be2ca0a6fd877]::panicking::default_hook
[INFO] [stdout]    5:     0x5dfcaf2506f0 - test[aada8e7e76ba119b]::test_main_inner::{closure#0}
[INFO] [stdout]    6:     0x5dfcaf2bc592 - std[617be2ca0a6fd877]::panicking::panic_with_hook
[INFO] [stdout]    7:     0x5dfcaf2a0252 - std[617be2ca0a6fd877]::panicking::panic_handler::{closure#0}
[INFO] [stdout]    8:     0x5dfcaf298dd9 - std[617be2ca0a6fd877]::sys::backtrace::__rust_end_short_backtrace::<std[617be2ca0a6fd877]::panicking::panic_handler::{closure#0}, !>
[INFO] [stdout]    9:     0x5dfcaf2a0e5d - __rustc[ea4f61d10b84890b]::rust_begin_unwind
[INFO] [stdout]   10:     0x5dfcaf2d8b0c - core[a373ad73a504971]::panicking::panic_fmt
[INFO] [stdout]   11:     0x5dfcaf2d88e2 - core[a373ad73a504971]::result::unwrap_failed
[INFO] [stdout]   12:     0x5dfcaf2354ca - floe_rs[75f3570b61cce659]::tests::helpers::read_hex_file
[INFO] [stdout]   13:     0x5dfcaf2384ae - <floe_rs[75f3570b61cce659]::tests::test_pub_java_gcm256_iv256_4k::{closure#0} as core[a373ad73a504971]::ops::function::FnOnce<()>>::call_once
[INFO] [stdout]   14:     0x5dfcaf243b3b - test[aada8e7e76ba119b]::__rust_begin_short_backtrace::<core[a373ad73a504971]::result::Result<(), alloc[2e1b2a31b91974c5]::string::String>, fn() -> core[a373ad73a504971]::result::Result<(), alloc[2e1b2a31b91974c5]::string::String>>
[INFO] [stdout]   15:     0x5dfcaf250d15 - test[aada8e7e76ba119b]::run_test::{closure#0}
[INFO] [stdout]   16:     0x5dfcaf24a604 - std[617be2ca0a6fd877]::sys::backtrace::__rust_begin_short_backtrace::<test[aada8e7e76ba119b]::run_test::{closure#1}, ()>
[INFO] [stdout]   17:     0x5dfcaf253da2 - <std[617be2ca0a6fd877]::thread::lifecycle::spawn_unchecked<test[aada8e7e76ba119b]::run_test::{closure#1}, ()>::{closure#1} as core[a373ad73a504971]::ops::function::FnOnce<()>>::call_once::{shim:vtable#0}
[INFO] [stdout]   18:     0x5dfcaf2c359f - <std[617be2ca0a6fd877]::sys::thread::unix::Thread>::new::thread_start
[INFO] [stdout]   19:     0x75ad1b05ddfa - <unknown>
[INFO] [stdout]   20:     0x75ad1b0f13d4 - clone
[INFO] [stdout]   21:                0x0 - <unknown>
[INFO] [stdout] 
[INFO] [stdout] ---- tests::test_go_gcm256_iv256_1m stdout ----
[INFO] [stdout] 
[INFO] [stdout] thread 'tests::test_go_gcm256_iv256_1m' (603) panicked at src/tests/helpers.rs:38:51:
[INFO] [stdout] should be able to read the test vector: Os { code: 2, kind: NotFound, message: "No such file or directory" }
[INFO] [stdout] stack backtrace:
[INFO] [stdout]    0:     0x5dfcaf2c40a1 - <<std[617be2ca0a6fd877]::sys::backtrace::BacktraceLock>::print::DisplayBacktrace as core[a373ad73a504971]::fmt::Display>::fmt
[INFO] [stdout]    1:     0x5dfcaf2d83da - core[a373ad73a504971]::fmt::write
[INFO] [stdout]    2:     0x5dfcaf2c82bc - <alloc[2e1b2a31b91974c5]::vec::Vec<u8> as core[a373ad73a504971]::io::write::Write>::write_fmt
[INFO] [stdout]    3:     0x5dfcaf2a01a6 - std[617be2ca0a6fd877]::panicking::default_hook::{closure#0}
[INFO] [stdout]    4:     0x5dfcaf2bc3d9 - std[617be2ca0a6fd877]::panicking::default_hook
[INFO] [stdout]    5:     0x5dfcaf2506f0 - test[aada8e7e76ba119b]::test_main_inner::{closure#0}
[INFO] [stdout]    6:     0x5dfcaf2bc592 - std[617be2ca0a6fd877]::panicking::panic_with_hook
[INFO] [stdout]    7:     0x5dfcaf2a0252 - std[617be2ca0a6fd877]::panicking::panic_handler::{closure#0}
[INFO] [stdout]    8:     0x5dfcaf298dd9 - std[617be2ca0a6fd877]::sys::backtrace::__rust_end_short_backtrace::<std[617be2ca0a6fd877]::panicking::panic_handler::{closure#0}, !>
[INFO] [stdout]    9:     0x5dfcaf2a0e5d - __rustc[ea4f61d10b84890b]::rust_begin_unwind
[INFO] [stdout]   10:     0x5dfcaf2d8b0c - core[a373ad73a504971]::panicking::panic_fmt
[INFO] [stdout]   11:     0x5dfcaf2d88e2 - core[a373ad73a504971]::result::unwrap_failed
[INFO] [stdout]   12:     0x5dfcaf2354ca - floe_rs[75f3570b61cce659]::tests::helpers::read_hex_file
[INFO] [stdout]   13:     0x5dfcaf236481 - <floe_rs[75f3570b61cce659]::tests::test_go_gcm256_iv256_1m::{closure#0} as core[a373ad73a504971]::ops::function::FnOnce<()>>::call_once
[INFO] [stdout]   14:     0x5dfcaf243b3b - test[aada8e7e76ba119b]::__rust_begin_short_backtrace::<core[a373ad73a504971]::result::Result<(), alloc[2e1b2a31b91974c5]::string::String>, fn() -> core[a373ad73a504971]::result::Result<(), alloc[2e1b2a31b91974c5]::string::String>>
[INFO] [stdout]   15:     0x5dfcaf250d15 - test[aada8e7e76ba119b]::run_test::{closure#0}
[INFO] [stdout]   16:     0x5dfcaf24a604 - std[617be2ca0a6fd877]::sys::backtrace::__rust_begin_short_backtrace::<test[aada8e7e76ba119b]::run_test::{closure#1}, ()>
[INFO] [stdout]   17:     0x5dfcaf253da2 - <std[617be2ca0a6fd877]::thread::lifecycle::spawn_unchecked<test[aada8e7e76ba119b]::run_test::{closure#1}, ()>::{closure#1} as core[a373ad73a504971]::ops::function::FnOnce<()>>::call_once::{shim:vtable#0}
[INFO] [stdout]   18:     0x5dfcaf2c359f - <std[617be2ca0a6fd877]::sys::thread::unix::Thread>::new::thread_start
[INFO] [stdout]   19:     0x75ad1b05ddfa - <unknown>
[INFO] [stdout]   20:     0x75ad1b0f13d4 - clone
[INFO] [stdout]   21:                0x0 - <unknown>
[INFO] [stdout] 
[INFO] [stdout] ---- tests::test_rust_gcm256_iv256_64 stdout ----
[INFO] [stdout] 
[INFO] [stdout] thread 'tests::test_rust_gcm256_iv256_64' (617) panicked at src/tests/helpers.rs:38:51:
[INFO] [stdout] should be able to read the test vector: Os { code: 2, kind: NotFound, message: "No such file or directory" }
[INFO] [stdout] stack backtrace:
[INFO] [stdout]    0:     0x5dfcaf2c40a1 - <<std[617be2ca0a6fd877]::sys::backtrace::BacktraceLock>::print::DisplayBacktrace as core[a373ad73a504971]::fmt::Display>::fmt
[INFO] [stdout]    1:     0x5dfcaf2d83da - core[a373ad73a504971]::fmt::write
[INFO] [stdout]    2:     0x5dfcaf2c82bc - <alloc[2e1b2a31b91974c5]::vec::Vec<u8> as core[a373ad73a504971]::io::write::Write>::write_fmt
[INFO] [stdout]    3:     0x5dfcaf2a01a6 - std[617be2ca0a6fd877]::panicking::default_hook::{closure#0}
[INFO] [stdout]    4:     0x5dfcaf2bc3d9 - std[617be2ca0a6fd877]::panicking::default_hook
[INFO] [stdout]    5:     0x5dfcaf2506f0 - test[aada8e7e76ba119b]::test_main_inner::{closure#0}
[INFO] [stdout]    6:     0x5dfcaf2bc592 - std[617be2ca0a6fd877]::panicking::panic_with_hook
[INFO] [stdout]    7:     0x5dfcaf2a0252 - std[617be2ca0a6fd877]::panicking::panic_handler::{closure#0}
[INFO] [stdout]    8:     0x5dfcaf298dd9 - std[617be2ca0a6fd877]::sys::backtrace::__rust_end_short_backtrace::<std[617be2ca0a6fd877]::panicking::panic_handler::{closure#0}, !>
[INFO] [stdout]    9:     0x5dfcaf2a0e5d - __rustc[ea4f61d10b84890b]::rust_begin_unwind
[INFO] [stdout]   10:     0x5dfcaf2d8b0c - core[a373ad73a504971]::panicking::panic_fmt
[INFO] [stdout]   11:     0x5dfcaf2d88e2 - core[a373ad73a504971]::result::unwrap_failed
[INFO] [stdout]   12:     0x5dfcaf2354ca - floe_rs[75f3570b61cce659]::tests::helpers::read_hex_file
[INFO] [stdout]   13:     0x5dfcaf237a51 - <floe_rs[75f3570b61cce659]::tests::test_rust_gcm256_iv256_64::{closure#0} as core[a373ad73a504971]::ops::function::FnOnce<()>>::call_once
[INFO] [stdout]   14:     0x5dfcaf243b3b - test[aada8e7e76ba119b]::__rust_begin_short_backtrace::<core[a373ad73a504971]::result::Result<(), alloc[2e1b2a31b91974c5]::string::String>, fn() -> core[a373ad73a504971]::result::Result<(), alloc[2e1b2a31b91974c5]::string::String>>
[INFO] [stdout]   15:     0x5dfcaf250d15 - test[aada8e7e76ba119b]::run_test::{closure#0}
[INFO] [stdout]   16:     0x5dfcaf24a604 - std[617be2ca0a6fd877]::sys::backtrace::__rust_begin_short_backtrace::<test[aada8e7e76ba119b]::run_test::{closure#1}, ()>
[INFO] [stdout]   17:     0x5dfcaf253da2 - <std[617be2ca0a6fd877]::thread::lifecycle::spawn_unchecked<test[aada8e7e76ba119b]::run_test::{closure#1}, ()>::{closure#1} as core[a373ad73a504971]::ops::function::FnOnce<()>>::call_once::{shim:vtable#0}
[INFO] [stdout]   18:     0x5dfcaf2c359f - <std[617be2ca0a6fd877]::sys::thread::unix::Thread>::new::thread_start
[INFO] [stdout]   19:     0x75ad1b05ddfa - <unknown>
[INFO] [stdout]   20:     0x75ad1b0f13d4 - clone
[INFO] [stdout]   21:                0x0 - <unknown>
[INFO] [stdout] 
[INFO] [stdout] ---- tests::test_rust_gcm256_iv256_1m stdout ----
[INFO] [stdout] 
[INFO] [stdout] thread 'tests::test_rust_gcm256_iv256_1m' (615) panicked at src/tests/helpers.rs:38:51:
[INFO] [stdout] should be able to read the test vector: Os { code: 2, kind: NotFound, message: "No such file or directory" }
[INFO] [stdout] stack backtrace:
[INFO] [stdout]    0:     0x5dfcaf2c40a1 - <<std[617be2ca0a6fd877]::sys::backtrace::BacktraceLock>::print::DisplayBacktrace as core[a373ad73a504971]::fmt::Display>::fmt
[INFO] [stdout]    1:     0x5dfcaf2d83da - core[a373ad73a504971]::fmt::write
[INFO] [stdout]    2:     0x5dfcaf2c82bc - <alloc[2e1b2a31b91974c5]::vec::Vec<u8> as core[a373ad73a504971]::io::write::Write>::write_fmt
[INFO] [stdout]    3:     0x5dfcaf2a01a6 - std[617be2ca0a6fd877]::panicking::default_hook::{closure#0}
[INFO] [stdout]    4:     0x5dfcaf2bc3d9 - std[617be2ca0a6fd877]::panicking::default_hook
[INFO] [stdout]    5:     0x5dfcaf2506f0 - test[aada8e7e76ba119b]::test_main_inner::{closure#0}
[INFO] [stdout]    6:     0x5dfcaf2bc592 - std[617be2ca0a6fd877]::panicking::panic_with_hook
[INFO] [stdout]    7:     0x5dfcaf2a0252 - std[617be2ca0a6fd877]::panicking::panic_handler::{closure#0}
[INFO] [stdout]    8:     0x5dfcaf298dd9 - std[617be2ca0a6fd877]::sys::backtrace::__rust_end_short_backtrace::<std[617be2ca0a6fd877]::panicking::panic_handler::{closure#0}, !>
[INFO] [stdout]    9:     0x5dfcaf2a0e5d - __rustc[ea4f61d10b84890b]::rust_begin_unwind
[INFO] [stdout]   10:     0x5dfcaf2d8b0c - core[a373ad73a504971]::panicking::panic_fmt
[INFO] [stdout]   11:     0x5dfcaf2d88e2 - core[a373ad73a504971]::result::unwrap_failed
[INFO] [stdout]   12:     0x5dfcaf2354ca - floe_rs[75f3570b61cce659]::tests::helpers::read_hex_file
[INFO] [stdout]   13:     0x5dfcaf2376b1 - <floe_rs[75f3570b61cce659]::tests::test_rust_gcm256_iv256_1m::{closure#0} as core[a373ad73a504971]::ops::function::FnOnce<()>>::call_once
[INFO] [stdout]   14:     0x5dfcaf243b3b - test[aada8e7e76ba119b]::__rust_begin_short_backtrace::<core[a373ad73a504971]::result::Result<(), alloc[2e1b2a31b91974c5]::string::String>, fn() -> core[a373ad73a504971]::result::Result<(), alloc[2e1b2a31b91974c5]::string::String>>
[INFO] [stdout]   15:     0x5dfcaf250d15 - test[aada8e7e76ba119b]::run_test::{closure#0}
[INFO] [stdout]   16:     0x5dfcaf24a604 - std[617be2ca0a6fd877]::sys::backtrace::__rust_begin_short_backtrace::<test[aada8e7e76ba119b]::run_test::{closure#1}, ()>
[INFO] [stdout]   17:     0x5dfcaf253da2 - <std[617be2ca0a6fd877]::thread::lifecycle::spawn_unchecked<test[aada8e7e76ba119b]::run_test::{closure#1}, ()>::{closure#1} as core[a373ad73a504971]::ops::function::FnOnce<()>>::call_once::{shim:vtable#0}
[INFO] [stdout]   18:     0x5dfcaf2c359f - <std[617be2ca0a6fd877]::sys::thread::unix::Thread>::new::thread_start
[INFO] [stdout]   19:     0x75ad1b05ddfa - <unknown>
[INFO] [stdout]   20:     0x75ad1b0f13d4 - clone
[INFO] [stdout]   21:                0x0 - <unknown>
[INFO] [stdout] 
[INFO] [stdout] ---- tests::test_rust_gcm256_iv256_4k stdout ----
[INFO] [stdout] 
[INFO] [stdout] thread 'tests::test_rust_gcm256_iv256_4k' (616) panicked at src/tests/helpers.rs:38:51:
[INFO] [stdout] should be able to read the test vector: Os { code: 2, kind: NotFound, message: "No such file or directory" }
[INFO] [stdout] stack backtrace:
[INFO] [stdout]    0:     0x5dfcaf2c40a1 - <<std[617be2ca0a6fd877]::sys::backtrace::BacktraceLock>::print::DisplayBacktrace as core[a373ad73a504971]::fmt::Display>::fmt
[INFO] [stdout]    1:     0x5dfcaf2d83da - core[a373ad73a504971]::fmt::write
[INFO] [stdout]    2:     0x5dfcaf2c82bc - <alloc[2e1b2a31b91974c5]::vec::Vec<u8> as core[a373ad73a504971]::io::write::Write>::write_fmt
[INFO] [stdout]    3:     0x5dfcaf2a01a6 - std[617be2ca0a6fd877]::panicking::default_hook::{closure#0}
[INFO] [stdout]    4:     0x5dfcaf2bc3d9 - std[617be2ca0a6fd877]::panicking::default_hook
[INFO] [stdout]    5:     0x5dfcaf2506f0 - test[aada8e7e76ba119b]::test_main_inner::{closure#0}
[INFO] [stdout]    6:     0x5dfcaf2bc592 - std[617be2ca0a6fd877]::panicking::panic_with_hook
[INFO] [stdout]    7:     0x5dfcaf2a0252 - std[617be2ca0a6fd877]::panicking::panic_handler::{closure#0}
[INFO] [stdout]    8:     0x5dfcaf298dd9 - std[617be2ca0a6fd877]::sys::backtrace::__rust_end_short_backtrace::<std[617be2ca0a6fd877]::panicking::panic_handler::{closure#0}, !>
[INFO] [stdout]    9:     0x5dfcaf2a0e5d - __rustc[ea4f61d10b84890b]::rust_begin_unwind
[INFO] [stdout]   10:     0x5dfcaf2d8b0c - core[a373ad73a504971]::panicking::panic_fmt
[INFO] [stdout]   11:     0x5dfcaf2d88e2 - core[a373ad73a504971]::result::unwrap_failed
[INFO] [stdout]   12:     0x5dfcaf2354ca - floe_rs[75f3570b61cce659]::tests::helpers::read_hex_file
[INFO] [stdout]   13:     0x5dfcaf237881 - <floe_rs[75f3570b61cce659]::tests::test_rust_gcm256_iv256_4k::{closure#0} as core[a373ad73a504971]::ops::function::FnOnce<()>>::call_once
[INFO] [stdout]   14:     0x5dfcaf243b3b - test[aada8e7e76ba119b]::__rust_begin_short_backtrace::<core[a373ad73a504971]::result::Result<(), alloc[2e1b2a31b91974c5]::string::String>, fn() -> core[a373ad73a504971]::result::Result<(), alloc[2e1b2a31b91974c5]::string::String>>
[INFO] [stdout]   15:     0x5dfcaf250d15 - test[aada8e7e76ba119b]::run_test::{closure#0}
[INFO] [stdout]   16:     0x5dfcaf24a604 - std[617be2ca0a6fd877]::sys::backtrace::__rust_begin_short_backtrace::<test[aada8e7e76ba119b]::run_test::{closure#1}, ()>
[INFO] [stdout]   17:     0x5dfcaf253da2 - <std[617be2ca0a6fd877]::thread::lifecycle::spawn_unchecked<test[aada8e7e76ba119b]::run_test::{closure#1}, ()>::{closure#1} as core[a373ad73a504971]::ops::function::FnOnce<()>>::call_once::{shim:vtable#0}
[INFO] [stdout]   18:     0x5dfcaf2c359f - <std[617be2ca0a6fd877]::sys::thread::unix::Thread>::new::thread_start
[INFO] [stdout]   19:     0x75ad1b05ddfa - <unknown>
[INFO] [stdout]   20:     0x75ad1b0f13d4 - clone
[INFO] [stdout]   21:                0x0 - <unknown>
[INFO] [stdout] 
[INFO] [stdout] ---- tests::test_pub_java_gcm256_iv256_64 stdout ----
[INFO] [stdout] 
[INFO] [stdout] thread 'tests::test_pub_java_gcm256_iv256_64' (614) panicked at src/tests/helpers.rs:38:51:
[INFO] [stdout] should be able to read the test vector: Os { code: 2, kind: NotFound, message: "No such file or directory" }
[INFO] [stdout] stack backtrace:
[INFO] [stdout]    0:     0x5dfcaf2c40a1 - <<std[617be2ca0a6fd877]::sys::backtrace::BacktraceLock>::print::DisplayBacktrace as core[a373ad73a504971]::fmt::Display>::fmt
[INFO] [stdout]    1:     0x5dfcaf2d83da - core[a373ad73a504971]::fmt::write
[INFO] [stdout]    2:     0x5dfcaf2c82bc - <alloc[2e1b2a31b91974c5]::vec::Vec<u8> as core[a373ad73a504971]::io::write::Write>::write_fmt
[INFO] [stdout]    3:     0x5dfcaf2a01a6 - std[617be2ca0a6fd877]::panicking::default_hook::{closure#0}
[INFO] [stdout]    4:     0x5dfcaf2bc3d9 - std[617be2ca0a6fd877]::panicking::default_hook
[INFO] [stdout]    5:     0x5dfcaf2506f0 - test[aada8e7e76ba119b]::test_main_inner::{closure#0}
[INFO] [stdout]    6:     0x5dfcaf2bc592 - std[617be2ca0a6fd877]::panicking::panic_with_hook
[INFO] [stdout]    7:     0x5dfcaf2a0252 - std[617be2ca0a6fd877]::panicking::panic_handler::{closure#0}
[INFO] [stdout]    8:     0x5dfcaf298dd9 - std[617be2ca0a6fd877]::sys::backtrace::__rust_end_short_backtrace::<std[617be2ca0a6fd877]::panicking::panic_handler::{closure#0}, !>
[INFO] [stdout]    9:     0x5dfcaf2a0e5d - __rustc[ea4f61d10b84890b]::rust_begin_unwind
[INFO] [stdout]   10:     0x5dfcaf2d8b0c - core[a373ad73a504971]::panicking::panic_fmt
[INFO] [stdout]   11:     0x5dfcaf2d88e2 - core[a373ad73a504971]::result::unwrap_failed
[INFO] [stdout]   12:     0x5dfcaf2354ca - floe_rs[75f3570b61cce659]::tests::helpers::read_hex_file
[INFO] [stdout]   13:     0x5dfcaf23867e - <floe_rs[75f3570b61cce659]::tests::test_pub_java_gcm256_iv256_64::{closure#0} as core[a373ad73a504971]::ops::function::FnOnce<()>>::call_once
[INFO] [stdout]   14:     0x5dfcaf243b3b - test[aada8e7e76ba119b]::__rust_begin_short_backtrace::<core[a373ad73a504971]::result::Result<(), alloc[2e1b2a31b91974c5]::string::String>, fn() -> core[a373ad73a504971]::result::Result<(), alloc[2e1b2a31b91974c5]::string::String>>
[INFO] [stdout]   15:     0x5dfcaf250d15 - test[aada8e7e76ba119b]::run_test::{closure#0}
[INFO] [stdout]   16:     0x5dfcaf24a604 - std[617be2ca0a6fd877]::sys::backtrace::__rust_begin_short_backtrace::<test[aada8e7e76ba119b]::run_test::{closure#1}, ()>
[INFO] [stdout]   17:     0x5dfcaf253da2 - <std[617be2ca0a6fd877]::thread::lifecycle::spawn_unchecked<test[aada8e7e76ba119b]::run_test::{closure#1}, ()>::{closure#1} as core[a373ad73a504971]::ops::function::FnOnce<()>>::call_once::{shim:vtable#0}
[INFO] [stdout]   18:     0x5dfcaf2c359f - <std[617be2ca0a6fd877]::sys::thread::unix::Thread>::new::thread_start
[INFO] [stdout]   19:     0x75ad1b05ddfa - <unknown>
[INFO] [stdout]   20:     0x75ad1b0f13d4 - clone
[INFO] [stdout]   21:                0x0 - <unknown>
[INFO] [stdout] 
[INFO] [stdout] 
[INFO] [stdout] failures:
[INFO] [stdout]     tests::test_cpp_gcm256_iv256_1m
[INFO] [stdout]     tests::test_cpp_gcm256_iv256_4k
[INFO] [stdout]     tests::test_cpp_gcm256_iv256_64
[INFO] [stdout]     tests::test_go_gcm256_iv256_1m
[INFO] [stdout]     tests::test_go_gcm256_iv256_4k
[INFO] [stdout]     tests::test_go_gcm256_iv256_64
[INFO] [stdout]     tests::test_java_gcm256_iv256_1m
[INFO] [stdout]     tests::test_java_gcm256_iv256_4k
[INFO] [stdout]     tests::test_java_gcm256_iv256_64
[INFO] [stdout]     tests::test_java_lastsegaligned
[INFO] [stdout]     tests::test_java_lastsegempty
[INFO] [stdout]     tests::test_pub_java_gcm256_iv256_1m
[INFO] [stdout]     tests::test_pub_java_gcm256_iv256_4k
[INFO] [stdout]     tests::test_pub_java_gcm256_iv256_64
[INFO] [stdout]     tests::test_rust_gcm256_iv256_1m
[INFO] [stdout]     tests::test_rust_gcm256_iv256_4k
[INFO] [stdout]     tests::test_rust_gcm256_iv256_64
[INFO] [stdout] 
[INFO] [stdout] test result: FAILED. 3 passed; 17 failed; 0 ignored; 0 measured; 0 filtered out; finished in 0.01s
[INFO] [stdout] 
[INFO] [stderr] error: test failed, to rerun pass `--lib`
[INFO] running `Command { std: "docker" "inspect" "08173ad6715faba0e2b9cb75f346c86b5a8643fbfb2c6301d0b8f76b99e7eec5", kill_on_drop: false }`
[INFO] running `Command { std: "docker" "rm" "-f" "08173ad6715faba0e2b9cb75f346c86b5a8643fbfb2c6301d0b8f76b99e7eec5", kill_on_drop: false }`
[INFO] [stdout] 08173ad6715faba0e2b9cb75f346c86b5a8643fbfb2c6301d0b8f76b99e7eec5
