[INFO] fetching crate flint-lean 0.9.1...
[INFO] testing flint-lean-0.9.1 against 1.99.0-beta.8+cargoflags=--release for beta-release-1.100-2
[INFO] extracting crate flint-lean 0.9.1 into /workspace/builds/worker-1-tc1/source
[INFO] started tweaking crates.io crate flint-lean 0.9.1
[INFO] finished tweaking crates.io crate flint-lean 0.9.1
[INFO] tweaked toml for crates.io crate flint-lean 0.9.1 written to /workspace/builds/worker-1-tc1/source/Cargo.toml
[INFO] validating manifest of crates.io crate flint-lean 0.9.1 on toolchain 1.99.0-beta.8
[INFO] running `Command { std: CARGO_HOME="/workspace/cargo-home" RUSTUP_HOME="/workspace/rustup-home" "/workspace/cargo-home/bin/cargo" "+1.99.0-beta.8" "metadata" "--manifest-path" "Cargo.toml" "--no-deps", kill_on_drop: false }`
[INFO] crate crates.io crate flint-lean 0.9.1 already has a lockfile, it will not be regenerated
[INFO] running `Command { std: CARGO_HOME="/workspace/cargo-home" RUSTUP_HOME="/workspace/rustup-home" "/workspace/cargo-home/bin/cargo" "+1.99.0-beta.8" "fetch" "--manifest-path" "Cargo.toml", kill_on_drop: false }`
[INFO] [stderr]     Updating crates.io index
[INFO] [stderr]  Downloading crates ...
[INFO] [stderr]   Downloaded warp v0.3.7
[INFO] [stderr]   Downloaded multer v2.1.0
[INFO] [stderr]   Downloaded headers-core v0.2.0
[INFO] [stderr]   Downloaded mimalloc v0.1.52
[INFO] [stderr]   Downloaded headers v0.3.9
[INFO] [stderr]   Downloaded zerocopy-derive v0.8.56
[INFO] [stderr]   Downloaded aws-smithy-runtime-api v1.15.0
[INFO] [stderr]   Downloaded flint-store v0.2.0
[INFO] [stderr]   Downloaded aws-sigv4 v1.5.1
[INFO] [stderr]   Downloaded aws-smithy-eventstream v0.61.2
[INFO] [stderr]   Downloaded aws-types v1.5.0
[INFO] [stderr]   Downloaded aws-smithy-types v1.6.2
[INFO] [stderr]   Downloaded aws-smithy-schema v0.2.0
[INFO] [stderr]   Downloaded aws-smithy-xml v0.62.0
[INFO] [stderr]   Downloaded aws-smithy-checksums v0.65.0
[INFO] [stderr]   Downloaded zerocopy v0.8.56
[INFO] [stderr]   Downloaded aws-smithy-json v0.63.0
[INFO] [stderr]   Downloaded aws-smithy-runtime v1.14.0
[INFO] [stderr]   Downloaded aws-smithy-http-client v1.4.0
[INFO] [stderr]   Downloaded aws-smithy-query v0.62.0
[INFO] [stderr]   Downloaded aws-runtime v1.9.1
[INFO] [stderr]   Downloaded aws-config v1.11.0
[INFO] [stderr]   Downloaded aws-sdk-sts v1.112.0
[INFO] [stderr]   Downloaded libmimalloc-sys v0.1.49
[INFO] [stderr]   Downloaded crc-fast v1.10.0
[INFO] [stderr]   Downloaded aws-sdk-s3 v1.143.0
[INFO] running `Command { std: "docker" "create" "-v" "/var/lib/crater-agent-workspace/builds/worker-1-tc1/source:/opt/rustwide/workdir:ro,Z" "-v" "/var/lib/crater-agent-workspace/builds/worker-1-tc1/target:/opt/rustwide/target:rw,Z" "-v" "/var/lib/crater-agent-workspace/cargo-home:/opt/rustwide/cargo-home:ro,Z" "-v" "/var/lib/crater-agent-workspace/rustup-home:/opt/rustwide/rustup-home:ro,Z" "-m" "1610612736" "--network" "none" "ghcr.io/rust-lang/crates-build-env/linux@sha256:77db811e55d90add9212f6832c23229e3de5f1c1f9905e8cb07319ea15df73ac" "sleep" "infinity", kill_on_drop: false }`
[INFO] [stdout] 582164570b7e5df93294cef7f51bb6f3cbbe8a000e8c8f7361891ae467af6dfc
[INFO] running `Command { std: "docker" "start" "582164570b7e5df93294cef7f51bb6f3cbbe8a000e8c8f7361891ae467af6dfc", kill_on_drop: false }`
[INFO] running `Command { std: "docker" "inspect" "582164570b7e5df93294cef7f51bb6f3cbbe8a000e8c8f7361891ae467af6dfc", kill_on_drop: false }`
[INFO] running `Command { std: "docker" "exec" "-e" "SOURCE_DIR=/opt/rustwide/workdir" "-e" "CARGO_HOME=/opt/rustwide/cargo-home" "-e" "RUSTUP_HOME=/opt/rustwide/rustup-home" "-e" "CARGO_TARGET_DIR=/opt/rustwide/target" "-w" "/opt/rustwide/workdir" "--user" "0:0" "582164570b7e5df93294cef7f51bb6f3cbbe8a000e8c8f7361891ae467af6dfc" "/opt/rustwide/cargo-home/bin/cargo" "+1.99.0-beta.8" "metadata" "--no-deps" "--format-version=1", kill_on_drop: false }`
[INFO] running `Command { std: "docker" "inspect" "582164570b7e5df93294cef7f51bb6f3cbbe8a000e8c8f7361891ae467af6dfc", kill_on_drop: false }`
[INFO] running `Command { std: "docker" "exec" "-e" "SOURCE_DIR=/opt/rustwide/workdir" "-e" "CARGO_HOME=/opt/rustwide/cargo-home" "-e" "RUSTUP_HOME=/opt/rustwide/rustup-home" "-e" "CARGO_TARGET_DIR=/opt/rustwide/target" "-e" "CARGO_INCREMENTAL=0" "-e" "RUST_BACKTRACE=full" "-e" "RUSTFLAGS=--cap-lints=warn" "-e" "RUSTDOCFLAGS=--cap-lints=warn" "-w" "/opt/rustwide/workdir" "--user" "0:0" "582164570b7e5df93294cef7f51bb6f3cbbe8a000e8c8f7361891ae467af6dfc" "/opt/rustwide/cargo-home/bin/cargo" "+1.99.0-beta.8" "build" "--frozen" "--message-format=json" "--release", kill_on_drop: false }`
[INFO] [stderr]    Compiling futures-channel v0.3.34
[INFO] [stderr]    Compiling futures-io v0.3.34
[INFO] [stderr]    Compiling futures-task v0.3.34
[INFO] [stderr]    Compiling zerocopy v0.8.56
[INFO] [stderr]    Compiling syn v3.0.4
[INFO] [stderr]    Compiling parking_lot_core v0.9.12
[INFO] [stderr]    Compiling thiserror-impl v1.0.69
[INFO] [stderr]    Compiling digest v0.10.7
[INFO] [stderr]    Compiling find-msvc-tools v0.1.11
[INFO] [stderr]    Compiling tracing v0.1.44
[INFO] [stderr]    Compiling mime_guess v2.0.5
[INFO] [stderr]    Compiling multer v2.1.0
[INFO] [stderr]    Compiling http v1.5.0
[INFO] [stderr]    Compiling serde_json v1.0.151
[INFO] [stderr]    Compiling headers-core v0.2.0
[INFO] [stderr]    Compiling socket2 v0.5.10
[INFO] [stderr]    Compiling spin v0.9.9
[INFO] [stderr]    Compiling sha1 v0.10.7
[INFO] [stderr]    Compiling sha2 v0.10.9
[INFO] [stderr]    Compiling uuid v1.25.0
[INFO] [stderr]    Compiling cc v1.4.4
[INFO] [stderr]    Compiling scoped-tls v1.0.1
[INFO] [stderr]    Compiling headers v0.3.9
[INFO] [stderr]    Compiling parking_lot v0.12.5
[INFO] [stderr]    Compiling thiserror v1.0.69
[INFO] [stderr]    Compiling libmimalloc-sys v0.1.49
[INFO] [stderr]    Compiling zerovec-derive v0.11.6
[INFO] [stderr]    Compiling displaydoc v0.2.7
[INFO] [stderr]    Compiling futures-macro v0.3.34
[INFO] [stderr]    Compiling tokio-macros v2.7.2
[INFO] [stderr]    Compiling serde_derive v1.0.229
[INFO] [stderr]    Compiling async-trait v0.1.92
[INFO] [stderr]    Compiling tokio v1.53.1
[INFO] [stderr]    Compiling futures-util v0.3.34
[INFO] [stderr]    Compiling zerotrie v0.2.5
[INFO] [stderr]    Compiling zerovec v0.11.8
[INFO] [stderr]    Compiling ppv-lite86 v0.2.21
[INFO] [stderr]    Compiling tinystr v0.8.4
[INFO] [stderr]    Compiling potential_utf v0.1.6
[INFO] [stderr]    Compiling rand_chacha v0.3.1
[INFO] [stderr]    Compiling icu_collections v2.3.0
[INFO] [stderr]    Compiling rand v0.8.8
[INFO] [stderr]    Compiling icu_locale_core v2.3.0
[INFO] [stderr]    Compiling mimalloc v0.1.52
[INFO] [stderr]    Compiling icu_provider v2.3.1
[INFO] [stderr]    Compiling icu_normalizer v2.3.0
[INFO] [stderr]    Compiling icu_properties v2.3.0
[INFO] [stderr]    Compiling futures-executor v0.3.34
[INFO] [stderr]    Compiling futures v0.3.34
[INFO] [stderr]    Compiling serde v1.0.229
[INFO] [stderr]    Compiling idna_adapter v1.2.2
[INFO] [stderr]    Compiling idna v1.1.0
[INFO] [stderr]    Compiling serde_urlencoded v0.7.1
[INFO] [stderr]    Compiling url v2.5.8
[INFO] [stderr]    Compiling tungstenite v0.21.0
[INFO] [stderr]    Compiling tokio-util v0.7.19
[INFO] [stderr]    Compiling tokio-tungstenite v0.21.0
[INFO] [stderr]    Compiling flint-store v0.2.0
[INFO] [stderr]    Compiling h2 v0.3.27
[INFO] [stderr]    Compiling hyper v0.14.32
[INFO] [stderr]    Compiling warp v0.3.7
[INFO] [stderr]    Compiling flint-lean v0.9.1 (/opt/rustwide/workdir)
[INFO] [stderr]     Finished `release` profile [optimized] target(s) in 57.55s
[INFO] running `Command { std: "docker" "inspect" "582164570b7e5df93294cef7f51bb6f3cbbe8a000e8c8f7361891ae467af6dfc", kill_on_drop: false }`
[INFO] running `Command { std: "docker" "exec" "-e" "SOURCE_DIR=/opt/rustwide/workdir" "-e" "CARGO_HOME=/opt/rustwide/cargo-home" "-e" "RUSTUP_HOME=/opt/rustwide/rustup-home" "-e" "CARGO_TARGET_DIR=/opt/rustwide/target" "-e" "CARGO_INCREMENTAL=0" "-e" "RUST_BACKTRACE=full" "-e" "RUSTFLAGS=--cap-lints=warn" "-e" "RUSTDOCFLAGS=--cap-lints=warn" "-w" "/opt/rustwide/workdir" "--user" "0:0" "582164570b7e5df93294cef7f51bb6f3cbbe8a000e8c8f7361891ae467af6dfc" "/opt/rustwide/cargo-home/bin/cargo" "+1.99.0-beta.8" "test" "--frozen" "--no-run" "--message-format=json" "--release", kill_on_drop: false }`
[INFO] [stderr]    Compiling tempfile v3.27.0
[INFO] [stderr]    Compiling flint-lean v0.9.1 (/opt/rustwide/workdir)
[INFO] [stdout] warning: use of deprecated method `std::sync::atomic::Atomic::<u32>::fetch_update`: renamed to `try_update` for consistency
[INFO] [stdout]     --> src/tests.rs:9297:37
[INFO] [stdout]      |
[INFO] [stdout] 9297 |         if self.1.handoff_conflicts.fetch_update(SeqCst, SeqCst, |n| n.checked_sub(1)).is_ok() {
[INFO] [stdout]      |                                     ^^^^^^^^^^^^
[INFO] [stdout]      |
[INFO] [stdout]      = note: `#[warn(deprecated)]` on by default
[INFO] [stdout] help: replace the use of the deprecated method
[INFO] [stdout]      |
[INFO] [stdout] 9297 -         if self.1.handoff_conflicts.fetch_update(SeqCst, SeqCst, |n| n.checked_sub(1)).is_ok() {
[INFO] [stdout] 9297 +         if self.1.handoff_conflicts.try_update(SeqCst, SeqCst, |n| n.checked_sub(1)).is_ok() {
[INFO] [stdout]      |
[INFO] [stdout] 
[INFO] [stdout] 
[INFO] [stdout] warning: use of deprecated method `std::sync::atomic::Atomic::<u32>::fetch_update`: renamed to `try_update` for consistency
[INFO] [stdout]     --> src/tests.rs:9300:48
[INFO] [stdout]      |
[INFO] [stdout] 9300 |         if let Ok(left) = self.1.handoff_races.fetch_update(SeqCst, SeqCst, |n| n.checked_sub(1)) {
[INFO] [stdout]      |                                                ^^^^^^^^^^^^
[INFO] [stdout]      |
[INFO] [stdout] help: replace the use of the deprecated method
[INFO] [stdout]      |
[INFO] [stdout] 9300 -         if let Ok(left) = self.1.handoff_races.fetch_update(SeqCst, SeqCst, |n| n.checked_sub(1)) {
[INFO] [stdout] 9300 +         if let Ok(left) = self.1.handoff_races.try_update(SeqCst, SeqCst, |n| n.checked_sub(1)) {
[INFO] [stdout]      |
[INFO] [stdout] 
[INFO] [stdout] 
[INFO] [stderr]     Finished `release` profile [optimized] target(s) in 1m 30s
[INFO] running `Command { std: "docker" "inspect" "582164570b7e5df93294cef7f51bb6f3cbbe8a000e8c8f7361891ae467af6dfc", kill_on_drop: false }`
[INFO] running `Command { std: "docker" "exec" "-e" "SOURCE_DIR=/opt/rustwide/workdir" "-e" "CARGO_HOME=/opt/rustwide/cargo-home" "-e" "RUSTUP_HOME=/opt/rustwide/rustup-home" "-e" "CARGO_TARGET_DIR=/opt/rustwide/target" "-e" "CARGO_INCREMENTAL=0" "-e" "RUST_BACKTRACE=full" "-e" "RUSTFLAGS=--cap-lints=warn" "-e" "RUSTDOCFLAGS=--cap-lints=warn" "-w" "/opt/rustwide/workdir" "--user" "0:0" "582164570b7e5df93294cef7f51bb6f3cbbe8a000e8c8f7361891ae467af6dfc" "/opt/rustwide/cargo-home/bin/cargo" "+1.99.0-beta.8" "test" "--frozen" "--release", kill_on_drop: false }`
[INFO] [stderr] warning: use of deprecated method `std::sync::atomic::Atomic::<u32>::fetch_update`: renamed to `try_update` for consistency
[INFO] [stderr]     --> src/tests.rs:9297:37
[INFO] [stderr]      |
[INFO] [stderr] 9297 |         if self.1.handoff_conflicts.fetch_update(SeqCst, SeqCst, |n| n.checked_sub(1)).is_ok() {
[INFO] [stderr]      |                                     ^^^^^^^^^^^^
[INFO] [stderr]      |
[INFO] [stderr]      = note: `#[warn(deprecated)]` on by default
[INFO] [stderr] help: replace the use of the deprecated method
[INFO] [stderr]      |
[INFO] [stderr] 9297 -         if self.1.handoff_conflicts.fetch_update(SeqCst, SeqCst, |n| n.checked_sub(1)).is_ok() {
[INFO] [stderr] 9297 +         if self.1.handoff_conflicts.try_update(SeqCst, SeqCst, |n| n.checked_sub(1)).is_ok() {
[INFO] [stderr]      |
[INFO] [stderr] 
[INFO] [stderr] warning: use of deprecated method `std::sync::atomic::Atomic::<u32>::fetch_update`: renamed to `try_update` for consistency
[INFO] [stderr]     --> src/tests.rs:9300:48
[INFO] [stderr]      |
[INFO] [stderr] 9300 |         if let Ok(left) = self.1.handoff_races.fetch_update(SeqCst, SeqCst, |n| n.checked_sub(1)) {
[INFO] [stderr]      |                                                ^^^^^^^^^^^^
[INFO] [stderr]      |
[INFO] [stderr] help: replace the use of the deprecated method
[INFO] [stderr]      |
[INFO] [stderr] 9300 -         if let Ok(left) = self.1.handoff_races.fetch_update(SeqCst, SeqCst, |n| n.checked_sub(1)) {
[INFO] [stderr] 9300 +         if let Ok(left) = self.1.handoff_races.try_update(SeqCst, SeqCst, |n| n.checked_sub(1)) {
[INFO] [stderr]      |
[INFO] [stderr] 
[INFO] [stderr] warning: `flint-lean` (lib test) generated 2 warnings (run `cargo fix --lib -p flint-lean --tests` to apply 2 suggestions)
[INFO] [stderr]     Finished `release` profile [optimized] target(s) in 0.20s
[INFO] [stderr]      Running unittests src/lib.rs (/opt/rustwide/target/release/deps/flint_lean-7c601c42ed5b883a)
[INFO] [stdout] 
[INFO] [stdout] running 280 tests
[INFO] [stdout] test tests::a_barrier_on_a_reader_is_refused_before_any_write ... ok
[INFO] [stdout] test tests::a_compose_that_reports_no_checksum_refuses_instead_of_citing ... ok
[INFO] [stdout] test tests::a_barrier_echoes_the_running_binary_into_the_lease_cell ... ok
[INFO] [stdout] test tests::a_consumed_entry_named_like_a_consume_temp_is_surfaced_never_collected ... ok
[INFO] [stdout] test tests::a_checkout_does_not_wait_out_a_standing_lease ... ok
[INFO] [stdout] test tests::a_checkout_issues_no_write_to_the_bucket ... ok
[INFO] [stdout] test tests::a_consume_whose_bytes_do_not_match_the_writers_crc_is_refused ... ok
[INFO] [stdout] test tests::a_collected_predecessor_costs_the_upload_nothing_through_compose ... ok
[INFO] [stdout] test tests::a_collected_predecessor_costs_the_upload_nothing_on_s3s_404 ... ok
[INFO] [stdout] test tests::a_collected_predecessor_costs_the_upload_nothing_on_ozones_412 ... ok
[INFO] [stdout] test tests::a_failed_unlink_of_a_queued_deletion_is_retried_and_never_republishes ... ok
[INFO] [stdout] test tests::a_consume_never_overwrites_a_write_that_landed_during_its_fetch ... ok
[INFO] [stdout] test tests::a_foreign_claim_refuses_the_syncer_before_it_claims ... ok
[INFO] [stdout] test tests::a_chunked_barrier_keeps_a_foreign_write_it_never_read ... ok
[INFO] [stdout] test tests::a_front_insert_rewrites_one_chunk_not_the_project ... ok
[INFO] [stdout] test tests::a_dead_handoff_is_skipped_after_the_quiet_polls ... ok
[INFO] [stdout] test tests::a_busy_agents_idle_tick_after_its_own_publish_is_the_pointer_alone ... ok
[INFO] [stdout] test tests::a_gateway_boundary_request_becomes_a_pending_sentinel_with_no_conflict ... ok
[INFO] [stdout] test tests::a_fifo_at_the_sentinel_path_never_wedges_the_poll_arm ... ok
[INFO] [stdout] test tests::a_crash_between_the_intent_and_the_unlink_converges ... ok
[INFO] [stdout] test tests::a_fresh_fetch_whose_bytes_do_not_match_the_manifest_crc_is_refused ... ok
[INFO] [stdout] test tests::a_drained_sentinel_names_the_same_clock_in_the_ack_and_in_the_bucket ... ok
[INFO] [stdout] test tests::a_gateway_sync_request_is_carried_and_never_executed ... ok
[INFO] [stdout] test tests::a_crash_between_the_uncite_and_the_unlink_does_not_re_cite ... ok
[INFO] [stdout] test tests::a_log_reset_under_a_reader_over_reports ... ok
[INFO] [stdout] test tests::a_drain_whose_upload_was_swept_does_not_attest ... ok
[INFO] [stdout] test tests::a_commit_withholds_an_upload_a_peers_sweep_took_and_uploads_afresh_next_barrier ... ok
[INFO] [stdout] test tests::a_crash_between_the_cas_and_step_7_never_makes_our_own_entry_foreign ... ok
[INFO] [stdout] test tests::a_missing_chunk_refuses_rather_than_shortening_the_manifest ... ok
[INFO] [stdout] test tests::a_delete_retires_only_the_handle_it_cited_never_a_ui_re_creation ... ok
[INFO] [stdout] test tests::a_change_the_journal_carries_past_a_restart_never_lands_over_a_newer_sync ... ok
[INFO] [stdout] test tests::a_barrier_that_fails_before_its_cas_keeps_the_parked_set_for_the_retry ... ok
[INFO] [stdout] test tests::a_lost_renew_response_does_not_self_fence ... ok
[INFO] [stdout] test tests::a_dead_holder_mid_commit_is_deposed_by_the_next_barrier ... ok
[INFO] [stdout] test tests::a_gateway_write_reaches_every_writer_not_only_the_first_consumer ... ok
[INFO] [stdout] test tests::a_handoff_that_races_the_queue_still_hands_the_cell_on ... ok
[INFO] [stdout] test tests::a_lost_acquire_response_still_rotates ... ok
[INFO] [stdout] test tests::a_gateway_write_over_a_path_another_writer_edited_is_preserved_on_that_writer ... ok
[INFO] [stdout] test tests::a_drain_whose_delete_meets_a_peers_edit_attests_with_theirs_preserved ... ok
[INFO] [stdout] test tests::a_hitl_upload_on_a_backend_that_attests_no_checksum_is_cited_with_the_bytes_crc ... ok
[INFO] [stdout] test tests::a_path_a_sync_could_not_write_stays_owed ... FAILED
[INFO] [stdout] test tests::a_path_a_sync_could_not_fetch_stays_owed ... ok
[INFO] [stdout] test tests::a_live_tree_refuses_a_checkout_whose_scope_disagrees ... ok
[INFO] [stdout] test tests::a_path_a_sync_declined_as_dirty_arrives_when_the_agent_reverts ... ok
[INFO] [stdout] test tests::a_pointer_naming_a_missing_generation_refuses_rather_than_reading_empty ... ok
[INFO] [stdout] test tests::a_pointer_naming_both_layouts_or_neither_is_refused ... ok
[INFO] [stdout] test tests::a_peers_file_skipped_under_an_agents_new_one_arrives_when_the_agent_drops_it ... ok
[INFO] [stdout] test tests::a_narrow_owes_nothing_it_dropped ... ok
[INFO] [stdout] test tests::a_holder_deposed_during_its_commit_heads_does_not_install_onto_its_successors_document ... ok
[INFO] [stdout] test tests::a_holder_deposed_mid_commit_abandons_the_barrier ... ok
[INFO] [stdout] test tests::a_peers_delete_skipped_under_an_agents_edit_lands_when_the_agent_reverts ... ok
[INFO] [stdout] test tests::a_publish_writes_an_immutable_generation_and_a_pointer_that_names_it ... ok
[INFO] [stdout] test tests::a_narrow_unwatches_without_publishing_a_single_deletion ... ok
[INFO] [stdout] test tests::a_narrow_never_unlinks_bytes_the_agent_wrote_after_the_uncite ... ok
[INFO] [stdout] test tests::a_published_mirror_does_not_probe_for_neighbours ... ok
[INFO] [stdout] test tests::a_peers_version_whose_write_lost_to_the_agent_arrives_when_the_agent_reverts ... ok
[INFO] [stdout] test tests::a_planted_temp_sibling_is_never_written_through ... ok
[INFO] [stdout] test tests::a_peers_delete_reaches_the_other_writers_tree ... ok
[INFO] [stdout] test tests::a_publish_that_lands_mid_checkout_is_re_resolved_not_blamed_on_a_stranger ... ok
[INFO] [stdout] test tests::a_pending_sync_at_sigterm_never_cancels_the_drains_own_boundary ... ok
[INFO] [stdout] test tests::a_published_workspace_refuses_a_foreign_write_instead_of_adopting_it ... ok
[INFO] [stdout] test tests::a_peers_change_reaches_the_writer_whose_merge_queued_it_even_if_the_peer_consumes_first ... ok
[INFO] [stdout] test tests::a_publish_ack_carries_the_boundarys_conflict_records ... ok
[INFO] [stdout] test tests::a_peers_version_behind_a_withheld_edit_arrives_when_the_agent_reverts ... ok
[INFO] [stdout] test tests::a_peers_in_flight_upload_is_untouched_by_anothers_collector ... ok
[INFO] [stdout] test tests::a_publish_whose_upload_was_swept_is_partial ... ok
[INFO] [stdout] test tests::a_peers_version_behind_a_withheld_upload_arrives_when_the_agent_drops_its_file ... ok
[INFO] [stdout] test tests::a_reader_swept_mid_read_restarts_onto_the_current_generation ... ok
[INFO] [stdout] test tests::a_reader_drain_answers_what_it_owes_and_writes_nothing ... ok
[INFO] [stdout] test tests::a_publish_touch_on_a_reader_is_answered_refused_read_only ... ok
[INFO] [stdout] test tests::a_refused_credential_pauses_the_holder_without_fencing_it ... ok
[INFO] [stdout] test tests::a_pull_only_barrier_leaves_a_change_it_saw_owed ... ok
[INFO] [stdout] test tests::a_published_directory_replaced_by_a_file_never_leaves_a_document_no_checkout_can_hold ... ok
[INFO] [stdout] test tests::a_ranged_fetch_whose_bytes_do_not_match_the_manifest_crc_is_refused ... ok
[INFO] [stdout] test tests::a_published_file_replaced_by_a_directory_never_leaves_a_document_no_checkout_can_hold ... ok
[INFO] [stdout] test tests::a_rescope_before_any_checkout_is_refused ... ok
[INFO] [stdout] test tests::a_publish_whose_delete_meets_a_peers_edit_is_ok_with_theirs_preserved ... ok
[INFO] [stdout] test tests::a_refused_sync_pending_does_not_stop_the_cadence_barrier ... ok
[INFO] [stdout] test tests::a_queued_peer_change_a_sync_overtook_is_not_reported_missing ... ok
[INFO] [stdout] test tests::a_pull_only_boundary_inside_a_peers_commit_section_converges ... ok
[INFO] [stdout] test tests::a_restart_between_a_deposal_and_its_rotation_still_rotates ... ok
[INFO] [stdout] test tests::a_queued_peer_change_never_lands_over_a_newer_version_a_sync_fetched ... ok
[INFO] [stdout] test tests::a_replaced_handle_outlives_its_retirement_by_the_retire_age ... ok
[INFO] [stdout] test tests::a_restarted_container_releases_the_fence_its_predecessor_left_held ... ok
[INFO] [stdout] test tests::a_pull_only_boundary_takes_no_fence_and_writes_nothing ... ok
[INFO] [stdout] test tests::a_rotation_reads_and_writes_no_generation_object ... ok
[INFO] [stdout] test tests::a_restart_after_the_cas_converges_on_its_own_upload_without_republishing ... ok
[INFO] [stdout] test tests::a_replay_keeps_a_dirty_path_instead_of_wedging_the_barrier ... ok
[INFO] [stdout] test tests::a_reader_retries_what_its_last_sync_left_owed ... ok
[INFO] [stdout] test tests::a_replay_never_unlinks_what_the_agent_wrote_while_the_syncer_was_down ... ok
[INFO] [stdout] test tests::a_rescope_to_none_holds_everything_and_clears_the_scope ... ok
[INFO] [stdout] test tests::a_rescope_refuses_to_drop_a_path_with_unpublished_changes ... ok
[INFO] [stdout] test tests::a_reader_follows_writers_and_the_inbox_without_one_store_write ... ok
[INFO] [stdout] test tests::a_resumed_checkout_adopts_identical_bytes_and_refetches_same_size_impostors ... ok
[INFO] [stdout] test tests::a_retire_log_naming_a_cited_handle_deletes_nothing ... ok
[INFO] [stdout] test tests::a_second_writer_at_the_same_generation_is_refused ... ok
[INFO] [stdout] test tests::a_restart_between_the_cas_and_step_7_still_delivers_a_peers_change ... ok
[INFO] [stdout] test tests::a_shortened_conflict_log_never_reports_an_empty_ack ... ok
[INFO] [stdout] test tests::a_same_size_rewrite_within_the_scan_second_is_still_published ... ok
[INFO] [stdout] test tests::a_restart_between_the_cas_and_step_7_still_delivers_a_peers_delete ... ok
[INFO] [stdout] test tests::a_resumed_checkout_never_adopts_a_stale_generation ... ok
[INFO] [stdout] test tests::a_stranded_touch_is_folded_on_the_next_poll_without_another_touch ... ok
[INFO] [stdout] test tests::a_scrape_costs_no_bucket_request ... ok
[INFO] [stdout] test tests::a_scoped_checkout_materialises_only_the_admitted_set ... ok
[INFO] [stdout] test tests::a_second_rotation_reports_what_it_dropped ... ok
[INFO] [stdout] test tests::a_scoped_checkout_owes_nothing_the_scope_declined ... ok
[INFO] [stdout] test tests::a_scoped_checkout_budget_is_computed_over_the_admitted_set ... ok
[INFO] [stdout] test tests::a_scoped_tree_never_receives_a_peers_change_outside_its_scope ... ok
[INFO] [stdout] test tests::a_takeover_rotation_does_not_touch_the_entries_object ... ok
[INFO] [stdout] test tests::a_same_path_edit_is_preserved_never_lost ... ok
[INFO] [stdout] test tests::a_sync_against_an_absent_document_deletes_nothing ... ok
[INFO] [stdout] test tests::a_takeover_rotation_carries_the_boundary_stamp_with_the_document ... ok
[INFO] [stdout] test tests::a_restart_between_the_install_and_the_ack_does_not_ack_a_peers_later_delete_as_the_declaration ... ok
[INFO] [stdout] test tests::a_three_file_publish_writes_chunks_proportional_to_the_change ... ok
[INFO] [stdout] test tests::a_touch_stranded_by_a_failed_fold_is_folded_before_the_next_consume ... ok
[INFO] [stdout] test tests::a_scoped_sync_elsewhere_after_a_restart_still_delivers_a_peers_change ... ok
[INFO] [stdout] test tests::a_sync_whose_bytes_do_not_match_the_manifest_crc_is_refused ... ok
[INFO] [stdout] test tests::a_restarted_barrier_uploads_afresh_and_leaves_its_earlier_handles_to_the_sweep ... ok
[INFO] [stdout] test tests::a_skipped_path_this_barrier_publishes_leaves_the_next_tick_cheap ... ok
[INFO] [stdout] test tests::a_verb_request_retries_a_409_on_the_cell ... ok
[INFO] [stdout] test tests::a_sentinel_boundary_carries_a_delete_made_before_the_touch ... ok
[INFO] [stdout] test tests::a_takeover_rotation_that_meets_a_409_retries_it ... ok
[INFO] [stdout] test tests::a_superseded_chunk_outlives_its_retirement_by_the_retire_age ... ok
[INFO] [stdout] test tests::a_store_without_a_conditional_delete_collects_just_the_same ... ok
[INFO] [stdout] test tests::a_ui_delete_then_a_write_under_that_name_turns_the_file_into_a_directory ... ok
[INFO] [stdout] test tests::a_sync_never_fetches_what_the_scope_declined ... ok
[INFO] [stdout] test tests::a_ui_rename_onto_a_destination_the_agent_took_preserves_the_moved_version ... ok
[INFO] [stdout] test tests::a_ui_write_landing_beside_an_in_flight_upload_is_preserved_never_lost ... ok
[INFO] [stdout] test tests::a_ui_rename_over_a_dirty_source_keeps_both_versions_with_a_record ... ok
[INFO] [stdout] test tests::a_whole_tree_checkout_clears_a_stale_scope ... ok
[INFO] [stdout] test tests::access_parses_exactly_what_the_plugin_writes ... ok
[INFO] [stdout] test tests::a_version_published_under_the_agents_edit_is_surfaced_at_the_commit_never_silently_overwritten ... ok
[INFO] [stdout] test tests::a_uds_boundary_and_a_file_sentinel_coalesce_into_one_ack ... ok
[INFO] [stdout] test tests::adopting_a_lost_renew_token_moves_the_cell ... ok
[INFO] [stdout] test tests::a_ui_rename_after_a_restart_between_the_cas_and_step_7_keeps_the_file ... ok
[INFO] [stdout] test tests::a_widen_materialises_and_cites_what_it_newly_admits ... ok
[INFO] [stdout] test tests::a_ui_write_over_a_peers_delete_survives_the_queued_tombstone ... ok
[INFO] [stdout] test tests::agent_guide_names_every_advertised_verb ... ok
[INFO] [stdout] test tests::a_widen_never_overwrites_a_file_the_agent_made_at_an_admitted_path ... ok
[INFO] [stdout] test tests::an_all_rejected_checkout_scope_is_refused_not_widened ... ok
[INFO] [stdout] test tests::a_superseded_generation_outlives_its_supersession_by_the_retire_age ... ok
[INFO] [stdout] test tests::an_edit_far_from_a_chunk_leaves_it_alone ... ok
[INFO] [stdout] test tests::an_agent_write_just_after_a_sync_applies_is_published ... ok
[INFO] [stdout] test tests::an_agent_write_just_after_the_consume_is_published ... ok
[INFO] [stdout] test tests::a_stale_ack_never_retires_a_fresh_bare_touch ... ok
[INFO] [stdout] test tests::an_agents_delete_over_a_peers_newer_version_lands_and_preserves_theirs ... ok
[INFO] [stdout] test tests::an_all_rejected_sync_scope_is_refused_not_widened_to_the_whole_tree ... ok
[INFO] [stdout] test tests::a_withheld_upload_beside_a_published_one_surfaces_the_version_it_never_integrated ... ok
[INFO] [stdout] test tests::a_withheld_new_file_republished_next_barrier_surfaces_the_peers_file ... ok
[INFO] [stdout] test tests::an_unreadable_conflict_log_is_not_reported_as_empty ... ok
[INFO] [stdout] test tests::an_unreadable_path_is_not_confirmed_as_deleted ... ok
[INFO] [stdout] test tests::a_withheld_upload_republished_next_barrier_surfaces_the_version_it_never_integrated ... ok
[INFO] [stdout] test tests::a_withheld_new_file_beside_a_published_one_surfaces_the_peers_file ... ok
[INFO] [stdout] test tests::an_ack_names_every_record_its_operation_produced_across_a_second_rotation ... ok
[INFO] [stdout] test tests::an_idle_tick_on_a_never_published_workspace_reads_the_pointer_once ... ok
[INFO] [stdout] test tests::assemble_refuses_every_way_a_chunk_list_can_lie ... ok
[INFO] [stdout] test tests::a_writer_killed_after_its_upload_does_not_leave_the_trees_diverged ... ok
[INFO] [stdout] test tests::an_all_rejected_rescope_is_refused_not_widened ... ok
[INFO] [stdout] test tests::an_idle_writer_records_and_clears_a_credential_pause_on_its_floor_tick ... ok
[INFO] [stdout] test tests::chunk_boundaries_are_stable_and_content_addresses_are_not_crc ... ok
[INFO] [stdout] test tests::chunk_sizing_respects_min_max_and_keeps_the_tail ... ok
[INFO] [stdout] test tests::an_orphaned_consume_temp_is_never_published ... ok
[INFO] [stdout] test tests::containment_refuses_the_state_directory_too ... ok
[INFO] [stdout] test tests::an_overwritten_handle_is_refused_by_checkout_in_every_workspace ... ok
[INFO] [stdout] test tests::an_unreadable_scope_is_not_read_as_unscoped ... ok
[INFO] [stdout] test tests::an_unscoped_sync_touch_widens_a_coalesced_scope_to_the_whole_tree ... ok
[INFO] [stdout] test tests::every_gauges_field_reaches_exactly_one_metric ... ok
[INFO] [stdout] test tests::a_writer_that_loses_several_cas_races_backs_off_and_installs ... ok
[INFO] [stdout] test tests::an_ack_write_that_failed_is_not_answered_later_with_a_peers_delete_as_the_declaration ... ok
[INFO] [stdout] test tests::checkout_budget_refuses_before_first_byte ... ok
[INFO] [stdout] test tests::is_auth_reads_through_the_from_conversion ... ok
[INFO] [stdout] test tests::an_invalid_sync_scope_is_acked_refused_and_never_wedges_publish ... ok
[INFO] [stdout] test tests::an_idle_reader_tick_costs_the_inbox_and_the_pointer ... ok
[INFO] [stdout] test tests::capabilities_written_on_live_tree_restart ... ok
[INFO] [stdout] test tests::merge_applies_a_local_delete_and_names_the_version_it_deleted_over ... ok
[INFO] [stdout] test tests::merge_names_the_deletes_mine_publishes_over ... ok
[INFO] [stdout] test tests::fifo_sentinel_skipped ... ok
[INFO] [stdout] test tests::migration_installs_the_pointer_and_poisons_the_legacy_key ... ok
[INFO] [stdout] test tests::checkout_never_materializes_control_citation ... ok
[INFO] [stdout] test tests::an_ingress_copy_a_writer_publishes_over_is_preserved_with_a_record ... ok
[INFO] [stdout] test tests::flint_dir_never_scanned ... ok
[INFO] [stdout] test tests::crash_between_consume_and_ack_reruns_barrier ... ok
[INFO] [stdout] test tests::container_restart_never_resurrects_unpublished_delete ... ok
[INFO] [stdout] test tests::checkout_publish_roundtrip_and_two_scan_delete ... ok
[INFO] [stdout] test tests::one_shot_verbs_that_publish_or_fence_are_refused_on_a_reader ... ok
[INFO] [stdout] test tests::legacy_flint_citation_survives_upgrade ... ok
[INFO] [stdout] test tests::only_the_queue_head_is_told_to_poll_fast ... ok
[INFO] [stdout] test tests::disjoint_edits_cross_at_the_next_consume ... ok
[INFO] [stdout] test tests::hitl_upload_survives_two_barriers_without_sync ... ok
[INFO] [stdout] test tests::local_delete_meets_foreign_modify_and_preserves_it ... ok
[INFO] [stdout] test tests::preexisting_flint_disables_sentinels ... ok
[INFO] [stdout] test tests::large_file_publishes_via_compose_and_roundtrips ... ok
[INFO] [stdout] test tests::every_boundary_says_which_clock_installed_it ... ok
[INFO] [stdout] test tests::migrating_to_chunks_leaves_no_generation_objects_behind ... ok
[INFO] [stdout] test tests::scope_matches_on_component_boundary ... ok
[INFO] [stdout] test tests::min_interval_coalesces_into_one_barrier ... ok
[INFO] [stdout] test tests::second_syncer_on_one_tree_refuses ... ok
[INFO] [stdout] test tests::publish_sentinel_honored_and_acked ... ok
[INFO] [stdout] test tests::only_a_declared_barrier_confirms_a_first_absence ... ok
[INFO] [stdout] test tests::my_delete_meeting_a_peers_edit_wins_at_once_with_the_edit_preserved ... ok
[INFO] [stdout] test tests::readers_never_touch_the_cell ... ok
[INFO] [stdout] test tests::superseded_generations_are_reaped_but_the_live_one_and_a_window_survive ... ok
[INFO] [stdout] test tests::remote_seq_ticks_without_added_requests ... ok
[INFO] [stdout] test tests::restart_settles_pending_before_new_consume ... ok
[INFO] [stdout] test tests::ranged_checkout_is_byte_identical_and_parallel ... ok
[INFO] [stdout] test tests::siblings_racing_to_create_one_parent_do_not_refuse_each_other ... ok
[INFO] [stdout] test tests::scoped_sync_preserves_out_of_scope_foreign_flow ... ok
[INFO] [stdout] test tests::my_edit_meeting_a_peers_delete_recreates_the_path ... ok
[INFO] [stdout] test tests::status_reports_a_standing_pending_sentinel ... ok
[INFO] [stdout] test tests::ranged_checkout_explicitly_disabled_uses_no_ranges ... ok
[INFO] [stdout] test tests::status_renders_without_claiming_the_lease ... ok
[INFO] [stdout] test tests::sentinel_ack_echoes_covered_nonces ... ok
[INFO] [stdout] test tests::the_chunk_reaper_aborts_when_a_publish_lands_under_it ... ok
[INFO] [stdout] test tests::the_chunk_reaper_does_not_head_what_the_listing_shows_inside_the_grace ... ok
[INFO] [stdout] test tests::the_chunk_reaper_judges_the_grace_now_not_when_it_listed ... ok
[INFO] [stdout] test tests::the_chunk_reaper_takes_orphans_and_nothing_else ... ok
[INFO] [stdout] test tests::ranged_checkout_on_by_default_uses_ranges ... ok
[INFO] [stdout] test tests::sync_never_deletes_an_agent_write_made_after_its_scan ... ok
[INFO] [stdout] test tests::sync_never_overwrites_an_agent_write_made_while_it_writes ... ok
[INFO] [stdout] test tests::the_confirmation_never_deletes_a_path_the_walk_merely_missed ... ok
[INFO] [stdout] test tests::remote_seq_reports_news_while_a_peers_change_waits_in_the_queue ... ok
[INFO] [stdout] test tests::the_clash_check_answers_as_the_every_pair_scan_did ... ok
[INFO] [stdout] test tests::no_diff_sentinel_honor_costs_no_budget ... ok
[INFO] [stdout] test tests::sync_refuses_to_clobber_a_locally_dirty_path_and_says_so ... ok
[INFO] [stdout] test tests::the_drain_attestation_is_written_by_the_drain_and_cleared_at_startup ... ok
[INFO] [stdout] test tests::the_conflict_log_rotates_instead_of_growing_without_bound ... ok
[INFO] [stdout] test tests::the_clash_check_is_not_quadratic_in_the_document ... ok
[INFO] [stdout] test tests::sync_on_a_backend_that_attests_no_checksum_still_sees_identical_bytes ... ok
[INFO] [stdout] test tests::the_label_key_set_is_exactly_workspace_and_namespace ... ok
[INFO] [stdout] test tests::sync_rehonor_no_phantom_conflicts ... ok
[INFO] [stdout] test tests::sync_scan_first_dirty_wins_clean_applies ... ok
[INFO] [stdout] test tests::sync_request_is_carried_never_executed ... ok
[INFO] [stdout] test tests::the_reaper_collects_an_orphan_from_a_crash_before_the_pointer_cas ... ok
[INFO] [stdout] test tests::the_compose_path_reads_the_descriptor_it_was_given_not_the_path_it_was_named ... ok
[INFO] [stdout] test tests::the_temp_retry_paths_replace_a_leftover_and_recreate_a_vanished_parent ... ok
[INFO] [stdout] test tests::the_barrier_reaps_unreferenced_chunks_without_being_asked ... ok
[INFO] [stdout] test tests::the_ticket_hands_the_fence_to_the_queue_head ... ok
[INFO] [stdout] test tests::the_marker_says_read_access_and_the_guide_explains_it ... ok
[INFO] [stdout] test tests::the_consume_never_overwrites_an_agent_write_made_while_it_writes ... ok
[INFO] [stdout] test tests::the_drain_carries_a_delete_made_before_it ... ok
[INFO] [stdout] test tests::sync_turns_a_file_into_a_directory_in_one_pass ... ok
[INFO] [stdout] test tests::the_manifest_cites_the_uploaded_length_not_the_scanned_one ... ok
[INFO] [stdout] test tests::the_published_flag_survives_the_pointer_round_trip ... ok
[INFO] [stdout] test tests::the_fence_costs_a_publishing_boundary_four_cell_requests_and_an_idle_one_none ... ok
[INFO] [stdout] test tests_bench::barrier_cost_against_workspace_size ... ignored
[INFO] [stdout] test tests::the_upload_refuses_a_directory_swapped_for_a_symlink_after_the_scan ... ok
[INFO] [stdout] test tests::takeover_rotation_fences_the_straggler ... ok
[INFO] [stdout] test tests::the_upload_refuses_a_symlink_swapped_in_after_the_scan ... ok
[INFO] [stdout] test tests::write_file_atomic_refuses_symlink_escape ... ok
[INFO] [stdout] test tests::torn_pending_body_honored_as_bare_touch ... ok
[INFO] [stdout] test tests::the_same_unlink_without_the_uncite_publishes_deletions ... ok
[INFO] [stdout] test tests::the_event_trace_reconstructs_a_two_writer_interleaving ... ok
[INFO] [stdout] test tests::the_floor_sweeps_for_ingress_objects_only_past_the_grace_and_when_due ... ok
[INFO] [stdout] test tests::ui_edit_vs_agent_edit_never_a_silent_winner ... ok
[INFO] [stdout] test tests::what_a_scoped_checkout_never_materialised_it_can_never_delete ... ok
[INFO] [stdout] test tests::two_writers_publish_without_waiting_for_each_other ... ok
[INFO] [stdout] test tests::two_idle_writers_do_not_trade_empty_generations ... ok
[INFO] [stdout] test tests::the_floors_cadence_barrier_after_a_failed_honor_carries_the_whole_declaration ... ok
[INFO] [stdout] test tests_conformance::conformance_agent_edit_over_a_ui_delete ... ok
[INFO] [stdout] test tests_conformance::conformance_rename_of_a_pending_ui_write ... ok
[INFO] [stdout] test tests_conformance::conformance_both_edit_one_file ... ok
[INFO] [stdout] test tests_conformance::conformance_ui_delete_applied ... ok
[INFO] [stdout] test tests_conformance::conformance_ui_rename ... ok
[INFO] [stdout] test tests::budget_meters_bytes_not_calls ... ok
[INFO] [stdout] test trace::tests::a_line_starts_with_the_pinned_prefix_and_parses ... ok
[INFO] [stdout] test tests_conformance::conformance_delete_over_a_peers_edit ... ok
[INFO] [stdout] test tests_conformance::conformance_ui_write_cited ... ok
[INFO] [stdout] test tests_conformance::conformance_superseded_ui_write_swept ... ok
[INFO] [stdout] test tests::a_rotation_never_shortens_what_a_reader_has_already_counted ... ok
[INFO] [stdout] test tests_conformance::conformance_repair_yields_to_a_later_ui_write ... ok
[INFO] [stdout] test tests_conformance::conformance_edit_and_delete_cross ... ok
[INFO] [stdout] test tests_conformance::conformance_r7_is_per_path_across_a_rename ... ok
[INFO] [stdout] test tests_conformance::conformance_commit_withholds_a_swept_upload ... ok
[INFO] [stdout] test tests_conformance::conformance_ui_save_lands_inside_a_barrier ... ok
[INFO] [stdout] test tests_upload_gate::a_store_without_a_gate_offers_none ... ok
[INFO] [stdout] test tests_conformance::conformance_ui_write_over_a_queued_delete ... ok
[INFO] [stdout] test tests_upload_gate::a_single_object_larger_than_the_budget_still_publishes ... ok
[INFO] [stdout] test tests_upload_gate::whole_bodies_never_exceed_the_budget_and_the_control_blows_past_it ... ok
[INFO] [stdout] test tests_conformance::conformance_withheld_republished_over_a_ui_save ... ok
[INFO] [stdout] test tests_upload_gate::compose_parts_never_exceed_the_budget_and_the_control_blows_past_it ... ok
[INFO] [stdout] 
[INFO] [stdout] failures:
[INFO] [stdout] 
[INFO] [stdout] ---- tests::a_path_a_sync_could_not_write_stays_owed stdout ----
[INFO] [stdout] flint-sync: publish fence held (epoch 1)
[INFO] [stdout] 
[INFO] [stdout] thread 'tests::a_path_a_sync_could_not_write_stays_owed' (1432) panicked at src/tests.rs:12422:5:
[INFO] [stdout] the write did not fail: SyncReport { applied: ["sub/f.txt"], deleted: [], conflicts: [], seq: 2, out_of_scope_foreign: 0, scope: None }
[INFO] [stdout] stack backtrace:
[INFO] [stdout]    0:     0x56bc07f5c631 - <<std[70759c8f55707aa4]::sys::backtrace::BacktraceLock>::print::DisplayBacktrace as core[df12db4294e9bfd3]::fmt::Display>::fmt
[INFO] [stdout]    1:     0x56bc07f7321a - core[df12db4294e9bfd3]::fmt::write
[INFO] [stdout]    2:     0x56bc07f616fc - <alloc[2182bb758b4b3781]::vec::Vec<u8> as core[df12db4294e9bfd3]::io::write::Write>::write_fmt
[INFO] [stdout]    3:     0x56bc07f35016 - std[70759c8f55707aa4]::panicking::default_hook::{closure#0}
[INFO] [stdout]    4:     0x56bc07f52fa9 - std[70759c8f55707aa4]::panicking::default_hook
[INFO] [stdout]    5:     0x56bc07e8b930 - test[9d35eded1c95d3be]::test_main_inner::<test[9d35eded1c95d3be]::test_main_static::{closure#0}>::{closure#0}
[INFO] [stdout]    6:     0x56bc07f532d2 - std[70759c8f55707aa4]::panicking::panic_with_hook
[INFO] [stdout]    7:     0x56bc07f350c2 - std[70759c8f55707aa4]::panicking::panic_handler::{closure#0}
[INFO] [stdout]    8:     0x56bc07f2da39 - std[70759c8f55707aa4]::sys::backtrace::__rust_end_short_backtrace::<std[70759c8f55707aa4]::panicking::panic_handler::{closure#0}, !>
[INFO] [stdout]    9:     0x56bc07f35f5d - __rustc[8fa7c3cbc660c2b3]::rust_begin_unwind
[INFO] [stdout]   10:     0x56bc07f7397c - core[df12db4294e9bfd3]::panicking::panic_fmt
[INFO] [stdout]   11:     0x56bc078fb787 - flint_lean[67667ccc728c24c2]::tests::a_path_a_sync_could_not_write_stays_owed::{closure#0}
[INFO] [stdout]   12:     0x56bc07cb5e5c - <tokio[ee8a4addbcbdd9e6]::runtime::runtime::Runtime>::block_on::<core[df12db4294e9bfd3]::pin::Pin<&mut dyn core[df12db4294e9bfd3]::future::future::Future<Output = ()>>>
[INFO] [stdout]   13:     0x56bc07a47ada - flint_lean[67667ccc728c24c2]::tests::a_path_a_sync_could_not_write_stays_owed
[INFO] [stdout]   14:     0x56bc07e2a4c9 - <flint_lean[67667ccc728c24c2]::tests::a_path_a_sync_could_not_write_stays_owed::{closure#0} as core[df12db4294e9bfd3]::ops::function::FnOnce<()>>::call_once
[INFO] [stdout]   15:     0x56bc07e7ec1b - test[9d35eded1c95d3be]::__rust_begin_short_backtrace::<core[df12db4294e9bfd3]::result::Result<(), alloc[2182bb758b4b3781]::string::String>, fn() -> core[df12db4294e9bfd3]::result::Result<(), alloc[2182bb758b4b3781]::string::String>>
[INFO] [stdout]   16:     0x56bc07e8c285 - test[9d35eded1c95d3be]::run_test::{closure#0}
[INFO] [stdout]   17:     0x56bc07e85b44 - std[70759c8f55707aa4]::sys::backtrace::__rust_begin_short_backtrace::<test[9d35eded1c95d3be]::run_test::{closure#1}, ()>
[INFO] [stdout]   18:     0x56bc07e8f3e2 - <std[70759c8f55707aa4]::thread::lifecycle::spawn_unchecked<test[9d35eded1c95d3be]::run_test::{closure#1}, ()>::{closure#1} as core[df12db4294e9bfd3]::ops::function::FnOnce<()>>::call_once::{shim:vtable#0}
[INFO] [stdout]   19:     0x56bc07f5b569 - <std[70759c8f55707aa4]::sys::thread::unix::Thread>::new::thread_start
[INFO] [stdout]   20:     0x78b0985bddfa - <unknown>
[INFO] [stdout]   21:     0x78b0986513d4 - clone
[INFO] [stdout]   22:                0x0 - <unknown>
[INFO] [stdout] 
[INFO] [stdout] 
[INFO] [stdout] failures:
[INFO] [stdout]     tests::a_path_a_sync_could_not_write_stays_owed
[INFO] [stdout] 
[INFO] [stdout] test result: FAILED. 278 passed; 1 failed; 1 ignored; 0 measured; 0 filtered out; finished in 9.65s
[INFO] [stdout] 
[INFO] [stderr] error: test failed, to rerun pass `--lib`
[INFO] running `Command { std: "docker" "inspect" "582164570b7e5df93294cef7f51bb6f3cbbe8a000e8c8f7361891ae467af6dfc", kill_on_drop: false }`
[INFO] running `Command { std: "docker" "rm" "-f" "582164570b7e5df93294cef7f51bb6f3cbbe8a000e8c8f7361891ae467af6dfc", kill_on_drop: false }`
[INFO] [stdout] 582164570b7e5df93294cef7f51bb6f3cbbe8a000e8c8f7361891ae467af6dfc
