[INFO] fetching crate flightdiff-core 0.1.0...
[INFO] testing flightdiff-core-0.1.0 against 1.100.0-beta.1+cargoflags=--release for beta-release-1.100-2
[INFO] extracting crate flightdiff-core 0.1.0 into /workspace/builds/worker-6-tc2/source
[INFO] started tweaking crates.io crate flightdiff-core 0.1.0
[INFO] removed 0 missing tests
[INFO] finished tweaking crates.io crate flightdiff-core 0.1.0
[INFO] tweaked toml for crates.io crate flightdiff-core 0.1.0 written to /workspace/builds/worker-6-tc2/source/Cargo.toml
[INFO] validating manifest of crates.io crate flightdiff-core 0.1.0 on toolchain 1.100.0-beta.1
[INFO] running `Command { std: CARGO_HOME="/workspace/cargo-home" RUSTUP_HOME="/workspace/rustup-home" "/workspace/cargo-home/bin/cargo" "+1.100.0-beta.1" "metadata" "--manifest-path" "Cargo.toml" "--no-deps", kill_on_drop: false }`
[INFO] crate crates.io crate flightdiff-core 0.1.0 already has a lockfile, it will not be regenerated
[INFO] running `Command { std: CARGO_HOME="/workspace/cargo-home" RUSTUP_HOME="/workspace/rustup-home" "/workspace/cargo-home/bin/cargo" "+1.100.0-beta.1" "fetch" "--manifest-path" "Cargo.toml", kill_on_drop: false }`
[INFO] [stderr]     Blocking waiting for file lock on package cache
[INFO] [stderr]     Blocking waiting for file lock on package cache
[INFO] running `Command { std: "docker" "create" "-v" "/var/lib/crater-agent-workspace/builds/worker-6-tc2/source:/opt/rustwide/workdir:ro,Z" "-v" "/var/lib/crater-agent-workspace/builds/worker-6-tc2/target:/opt/rustwide/target:rw,Z" "-v" "/var/lib/crater-agent-workspace/cargo-home:/opt/rustwide/cargo-home:ro,Z" "-v" "/var/lib/crater-agent-workspace/rustup-home:/opt/rustwide/rustup-home:ro,Z" "-m" "1610612736" "--network" "none" "ghcr.io/rust-lang/crates-build-env/linux@sha256:77db811e55d90add9212f6832c23229e3de5f1c1f9905e8cb07319ea15df73ac" "sleep" "infinity", kill_on_drop: false }`
[INFO] [stdout] 505319ec97230c0b11def93f9a915447c7862d8855d03dcb674d4cb14d5a1d61
[INFO] running `Command { std: "docker" "start" "505319ec97230c0b11def93f9a915447c7862d8855d03dcb674d4cb14d5a1d61", kill_on_drop: false }`
[INFO] running `Command { std: "docker" "inspect" "505319ec97230c0b11def93f9a915447c7862d8855d03dcb674d4cb14d5a1d61", kill_on_drop: false }`
[INFO] running `Command { std: "docker" "exec" "-e" "SOURCE_DIR=/opt/rustwide/workdir" "-e" "CARGO_HOME=/opt/rustwide/cargo-home" "-e" "RUSTUP_HOME=/opt/rustwide/rustup-home" "-e" "CARGO_TARGET_DIR=/opt/rustwide/target" "-w" "/opt/rustwide/workdir" "--user" "0:0" "505319ec97230c0b11def93f9a915447c7862d8855d03dcb674d4cb14d5a1d61" "/opt/rustwide/cargo-home/bin/cargo" "+1.100.0-beta.1" "metadata" "--no-deps" "--format-version=1", kill_on_drop: false }`
[INFO] running `Command { std: "docker" "inspect" "505319ec97230c0b11def93f9a915447c7862d8855d03dcb674d4cb14d5a1d61", kill_on_drop: false }`
[INFO] running `Command { std: "docker" "exec" "-e" "SOURCE_DIR=/opt/rustwide/workdir" "-e" "CARGO_HOME=/opt/rustwide/cargo-home" "-e" "RUSTUP_HOME=/opt/rustwide/rustup-home" "-e" "CARGO_TARGET_DIR=/opt/rustwide/target" "-e" "CARGO_INCREMENTAL=0" "-e" "RUST_BACKTRACE=full" "-e" "RUSTFLAGS=--cap-lints=warn" "-e" "RUSTDOCFLAGS=--cap-lints=warn" "-w" "/opt/rustwide/workdir" "--user" "0:0" "505319ec97230c0b11def93f9a915447c7862d8855d03dcb674d4cb14d5a1d61" "/opt/rustwide/cargo-home/bin/cargo" "+1.100.0-beta.1" "build" "--frozen" "--message-format=json" "--release", kill_on_drop: false }`
[INFO] [stderr]    Compiling syn v3.0.4
[INFO] [stderr]    Compiling syn v2.0.119
[INFO] [stderr]    Compiling memmap2 v0.9.11
[INFO] [stderr]    Compiling thiserror-impl v2.0.20
[INFO] [stderr]    Compiling thiserror v2.0.20
[INFO] [stderr]    Compiling tracing-attributes v0.1.31
[INFO] [stderr]    Compiling tracing v0.1.44
[INFO] [stderr]    Compiling flightdiff-core v0.1.0 (/opt/rustwide/workdir)
[INFO] [stderr]     Finished `release` profile [optimized] target(s) in 7.62s
[INFO] running `Command { std: "docker" "inspect" "505319ec97230c0b11def93f9a915447c7862d8855d03dcb674d4cb14d5a1d61", kill_on_drop: false }`
[INFO] running `Command { std: "docker" "exec" "-e" "SOURCE_DIR=/opt/rustwide/workdir" "-e" "CARGO_HOME=/opt/rustwide/cargo-home" "-e" "RUSTUP_HOME=/opt/rustwide/rustup-home" "-e" "CARGO_TARGET_DIR=/opt/rustwide/target" "-e" "CARGO_INCREMENTAL=0" "-e" "RUST_BACKTRACE=full" "-e" "RUSTFLAGS=--cap-lints=warn" "-e" "RUSTDOCFLAGS=--cap-lints=warn" "-w" "/opt/rustwide/workdir" "--user" "0:0" "505319ec97230c0b11def93f9a915447c7862d8855d03dcb674d4cb14d5a1d61" "/opt/rustwide/cargo-home/bin/cargo" "+1.100.0-beta.1" "test" "--frozen" "--no-run" "--message-format=json" "--release", kill_on_drop: false }`
[INFO] [stderr]    Compiling syn v2.0.119
[INFO] [stderr]    Compiling crossbeam-epoch v0.9.20
[INFO] [stderr]    Compiling crossbeam-deque v0.8.7
[INFO] [stderr]    Compiling either v1.18.0
[INFO] [stderr]    Compiling serde_derive v1.0.229
[INFO] [stderr]    Compiling serde_json v1.0.151
[INFO] [stderr]    Compiling clap_builder v4.6.6
[INFO] [stderr]    Compiling tempfile v3.27.0
[INFO] [stderr]    Compiling is-terminal v0.4.17
[INFO] [stderr]    Compiling console v0.16.4
[INFO] [stderr]    Compiling similar v2.7.0
[INFO] [stderr]    Compiling itertools v0.10.5
[INFO] [stderr]    Compiling rayon-core v1.13.0
[INFO] [stderr]    Compiling rayon v1.12.0
[INFO] [stderr]    Compiling insta v1.48.0
[INFO] [stderr]    Compiling criterion-plot v0.5.0
[INFO] [stderr]    Compiling serde v1.0.229
[INFO] [stderr]    Compiling clap v4.6.6
[INFO] [stderr]    Compiling tinytemplate v1.2.1
[INFO] [stderr]    Compiling zerocopy-derive v0.8.56
[INFO] [stderr]    Compiling tracing-attributes v0.1.31
[INFO] [stderr]    Compiling tracing v0.1.44
[INFO] [stderr]    Compiling flightdiff-core v0.1.0 (/opt/rustwide/workdir)
[INFO] [stderr]    Compiling zerocopy v0.8.56
[INFO] [stderr]    Compiling half v2.7.1
[INFO] [stderr]    Compiling ciborium-ll v0.2.2
[INFO] [stderr]    Compiling ciborium v0.2.2
[INFO] [stderr]    Compiling criterion v0.5.1
[INFO] [stderr]     Finished `release` profile [optimized] target(s) in 50.23s
[INFO] running `Command { std: "docker" "inspect" "505319ec97230c0b11def93f9a915447c7862d8855d03dcb674d4cb14d5a1d61", kill_on_drop: false }`
[INFO] running `Command { std: "docker" "exec" "-e" "SOURCE_DIR=/opt/rustwide/workdir" "-e" "CARGO_HOME=/opt/rustwide/cargo-home" "-e" "RUSTUP_HOME=/opt/rustwide/rustup-home" "-e" "CARGO_TARGET_DIR=/opt/rustwide/target" "-e" "CARGO_INCREMENTAL=0" "-e" "RUST_BACKTRACE=full" "-e" "RUSTFLAGS=--cap-lints=warn" "-e" "RUSTDOCFLAGS=--cap-lints=warn" "-w" "/opt/rustwide/workdir" "--user" "0:0" "505319ec97230c0b11def93f9a915447c7862d8855d03dcb674d4cb14d5a1d61" "/opt/rustwide/cargo-home/bin/cargo" "+1.100.0-beta.1" "test" "--frozen" "--release", kill_on_drop: false }`
[INFO] [stderr]     Finished `release` profile [optimized] target(s) in 0.10s
[INFO] [stderr]      Running unittests src/lib.rs (/opt/rustwide/target/release/build/flightdiff-core/8c901ab83202341f/out/flightdiff_core-8c901ab83202341f)
[INFO] [stdout] 
[INFO] [stdout] running 16 tests
[INFO] [stdout] test format::ulog::tests::zero_sized_messages_do_not_stall_the_reader ... ok
[INFO] [stdout] test format::ulog::tests::ignores_flag_bits_that_are_not_the_first_message ... ok
[INFO] [stdout] test format::ulog::tests::refuses_a_log_with_unsupported_incompatible_flags ... ok
[INFO] [stdout] test format::ulog::tests::accepts_magic ... ok
[INFO] [stdout] test format::ulog::tests::rejects_non_ulog ... ok
[INFO] [stdout] test format::ulog::tests::skips_definition_messages_it_does_not_read ... ok
[INFO] [stdout] test format::ulog::tests::log_cut_inside_the_file_header_is_truncated ... ok
[INFO] [stdout] test format::ulog::tests::reads_int_and_float_parameters ... ok
[INFO] [stdout] test format::ulog::tests::header_only_log_is_truncated ... ok
[INFO] [stdout] test format::ulog::tests::recovers_parameters_from_a_log_cut_mid_message ... ok
[INFO] [stdout] test format::ulog::tests::skips_parameter_whose_key_length_overruns_its_payload ... ok
[INFO] [stdout] test format::ulog::tests::skips_parameters_of_unsupported_type ... ok
[INFO] [stdout] test format::ulog::tests::stops_at_logged_string ... ok
[INFO] [stdout] test format::dataflash::tests::rejects_non_dataflash ... ok
[INFO] [stdout] test format::ulog::tests::accepts_the_data_appended_flag ... ok
[INFO] [stdout] test format::ulog::tests::stops_at_data_section ... ok
[INFO] [stdout] 
[INFO] [stdout] test result: ok. 16 passed; 0 failed; 0 ignored; 0 measured; 0 filtered out; finished in 0.02s
[INFO] [stdout] 
[INFO] [stderr]      Running tests/fixtures.rs (/opt/rustwide/target/release/build/flightdiff-core/2e89c9c68359cbf6/out/fixtures-2e89c9c68359cbf6)
[INFO] [stdout] 
[INFO] [stdout] running 5 tests
[INFO] [stderr] error: test failed, to rerun pass `--test fixtures`
[INFO] [stdout] test good_log_round_trips ... FAILED
[INFO] [stdout] test crash_log_round_trips ... FAILED
[INFO] [stdout] test committed_fixtures_match_the_generator ... FAILED
[INFO] [stdout] test truncated_log_recovers_every_parameter_before_the_cut ... FAILED
[INFO] [stdout] test the_two_flights_differ_in_the_documented_ways ... FAILED
[INFO] [stdout] 
[INFO] [stdout] failures:
[INFO] [stdout] 
[INFO] [stdout] ---- good_log_round_trips stdout ----
[INFO] [stdout] 
[INFO] [stdout] thread 'good_log_round_trips' (906) panicked at tests/fixtures.rs:161:54:
[INFO] [stdout] called `Result::unwrap()` on an `Err` value: Io { path: "/opt/rustwide/workdir/../../testdata/good.ulg", source: Os { code: 2, kind: NotFound, message: "No such file or directory" } }
[INFO] [stdout] stack backtrace:
[INFO] [stdout]    0:     0x64d888868641 - <<std[617be2ca0a6fd877]::sys::backtrace::BacktraceLock>::print::DisplayBacktrace as core[a373ad73a504971]::fmt::Display>::fmt
[INFO] [stdout]    1:     0x64d88887d91a - core[a373ad73a504971]::fmt::write
[INFO] [stdout]    2:     0x64d88886c85c - <alloc[2e1b2a31b91974c5]::vec::Vec<u8> as core[a373ad73a504971]::io::write::Write>::write_fmt
[INFO] [stdout]    3:     0x64d8888440c6 - std[617be2ca0a6fd877]::panicking::default_hook::{closure#0}
[INFO] [stdout]    4:     0x64d888860659 - std[617be2ca0a6fd877]::panicking::default_hook
[INFO] [stdout]    5:     0x64d8887f8e60 - test[aada8e7e76ba119b]::test_main_inner::{closure#0}
[INFO] [stdout]    6:     0x64d888860812 - std[617be2ca0a6fd877]::panicking::panic_with_hook
[INFO] [stdout]    7:     0x64d888844172 - std[617be2ca0a6fd877]::panicking::panic_handler::{closure#0}
[INFO] [stdout]    8:     0x64d88883ccf9 - std[617be2ca0a6fd877]::sys::backtrace::__rust_end_short_backtrace::<std[617be2ca0a6fd877]::panicking::panic_handler::{closure#0}, !>
[INFO] [stdout]    9:     0x64d888844d7d - __rustc[ea4f61d10b84890b]::rust_begin_unwind
[INFO] [stdout]   10:     0x64d88887e07c - core[a373ad73a504971]::panicking::panic_fmt
[INFO] [stdout]   11:     0x64d88887de52 - core[a373ad73a504971]::result::unwrap_failed
[INFO] [stdout]   12:     0x64d8887e5249 - fixtures[372c9a42baae720e]::parsed
[INFO] [stdout]   13:     0x64d8887e60ec - <fixtures[372c9a42baae720e]::good_log_round_trips::{closure#0} as core[a373ad73a504971]::ops::function::FnOnce<()>>::call_once
[INFO] [stdout]   14:     0x64d8887ec2ab - test[aada8e7e76ba119b]::__rust_begin_short_backtrace::<core[a373ad73a504971]::result::Result<(), alloc[2e1b2a31b91974c5]::string::String>, fn() -> core[a373ad73a504971]::result::Result<(), alloc[2e1b2a31b91974c5]::string::String>>
[INFO] [stdout]   15:     0x64d8887f9485 - test[aada8e7e76ba119b]::run_test::{closure#0}
[INFO] [stdout]   16:     0x64d8887f2d74 - std[617be2ca0a6fd877]::sys::backtrace::__rust_begin_short_backtrace::<test[aada8e7e76ba119b]::run_test::{closure#1}, ()>
[INFO] [stdout]   17:     0x64d8887fc512 - <std[617be2ca0a6fd877]::thread::lifecycle::spawn_unchecked<test[aada8e7e76ba119b]::run_test::{closure#1}, ()>::{closure#1} as core[a373ad73a504971]::ops::function::FnOnce<()>>::call_once::{shim:vtable#0}
[INFO] [stdout]   18:     0x64d88886797f - <std[617be2ca0a6fd877]::sys::thread::unix::Thread>::new::thread_start
[INFO] [stdout]   19:     0x7f3eb0917dfa - <unknown>
[INFO] [stdout]   20:     0x7f3eb09ab3d4 - clone
[INFO] [stdout]   21:                0x0 - <unknown>
[INFO] [stdout] 
[INFO] [stdout] ---- crash_log_round_trips stdout ----
[INFO] [stdout] 
[INFO] [stdout] thread 'crash_log_round_trips' (905) panicked at tests/fixtures.rs:161:54:
[INFO] [stdout] called `Result::unwrap()` on an `Err` value: Io { path: "/opt/rustwide/workdir/../../testdata/crash.ulg", source: Os { code: 2, kind: NotFound, message: "No such file or directory" } }
[INFO] [stdout] stack backtrace:
[INFO] [stdout]    0:     0x64d888868641 - <<std[617be2ca0a6fd877]::sys::backtrace::BacktraceLock>::print::DisplayBacktrace as core[a373ad73a504971]::fmt::Display>::fmt
[INFO] [stdout]    1:     0x64d88887d91a - core[a373ad73a504971]::fmt::write
[INFO] [stdout]    2:     0x64d88886c85c - <alloc[2e1b2a31b91974c5]::vec::Vec<u8> as core[a373ad73a504971]::io::write::Write>::write_fmt
[INFO] [stdout]    3:     0x64d8888440c6 - std[617be2ca0a6fd877]::panicking::default_hook::{closure#0}
[INFO] [stdout]    4:     0x64d888860659 - std[617be2ca0a6fd877]::panicking::default_hook
[INFO] [stdout]    5:     0x64d8887f8e60 - test[aada8e7e76ba119b]::test_main_inner::{closure#0}
[INFO] [stdout]    6:     0x64d888860812 - std[617be2ca0a6fd877]::panicking::panic_with_hook
[INFO] [stdout]    7:     0x64d888844172 - std[617be2ca0a6fd877]::panicking::panic_handler::{closure#0}
[INFO] [stdout]    8:     0x64d88883ccf9 - std[617be2ca0a6fd877]::sys::backtrace::__rust_end_short_backtrace::<std[617be2ca0a6fd877]::panicking::panic_handler::{closure#0}, !>
[INFO] [stdout]    9:     0x64d888844d7d - __rustc[ea4f61d10b84890b]::rust_begin_unwind
[INFO] [stdout]   10:     0x64d88887e07c - core[a373ad73a504971]::panicking::panic_fmt
[INFO] [stdout]   11:     0x64d88887de52 - core[a373ad73a504971]::result::unwrap_failed
[INFO] [stdout]   12:     0x64d8887e5249 - fixtures[372c9a42baae720e]::parsed
[INFO] [stdout]   13:     0x64d8887e656d - <fixtures[372c9a42baae720e]::crash_log_round_trips::{closure#0} as core[a373ad73a504971]::ops::function::FnOnce<()>>::call_once
[INFO] [stdout]   14:     0x64d8887ec2ab - test[aada8e7e76ba119b]::__rust_begin_short_backtrace::<core[a373ad73a504971]::result::Result<(), alloc[2e1b2a31b91974c5]::string::String>, fn() -> core[a373ad73a504971]::result::Result<(), alloc[2e1b2a31b91974c5]::string::String>>
[INFO] [stdout]   15:     0x64d8887f9485 - test[aada8e7e76ba119b]::run_test::{closure#0}
[INFO] [stdout]   16:     0x64d8887f2d74 - std[617be2ca0a6fd877]::sys::backtrace::__rust_begin_short_backtrace::<test[aada8e7e76ba119b]::run_test::{closure#1}, ()>
[INFO] [stdout]   17:     0x64d8887fc512 - <std[617be2ca0a6fd877]::thread::lifecycle::spawn_unchecked<test[aada8e7e76ba119b]::run_test::{closure#1}, ()>::{closure#1} as core[a373ad73a504971]::ops::function::FnOnce<()>>::call_once::{shim:vtable#0}
[INFO] [stdout]   18:     0x64d88886797f - <std[617be2ca0a6fd877]::sys::thread::unix::Thread>::new::thread_start
[INFO] [stdout]   19:     0x7f3eb0917dfa - <unknown>
[INFO] [stdout]   20:     0x7f3eb09ab3d4 - clone
[INFO] [stdout]   21:                0x0 - <unknown>
[INFO] [stdout] 
[INFO] [stdout] ---- committed_fixtures_match_the_generator stdout ----
[INFO] [stdout] 
[INFO] [stdout] thread 'committed_fixtures_match_the_generator' (904) panicked at tests/fixtures.rs:150:13:
[INFO] [stdout] good.ulg is missing (No such file or directory (os error 2)); run with FLIGHTDIFF_REGENERATE_FIXTURES=1 to write it
[INFO] [stdout] stack backtrace:
[INFO] [stdout]    0:     0x64d888868641 - <<std[617be2ca0a6fd877]::sys::backtrace::BacktraceLock>::print::DisplayBacktrace as core[a373ad73a504971]::fmt::Display>::fmt
[INFO] [stdout]    1:     0x64d88887d91a - core[a373ad73a504971]::fmt::write
[INFO] [stdout]    2:     0x64d88886c85c - <alloc[2e1b2a31b91974c5]::vec::Vec<u8> as core[a373ad73a504971]::io::write::Write>::write_fmt
[INFO] [stdout]    3:     0x64d8888440c6 - std[617be2ca0a6fd877]::panicking::default_hook::{closure#0}
[INFO] [stdout]    4:     0x64d888860659 - std[617be2ca0a6fd877]::panicking::default_hook
[INFO] [stdout]    5:     0x64d8887f8e60 - test[aada8e7e76ba119b]::test_main_inner::{closure#0}
[INFO] [stdout]    6:     0x64d888860812 - std[617be2ca0a6fd877]::panicking::panic_with_hook
[INFO] [stdout]    7:     0x64d888844172 - std[617be2ca0a6fd877]::panicking::panic_handler::{closure#0}
[INFO] [stdout]    8:     0x64d88883ccf9 - std[617be2ca0a6fd877]::sys::backtrace::__rust_end_short_backtrace::<std[617be2ca0a6fd877]::panicking::panic_handler::{closure#0}, !>
[INFO] [stdout]    9:     0x64d888844d7d - __rustc[ea4f61d10b84890b]::rust_begin_unwind
[INFO] [stdout]   10:     0x64d88887e07c - core[a373ad73a504971]::panicking::panic_fmt
[INFO] [stdout]   11:     0x64d8887e4bab - fixtures[372c9a42baae720e]::committed_fixtures_match_the_generator::{closure#0}
[INFO] [stdout]   12:     0x64d8887e6ce3 - <fixtures[372c9a42baae720e]::committed_fixtures_match_the_generator::{closure#0} as core[a373ad73a504971]::ops::function::FnOnce<()>>::call_once
[INFO] [stdout]   13:     0x64d8887ec2ab - test[aada8e7e76ba119b]::__rust_begin_short_backtrace::<core[a373ad73a504971]::result::Result<(), alloc[2e1b2a31b91974c5]::string::String>, fn() -> core[a373ad73a504971]::result::Result<(), alloc[2e1b2a31b91974c5]::string::String>>
[INFO] [stdout]   14:     0x64d8887f9485 - test[aada8e7e76ba119b]::run_test::{closure#0}
[INFO] [stdout]   15:     0x64d8887f2d74 - std[617be2ca0a6fd877]::sys::backtrace::__rust_begin_short_backtrace::<test[aada8e7e76ba119b]::run_test::{closure#1}, ()>
[INFO] [stdout]   16:     0x64d8887fc512 - <std[617be2ca0a6fd877]::thread::lifecycle::spawn_unchecked<test[aada8e7e76ba119b]::run_test::{closure#1}, ()>::{closure#1} as core[a373ad73a504971]::ops::function::FnOnce<()>>::call_once::{shim:vtable#0}
[INFO] [stdout]   17:     0x64d88886797f - <std[617be2ca0a6fd877]::sys::thread::unix::Thread>::new::thread_start
[INFO] [stdout]   18:     0x7f3eb0917dfa - <unknown>
[INFO] [stdout]   19:     0x7f3eb09ab3d4 - clone
[INFO] [stdout]   20:                0x0 - <unknown>
[INFO] [stdout] 
[INFO] [stdout] ---- truncated_log_recovers_every_parameter_before_the_cut stdout ----
[INFO] [stdout] 
[INFO] [stdout] thread 'truncated_log_recovers_every_parameter_before_the_cut' (908) panicked at tests/fixtures.rs:161:54:
[INFO] [stdout] called `Result::unwrap()` on an `Err` value: Io { path: "/opt/rustwide/workdir/../../testdata/truncated.ulg", source: Os { code: 2, kind: NotFound, message: "No such file or directory" } }
[INFO] [stdout] stack backtrace:
[INFO] [stdout]    0:     0x64d888868641 - <<std[617be2ca0a6fd877]::sys::backtrace::BacktraceLock>::print::DisplayBacktrace as core[a373ad73a504971]::fmt::Display>::fmt
[INFO] [stdout]    1:     0x64d88887d91a - core[a373ad73a504971]::fmt::write
[INFO] [stdout]    2:     0x64d88886c85c - <alloc[2e1b2a31b91974c5]::vec::Vec<u8> as core[a373ad73a504971]::io::write::Write>::write_fmt
[INFO] [stdout]    3:     0x64d8888440c6 - std[617be2ca0a6fd877]::panicking::default_hook::{closure#0}
[INFO] [stdout]    4:     0x64d888860659 - std[617be2ca0a6fd877]::panicking::default_hook
[INFO] [stdout]    5:     0x64d8887f8e60 - test[aada8e7e76ba119b]::test_main_inner::{closure#0}
[INFO] [stdout]    6:     0x64d888860812 - std[617be2ca0a6fd877]::panicking::panic_with_hook
[INFO] [stdout]    7:     0x64d888844172 - std[617be2ca0a6fd877]::panicking::panic_handler::{closure#0}
[INFO] [stdout]    8:     0x64d88883ccf9 - std[617be2ca0a6fd877]::sys::backtrace::__rust_end_short_backtrace::<std[617be2ca0a6fd877]::panicking::panic_handler::{closure#0}, !>
[INFO] [stdout]    9:     0x64d888844d7d - __rustc[ea4f61d10b84890b]::rust_begin_unwind
[INFO] [stdout]   10:     0x64d88887e07c - core[a373ad73a504971]::panicking::panic_fmt
[INFO] [stdout]   11:     0x64d88887de52 - core[a373ad73a504971]::result::unwrap_failed
[INFO] [stdout]   12:     0x64d8887e5249 - fixtures[372c9a42baae720e]::parsed
[INFO] [stdout]   13:     0x64d8887e8dfd - <fixtures[372c9a42baae720e]::truncated_log_recovers_every_parameter_before_the_cut::{closure#0} as core[a373ad73a504971]::ops::function::FnOnce<()>>::call_once
[INFO] [stdout]   14:     0x64d8887ec2ab - test[aada8e7e76ba119b]::__rust_begin_short_backtrace::<core[a373ad73a504971]::result::Result<(), alloc[2e1b2a31b91974c5]::string::String>, fn() -> core[a373ad73a504971]::result::Result<(), alloc[2e1b2a31b91974c5]::string::String>>
[INFO] [stdout]   15:     0x64d8887f9485 - test[aada8e7e76ba119b]::run_test::{closure#0}
[INFO] [stdout]   16:     0x64d8887f2d74 - std[617be2ca0a6fd877]::sys::backtrace::__rust_begin_short_backtrace::<test[aada8e7e76ba119b]::run_test::{closure#1}, ()>
[INFO] [stdout]   17:     0x64d8887fc512 - <std[617be2ca0a6fd877]::thread::lifecycle::spawn_unchecked<test[aada8e7e76ba119b]::run_test::{closure#1}, ()>::{closure#1} as core[a373ad73a504971]::ops::function::FnOnce<()>>::call_once::{shim:vtable#0}
[INFO] [stdout]   18:     0x64d88886797f - <std[617be2ca0a6fd877]::sys::thread::unix::Thread>::new::thread_start
[INFO] [stdout]   19:     0x7f3eb0917dfa - <unknown>
[INFO] [stdout]   20:     0x7f3eb09ab3d4 - clone
[INFO] [stdout]   21:                0x0 - <unknown>
[INFO] [stdout] 
[INFO] [stdout] ---- the_two_flights_differ_in_the_documented_ways stdout ----
[INFO] [stdout] 
[INFO] [stdout] thread 'the_two_flights_differ_in_the_documented_ways' (907) panicked at tests/fixtures.rs:161:54:
[INFO] [stdout] called `Result::unwrap()` on an `Err` value: Io { path: "/opt/rustwide/workdir/../../testdata/good.ulg", source: Os { code: 2, kind: NotFound, message: "No such file or directory" } }
[INFO] [stdout] stack backtrace:
[INFO] [stdout]    0:     0x64d888868641 - <<std[617be2ca0a6fd877]::sys::backtrace::BacktraceLock>::print::DisplayBacktrace as core[a373ad73a504971]::fmt::Display>::fmt
[INFO] [stdout]    1:     0x64d88887d91a - core[a373ad73a504971]::fmt::write
[INFO] [stdout]    2:     0x64d88886c85c - <alloc[2e1b2a31b91974c5]::vec::Vec<u8> as core[a373ad73a504971]::io::write::Write>::write_fmt
[INFO] [stdout]    3:     0x64d8888440c6 - std[617be2ca0a6fd877]::panicking::default_hook::{closure#0}
[INFO] [stdout]    4:     0x64d888860659 - std[617be2ca0a6fd877]::panicking::default_hook
[INFO] [stdout]    5:     0x64d8887f8e60 - test[aada8e7e76ba119b]::test_main_inner::{closure#0}
[INFO] [stdout]    6:     0x64d888860812 - std[617be2ca0a6fd877]::panicking::panic_with_hook
[INFO] [stdout]    7:     0x64d888844172 - std[617be2ca0a6fd877]::panicking::panic_handler::{closure#0}
[INFO] [stdout]    8:     0x64d88883ccf9 - std[617be2ca0a6fd877]::sys::backtrace::__rust_end_short_backtrace::<std[617be2ca0a6fd877]::panicking::panic_handler::{closure#0}, !>
[INFO] [stdout]    9:     0x64d888844d7d - __rustc[ea4f61d10b84890b]::rust_begin_unwind
[INFO] [stdout]   10:     0x64d88887e07c - core[a373ad73a504971]::panicking::panic_fmt
[INFO] [stdout]   11:     0x64d88887de52 - core[a373ad73a504971]::result::unwrap_failed
[INFO] [stdout]   12:     0x64d8887e5249 - fixtures[372c9a42baae720e]::parsed
[INFO] [stdout]   13:     0x64d8887e6de2 - <fixtures[372c9a42baae720e]::the_two_flights_differ_in_the_documented_ways::{closure#0} as core[a373ad73a504971]::ops::function::FnOnce<()>>::call_once
[INFO] [stdout]   14:     0x64d8887ec2ab - test[aada8e7e76ba119b]::__rust_begin_short_backtrace::<core[a373ad73a504971]::result::Result<(), alloc[2e1b2a31b91974c5]::string::String>, fn() -> core[a373ad73a504971]::result::Result<(), alloc[2e1b2a31b91974c5]::string::String>>
[INFO] [stdout]   15:     0x64d8887f9485 - test[aada8e7e76ba119b]::run_test::{closure#0}
[INFO] [stdout]   16:     0x64d8887f2d74 - std[617be2ca0a6fd877]::sys::backtrace::__rust_begin_short_backtrace::<test[aada8e7e76ba119b]::run_test::{closure#1}, ()>
[INFO] [stdout]   17:     0x64d8887fc512 - <std[617be2ca0a6fd877]::thread::lifecycle::spawn_unchecked<test[aada8e7e76ba119b]::run_test::{closure#1}, ()>::{closure#1} as core[a373ad73a504971]::ops::function::FnOnce<()>>::call_once::{shim:vtable#0}
[INFO] [stdout]   18:     0x64d88886797f - <std[617be2ca0a6fd877]::sys::thread::unix::Thread>::new::thread_start
[INFO] [stdout]   19:     0x7f3eb0917dfa - <unknown>
[INFO] [stdout]   20:     0x7f3eb09ab3d4 - clone
[INFO] [stdout]   21:                0x0 - <unknown>
[INFO] [stdout] 
[INFO] [stdout] 
[INFO] [stdout] failures:
[INFO] [stdout]     committed_fixtures_match_the_generator
[INFO] [stdout]     crash_log_round_trips
[INFO] [stdout]     good_log_round_trips
[INFO] [stdout]     the_two_flights_differ_in_the_documented_ways
[INFO] [stdout]     truncated_log_recovers_every_parameter_before_the_cut
[INFO] [stdout] 
[INFO] [stdout] test result: FAILED. 0 passed; 5 failed; 0 ignored; 0 measured; 0 filtered out; finished in 0.00s
[INFO] [stdout] 
[INFO] running `Command { std: "docker" "inspect" "505319ec97230c0b11def93f9a915447c7862d8855d03dcb674d4cb14d5a1d61", kill_on_drop: false }`
[INFO] running `Command { std: "docker" "rm" "-f" "505319ec97230c0b11def93f9a915447c7862d8855d03dcb674d4cb14d5a1d61", kill_on_drop: false }`
[INFO] [stdout] 505319ec97230c0b11def93f9a915447c7862d8855d03dcb674d4cb14d5a1d61
