[INFO] fetching crate flexrc 0.2.0...
[INFO] testing flexrc-0.2.0 against 1.100.0-beta.1+cargoflags=--release for beta-release-1.100-2
[INFO] extracting crate flexrc 0.2.0 into /workspace/builds/worker-6-tc2/source
[INFO] started tweaking crates.io crate flexrc 0.2.0
[INFO] removed 0 missing tests
[INFO] finished tweaking crates.io crate flexrc 0.2.0
[INFO] tweaked toml for crates.io crate flexrc 0.2.0 written to /workspace/builds/worker-6-tc2/source/Cargo.toml
[INFO] validating manifest of crates.io crate flexrc 0.2.0 on toolchain 1.100.0-beta.1
[INFO] running `Command { std: CARGO_HOME="/workspace/cargo-home" RUSTUP_HOME="/workspace/rustup-home" "/workspace/cargo-home/bin/cargo" "+1.100.0-beta.1" "metadata" "--manifest-path" "Cargo.toml" "--no-deps", kill_on_drop: false }`
[INFO] crate crates.io crate flexrc 0.2.0 already has a lockfile, it will not be regenerated
[INFO] running `Command { std: CARGO_HOME="/workspace/cargo-home" RUSTUP_HOME="/workspace/rustup-home" "/workspace/cargo-home/bin/cargo" "+1.100.0-beta.1" "fetch" "--manifest-path" "Cargo.toml", kill_on_drop: false }`
[INFO] running `Command { std: "docker" "create" "-v" "/var/lib/crater-agent-workspace/builds/worker-6-tc2/source:/opt/rustwide/workdir:ro,Z" "-v" "/var/lib/crater-agent-workspace/builds/worker-6-tc2/target:/opt/rustwide/target:rw,Z" "-v" "/var/lib/crater-agent-workspace/cargo-home:/opt/rustwide/cargo-home:ro,Z" "-v" "/var/lib/crater-agent-workspace/rustup-home:/opt/rustwide/rustup-home:ro,Z" "-m" "1610612736" "--network" "none" "ghcr.io/rust-lang/crates-build-env/linux@sha256:77db811e55d90add9212f6832c23229e3de5f1c1f9905e8cb07319ea15df73ac" "sleep" "infinity", kill_on_drop: false }`
[INFO] [stdout] 6e9fbf4199992fc363d28d9675b3d6b95151bfe10606b4d79dc2dbee764b0398
[INFO] running `Command { std: "docker" "start" "6e9fbf4199992fc363d28d9675b3d6b95151bfe10606b4d79dc2dbee764b0398", kill_on_drop: false }`
[INFO] running `Command { std: "docker" "inspect" "6e9fbf4199992fc363d28d9675b3d6b95151bfe10606b4d79dc2dbee764b0398", kill_on_drop: false }`
[INFO] running `Command { std: "docker" "exec" "-e" "SOURCE_DIR=/opt/rustwide/workdir" "-e" "CARGO_HOME=/opt/rustwide/cargo-home" "-e" "RUSTUP_HOME=/opt/rustwide/rustup-home" "-e" "CARGO_TARGET_DIR=/opt/rustwide/target" "-w" "/opt/rustwide/workdir" "--user" "0:0" "6e9fbf4199992fc363d28d9675b3d6b95151bfe10606b4d79dc2dbee764b0398" "/opt/rustwide/cargo-home/bin/cargo" "+1.100.0-beta.1" "metadata" "--no-deps" "--format-version=1", kill_on_drop: false }`
[INFO] running `Command { std: "docker" "inspect" "6e9fbf4199992fc363d28d9675b3d6b95151bfe10606b4d79dc2dbee764b0398", kill_on_drop: false }`
[INFO] running `Command { std: "docker" "exec" "-e" "SOURCE_DIR=/opt/rustwide/workdir" "-e" "CARGO_HOME=/opt/rustwide/cargo-home" "-e" "RUSTUP_HOME=/opt/rustwide/rustup-home" "-e" "CARGO_TARGET_DIR=/opt/rustwide/target" "-e" "CARGO_INCREMENTAL=0" "-e" "RUST_BACKTRACE=full" "-e" "RUSTFLAGS=--cap-lints=warn" "-e" "RUSTDOCFLAGS=--cap-lints=warn" "-w" "/opt/rustwide/workdir" "--user" "0:0" "6e9fbf4199992fc363d28d9675b3d6b95151bfe10606b4d79dc2dbee764b0398" "/opt/rustwide/cargo-home/bin/cargo" "+1.100.0-beta.1" "build" "--frozen" "--message-format=json" "--release", kill_on_drop: false }`
[INFO] [stderr]    Compiling flexrc v0.2.0 (/opt/rustwide/workdir)
[INFO] [stderr]     Finished `release` profile [optimized] target(s) in 0.37s
[INFO] running `Command { std: "docker" "inspect" "6e9fbf4199992fc363d28d9675b3d6b95151bfe10606b4d79dc2dbee764b0398", kill_on_drop: false }`
[INFO] running `Command { std: "docker" "exec" "-e" "SOURCE_DIR=/opt/rustwide/workdir" "-e" "CARGO_HOME=/opt/rustwide/cargo-home" "-e" "RUSTUP_HOME=/opt/rustwide/rustup-home" "-e" "CARGO_TARGET_DIR=/opt/rustwide/target" "-e" "CARGO_INCREMENTAL=0" "-e" "RUST_BACKTRACE=full" "-e" "RUSTFLAGS=--cap-lints=warn" "-e" "RUSTDOCFLAGS=--cap-lints=warn" "-w" "/opt/rustwide/workdir" "--user" "0:0" "6e9fbf4199992fc363d28d9675b3d6b95151bfe10606b4d79dc2dbee764b0398" "/opt/rustwide/cargo-home/bin/cargo" "+1.100.0-beta.1" "test" "--frozen" "--no-run" "--message-format=json" "--release", kill_on_drop: false }`
[INFO] [stderr]    Compiling flexrc v0.2.0 (/opt/rustwide/workdir)
[INFO] [stderr]     Finished `release` profile [optimized] target(s) in 2.46s
[INFO] running `Command { std: "docker" "inspect" "6e9fbf4199992fc363d28d9675b3d6b95151bfe10606b4d79dc2dbee764b0398", kill_on_drop: false }`
[INFO] running `Command { std: "docker" "exec" "-e" "SOURCE_DIR=/opt/rustwide/workdir" "-e" "CARGO_HOME=/opt/rustwide/cargo-home" "-e" "RUSTUP_HOME=/opt/rustwide/rustup-home" "-e" "CARGO_TARGET_DIR=/opt/rustwide/target" "-e" "CARGO_INCREMENTAL=0" "-e" "RUST_BACKTRACE=full" "-e" "RUSTFLAGS=--cap-lints=warn" "-e" "RUSTDOCFLAGS=--cap-lints=warn" "-w" "/opt/rustwide/workdir" "--user" "0:0" "6e9fbf4199992fc363d28d9675b3d6b95151bfe10606b4d79dc2dbee764b0398" "/opt/rustwide/cargo-home/bin/cargo" "+1.100.0-beta.1" "test" "--frozen" "--release", kill_on_drop: false }`
[INFO] [stderr]     Finished `release` profile [optimized] target(s) in 0.02s
[INFO] [stderr]      Running unittests src/lib.rs (/opt/rustwide/target/release/build/flexrc/655145b2ee37a188/out/flexrc-655145b2ee37a188)
[INFO] [stderr]      Running tests/behavior.rs (/opt/rustwide/target/release/build/flexrc/b13e90d4a6d85447/out/behavior-b13e90d4a6d85447)
[INFO] [stdout] 
[INFO] [stdout] running 0 tests
[INFO] [stdout] 
[INFO] [stdout] test result: ok. 0 passed; 0 failed; 0 ignored; 0 measured; 0 filtered out; finished in 0.00s
[INFO] [stdout] 
[INFO] [stdout] 
[INFO] [stdout] running 22 tests
[INFO] [stdout] test hybrid_shared_to_local_retains_and_transfers_counts ... ok
[INFO] [stdout] test regular_into_other_clones_data_when_in_place_conversion_fails ... ok
[INFO] [stdout] test byte_slice_round_trips_through_regular_promotion ... ok
[INFO] [stdout] test hybrid_local_to_shared_retains_and_transfers_counts ... FAILED
[INFO] [stdout] test hybrid_arc_standard_api_surface ... ok
[INFO] [stdout] test regular_consuming_conversion_fails_when_not_unique ... ok
[INFO] [stdout] test metadata_sizes_match_active_counter_widths ... ok
[INFO] [stdout] test hybrid_rc_standard_api_surface ... ok
[INFO] [stdout] test regular_shared_into_local_transfers_unique_allocation ... ok
[INFO] [stdout] test hybrid_str_round_trips_through_promotion ... FAILED
[INFO] [stdout] test hybrid_shared_to_local_fails_when_local_is_already_present ... ok
[INFO] [stdout] test get_mut_only_succeeds_for_unique_owners ... ok
[INFO] [stdout] test shared_handles_clone_and_drop_across_threads ... ok
[INFO] [stdout] test small_str_round_trips_through_promotion ... ok
[INFO] [stdout] test thread_arc_standard_api_surface ... ok
[INFO] [stdout] test thread_str_round_trips_through_promotion ... ok
[INFO] [stdout] test small_rc_standard_api_surface ... ok
[INFO] [stdout] test thread_rc_standard_api_surface ... ok
[INFO] [stdout] test regular_local_into_shared_transfers_unique_allocation ... ok
[INFO] [stdout] test thread_hybrid_shared_to_local_recovers_on_same_thread ... ok
[INFO] [stdout] test small_arc_standard_api_surface ... ok
[INFO] [stdout] test thread_hybrid_shared_to_local_rejects_other_threads ... ok
[INFO] [stdout] 
[INFO] [stdout] failures:
[INFO] [stdout] 
[INFO] [stdout] ---- hybrid_local_to_shared_retains_and_transfers_counts stdout ----
[INFO] [stdout] 
[INFO] [stdout] thread 'hybrid_local_to_shared_retains_and_transfers_counts' (270) panicked at tests/behavior.rs:83:5:
[INFO] [stdout] assertion `left == right` failed
[INFO] [stdout]   left: 0
[INFO] [stdout]  right: 1
[INFO] [stdout] stack backtrace:
[INFO] [stdout]    0:     0x5af14416b261 - <<std[617be2ca0a6fd877]::sys::backtrace::BacktraceLock>::print::DisplayBacktrace as core[a373ad73a504971]::fmt::Display>::fmt
[INFO] [stdout]    1:     0x5af14417f18a - core[a373ad73a504971]::fmt::write
[INFO] [stdout]    2:     0x5af14416f47c - <alloc[2e1b2a31b91974c5]::vec::Vec<u8> as core[a373ad73a504971]::io::write::Write>::write_fmt
[INFO] [stdout]    3:     0x5af1441476c6 - std[617be2ca0a6fd877]::panicking::default_hook::{closure#0}
[INFO] [stdout]    4:     0x5af1441638f9 - std[617be2ca0a6fd877]::panicking::default_hook
[INFO] [stdout]    5:     0x5af1440fff70 - test[aada8e7e76ba119b]::test_main_inner::{closure#0}
[INFO] [stdout]    6:     0x5af144163ab2 - std[617be2ca0a6fd877]::panicking::panic_with_hook
[INFO] [stdout]    7:     0x5af144147772 - std[617be2ca0a6fd877]::panicking::panic_handler::{closure#0}
[INFO] [stdout]    8:     0x5af144140489 - std[617be2ca0a6fd877]::sys::backtrace::__rust_end_short_backtrace::<std[617be2ca0a6fd877]::panicking::panic_handler::{closure#0}, !>
[INFO] [stdout]    9:     0x5af14414837d - __rustc[ea4f61d10b84890b]::rust_begin_unwind
[INFO] [stdout]   10:     0x5af14417f8bc - core[a373ad73a504971]::panicking::panic_fmt
[INFO] [stdout]   11:     0x5af14417f7d3 - core[a373ad73a504971]::panicking::assert_failed_inner
[INFO] [stdout]   12:     0x5af14417c058 - core[a373ad73a504971]::panicking::assert_failed::<usize, usize>
[INFO] [stdout]   13:     0x5af1440ed3a8 - <behavior[28f6fe31c745fe39]::hybrid_local_to_shared_retains_and_transfers_counts::{closure#0} as core[a373ad73a504971]::ops::function::FnOnce<()>>::call_once
[INFO] [stdout]   14:     0x5af1440f33bb - test[aada8e7e76ba119b]::__rust_begin_short_backtrace::<core[a373ad73a504971]::result::Result<(), alloc[2e1b2a31b91974c5]::string::String>, fn() -> core[a373ad73a504971]::result::Result<(), alloc[2e1b2a31b91974c5]::string::String>>
[INFO] [stdout]   15:     0x5af144100595 - test[aada8e7e76ba119b]::run_test::{closure#0}
[INFO] [stdout]   16:     0x5af1440f9e84 - std[617be2ca0a6fd877]::sys::backtrace::__rust_begin_short_backtrace::<test[aada8e7e76ba119b]::run_test::{closure#1}, ()>
[INFO] [stdout]   17:     0x5af144103622 - <std[617be2ca0a6fd877]::thread::lifecycle::spawn_unchecked<test[aada8e7e76ba119b]::run_test::{closure#1}, ()>::{closure#1} as core[a373ad73a504971]::ops::function::FnOnce<()>>::call_once::{shim:vtable#0}
[INFO] [stdout]   18:     0x5af14416aabf - <std[617be2ca0a6fd877]::sys::thread::unix::Thread>::new::thread_start
[INFO] [stdout]   19:     0x75bcea2d0dfa - <unknown>
[INFO] [stdout]   20:     0x75bcea3643d4 - clone
[INFO] [stdout]   21:                0x0 - <unknown>
[INFO] [stdout] 
[INFO] [stdout] ---- hybrid_str_round_trips_through_promotion stdout ----
[INFO] [stdout] 
[INFO] [stdout] thread 'hybrid_str_round_trips_through_promotion' (274) panicked at tests/behavior.rs:70:19:
[INFO] [stdout] unique str should recover local ownership
[INFO] [stdout] stack backtrace:
[INFO] [stdout]    0:     0x5af14416b261 - <<std[617be2ca0a6fd877]::sys::backtrace::BacktraceLock>::print::DisplayBacktrace as core[a373ad73a504971]::fmt::Display>::fmt
[INFO] [stdout]    1:     0x5af14417f18a - core[a373ad73a504971]::fmt::write
[INFO] [stdout]    2:     0x5af14416f47c - <alloc[2e1b2a31b91974c5]::vec::Vec<u8> as core[a373ad73a504971]::io::write::Write>::write_fmt
[INFO] [stdout]    3:     0x5af1441476c6 - std[617be2ca0a6fd877]::panicking::default_hook::{closure#0}
[INFO] [stdout]    4:     0x5af1441638f9 - std[617be2ca0a6fd877]::panicking::default_hook
[INFO] [stdout]    5:     0x5af1440fff70 - test[aada8e7e76ba119b]::test_main_inner::{closure#0}
[INFO] [stdout]    6:     0x5af144163ab2 - std[617be2ca0a6fd877]::panicking::panic_with_hook
[INFO] [stdout]    7:     0x5af144147772 - std[617be2ca0a6fd877]::panicking::panic_handler::{closure#0}
[INFO] [stdout]    8:     0x5af144140489 - std[617be2ca0a6fd877]::sys::backtrace::__rust_end_short_backtrace::<std[617be2ca0a6fd877]::panicking::panic_handler::{closure#0}, !>
[INFO] [stdout]    9:     0x5af14414837d - __rustc[ea4f61d10b84890b]::rust_begin_unwind
[INFO] [stdout]   10:     0x5af14417f8bc - core[a373ad73a504971]::panicking::panic_fmt
[INFO] [stdout]   11:     0x5af1440eb983 - <behavior[28f6fe31c745fe39]::hybrid_str_round_trips_through_promotion::{closure#0} as core[a373ad73a504971]::ops::function::FnOnce<()>>::call_once
[INFO] [stdout]   12:     0x5af1440f33bb - test[aada8e7e76ba119b]::__rust_begin_short_backtrace::<core[a373ad73a504971]::result::Result<(), alloc[2e1b2a31b91974c5]::string::String>, fn() -> core[a373ad73a504971]::result::Result<(), alloc[2e1b2a31b91974c5]::string::String>>
[INFO] [stdout]   13:     0x5af144100595 - test[aada8e7e76ba119b]::run_test::{closure#0}
[INFO] [stdout]   14:     0x5af1440f9e84 - std[617be2ca0a6fd877]::sys::backtrace::__rust_begin_short_backtrace::<test[aada8e7e76ba119b]::run_test::{closure#1}, ()>
[INFO] [stdout]   15:     0x5af144103622 - <std[617be2ca0a6fd877]::thread::lifecycle::spawn_unchecked<test[aada8e7e76ba119b]::run_test::{closure#1}, ()>::{closure#1} as core[a373ad73a504971]::ops::function::FnOnce<()>>::call_once::{shim:vtable#0}
[INFO] [stdout]   16:     0x5af14416aabf - <std[617be2ca0a6fd877]::sys::thread::unix::Thread>::new::thread_start
[INFO] [stdout]   17:     0x75bcea2d0dfa - <unknown>
[INFO] [stdout]   18:     0x75bcea3643d4 - clone
[INFO] [stdout]   19:                0x0 - <unknown>
[INFO] [stdout] 
[INFO] [stdout] 
[INFO] [stdout] failures:
[INFO] [stdout]     hybrid_local_to_shared_retains_and_transfers_counts
[INFO] [stdout]     hybrid_str_round_trips_through_promotion
[INFO] [stdout] 
[INFO] [stdout] test result: FAILED. 20 passed; 2 failed; 0 ignored; 0 measured; 0 filtered out; finished in 0.01s
[INFO] [stdout] 
[INFO] [stderr] error: test failed, to rerun pass `--test behavior`
[INFO] running `Command { std: "docker" "inspect" "6e9fbf4199992fc363d28d9675b3d6b95151bfe10606b4d79dc2dbee764b0398", kill_on_drop: false }`
[INFO] running `Command { std: "docker" "rm" "-f" "6e9fbf4199992fc363d28d9675b3d6b95151bfe10606b4d79dc2dbee764b0398", kill_on_drop: false }`
[INFO] [stdout] 6e9fbf4199992fc363d28d9675b3d6b95151bfe10606b4d79dc2dbee764b0398
