[INFO] fetching crate flexiargs 2.0.0...
[INFO] testing flexiargs-2.0.0 against 1.100.0-beta.1+cargoflags=--release for beta-release-1.100-2
[INFO] extracting crate flexiargs 2.0.0 into /workspace/builds/worker-6-tc2/source
[INFO] started tweaking crates.io crate flexiargs 2.0.0
[INFO] finished tweaking crates.io crate flexiargs 2.0.0
[INFO] tweaked toml for crates.io crate flexiargs 2.0.0 written to /workspace/builds/worker-6-tc2/source/Cargo.toml
[INFO] validating manifest of crates.io crate flexiargs 2.0.0 on toolchain 1.100.0-beta.1
[INFO] running `Command { std: CARGO_HOME="/workspace/cargo-home" RUSTUP_HOME="/workspace/rustup-home" "/workspace/cargo-home/bin/cargo" "+1.100.0-beta.1" "metadata" "--manifest-path" "Cargo.toml" "--no-deps", kill_on_drop: false }`
[INFO] crate crates.io crate flexiargs 2.0.0 already has a lockfile, it will not be regenerated
[INFO] running `Command { std: CARGO_HOME="/workspace/cargo-home" RUSTUP_HOME="/workspace/rustup-home" "/workspace/cargo-home/bin/cargo" "+1.100.0-beta.1" "fetch" "--manifest-path" "Cargo.toml", kill_on_drop: false }`
[INFO] [stderr] warning: `package.homepage` is redundant with `package.repository`
[INFO] [stderr]   --> Cargo.toml:18:12
[INFO] [stderr]    |
[INFO] [stderr] 18 | homepage = "https://github.com/LinuxProativo/flexiargs"
[INFO] [stderr]    |            ^^^^^^^^^^^^^^^^^^^^^^^^^^^^^^^^^^^^^^^^^^^^
[INFO] [stderr] ...
[INFO] [stderr] 23 | repository = "https://github.com/LinuxProativo/flexiargs"
[INFO] [stderr]    |              --------------------------------------------
[INFO] [stderr]    |
[INFO] [stderr]    = note: `cargo::redundant_homepage` is set to `warn` by default
[INFO] [stderr] help: consider removing `package.homepage`
[INFO] [stderr] warning: `flexiargs` (manifest) generated 1 warning
[INFO] running `Command { std: "docker" "create" "-v" "/var/lib/crater-agent-workspace/builds/worker-6-tc2/source:/opt/rustwide/workdir:ro,Z" "-v" "/var/lib/crater-agent-workspace/builds/worker-6-tc2/target:/opt/rustwide/target:rw,Z" "-v" "/var/lib/crater-agent-workspace/cargo-home:/opt/rustwide/cargo-home:ro,Z" "-v" "/var/lib/crater-agent-workspace/rustup-home:/opt/rustwide/rustup-home:ro,Z" "-m" "1610612736" "--network" "none" "ghcr.io/rust-lang/crates-build-env/linux@sha256:77db811e55d90add9212f6832c23229e3de5f1c1f9905e8cb07319ea15df73ac" "sleep" "infinity", kill_on_drop: false }`
[INFO] [stdout] ed00195f7e7e8543790c487410e731de2cf3362bbe819dc5cb4b098b8481b81d
[INFO] running `Command { std: "docker" "start" "ed00195f7e7e8543790c487410e731de2cf3362bbe819dc5cb4b098b8481b81d", kill_on_drop: false }`
[INFO] running `Command { std: "docker" "inspect" "ed00195f7e7e8543790c487410e731de2cf3362bbe819dc5cb4b098b8481b81d", kill_on_drop: false }`
[INFO] running `Command { std: "docker" "exec" "-e" "SOURCE_DIR=/opt/rustwide/workdir" "-e" "CARGO_HOME=/opt/rustwide/cargo-home" "-e" "RUSTUP_HOME=/opt/rustwide/rustup-home" "-e" "CARGO_TARGET_DIR=/opt/rustwide/target" "-w" "/opt/rustwide/workdir" "--user" "0:0" "ed00195f7e7e8543790c487410e731de2cf3362bbe819dc5cb4b098b8481b81d" "/opt/rustwide/cargo-home/bin/cargo" "+1.100.0-beta.1" "metadata" "--no-deps" "--format-version=1", kill_on_drop: false }`
[INFO] running `Command { std: "docker" "inspect" "ed00195f7e7e8543790c487410e731de2cf3362bbe819dc5cb4b098b8481b81d", kill_on_drop: false }`
[INFO] running `Command { std: "docker" "exec" "-e" "SOURCE_DIR=/opt/rustwide/workdir" "-e" "CARGO_HOME=/opt/rustwide/cargo-home" "-e" "RUSTUP_HOME=/opt/rustwide/rustup-home" "-e" "CARGO_TARGET_DIR=/opt/rustwide/target" "-e" "CARGO_INCREMENTAL=0" "-e" "RUST_BACKTRACE=full" "-e" "RUSTFLAGS=--cap-lints=warn" "-e" "RUSTDOCFLAGS=--cap-lints=warn" "-w" "/opt/rustwide/workdir" "--user" "0:0" "ed00195f7e7e8543790c487410e731de2cf3362bbe819dc5cb4b098b8481b81d" "/opt/rustwide/cargo-home/bin/cargo" "+1.100.0-beta.1" "build" "--frozen" "--message-format=json" "--release", kill_on_drop: false }`
[INFO] [stderr] warning: `package.homepage` is redundant with `package.repository`
[INFO] [stderr]   --> Cargo.toml:18:12
[INFO] [stderr]    |
[INFO] [stderr] 18 | homepage = "https://github.com/LinuxProativo/flexiargs"
[INFO] [stderr]    |            ^^^^^^^^^^^^^^^^^^^^^^^^^^^^^^^^^^^^^^^^^^^^
[INFO] [stderr] ...
[INFO] [stderr] 23 | repository = "https://github.com/LinuxProativo/flexiargs"
[INFO] [stderr]    |              --------------------------------------------
[INFO] [stderr]    |
[INFO] [stderr]    = note: `cargo::redundant_homepage` is set to `warn` by default
[INFO] [stderr] help: consider removing `package.homepage`
[INFO] [stderr] warning: `flexiargs` (manifest) generated 1 warning
[INFO] [stderr]    Compiling flexiargs v2.0.0 (/opt/rustwide/workdir)
[INFO] [stderr]     Finished `release` profile [optimized] target(s) in 0.74s
[INFO] running `Command { std: "docker" "inspect" "ed00195f7e7e8543790c487410e731de2cf3362bbe819dc5cb4b098b8481b81d", kill_on_drop: false }`
[INFO] running `Command { std: "docker" "exec" "-e" "SOURCE_DIR=/opt/rustwide/workdir" "-e" "CARGO_HOME=/opt/rustwide/cargo-home" "-e" "RUSTUP_HOME=/opt/rustwide/rustup-home" "-e" "CARGO_TARGET_DIR=/opt/rustwide/target" "-e" "CARGO_INCREMENTAL=0" "-e" "RUST_BACKTRACE=full" "-e" "RUSTFLAGS=--cap-lints=warn" "-e" "RUSTDOCFLAGS=--cap-lints=warn" "-w" "/opt/rustwide/workdir" "--user" "0:0" "ed00195f7e7e8543790c487410e731de2cf3362bbe819dc5cb4b098b8481b81d" "/opt/rustwide/cargo-home/bin/cargo" "+1.100.0-beta.1" "test" "--frozen" "--no-run" "--message-format=json" "--release", kill_on_drop: false }`
[INFO] [stderr] warning: `package.homepage` is redundant with `package.repository`
[INFO] [stderr]   --> Cargo.toml:18:12
[INFO] [stderr]    |
[INFO] [stderr] 18 | homepage = "https://github.com/LinuxProativo/flexiargs"
[INFO] [stderr]    |            ^^^^^^^^^^^^^^^^^^^^^^^^^^^^^^^^^^^^^^^^^^^^
[INFO] [stderr] ...
[INFO] [stderr] 23 | repository = "https://github.com/LinuxProativo/flexiargs"
[INFO] [stderr]    |              --------------------------------------------
[INFO] [stderr]    |
[INFO] [stderr]    = note: `cargo::redundant_homepage` is set to `warn` by default
[INFO] [stderr] help: consider removing `package.homepage`
[INFO] [stderr] warning: `flexiargs` (manifest) generated 1 warning
[INFO] [stderr]    Compiling flexiargs v2.0.0 (/opt/rustwide/workdir)
[INFO] [stderr]     Finished `release` profile [optimized] target(s) in 0.78s
[INFO] running `Command { std: "docker" "inspect" "ed00195f7e7e8543790c487410e731de2cf3362bbe819dc5cb4b098b8481b81d", kill_on_drop: false }`
[INFO] running `Command { std: "docker" "exec" "-e" "SOURCE_DIR=/opt/rustwide/workdir" "-e" "CARGO_HOME=/opt/rustwide/cargo-home" "-e" "RUSTUP_HOME=/opt/rustwide/rustup-home" "-e" "CARGO_TARGET_DIR=/opt/rustwide/target" "-e" "CARGO_INCREMENTAL=0" "-e" "RUST_BACKTRACE=full" "-e" "RUSTFLAGS=--cap-lints=warn" "-e" "RUSTDOCFLAGS=--cap-lints=warn" "-w" "/opt/rustwide/workdir" "--user" "0:0" "ed00195f7e7e8543790c487410e731de2cf3362bbe819dc5cb4b098b8481b81d" "/opt/rustwide/cargo-home/bin/cargo" "+1.100.0-beta.1" "test" "--frozen" "--release", kill_on_drop: false }`
[INFO] [stderr] warning: `package.homepage` is redundant with `package.repository`
[INFO] [stderr]   --> Cargo.toml:18:12
[INFO] [stderr]    |
[INFO] [stderr] 18 | homepage = "https://github.com/LinuxProativo/flexiargs"
[INFO] [stderr]    |            ^^^^^^^^^^^^^^^^^^^^^^^^^^^^^^^^^^^^^^^^^^^^
[INFO] [stderr] ...
[INFO] [stderr] 23 | repository = "https://github.com/LinuxProativo/flexiargs"
[INFO] [stderr]    |              --------------------------------------------
[INFO] [stderr]    |
[INFO] [stderr]    = note: `cargo::redundant_homepage` is set to `warn` by default
[INFO] [stderr] help: consider removing `package.homepage`
[INFO] [stderr] warning: `flexiargs` (manifest) generated 1 warning
[INFO] [stderr]     Finished `release` profile [optimized] target(s) in 0.01s
[INFO] [stderr]      Running unittests src/lib.rs (/opt/rustwide/target/release/build/flexiargs/316a66d0e48e2382/out/flexiargs-316a66d0e48e2382)
[INFO] [stdout] 
[INFO] [stdout] running 1 test
[INFO] [stdout] test tests::test_setup_parsing_success ... ok
[INFO] [stdout] 
[INFO] [stdout] test result: ok. 1 passed; 0 failed; 0 ignored; 0 measured; 0 filtered out; finished in 0.00s
[INFO] [stdout] 
[INFO] [stderr]    Doc-tests flexiargs
[INFO] [stderr] warning: unknown attribute `norun`
[INFO] [stderr]   --> src/lib.rs:1:1
[INFO] [stderr]    |
[INFO] [stderr]  1 | / //! Argument Parser
[INFO] [stderr]  2 | | //!
[INFO] [stderr]  3 | | //! A lightweight, flexible argument parser library.
[INFO] [stderr]  4 | | //! It supports subcommands, essential argument validation, and multiple argument collection.
[INFO] [stderr] ...  |
[INFO] [stderr] 43 | | //! println!("Sync: {}, Packages: {:?}", sync_mode, packages);
[INFO] [stderr] 44 | | //! ```
[INFO] [stderr]    | |_______^
[INFO] [stderr]    |
[INFO] [stderr]    = help: use `no_run` to compile, but not run, the code sample during testing
[INFO] [stderr]    = help: this code block may be skipped during testing, because unknown attributes are treated as markers for code samples written in other programming languages, unless it is also explicitly marked as `rust`
[INFO] [stderr]    = note: `#[warn(rustdoc::invalid_codeblock_attributes)]` on by default
[INFO] [stderr] 
[INFO] [stderr] warning: 1 warning emitted
[INFO] [stderr] 
[INFO] [stdout] 
[INFO] [stdout] running 1 test
[INFO] [stdout] test src/lib.rs - (line 8) ... FAILED
[INFO] [stdout] 
[INFO] [stdout] failures:
[INFO] [stdout] 
[INFO] [stdout] ---- src/lib.rs - (line 8) stdout ----
[INFO] [stdout] error[E0308]: arguments to this function are incorrect
[INFO] [stdout]    --> src/lib.rs:38:1
[INFO] [stdout]     |
[INFO] [stdout]  38 | parse_into_vars("aports", &mut rules, args).ok();
[INFO] [stdout]     | ^^^^^^^^^^^^^^^ --------              ---- argument #3 of type `ParserOptions<'_>` is missing
[INFO] [stdout]     |                 |
[INFO] [stdout]     |                 unexpected argument #1 of type `&'static str`
[INFO] [stdout]     |
[INFO] [stdout] note: function defined here
[INFO] [stdout]    --> src/flexiargs.rs:339:8
[INFO] [stdout]     |
[INFO] [stdout] 339 | pub fn parse_into_vars<'a>(
[INFO] [stdout]     |        ^^^^^^^^^^^^^^^
[INFO] [stdout] help: did you mean
[INFO] [stdout]     |
[INFO] [stdout]  38 - parse_into_vars("aports", &mut rules, args).ok();
[INFO] [stdout]  38 + parse_into_vars(&mut rules, args, /* ParserOptions<'_> */).ok();
[INFO] [stdout]     |
[INFO] [stdout] 
[INFO] [stdout] error: aborting due to 1 previous error
[INFO] [stdout] 
[INFO] [stdout] For more information about this error, try `rustc --explain E0308`.
[INFO] [stdout] Couldn't compile the test.
[INFO] [stdout] 
[INFO] [stdout] failures:
[INFO] [stdout]     src/lib.rs - (line 8)
[INFO] [stdout] 
[INFO] [stdout] test result: FAILED. 0 passed; 1 failed; 0 ignored; 0 measured; 0 filtered out; finished in 0.10s
[INFO] [stdout] 
[INFO] [stdout] all doctests ran in 0.17s; merged doctests compilation took 0.07s
[INFO] [stderr] error: doctest failed, to rerun pass `--doc`
[INFO] running `Command { std: "docker" "inspect" "ed00195f7e7e8543790c487410e731de2cf3362bbe819dc5cb4b098b8481b81d", kill_on_drop: false }`
[INFO] running `Command { std: "docker" "rm" "-f" "ed00195f7e7e8543790c487410e731de2cf3362bbe819dc5cb4b098b8481b81d", kill_on_drop: false }`
[INFO] [stdout] ed00195f7e7e8543790c487410e731de2cf3362bbe819dc5cb4b098b8481b81d
