[INFO] fetching crate fleche 9.1.0...
[INFO] testing fleche-9.1.0 against 1.100.0-beta.1+cargoflags=--release for beta-release-1.100-2
[INFO] extracting crate fleche 9.1.0 into /workspace/builds/worker-7-tc2/source
[INFO] started tweaking crates.io crate fleche 9.1.0
[INFO] finished tweaking crates.io crate fleche 9.1.0
[INFO] tweaked toml for crates.io crate fleche 9.1.0 written to /workspace/builds/worker-7-tc2/source/Cargo.toml
[INFO] validating manifest of crates.io crate fleche 9.1.0 on toolchain 1.100.0-beta.1
[INFO] running `Command { std: CARGO_HOME="/workspace/cargo-home" RUSTUP_HOME="/workspace/rustup-home" "/workspace/cargo-home/bin/cargo" "+1.100.0-beta.1" "metadata" "--manifest-path" "Cargo.toml" "--no-deps", kill_on_drop: false }`
[INFO] crate crates.io crate fleche 9.1.0 already has a lockfile, it will not be regenerated
[INFO] running `Command { std: CARGO_HOME="/workspace/cargo-home" RUSTUP_HOME="/workspace/rustup-home" "/workspace/cargo-home/bin/cargo" "+1.100.0-beta.1" "fetch" "--manifest-path" "Cargo.toml", kill_on_drop: false }`
[INFO] running `Command { std: "docker" "create" "-v" "/var/lib/crater-agent-workspace/builds/worker-7-tc2/source:/opt/rustwide/workdir:ro,Z" "-v" "/var/lib/crater-agent-workspace/builds/worker-7-tc2/target:/opt/rustwide/target:rw,Z" "-v" "/var/lib/crater-agent-workspace/cargo-home:/opt/rustwide/cargo-home:ro,Z" "-v" "/var/lib/crater-agent-workspace/rustup-home:/opt/rustwide/rustup-home:ro,Z" "-m" "1610612736" "--network" "none" "ghcr.io/rust-lang/crates-build-env/linux@sha256:77db811e55d90add9212f6832c23229e3de5f1c1f9905e8cb07319ea15df73ac" "sleep" "infinity", kill_on_drop: false }`
[INFO] [stdout] a0324d5d624f6dfcf996f37aa42d7e387b9673a2b884afa935017abe58e3f455
[INFO] running `Command { std: "docker" "start" "a0324d5d624f6dfcf996f37aa42d7e387b9673a2b884afa935017abe58e3f455", kill_on_drop: false }`
[INFO] running `Command { std: "docker" "inspect" "a0324d5d624f6dfcf996f37aa42d7e387b9673a2b884afa935017abe58e3f455", kill_on_drop: false }`
[INFO] running `Command { std: "docker" "exec" "-e" "SOURCE_DIR=/opt/rustwide/workdir" "-e" "CARGO_HOME=/opt/rustwide/cargo-home" "-e" "RUSTUP_HOME=/opt/rustwide/rustup-home" "-e" "CARGO_TARGET_DIR=/opt/rustwide/target" "-w" "/opt/rustwide/workdir" "--user" "0:0" "a0324d5d624f6dfcf996f37aa42d7e387b9673a2b884afa935017abe58e3f455" "/opt/rustwide/cargo-home/bin/cargo" "+1.100.0-beta.1" "metadata" "--no-deps" "--format-version=1", kill_on_drop: false }`
[INFO] running `Command { std: "docker" "inspect" "a0324d5d624f6dfcf996f37aa42d7e387b9673a2b884afa935017abe58e3f455", kill_on_drop: false }`
[INFO] running `Command { std: "docker" "exec" "-e" "SOURCE_DIR=/opt/rustwide/workdir" "-e" "CARGO_HOME=/opt/rustwide/cargo-home" "-e" "RUSTUP_HOME=/opt/rustwide/rustup-home" "-e" "CARGO_TARGET_DIR=/opt/rustwide/target" "-e" "CARGO_INCREMENTAL=0" "-e" "RUST_BACKTRACE=full" "-e" "RUSTFLAGS=--cap-lints=warn" "-e" "RUSTDOCFLAGS=--cap-lints=warn" "-w" "/opt/rustwide/workdir" "--user" "0:0" "a0324d5d624f6dfcf996f37aa42d7e387b9673a2b884afa935017abe58e3f455" "/opt/rustwide/cargo-home/bin/cargo" "+1.100.0-beta.1" "build" "--frozen" "--message-format=json" "--release", kill_on_drop: false }`
[INFO] [stderr]    Compiling libc v0.2.182
[INFO] [stderr]    Compiling find-msvc-tools v0.1.9
[INFO] [stderr]    Compiling zerocopy v0.8.40
[INFO] [stderr]    Compiling zeroize v1.8.2
[INFO] [stderr]    Compiling ahash v0.8.12
[INFO] [stderr]    Compiling vcpkg v0.2.15
[INFO] [stderr]    Compiling pkg-config v0.3.32
[INFO] [stderr]    Compiling is_terminal_polyfill v1.70.2
[INFO] [stderr]    Compiling anstyle-query v1.1.5
[INFO] [stderr]    Compiling quote v1.0.44
[INFO] [stderr]    Compiling httparse v1.10.1
[INFO] [stderr]    Compiling aho-corasick v1.1.4
[INFO] [stderr]    Compiling cfg_aliases v0.2.1
[INFO] [stderr]    Compiling simd-adler32 v0.3.8
[INFO] [stderr]    Compiling clap_lex v1.0.0
[INFO] [stderr]    Compiling rustls v0.23.37
[INFO] [stderr]    Compiling anstream v0.6.21
[INFO] [stderr]    Compiling option-ext v0.2.0
[INFO] [stderr]    Compiling nix v0.29.0
[INFO] [stderr]    Compiling http v1.4.0
[INFO] [stderr]    Compiling cc v1.2.56
[INFO] [stderr]    Compiling rustls-pki-types v1.14.0
[INFO] [stderr]    Compiling winnow v1.0.1
[INFO] [stderr]    Compiling syn v2.0.117
[INFO] [stderr]    Compiling clap_builder v4.5.60
[INFO] [stderr]    Compiling miniz_oxide v0.8.9
[INFO] [stderr]    Compiling rayon v1.11.0
[INFO] [stderr]    Compiling toml_datetime v1.1.1+spec-1.1.0
[INFO] [stderr]    Compiling serde_spanned v1.1.1
[INFO] [stderr]    Compiling bstr v1.12.1
[INFO] [stderr]    Compiling toml_writer v1.1.1+spec-1.1.0
[INFO] [stderr]    Compiling unicode-width v0.2.2
[INFO] [stderr]    Compiling webpki-roots v1.0.6
[INFO] [stderr]    Compiling toml_parser v1.1.2+spec-1.1.0
[INFO] [stderr]    Compiling utf-8 v0.7.6
[INFO] [stderr]    Compiling fallible-iterator v0.3.0
[INFO] [stderr]    Compiling hashbrown v0.16.1
[INFO] [stderr]    Compiling fallible-streaming-iterator v0.1.9
[INFO] [stderr]    Compiling ureq-proto v0.5.3
[INFO] [stderr]    Compiling serde_json v1.0.149
[INFO] [stderr]    Compiling flate2 v1.1.9
[INFO] [stderr]    Compiling regex-automata v0.4.14
[INFO] [stderr]    Compiling ring v0.17.14
[INFO] [stderr]    Compiling libsqlite3-sys v0.28.0
[INFO] [stderr]    Compiling indexmap v2.13.0
[INFO] [stderr]    Compiling toml v1.1.2+spec-1.1.0
[INFO] [stderr]    Compiling getrandom v0.2.17
[INFO] [stderr]    Compiling dirs-sys v0.5.0
[INFO] [stderr]    Compiling rand_core v0.6.4
[INFO] [stderr]    Compiling parking_lot_core v0.9.12
[INFO] [stderr]    Compiling errno v0.3.14
[INFO] [stderr]    Compiling signal-hook-registry v1.4.8
[INFO] [stderr]    Compiling parking_lot v0.12.5
[INFO] [stderr]    Compiling dirs v6.0.0
[INFO] [stderr]    Compiling socket2 v0.6.2
[INFO] [stderr]    Compiling mio v1.1.1
[INFO] [stderr]    Compiling shellexpand v3.1.2
[INFO] [stderr]    Compiling console v0.15.11
[INFO] [stderr]    Compiling sysinfo v0.32.1
[INFO] [stderr]    Compiling serde_derive v1.0.228
[INFO] [stderr]    Compiling clap_derive v4.5.55
[INFO] [stderr]    Compiling tokio-macros v2.6.1
[INFO] [stderr]    Compiling thiserror-impl v2.0.18
[INFO] [stderr]    Compiling tokio v1.50.0
[INFO] [stderr]    Compiling ppv-lite86 v0.2.21
[INFO] [stderr]    Compiling clap v4.5.60
[INFO] [stderr]    Compiling clap_complete v4.5.66
[INFO] [stderr]    Compiling hashbrown v0.14.5
[INFO] [stderr]    Compiling rand_chacha v0.3.1
[INFO] [stderr]    Compiling thiserror v2.0.18
[INFO] [stderr]    Compiling globset v0.4.18
[INFO] [stderr]    Compiling hashlink v0.9.1
[INFO] [stderr]    Compiling rand v0.8.5
[INFO] [stderr]    Compiling regex v1.12.3
[INFO] [stderr]    Compiling serde v1.0.228
[INFO] [stderr]    Compiling chrono v0.4.44
[INFO] [stderr]    Compiling rustls-webpki v0.103.9
[INFO] [stderr]    Compiling ureq v3.2.0
[INFO] [stderr]    Compiling rusqlite v0.31.0
[INFO] [stderr]    Compiling fleche v9.1.0 (/opt/rustwide/workdir)
[INFO] [stderr]     Finished `release` profile [optimized] target(s) in 2m 57s
[INFO] [stderr] warning: the following packages contain code that will be rejected by a future version of Rust: nix v0.29.0
[INFO] [stderr] note: to see what the problems were, use the option `--future-incompat-report`, or run `cargo report future-incompatibilities --id 1`
[INFO] running `Command { std: "docker" "inspect" "a0324d5d624f6dfcf996f37aa42d7e387b9673a2b884afa935017abe58e3f455", kill_on_drop: false }`
[INFO] running `Command { std: "docker" "exec" "-e" "SOURCE_DIR=/opt/rustwide/workdir" "-e" "CARGO_HOME=/opt/rustwide/cargo-home" "-e" "RUSTUP_HOME=/opt/rustwide/rustup-home" "-e" "CARGO_TARGET_DIR=/opt/rustwide/target" "-e" "CARGO_INCREMENTAL=0" "-e" "RUST_BACKTRACE=full" "-e" "RUSTFLAGS=--cap-lints=warn" "-e" "RUSTDOCFLAGS=--cap-lints=warn" "-w" "/opt/rustwide/workdir" "--user" "0:0" "a0324d5d624f6dfcf996f37aa42d7e387b9673a2b884afa935017abe58e3f455" "/opt/rustwide/cargo-home/bin/cargo" "+1.100.0-beta.1" "test" "--frozen" "--no-run" "--message-format=json" "--release", kill_on_drop: false }`
[INFO] [stderr]    Compiling rustix v1.1.4
[INFO] [stderr]    Compiling getrandom v0.4.2
[INFO] [stderr]    Compiling rusqlite v0.31.0
[INFO] [stderr]    Compiling nix v0.29.0
[INFO] [stderr]    Compiling tempfile v3.26.0
[INFO] [stderr]    Compiling fleche v9.1.0 (/opt/rustwide/workdir)
[INFO] [stderr]     Finished `release` profile [optimized] target(s) in 17.09s
[INFO] [stderr] warning: the following packages contain code that will be rejected by a future version of Rust: nix v0.29.0
[INFO] [stderr] note: to see what the problems were, use the option `--future-incompat-report`, or run `cargo report future-incompatibilities --id 1`
[INFO] running `Command { std: "docker" "inspect" "a0324d5d624f6dfcf996f37aa42d7e387b9673a2b884afa935017abe58e3f455", kill_on_drop: false }`
[INFO] running `Command { std: "docker" "exec" "-e" "SOURCE_DIR=/opt/rustwide/workdir" "-e" "CARGO_HOME=/opt/rustwide/cargo-home" "-e" "RUSTUP_HOME=/opt/rustwide/rustup-home" "-e" "CARGO_TARGET_DIR=/opt/rustwide/target" "-e" "CARGO_INCREMENTAL=0" "-e" "RUST_BACKTRACE=full" "-e" "RUSTFLAGS=--cap-lints=warn" "-e" "RUSTDOCFLAGS=--cap-lints=warn" "-w" "/opt/rustwide/workdir" "--user" "0:0" "a0324d5d624f6dfcf996f37aa42d7e387b9673a2b884afa935017abe58e3f455" "/opt/rustwide/cargo-home/bin/cargo" "+1.100.0-beta.1" "test" "--frozen" "--release", kill_on_drop: false }`
[INFO] [stderr]     Finished `release` profile [optimized] target(s) in 0.18s
[INFO] [stderr] warning: the following packages contain code that will be rejected by a future version of Rust: nix v0.29.0
[INFO] [stderr] note: to see what the problems were, use the option `--future-incompat-report`, or run `cargo report future-incompatibilities --id 1`
[INFO] [stderr]      Running unittests src/main.rs (/opt/rustwide/target/release/build/fleche/634c1a0038afec2a/out/fleche-634c1a0038afec2a)
[INFO] [stdout] 
[INFO] [stdout] running 161 tests
[INFO] [stdout] test cli::tests::test_parse_key_value_with_equals_in_value ... ok
[INFO] [stdout] test cli::tests::test_parse_job_filter_splits_on_first_colon ... ok
[INFO] [stdout] test cli::tests::test_parse_job_filter_typed ... ok
[INFO] [stdout] test cli::tests::test_parse_job_filter_unknown_type_errors ... ok
[INFO] [stdout] test cli::tests::test_parse_key_value_empty ... ok
[INFO] [stdout] test cli::tests::test_parse_key_value_empty_value ... ok
[INFO] [stdout] test cli::tests::test_parse_key_value_no_equals ... ok
[INFO] [stdout] test cli::tests::test_parse_key_value_simple ... ok
[INFO] [stdout] test cli::tests::test_parse_key_value_spaces_in_value ... ok
[INFO] [stdout] test config::tests::test_dotenv_accessor ... ok
[INFO] [stdout] test cli::tests::test_parse_job_filter_no_prefix_equals_status_prefix ... ok
[INFO] [stdout] test config::tests::test_dotenv_accessor_none_when_unset ... ok
[INFO] [stdout] test config::tests::test_dotenv_injects_vars_into_job_env ... ok
[INFO] [stdout] test cli::tests::test_parse_job_filter_defaults_to_status ... ok
[INFO] [stdout] test config::tests::test_empty_output_entry_is_rejected ... ok
[INFO] [stdout] test config::tests::test_dotenv_job_env_overrides_dotenv_vars ... ok
[INFO] [stdout] test config::tests::test_dotenv_missing_configured_file_errors ... ok
[INFO] [stdout] test cli::tests::test_parse_job_filter_bad_tag_errors ... ok
[INFO] [stdout] test config::tests::test_dotenv_per_job_overrides_global ... ok
[INFO] [stdout] test config::tests::test_expand_variables_from_system_env ... FAILED
[INFO] [stdout] test config::tests::test_empty_input_entry_is_rejected ... ok
[INFO] [stdout] test config::tests::test_expand_variables_no_expansion_needed ... ok
[INFO] [stdout] test config::tests::test_expand_env_map_ordering ... ok
[INFO] [stdout] test config::tests::test_expand_variables_context_takes_precedence ... ok
[INFO] [stdout] test config::tests::test_expand_variables_project_beats_all ... ok
[INFO] [stdout] test config::tests::test_expand_variables_project_builtin ... ok
[INFO] [stdout] test config::tests::test_expand_variables_project_in_path ... ok
[INFO] [stdout] test config::tests::test_dotenv_cli_env_overrides_dotenv_vars ... ok
[INFO] [stdout] test config::tests::test_expand_variables_from_dotenv ... ok
[INFO] [stdout] test config::tests::test_expand_variables_from_context ... ok
[INFO] [stdout] test config::tests::test_expand_variables_context_beats_dotenv ... ok
[INFO] [stdout] test cli::tests::test_collect_filters_buckets ... ok
[INFO] [stdout] test config::tests::test_expand_variables_system_env_beats_dotenv ... FAILED
[INFO] [stdout] test config::tests::test_expand_variables_with_default ... ok
[INFO] [stdout] test diagnostics::tests::test_parse_disk_usage_standard ... ok
[INFO] [stdout] test config::tests::test_host_override_local_resolves_without_remote_config ... ok
[INFO] [stdout] test config::tests::test_load_dotenv_strict_missing_file_errors ... ok
[INFO] [stdout] test handlers::tests::test_truncate_str_exact ... ok
[INFO] [stdout] test handlers::tests::test_truncate_str_long ... ok
[INFO] [stdout] test config::tests::test_local_job_resolves_without_remote_config ... ok
[INFO] [stdout] test config::tests::test_non_empty_inputs_still_resolve ... ok
[INFO] [stdout] test config::tests::test_remote_job_without_remote_config_errors ... ok
[INFO] [stdout] test diagnostics::tests::test_parse_disk_usage_high_usage ... ok
[INFO] [stdout] test config::tests::test_slurm_merge ... ok
[INFO] [stdout] test handlers::tests::test_truncate_str_empty ... ok
[INFO] [stdout] test config::tests::test_load_dotenv_strict_reads_file ... ok
[INFO] [stdout] test handlers::tests::test_truncate_str_short ... ok
[INFO] [stdout] test job::display::tests::test_truncate_empty_string ... ok
[INFO] [stdout] test job::display::tests::test_truncate_exact_length ... ok
[INFO] [stdout] test job::display::tests::test_truncate_long_string ... ok
[INFO] [stdout] test job::display::tests::test_truncate_middle_no_hyphen ... ok
[INFO] [stdout] test job::display::tests::test_truncate_middle_preserves_suffix ... ok
[INFO] [stdout] test job::display::tests::test_truncate_middle_short_string ... ok
[INFO] [stdout] test job::display::tests::test_truncate_short_string ... ok
[INFO] [stdout] test job::download::tests::test_build_filter_glob_sets_invalid_pattern ... ok
[INFO] [stdout] test config::tests::test_whitespace_only_input_entry_is_rejected ... ok
[INFO] [stdout] test diagnostics::tests::test_parse_disk_usage_cephfs ... ok
[INFO] [stdout] test job::download::tests::test_matches_filters_directory_with_trailing_slash ... ok
[INFO] [stdout] test diagnostics::tests::test_parse_disk_usage_incomplete ... ok
[INFO] [stdout] test job::download::tests::test_matches_filters_exclude_only ... ok
[INFO] [stdout] test job::download::tests::test_matches_filters_include_and_exclude ... ok
[INFO] [stdout] test config::tests::test_reject_empty_path_entries_helper ... ok
[INFO] [stdout] test job::logs::tests::test_strip_ansi_codes_csi_cursor ... ok
[INFO] [stdout] test job::logs::tests::test_strip_ansi_codes_osc ... ok
[INFO] [stdout] test job::ops::tests::test_parse_alloc_tres_full ... ok
[INFO] [stdout] test job::download::tests::test_matches_filters_include_only ... ok
[INFO] [stdout] test job::logs::tests::test_strip_ansi_codes_complex ... ok
[INFO] [stdout] test job::ops::tests::test_parse_alloc_tres_cpu_mem_node ... ok
[INFO] [stdout] test job::download::tests::test_matches_filters_multiple_includes ... ok
[INFO] [stdout] test job::ops::tests::test_parse_alloc_tres_empty ... ok
[INFO] [stdout] test job::download::tests::test_should_mark_outputs_synced_only_for_full_terminal_downloads ... ok
[INFO] [stdout] test job::logs::tests::test_strip_ansi_codes_preserves_text ... ok
[INFO] [stdout] test job::logs::tests::test_strip_ansi_codes_progress_bar ... ok
[INFO] [stdout] test config::tests::test_dotenv_global_env_overrides_dotenv_vars ... ok
[INFO] [stdout] test job::download::tests::test_matches_filters_no_filters ... ok
[INFO] [stdout] test job::logs::tests::test_strip_ansi_codes_csi_colors ... ok
[INFO] [stdout] test job::ops::tests::test_parse_alloc_tres_zero_gpu ... ok
[INFO] [stdout] test job::run::tests::test_generate_job_id_with_hyphenated_name ... ok
[INFO] [stdout] test job::status::tests::parse_interval_accepts_positive_values ... ok
[INFO] [stdout] test job::run::tests::test_generate_exec_script_with_env ... ok
[INFO] [stdout] test job::ops::tests::test_truncate_id_short ... ok
[INFO] [stdout] test job::run::tests::test_generate_job_id_format ... ok
[INFO] [stdout] test registry::tests::test_build_job_filter_pattern_anchored_start ... ok
[INFO] [stdout] test job::run::tests::test_generate_job_id_uniqueness ... ok
[INFO] [stdout] test job::ops::tests::test_truncate_id_exact ... ok
[INFO] [stdout] test job::ops::tests::test_truncate_id_long ... ok
[INFO] [stdout] test job::run::tests::test_generate_exec_script_basic ... ok
[INFO] [stdout] test registry::tests::test_job_status_from_str_invalid ... ok
[INFO] [stdout] test proxy::tests::test_find_available_port ... ok
[INFO] [stdout] test registry::tests::test_job_status_to_string ... ok
[INFO] [stdout] test proxy::tests::test_is_port_listening_bound ... ok
[INFO] [stdout] test proxy::tests::test_is_port_listening_unbound ... ok
[INFO] [stdout] test registry::tests::test_build_job_filter_pattern_anchored_both ... ok
[INFO] [stdout] test registry::tests::test_build_job_filter_pattern_anchored_end ... ok
[INFO] [stdout] test registry::tests::test_job_status_from_str ... ok
[INFO] [stdout] test registry::tests::test_job_status_from_str_case_insensitive ... ok
[INFO] [stdout] test registry::tests::test_parse_duration_minutes ... ok
[INFO] [stdout] test registry::tests::test_parse_duration_with_whitespace ... ok
[INFO] [stdout] test slurm::tests::test_generate_sbatch_script_escapes_env_values ... ok
[INFO] [stdout] test registry::tests::test_parse_cutoff_before_is_exclusive_of_named_day ... ok
[INFO] [stdout] test registry::tests::test_parse_cutoff_delta_is_relative_to_now ... ok
[INFO] [stdout] test registry::tests::test_parse_cutoff_rejects_garbage ... ok
[INFO] [stdout] test registry::tests::test_parse_cutoff_rfc3339_timestamp ... ok
[INFO] [stdout] test registry::tests::test_parse_duration_days ... ok
[INFO] [stdout] test registry::tests::test_parse_duration_hours ... ok
[INFO] [stdout] test registry::tests::test_parse_duration_invalid ... ok
[INFO] [stdout] test slurm::tests::test_escape_bash_value ... ok
[INFO] [stdout] test job::status::tests::parse_interval_rejects_zero_and_negative ... ok
[INFO] [stdout] test job::ops::tests::test_parse_alloc_tres_with_gpu ... ok
[INFO] [stdout] test registry::tests::test_build_job_filter_pattern_unanchored ... ok
[INFO] [stdout] test slurm::tests::test_generate_sbatch_script_basic ... ok
[INFO] [stdout] test job::status::tests::parse_interval_rejects_non_finite ... ok
[INFO] [stdout] test slurm::tests::test_generate_sbatch_script_with_env_vars ... ok
[INFO] [stdout] test slurm::tests::test_generate_sbatch_script_with_slurm_options ... ok
[INFO] [stdout] test slurm::tests::test_parse_sacct_exit_code_invalid ... ok
[INFO] [stdout] test slurm::tests::test_parse_sacct_exit_code_success ... ok
[INFO] [stdout] test slurm::tests::test_parse_sacct_real_failed ... ok
[INFO] [stdout] test slurm::tests::test_parse_sacct_real_pending ... ok
[INFO] [stdout] test slurm::tests::test_parse_sacct_state_cancelled ... ok
[INFO] [stdout] test slurm::tests::test_parse_sacct_state_completed ... ok
[INFO] [stdout] test slurm::tests::test_parse_sacct_state_failed ... ok
[INFO] [stdout] test slurm::tests::test_parse_sacct_state_unknown_defaults_to_failed ... ok
[INFO] [stdout] test slurm::tests::test_parse_squeue_real_pending ... ok
[INFO] [stdout] test registry::tests::test_parse_cutoff_bare_date_is_local_midnight ... ok
[INFO] [stdout] test slurm::tests::test_parse_squeue_state_pending ... ok
[INFO] [stdout] test slurm::tests::test_parse_squeue_state_running ... ok
[INFO] [stdout] test slurm::tests::test_parse_squeue_state_unknown_defaults_to_running ... ok
[INFO] [stdout] test slurm::tests::test_truncate_job_name_long ... ok
[INFO] [stdout] test ssh::tests::test_quote_with_vars_unclosed_brace ... ok
[INFO] [stdout] test ssh::tests::test_quote_with_vars_multiple ... ok
[INFO] [stdout] test slurm::tests::test_truncate_job_name_exact ... ok
[INFO] [stdout] test slurm::tests::test_truncate_job_name_short ... ok
[INFO] [stdout] test ssh::tests::test_shell_escape_special_chars ... ok
[INFO] [stdout] test ssh::tests::test_quote_with_vars_spaces ... ok
[INFO] [stdout] test ssh::tests::control_master_lock_acquires_and_releases ... ok
[INFO] [stdout] test ssh::tests::test_quote_with_vars_empty ... ok
[INFO] [stdout] test ssh::tests::test_shell_escape_variable_in_path ... ok
[INFO] [stdout] test ssh::tests::test_quote_with_vars_single_quotes ... ok
[INFO] [stdout] test ssh::tests::test_shell_escape_tilde_expansion ... ok
[INFO] [stdout] test ssh::tests::test_quote_with_vars_simple ... ok
[INFO] [stdout] test ssh::tests::test_shell_escape_simple ... ok
[INFO] [stdout] test sync::tests::test_human_readable_megabytes ... ok
[INFO] [stdout] test sync::tests::test_parse_rsync_output_empty ... ok
[INFO] [stdout] test sync::tests::test_human_readable_bytes ... ok
[INFO] [stdout] test sync::tests::test_parse_rsync_output_missing_line ... ok
[INFO] [stdout] test slurm::tests::test_parse_sacct_real_completed ... ok
[INFO] [stdout] test sync::tests::test_list_input_sync_files_skips_empty_entries ... ok
[INFO] [stdout] test ssh::tests::test_quote_with_vars_variable ... ok
[INFO] [stdout] test slurm::tests::test_parse_sacct_exit_code_failure ... ok
[INFO] [stdout] test slurm::tests::test_parse_sacct_exit_code_signal ... ok
[INFO] [stdout] test ssh::tests::test_shell_escape_tilde_not_at_start ... ok
[INFO] [stdout] test slurm::tests::test_parse_squeue_real_running ... ok
[INFO] [stdout] test sync::tests::test_human_readable_kilobytes ... ok
[INFO] [stdout] test sync::tests::test_human_readable_zero ... ok
[INFO] [stdout] test ssh::tests::test_shell_escape_tilde_with_special_chars ... ok
[INFO] [stdout] test sync::tests::test_parse_rsync_output_with_bytes ... ok
[INFO] [stdout] test sync::tests::test_parse_sync_file_list_empty ... ok
[INFO] [stdout] test sync::tests::test_parse_rsync_output_no_commas ... ok
[INFO] [stdout] test ssh::tests::test_shell_escape_tilde_with_variable ... ok
[INFO] [stdout] test sync::tests::test_parse_sync_file_list_filters_dirs ... ok
[INFO] [stdout] test sync::tests::test_human_readable_gigabytes ... ok
[INFO] [stdout] 
[INFO] [stdout] failures:
[INFO] [stdout] 
[INFO] [stdout] ---- config::tests::test_expand_variables_from_system_env stdout ----
[INFO] [stdout] 
[INFO] [stdout] thread 'config::tests::test_expand_variables_from_system_env' (1918) panicked at src/config.rs:768:9:
[INFO] [stdout] assertion failed: !result.contains("${")
[INFO] [stdout] stack backtrace:
[INFO] [stdout]    0:     0x571de6cf1ab1 - <<std[617be2ca0a6fd877]::sys::backtrace::BacktraceLock>::print::DisplayBacktrace as core[a373ad73a504971]::fmt::Display>::fmt
[INFO] [stdout]    1:     0x571de6d0acca - core[a373ad73a504971]::fmt::write
[INFO] [stdout]    2:     0x571de6cf6cfc - <alloc[2e1b2a31b91974c5]::vec::Vec<u8> as core[a373ad73a504971]::io::write::Write>::write_fmt
[INFO] [stdout]    3:     0x571de6cca1c6 - std[617be2ca0a6fd877]::panicking::default_hook::{closure#0}
[INFO] [stdout]    4:     0x571de6ce8359 - std[617be2ca0a6fd877]::panicking::default_hook
[INFO] [stdout]    5:     0x571de6b71e80 - test[aada8e7e76ba119b]::test_main_inner::{closure#0}
[INFO] [stdout]    6:     0x571de6ce8682 - std[617be2ca0a6fd877]::panicking::panic_with_hook
[INFO] [stdout]    7:     0x571de6cca2a4 - std[617be2ca0a6fd877]::panicking::panic_handler::{closure#0}
[INFO] [stdout]    8:     0x571de6cc25c9 - std[617be2ca0a6fd877]::sys::backtrace::__rust_end_short_backtrace::<std[617be2ca0a6fd877]::panicking::panic_handler::{closure#0}, !>
[INFO] [stdout]    9:     0x571de6ccb23d - __rustc[ea4f61d10b84890b]::rust_begin_unwind
[INFO] [stdout]   10:     0x571de6d0b4ec - core[a373ad73a504971]::panicking::panic_fmt
[INFO] [stdout]   11:     0x571de6d0b4b2 - core[a373ad73a504971]::panicking::panic
[INFO] [stdout]   12:     0x571de6b34f40 - <fleche[a04d1956f2db2f03]::config::tests::test_expand_variables_from_system_env::{closure#0} as core[a373ad73a504971]::ops::function::FnOnce<()>>::call_once
[INFO] [stdout]   13:     0x571de6b652cb - test[aada8e7e76ba119b]::__rust_begin_short_backtrace::<core[a373ad73a504971]::result::Result<(), alloc[2e1b2a31b91974c5]::string::String>, fn() -> core[a373ad73a504971]::result::Result<(), alloc[2e1b2a31b91974c5]::string::String>>
[INFO] [stdout]   14:     0x571de6b724a5 - test[aada8e7e76ba119b]::run_test::{closure#0}
[INFO] [stdout]   15:     0x571de6b6bd94 - std[617be2ca0a6fd877]::sys::backtrace::__rust_begin_short_backtrace::<test[aada8e7e76ba119b]::run_test::{closure#1}, ()>
[INFO] [stdout]   16:     0x571de6b75532 - <std[617be2ca0a6fd877]::thread::lifecycle::spawn_unchecked<test[aada8e7e76ba119b]::run_test::{closure#1}, ()>::{closure#1} as core[a373ad73a504971]::ops::function::FnOnce<()>>::call_once::{shim:vtable#0}
[INFO] [stdout]   17:     0x571de6cf033f - <std[617be2ca0a6fd877]::sys::thread::unix::Thread>::new::thread_start
[INFO] [stdout]   18:     0x7cb747f7adfa - <unknown>
[INFO] [stdout]   19:     0x7cb74800e3d4 - clone
[INFO] [stdout]   20:                0x0 - <unknown>
[INFO] [stdout] 
[INFO] [stdout] ---- config::tests::test_expand_variables_system_env_beats_dotenv stdout ----
[INFO] [stdout] 
[INFO] [stdout] thread 'config::tests::test_expand_variables_system_env_beats_dotenv' (1923) panicked at src/config.rs:839:9:
[INFO] [stdout] assertion `left != right` failed
[INFO] [stdout]   left: "dotenv_user"
[INFO] [stdout]  right: "dotenv_user"
[INFO] [stdout] stack backtrace:
[INFO] [stdout]    0:     0x571de6cf1ab1 - <<std[617be2ca0a6fd877]::sys::backtrace::BacktraceLock>::print::DisplayBacktrace as core[a373ad73a504971]::fmt::Display>::fmt
[INFO] [stdout]    1:     0x571de6d0acca - core[a373ad73a504971]::fmt::write
[INFO] [stdout]    2:     0x571de6cf6cfc - <alloc[2e1b2a31b91974c5]::vec::Vec<u8> as core[a373ad73a504971]::io::write::Write>::write_fmt
[INFO] [stdout]    3:     0x571de6cca1c6 - std[617be2ca0a6fd877]::panicking::default_hook::{closure#0}
[INFO] [stdout]    4:     0x571de6ce8359 - std[617be2ca0a6fd877]::panicking::default_hook
[INFO] [stdout]    5:     0x571de6b71e80 - test[aada8e7e76ba119b]::test_main_inner::{closure#0}
[INFO] [stdout]    6:     0x571de6ce8682 - std[617be2ca0a6fd877]::panicking::panic_with_hook
[INFO] [stdout]    7:     0x571de6cca272 - std[617be2ca0a6fd877]::panicking::panic_handler::{closure#0}
[INFO] [stdout]    8:     0x571de6cc25c9 - std[617be2ca0a6fd877]::sys::backtrace::__rust_end_short_backtrace::<std[617be2ca0a6fd877]::panicking::panic_handler::{closure#0}, !>
[INFO] [stdout]    9:     0x571de6ccb23d - __rustc[ea4f61d10b84890b]::rust_begin_unwind
[INFO] [stdout]   10:     0x571de6d0b4ec - core[a373ad73a504971]::panicking::panic_fmt
[INFO] [stdout]   11:     0x571de6d0b403 - core[a373ad73a504971]::panicking::assert_failed_inner
[INFO] [stdout]   12:     0x571de6b03501 - core[a373ad73a504971]::panicking::assert_failed::<alloc[2e1b2a31b91974c5]::string::String, &str>
[INFO] [stdout]   13:     0x571de6b38a22 - <fleche[a04d1956f2db2f03]::config::tests::test_expand_variables_system_env_beats_dotenv::{closure#0} as core[a373ad73a504971]::ops::function::FnOnce<()>>::call_once
[INFO] [stdout]   14:     0x571de6b652cb - test[aada8e7e76ba119b]::__rust_begin_short_backtrace::<core[a373ad73a504971]::result::Result<(), alloc[2e1b2a31b91974c5]::string::String>, fn() -> core[a373ad73a504971]::result::Result<(), alloc[2e1b2a31b91974c5]::string::String>>
[INFO] [stdout]   15:     0x571de6b724a5 - test[aada8e7e76ba119b]::run_test::{closure#0}
[INFO] [stdout]   16:     0x571de6b6bd94 - std[617be2ca0a6fd877]::sys::backtrace::__rust_begin_short_backtrace::<test[aada8e7e76ba119b]::run_test::{closure#1}, ()>
[INFO] [stdout]   17:     0x571de6b75532 - <std[617be2ca0a6fd877]::thread::lifecycle::spawn_unchecked<test[aada8e7e76ba119b]::run_test::{closure#1}, ()>::{closure#1} as core[a373ad73a504971]::ops::function::FnOnce<()>>::call_once::{shim:vtable#0}
[INFO] [stdout]   18:     0x571de6cf033f - <std[617be2ca0a6fd877]::sys::thread::unix::Thread>::new::thread_start
[INFO] [stdout]   19:     0x7cb747f7adfa - <unknown>
[INFO] [stdout]   20:     0x7cb74800e3d4 - clone
[INFO] [stdout]   21:                0x0 - <unknown>
[INFO] [stdout] 
[INFO] [stdout] 
[INFO] [stdout] failures:
[INFO] [stdout]     config::tests::test_expand_variables_from_system_env
[INFO] [stdout]     config::tests::test_expand_variables_system_env_beats_dotenv
[INFO] [stdout] 
[INFO] [stdout] test result: FAILED. 159 passed; 2 failed; 0 ignored; 0 measured; 0 filtered out; finished in 0.03s
[INFO] [stdout] 
[INFO] [stderr] error: test failed, to rerun pass `--bin fleche`
[INFO] running `Command { std: "docker" "inspect" "a0324d5d624f6dfcf996f37aa42d7e387b9673a2b884afa935017abe58e3f455", kill_on_drop: false }`
[INFO] running `Command { std: "docker" "rm" "-f" "a0324d5d624f6dfcf996f37aa42d7e387b9673a2b884afa935017abe58e3f455", kill_on_drop: false }`
[INFO] [stdout] a0324d5d624f6dfcf996f37aa42d7e387b9673a2b884afa935017abe58e3f455
