[INFO] fetching crate flatland-presentation 0.2.143...
[INFO] testing flatland-presentation-0.2.143 against 1.99.0-beta.8+cargoflags=--release for beta-release-1.100-2
[INFO] extracting crate flatland-presentation 0.2.143 into /workspace/builds/worker-1-tc1/source
[INFO] started tweaking crates.io crate flatland-presentation 0.2.143
[INFO] finished tweaking crates.io crate flatland-presentation 0.2.143
[INFO] tweaked toml for crates.io crate flatland-presentation 0.2.143 written to /workspace/builds/worker-1-tc1/source/Cargo.toml
[INFO] validating manifest of crates.io crate flatland-presentation 0.2.143 on toolchain 1.99.0-beta.8
[INFO] running `Command { std: CARGO_HOME="/workspace/cargo-home" RUSTUP_HOME="/workspace/rustup-home" "/workspace/cargo-home/bin/cargo" "+1.99.0-beta.8" "metadata" "--manifest-path" "Cargo.toml" "--no-deps", kill_on_drop: false }`
[INFO] crate crates.io crate flatland-presentation 0.2.143 already has a lockfile, it will not be regenerated
[INFO] running `Command { std: CARGO_HOME="/workspace/cargo-home" RUSTUP_HOME="/workspace/rustup-home" "/workspace/cargo-home/bin/cargo" "+1.99.0-beta.8" "fetch" "--manifest-path" "Cargo.toml", kill_on_drop: false }`
[INFO] [stderr]     Updating crates.io index
[INFO] [stderr]  Downloading crates ...
[INFO] [stderr]   Downloaded flatland-protocol v0.2.143
[INFO] running `Command { std: "docker" "create" "-v" "/var/lib/crater-agent-workspace/builds/worker-1-tc1/source:/opt/rustwide/workdir:ro,Z" "-v" "/var/lib/crater-agent-workspace/builds/worker-1-tc1/target:/opt/rustwide/target:rw,Z" "-v" "/var/lib/crater-agent-workspace/cargo-home:/opt/rustwide/cargo-home:ro,Z" "-v" "/var/lib/crater-agent-workspace/rustup-home:/opt/rustwide/rustup-home:ro,Z" "-m" "1610612736" "--network" "none" "ghcr.io/rust-lang/crates-build-env/linux@sha256:77db811e55d90add9212f6832c23229e3de5f1c1f9905e8cb07319ea15df73ac" "sleep" "infinity", kill_on_drop: false }`
[INFO] [stdout] 8d151351dc45cb6d797ac27b3fe0b79b8440bb399bf7f8fdb07fc0fb6b8f6d23
[INFO] running `Command { std: "docker" "start" "8d151351dc45cb6d797ac27b3fe0b79b8440bb399bf7f8fdb07fc0fb6b8f6d23", kill_on_drop: false }`
[INFO] running `Command { std: "docker" "inspect" "8d151351dc45cb6d797ac27b3fe0b79b8440bb399bf7f8fdb07fc0fb6b8f6d23", kill_on_drop: false }`
[INFO] running `Command { std: "docker" "exec" "-e" "SOURCE_DIR=/opt/rustwide/workdir" "-e" "CARGO_HOME=/opt/rustwide/cargo-home" "-e" "RUSTUP_HOME=/opt/rustwide/rustup-home" "-e" "CARGO_TARGET_DIR=/opt/rustwide/target" "-w" "/opt/rustwide/workdir" "--user" "0:0" "8d151351dc45cb6d797ac27b3fe0b79b8440bb399bf7f8fdb07fc0fb6b8f6d23" "/opt/rustwide/cargo-home/bin/cargo" "+1.99.0-beta.8" "metadata" "--no-deps" "--format-version=1", kill_on_drop: false }`
[INFO] running `Command { std: "docker" "inspect" "8d151351dc45cb6d797ac27b3fe0b79b8440bb399bf7f8fdb07fc0fb6b8f6d23", kill_on_drop: false }`
[INFO] running `Command { std: "docker" "exec" "-e" "SOURCE_DIR=/opt/rustwide/workdir" "-e" "CARGO_HOME=/opt/rustwide/cargo-home" "-e" "RUSTUP_HOME=/opt/rustwide/rustup-home" "-e" "CARGO_TARGET_DIR=/opt/rustwide/target" "-e" "CARGO_INCREMENTAL=0" "-e" "RUST_BACKTRACE=full" "-e" "RUSTFLAGS=--cap-lints=warn" "-e" "RUSTDOCFLAGS=--cap-lints=warn" "-w" "/opt/rustwide/workdir" "--user" "0:0" "8d151351dc45cb6d797ac27b3fe0b79b8440bb399bf7f8fdb07fc0fb6b8f6d23" "/opt/rustwide/cargo-home/bin/cargo" "+1.99.0-beta.8" "build" "--frozen" "--message-format=json" "--release", kill_on_drop: false }`
[INFO] [stderr]    Compiling semver v1.0.28
[INFO] [stderr]    Compiling byteorder v1.5.0
[INFO] [stderr]    Compiling smallvec v1.15.2
[INFO] [stderr]    Compiling syn v2.0.118
[INFO] [stderr]    Compiling errno v0.3.14
[INFO] [stderr]    Compiling spin v0.9.8
[INFO] [stderr]    Compiling mio v1.2.1
[INFO] [stderr]    Compiling socket2 v0.6.4
[INFO] [stderr]    Compiling hash32 v0.2.1
[INFO] [stderr]    Compiling signal-hook-registry v1.4.8
[INFO] [stderr]    Compiling bytes v1.12.0
[INFO] [stderr]    Compiling rustc_version v0.4.1
[INFO] [stderr]    Compiling parking_lot_core v0.9.12
[INFO] [stderr]    Compiling indexmap v2.14.0
[INFO] [stderr]    Compiling heapless v0.7.17
[INFO] [stderr]    Compiling parking_lot v0.12.5
[INFO] [stderr]    Compiling uuid v1.23.4
[INFO] [stderr]    Compiling unsafe-libyaml v0.2.11
[INFO] [stderr]    Compiling ryu v1.0.23
[INFO] [stderr]    Compiling serde_derive v1.0.228
[INFO] [stderr]    Compiling thiserror-impl v2.0.18
[INFO] [stderr]    Compiling tokio-macros v2.7.0
[INFO] [stderr]    Compiling tokio v1.52.3
[INFO] [stderr]    Compiling thiserror v2.0.18
[INFO] [stderr]    Compiling cobs v0.3.0
[INFO] [stderr]    Compiling serde v1.0.228
[INFO] [stderr]    Compiling bincode v1.3.3
[INFO] [stderr]    Compiling serde_yaml v0.9.34+deprecated
[INFO] [stderr]    Compiling postcard v1.1.3
[INFO] [stderr]    Compiling flatland-protocol v0.2.143
[INFO] [stderr]    Compiling flatland-presentation v0.2.143 (/opt/rustwide/workdir)
[INFO] [stderr]     Finished `release` profile [optimized] target(s) in 52.31s
[INFO] running `Command { std: "docker" "inspect" "8d151351dc45cb6d797ac27b3fe0b79b8440bb399bf7f8fdb07fc0fb6b8f6d23", kill_on_drop: false }`
[INFO] running `Command { std: "docker" "exec" "-e" "SOURCE_DIR=/opt/rustwide/workdir" "-e" "CARGO_HOME=/opt/rustwide/cargo-home" "-e" "RUSTUP_HOME=/opt/rustwide/rustup-home" "-e" "CARGO_TARGET_DIR=/opt/rustwide/target" "-e" "CARGO_INCREMENTAL=0" "-e" "RUST_BACKTRACE=full" "-e" "RUSTFLAGS=--cap-lints=warn" "-e" "RUSTDOCFLAGS=--cap-lints=warn" "-w" "/opt/rustwide/workdir" "--user" "0:0" "8d151351dc45cb6d797ac27b3fe0b79b8440bb399bf7f8fdb07fc0fb6b8f6d23" "/opt/rustwide/cargo-home/bin/cargo" "+1.99.0-beta.8" "test" "--frozen" "--no-run" "--message-format=json" "--release", kill_on_drop: false }`
[INFO] [stderr]    Compiling flatland-presentation v0.2.143 (/opt/rustwide/workdir)
[INFO] [stderr]     Finished `release` profile [optimized] target(s) in 5.76s
[INFO] running `Command { std: "docker" "inspect" "8d151351dc45cb6d797ac27b3fe0b79b8440bb399bf7f8fdb07fc0fb6b8f6d23", kill_on_drop: false }`
[INFO] running `Command { std: "docker" "exec" "-e" "SOURCE_DIR=/opt/rustwide/workdir" "-e" "CARGO_HOME=/opt/rustwide/cargo-home" "-e" "RUSTUP_HOME=/opt/rustwide/rustup-home" "-e" "CARGO_TARGET_DIR=/opt/rustwide/target" "-e" "CARGO_INCREMENTAL=0" "-e" "RUST_BACKTRACE=full" "-e" "RUSTFLAGS=--cap-lints=warn" "-e" "RUSTDOCFLAGS=--cap-lints=warn" "-w" "/opt/rustwide/workdir" "--user" "0:0" "8d151351dc45cb6d797ac27b3fe0b79b8440bb399bf7f8fdb07fc0fb6b8f6d23" "/opt/rustwide/cargo-home/bin/cargo" "+1.99.0-beta.8" "test" "--frozen" "--release", kill_on_drop: false }`
[INFO] [stderr]     Finished `release` profile [optimized] target(s) in 0.11s
[INFO] [stderr]      Running unittests src/lib.rs (/opt/rustwide/target/release/deps/flatland_presentation-4a06ba013d01300a)
[INFO] [stdout] 
[INFO] [stdout] running 34 tests
[INFO] [stdout] test directional::tests::cardinal_facing_label_bins ... ok
[INFO] [stdout] test directional::tests::eight_way_facing_label_bins ... ok
[INFO] [stdout] test directional::tests::base_sprite_mode_strips_suffix ... ok
[INFO] [stdout] test npc_states::tests::placed_npc_talking_wins ... ok
[INFO] [stdout] test npc_states::tests::wildlife_combat_in_range ... ok
[INFO] [stdout] test npc_states::tests::wildlife_pursue_when_chasing ... ok
[INFO] [stdout] test directional::tests::expand_falls_back_to_base_without_directional ... ok
[INFO] [stdout] test directional::tests::expand_falls_back_to_four_way_when_eight_missing ... ok
[INFO] [stdout] test player_states::tests::player_harvesting_wins ... ok
[INFO] [stdout] test directional::tests::expand_directional_when_sheet_has_variant ... ok
[INFO] [stdout] test catalog::tests::loads_starter_sprite_catalog ... FAILED
[INFO] [stdout] test player_states::tests::player_talking_over_walking ... ok
[INFO] [stdout] test player_states::tests::player_pursue_out_of_range ... ok
[INFO] [stdout] test player_config::tests::loads_repo_default ... FAILED
[INFO] [stdout] test resolve::tests::npc_legacy_behavior_alias ... ok
[INFO] [stdout] test resolve::tests::npc_pursue_maps_to_chase_mode ... ok
[INFO] [stdout] test resolve::tests::player_directional_sheet_returns_base_modes ... ok
[INFO] [stdout] test resolve::tests::crop_depleted_harvested_mode_uses_shared_stages ... ok
[INFO] [stdout] test resolve::tests::farm_growth_falls_back_to_idle ... ok
[INFO] [stdout] test resolve::tests::farm_growth_falls_back_to_lower_stage ... ok
[INFO] [stdout] test resolve::tests::farm_growth_uses_shared_stages_sheet_when_crop_omits_early_grows ... ok
[INFO] [stdout] test resolve::tests::npc_telegraph_presentation_key ... ok
[INFO] [stdout] test resolve::tests::resource_defaults_use_shared_depleted_fallback ... ok
[INFO] [stdout] test resolve::tests::resource_override_wins_when_mode_exists ... ok
[INFO] [stdout] test resolve::tests::resource_explicit_map ... ok
[INFO] [stdout] test resolve::tests::tree_depleted_uses_sheet_suffix_fallback ... ok
[INFO] [stdout] test resolve::tests::resource_alias_fallback ... ok
[INFO] [stdout] test validate::tests::accepts_crop_depleted_via_farm_growth_fallback ... FAILED
[INFO] [stdout] test validate::tests::still_rejects_unknown_mode_despite_fallbacks ... FAILED
[INFO] [stdout] test validate::tests::accepts_tree_depleted_via_sheet_suffix_fallback ... FAILED
[INFO] [stdout] test validate::tests::catches_unknown_mode ... FAILED
[INFO] [stdout] test validate::tests::repo_presentation_defaults_validate ... FAILED
[INFO] [stdout] test validate::tests::accepts_directional_prefix_for_base_mode ... ok
[INFO] [stdout] test validate::tests::validates_resource_fallback_sheet_and_mode ... FAILED
[INFO] [stdout] 
[INFO] [stdout] failures:
[INFO] [stdout] 
[INFO] [stdout] ---- catalog::tests::loads_starter_sprite_catalog stdout ----
[INFO] [stdout] 
[INFO] [stdout] thread 'catalog::tests::loads_starter_sprite_catalog' (610) panicked at src/catalog.rs:245:41:
[INFO] [stdout] sprites dir
[INFO] [stdout] stack backtrace:
[INFO] [stdout]    0:     0x579dcd445eb1 - <<std[70759c8f55707aa4]::sys::backtrace::BacktraceLock>::print::DisplayBacktrace as core[df12db4294e9bfd3]::fmt::Display>::fmt
[INFO] [stdout]    1:     0x579dcd45b22a - core[df12db4294e9bfd3]::fmt::write
[INFO] [stdout]    2:     0x579dcd44a84c - <alloc[2182bb758b4b3781]::vec::Vec<u8> as core[df12db4294e9bfd3]::io::write::Write>::write_fmt
[INFO] [stdout]    3:     0x579dcd421996 - std[70759c8f55707aa4]::panicking::default_hook::{closure#0}
[INFO] [stdout]    4:     0x579dcd43e289 - std[70759c8f55707aa4]::panicking::default_hook
[INFO] [stdout]    5:     0x579dcd3d8da0 - test[9d35eded1c95d3be]::test_main_inner::<test[9d35eded1c95d3be]::test_main_static::{closure#0}>::{closure#0}
[INFO] [stdout]    6:     0x579dcd43e442 - std[70759c8f55707aa4]::panicking::panic_with_hook
[INFO] [stdout]    7:     0x579dcd421a42 - std[70759c8f55707aa4]::panicking::panic_handler::{closure#0}
[INFO] [stdout]    8:     0x579dcd41a0a9 - std[70759c8f55707aa4]::sys::backtrace::__rust_end_short_backtrace::<std[70759c8f55707aa4]::panicking::panic_handler::{closure#0}, !>
[INFO] [stdout]    9:     0x579dcd42274d - __rustc[8fa7c3cbc660c2b3]::rust_begin_unwind
[INFO] [stdout]   10:     0x579dcd45b95c - core[df12db4294e9bfd3]::panicking::panic_fmt
[INFO] [stdout]   11:     0x579dcd45b6b4 - core[df12db4294e9bfd3]::option::expect_failed
[INFO] [stderr] error: test failed, to rerun pass `--lib`
[INFO] [stdout]   12:     0x579dcd3aff15 - flatland_presentation[f60eaf9dddc43f99]::catalog::tests::loads_starter_sprite_catalog
[INFO] [stdout]   13:     0x579dcd3b1509 - <flatland_presentation[f60eaf9dddc43f99]::catalog::tests::loads_starter_sprite_catalog::{closure#0} as core[df12db4294e9bfd3]::ops::function::FnOnce<()>>::call_once
[INFO] [stdout]   14:     0x579dcd3cc08b - test[9d35eded1c95d3be]::__rust_begin_short_backtrace::<core[df12db4294e9bfd3]::result::Result<(), alloc[2182bb758b4b3781]::string::String>, fn() -> core[df12db4294e9bfd3]::result::Result<(), alloc[2182bb758b4b3781]::string::String>>
[INFO] [stdout]   15:     0x579dcd3d96f5 - test[9d35eded1c95d3be]::run_test::{closure#0}
[INFO] [stdout]   16:     0x579dcd3d2fb4 - std[70759c8f55707aa4]::sys::backtrace::__rust_begin_short_backtrace::<test[9d35eded1c95d3be]::run_test::{closure#1}, ()>
[INFO] [stdout]   17:     0x579dcd3dc852 - <std[70759c8f55707aa4]::thread::lifecycle::spawn_unchecked<test[9d35eded1c95d3be]::run_test::{closure#1}, ()>::{closure#1} as core[df12db4294e9bfd3]::ops::function::FnOnce<()>>::call_once::{shim:vtable#0}
[INFO] [stdout]   18:     0x579dcd445419 - <std[70759c8f55707aa4]::sys::thread::unix::Thread>::new::thread_start
[INFO] [stdout]   19:     0x716d6d5e6dfa - <unknown>
[INFO] [stdout]   20:     0x716d6d67a3d4 - clone
[INFO] [stdout]   21:                0x0 - <unknown>
[INFO] [stdout] 
[INFO] [stdout] ---- player_config::tests::loads_repo_default stdout ----
[INFO] [stdout] 
[INFO] [stdout] thread 'player_config::tests::loads_repo_default' (620) panicked at src/player_config.rs:86:55:
[INFO] [stdout] player-presentation.yaml
[INFO] [stdout] stack backtrace:
[INFO] [stdout]    0:     0x579dcd445eb1 - <<std[70759c8f55707aa4]::sys::backtrace::BacktraceLock>::print::DisplayBacktrace as core[df12db4294e9bfd3]::fmt::Display>::fmt
[INFO] [stdout]    1:     0x579dcd45b22a - core[df12db4294e9bfd3]::fmt::write
[INFO] [stdout]    2:     0x579dcd44a84c - <alloc[2182bb758b4b3781]::vec::Vec<u8> as core[df12db4294e9bfd3]::io::write::Write>::write_fmt
[INFO] [stdout]    3:     0x579dcd421996 - std[70759c8f55707aa4]::panicking::default_hook::{closure#0}
[INFO] [stdout]    4:     0x579dcd43e289 - std[70759c8f55707aa4]::panicking::default_hook
[INFO] [stdout]    5:     0x579dcd3d8da0 - test[9d35eded1c95d3be]::test_main_inner::<test[9d35eded1c95d3be]::test_main_static::{closure#0}>::{closure#0}
[INFO] [stdout]    6:     0x579dcd43e442 - std[70759c8f55707aa4]::panicking::panic_with_hook
[INFO] [stdout]    7:     0x579dcd421a42 - std[70759c8f55707aa4]::panicking::panic_handler::{closure#0}
[INFO] [stdout]    8:     0x579dcd41a0a9 - std[70759c8f55707aa4]::sys::backtrace::__rust_end_short_backtrace::<std[70759c8f55707aa4]::panicking::panic_handler::{closure#0}, !>
[INFO] [stdout]    9:     0x579dcd42274d - __rustc[8fa7c3cbc660c2b3]::rust_begin_unwind
[INFO] [stdout]   10:     0x579dcd45b95c - core[df12db4294e9bfd3]::panicking::panic_fmt
[INFO] [stdout]   11:     0x579dcd45b6b4 - core[df12db4294e9bfd3]::option::expect_failed
[INFO] [stdout]   12:     0x579dcd3b1459 - <flatland_presentation[f60eaf9dddc43f99]::player_config::tests::loads_repo_default::{closure#0} as core[df12db4294e9bfd3]::ops::function::FnOnce<()>>::call_once
[INFO] [stdout]   13:     0x579dcd3cc08b - test[9d35eded1c95d3be]::__rust_begin_short_backtrace::<core[df12db4294e9bfd3]::result::Result<(), alloc[2182bb758b4b3781]::string::String>, fn() -> core[df12db4294e9bfd3]::result::Result<(), alloc[2182bb758b4b3781]::string::String>>
[INFO] [stdout]   14:     0x579dcd3d96f5 - test[9d35eded1c95d3be]::run_test::{closure#0}
[INFO] [stdout]   15:     0x579dcd3d2fb4 - std[70759c8f55707aa4]::sys::backtrace::__rust_begin_short_backtrace::<test[9d35eded1c95d3be]::run_test::{closure#1}, ()>
[INFO] [stdout]   16:     0x579dcd3dc852 - <std[70759c8f55707aa4]::thread::lifecycle::spawn_unchecked<test[9d35eded1c95d3be]::run_test::{closure#1}, ()>::{closure#1} as core[df12db4294e9bfd3]::ops::function::FnOnce<()>>::call_once::{shim:vtable#0}
[INFO] [stdout]   17:     0x579dcd445419 - <std[70759c8f55707aa4]::sys::thread::unix::Thread>::new::thread_start
[INFO] [stdout]   18:     0x716d6d5e6dfa - <unknown>
[INFO] [stdout]   19:     0x716d6d67a3d4 - clone
[INFO] [stdout]   20:                0x0 - <unknown>
[INFO] [stdout] 
[INFO] [stdout] ---- validate::tests::accepts_crop_depleted_via_farm_growth_fallback stdout ----
[INFO] [stdout] 
[INFO] [stdout] thread 'validate::tests::accepts_crop_depleted_via_farm_growth_fallback' (637) panicked at src/validate.rs:284:72:
[INFO] [stdout] sprites dir
[INFO] [stdout] stack backtrace:
[INFO] [stdout]    0:     0x579dcd445eb1 - <<std[70759c8f55707aa4]::sys::backtrace::BacktraceLock>::print::DisplayBacktrace as core[df12db4294e9bfd3]::fmt::Display>::fmt
[INFO] [stdout]    1:     0x579dcd45b22a - core[df12db4294e9bfd3]::fmt::write
[INFO] [stdout]    2:     0x579dcd44a84c - <alloc[2182bb758b4b3781]::vec::Vec<u8> as core[df12db4294e9bfd3]::io::write::Write>::write_fmt
[INFO] [stdout]    3:     0x579dcd421996 - std[70759c8f55707aa4]::panicking::default_hook::{closure#0}
[INFO] [stdout]    4:     0x579dcd43e289 - std[70759c8f55707aa4]::panicking::default_hook
[INFO] [stdout]    5:     0x579dcd3d8da0 - test[9d35eded1c95d3be]::test_main_inner::<test[9d35eded1c95d3be]::test_main_static::{closure#0}>::{closure#0}
[INFO] [stdout]    6:     0x579dcd43e442 - std[70759c8f55707aa4]::panicking::panic_with_hook
[INFO] [stdout]    7:     0x579dcd421a42 - std[70759c8f55707aa4]::panicking::panic_handler::{closure#0}
[INFO] [stdout]    8:     0x579dcd41a0a9 - std[70759c8f55707aa4]::sys::backtrace::__rust_end_short_backtrace::<std[70759c8f55707aa4]::panicking::panic_handler::{closure#0}, !>
[INFO] [stdout]    9:     0x579dcd42274d - __rustc[8fa7c3cbc660c2b3]::rust_begin_unwind
[INFO] [stdout]   10:     0x579dcd45b95c - core[df12db4294e9bfd3]::panicking::panic_fmt
[INFO] [stdout]   11:     0x579dcd45b6b4 - core[df12db4294e9bfd3]::option::expect_failed
[INFO] [stdout]   12:     0x579dcd3a4333 - flatland_presentation[f60eaf9dddc43f99]::validate::tests::accepts_crop_depleted_via_farm_growth_fallback
[INFO] [stdout]   13:     0x579dcd3b1769 - <flatland_presentation[f60eaf9dddc43f99]::validate::tests::accepts_crop_depleted_via_farm_growth_fallback::{closure#0} as core[df12db4294e9bfd3]::ops::function::FnOnce<()>>::call_once
[INFO] [stdout]   14:     0x579dcd3cc08b - test[9d35eded1c95d3be]::__rust_begin_short_backtrace::<core[df12db4294e9bfd3]::result::Result<(), alloc[2182bb758b4b3781]::string::String>, fn() -> core[df12db4294e9bfd3]::result::Result<(), alloc[2182bb758b4b3781]::string::String>>
[INFO] [stdout]   15:     0x579dcd3d96f5 - test[9d35eded1c95d3be]::run_test::{closure#0}
[INFO] [stdout]   16:     0x579dcd3d2fb4 - std[70759c8f55707aa4]::sys::backtrace::__rust_begin_short_backtrace::<test[9d35eded1c95d3be]::run_test::{closure#1}, ()>
[INFO] [stdout]   17:     0x579dcd3dc852 - <std[70759c8f55707aa4]::thread::lifecycle::spawn_unchecked<test[9d35eded1c95d3be]::run_test::{closure#1}, ()>::{closure#1} as core[df12db4294e9bfd3]::ops::function::FnOnce<()>>::call_once::{shim:vtable#0}
[INFO] [stdout]   18:     0x579dcd445419 - <std[70759c8f55707aa4]::sys::thread::unix::Thread>::new::thread_start
[INFO] [stdout]   19:     0x716d6d5e6dfa - <unknown>
[INFO] [stdout]   20:     0x716d6d67a3d4 - clone
[INFO] [stdout]   21:                0x0 - <unknown>
[INFO] [stdout] 
[INFO] [stdout] ---- validate::tests::still_rejects_unknown_mode_despite_fallbacks stdout ----
[INFO] [stdout] 
[INFO] [stdout] thread 'validate::tests::still_rejects_unknown_mode_despite_fallbacks' (642) panicked at src/validate.rs:326:72:
[INFO] [stdout] sprites dir
[INFO] [stdout] stack backtrace:
[INFO] [stdout]    0:     0x579dcd445eb1 - <<std[70759c8f55707aa4]::sys::backtrace::BacktraceLock>::print::DisplayBacktrace as core[df12db4294e9bfd3]::fmt::Display>::fmt
[INFO] [stdout]    1:     0x579dcd45b22a - core[df12db4294e9bfd3]::fmt::write
[INFO] [stdout]    2:     0x579dcd44a84c - <alloc[2182bb758b4b3781]::vec::Vec<u8> as core[df12db4294e9bfd3]::io::write::Write>::write_fmt
[INFO] [stdout]    3:     0x579dcd421996 - std[70759c8f55707aa4]::panicking::default_hook::{closure#0}
[INFO] [stdout]    4:     0x579dcd43e289 - std[70759c8f55707aa4]::panicking::default_hook
[INFO] [stdout]    5:     0x579dcd3d8da0 - test[9d35eded1c95d3be]::test_main_inner::<test[9d35eded1c95d3be]::test_main_static::{closure#0}>::{closure#0}
[INFO] [stdout]    6:     0x579dcd43e442 - std[70759c8f55707aa4]::panicking::panic_with_hook
[INFO] [stdout]    7:     0x579dcd421a42 - std[70759c8f55707aa4]::panicking::panic_handler::{closure#0}
[INFO] [stdout]    8:     0x579dcd41a0a9 - std[70759c8f55707aa4]::sys::backtrace::__rust_end_short_backtrace::<std[70759c8f55707aa4]::panicking::panic_handler::{closure#0}, !>
[INFO] [stdout]    9:     0x579dcd42274d - __rustc[8fa7c3cbc660c2b3]::rust_begin_unwind
[INFO] [stdout]   10:     0x579dcd45b95c - core[df12db4294e9bfd3]::panicking::panic_fmt
[INFO] [stdout]   11:     0x579dcd45b6b4 - core[df12db4294e9bfd3]::option::expect_failed
[INFO] [stdout]   12:     0x579dcd3a3e76 - flatland_presentation[f60eaf9dddc43f99]::validate::tests::still_rejects_unknown_mode_despite_fallbacks
[INFO] [stdout]   13:     0x579dcd3b1749 - <flatland_presentation[f60eaf9dddc43f99]::validate::tests::still_rejects_unknown_mode_despite_fallbacks::{closure#0} as core[df12db4294e9bfd3]::ops::function::FnOnce<()>>::call_once
[INFO] [stdout]   14:     0x579dcd3cc08b - test[9d35eded1c95d3be]::__rust_begin_short_backtrace::<core[df12db4294e9bfd3]::result::Result<(), alloc[2182bb758b4b3781]::string::String>, fn() -> core[df12db4294e9bfd3]::result::Result<(), alloc[2182bb758b4b3781]::string::String>>
[INFO] [stdout]   15:     0x579dcd3d96f5 - test[9d35eded1c95d3be]::run_test::{closure#0}
[INFO] [stdout]   16:     0x579dcd3d2fb4 - std[70759c8f55707aa4]::sys::backtrace::__rust_begin_short_backtrace::<test[9d35eded1c95d3be]::run_test::{closure#1}, ()>
[INFO] [stdout]   17:     0x579dcd3dc852 - <std[70759c8f55707aa4]::thread::lifecycle::spawn_unchecked<test[9d35eded1c95d3be]::run_test::{closure#1}, ()>::{closure#1} as core[df12db4294e9bfd3]::ops::function::FnOnce<()>>::call_once::{shim:vtable#0}
[INFO] [stdout]   18:     0x579dcd445419 - <std[70759c8f55707aa4]::sys::thread::unix::Thread>::new::thread_start
[INFO] [stdout]   19:     0x716d6d5e6dfa - <unknown>
[INFO] [stdout]   20:     0x716d6d67a3d4 - clone
[INFO] [stdout]   21:                0x0 - <unknown>
[INFO] [stdout] 
[INFO] [stdout] ---- validate::tests::accepts_tree_depleted_via_sheet_suffix_fallback stdout ----
[INFO] [stdout] 
[INFO] [stdout] thread 'validate::tests::accepts_tree_depleted_via_sheet_suffix_fallback' (639) panicked at src/validate.rs:305:72:
[INFO] [stdout] sprites dir
[INFO] [stdout] stack backtrace:
[INFO] [stdout]    0:     0x579dcd445eb1 - <<std[70759c8f55707aa4]::sys::backtrace::BacktraceLock>::print::DisplayBacktrace as core[df12db4294e9bfd3]::fmt::Display>::fmt
[INFO] [stdout]    1:     0x579dcd45b22a - core[df12db4294e9bfd3]::fmt::write
[INFO] [stdout]    2:     0x579dcd44a84c - <alloc[2182bb758b4b3781]::vec::Vec<u8> as core[df12db4294e9bfd3]::io::write::Write>::write_fmt
[INFO] [stdout]    3:     0x579dcd421996 - std[70759c8f55707aa4]::panicking::default_hook::{closure#0}
[INFO] [stdout]    4:     0x579dcd43e289 - std[70759c8f55707aa4]::panicking::default_hook
[INFO] [stdout]    5:     0x579dcd3d8da0 - test[9d35eded1c95d3be]::test_main_inner::<test[9d35eded1c95d3be]::test_main_static::{closure#0}>::{closure#0}
[INFO] [stdout]    6:     0x579dcd43e442 - std[70759c8f55707aa4]::panicking::panic_with_hook
[INFO] [stdout]    7:     0x579dcd421a42 - std[70759c8f55707aa4]::panicking::panic_handler::{closure#0}
[INFO] [stdout]    8:     0x579dcd41a0a9 - std[70759c8f55707aa4]::sys::backtrace::__rust_end_short_backtrace::<std[70759c8f55707aa4]::panicking::panic_handler::{closure#0}, !>
[INFO] [stdout]    9:     0x579dcd42274d - __rustc[8fa7c3cbc660c2b3]::rust_begin_unwind
[INFO] [stdout]   10:     0x579dcd45b95c - core[df12db4294e9bfd3]::panicking::panic_fmt
[INFO] [stdout]   11:     0x579dcd45b6b4 - core[df12db4294e9bfd3]::option::expect_failed
[INFO] [stdout]   12:     0x579dcd3a4845 - flatland_presentation[f60eaf9dddc43f99]::validate::tests::accepts_tree_depleted_via_sheet_suffix_fallback
[INFO] [stdout]   13:     0x579dcd3b1789 - <flatland_presentation[f60eaf9dddc43f99]::validate::tests::accepts_tree_depleted_via_sheet_suffix_fallback::{closure#0} as core[df12db4294e9bfd3]::ops::function::FnOnce<()>>::call_once
[INFO] [stdout]   14:     0x579dcd3cc08b - test[9d35eded1c95d3be]::__rust_begin_short_backtrace::<core[df12db4294e9bfd3]::result::Result<(), alloc[2182bb758b4b3781]::string::String>, fn() -> core[df12db4294e9bfd3]::result::Result<(), alloc[2182bb758b4b3781]::string::String>>
[INFO] [stdout]   15:     0x579dcd3d96f5 - test[9d35eded1c95d3be]::run_test::{closure#0}
[INFO] [stdout]   16:     0x579dcd3d2fb4 - std[70759c8f55707aa4]::sys::backtrace::__rust_begin_short_backtrace::<test[9d35eded1c95d3be]::run_test::{closure#1}, ()>
[INFO] [stdout]   17:     0x579dcd3dc852 - <std[70759c8f55707aa4]::thread::lifecycle::spawn_unchecked<test[9d35eded1c95d3be]::run_test::{closure#1}, ()>::{closure#1} as core[df12db4294e9bfd3]::ops::function::FnOnce<()>>::call_once::{shim:vtable#0}
[INFO] [stdout]   18:     0x579dcd445419 - <std[70759c8f55707aa4]::sys::thread::unix::Thread>::new::thread_start
[INFO] [stdout]   19:     0x716d6d5e6dfa - <unknown>
[INFO] [stdout]   20:     0x716d6d67a3d4 - clone
[INFO] [stdout]   21:                0x0 - <unknown>
[INFO] [stdout] 
[INFO] [stdout] ---- validate::tests::catches_unknown_mode stdout ----
[INFO] [stdout] 
[INFO] [stdout] thread 'validate::tests::catches_unknown_mode' (640) panicked at src/validate.rs:272:57:
[INFO] [stdout] sprites dir
[INFO] [stdout] stack backtrace:
[INFO] [stdout]    0:     0x579dcd445eb1 - <<std[70759c8f55707aa4]::sys::backtrace::BacktraceLock>::print::DisplayBacktrace as core[df12db4294e9bfd3]::fmt::Display>::fmt
[INFO] [stdout]    1:     0x579dcd45b22a - core[df12db4294e9bfd3]::fmt::write
[INFO] [stdout]    2:     0x579dcd44a84c - <alloc[2182bb758b4b3781]::vec::Vec<u8> as core[df12db4294e9bfd3]::io::write::Write>::write_fmt
[INFO] [stdout]    3:     0x579dcd421996 - std[70759c8f55707aa4]::panicking::default_hook::{closure#0}
[INFO] [stdout]    4:     0x579dcd43e289 - std[70759c8f55707aa4]::panicking::default_hook
[INFO] [stdout]    5:     0x579dcd3d8da0 - test[9d35eded1c95d3be]::test_main_inner::<test[9d35eded1c95d3be]::test_main_static::{closure#0}>::{closure#0}
[INFO] [stdout]    6:     0x579dcd43e442 - std[70759c8f55707aa4]::panicking::panic_with_hook
[INFO] [stdout]    7:     0x579dcd421a42 - std[70759c8f55707aa4]::panicking::panic_handler::{closure#0}
[INFO] [stdout]    8:     0x579dcd41a0a9 - std[70759c8f55707aa4]::sys::backtrace::__rust_end_short_backtrace::<std[70759c8f55707aa4]::panicking::panic_handler::{closure#0}, !>
[INFO] [stdout]    9:     0x579dcd42274d - __rustc[8fa7c3cbc660c2b3]::rust_begin_unwind
[INFO] [stdout]   10:     0x579dcd45b95c - core[df12db4294e9bfd3]::panicking::panic_fmt
[INFO] [stdout]   11:     0x579dcd45b6b4 - core[df12db4294e9bfd3]::option::expect_failed
[INFO] [stdout]   12:     0x579dcd3a2ab5 - flatland_presentation[f60eaf9dddc43f99]::validate::tests::catches_unknown_mode
[INFO] [stdout]   13:     0x579dcd3b16c9 - <flatland_presentation[f60eaf9dddc43f99]::validate::tests::catches_unknown_mode::{closure#0} as core[df12db4294e9bfd3]::ops::function::FnOnce<()>>::call_once
[INFO] [stdout]   14:     0x579dcd3cc08b - test[9d35eded1c95d3be]::__rust_begin_short_backtrace::<core[df12db4294e9bfd3]::result::Result<(), alloc[2182bb758b4b3781]::string::String>, fn() -> core[df12db4294e9bfd3]::result::Result<(), alloc[2182bb758b4b3781]::string::String>>
[INFO] [stdout]   15:     0x579dcd3d96f5 - test[9d35eded1c95d3be]::run_test::{closure#0}
[INFO] [stdout]   16:     0x579dcd3d2fb4 - std[70759c8f55707aa4]::sys::backtrace::__rust_begin_short_backtrace::<test[9d35eded1c95d3be]::run_test::{closure#1}, ()>
[INFO] [stdout]   17:     0x579dcd3dc852 - <std[70759c8f55707aa4]::thread::lifecycle::spawn_unchecked<test[9d35eded1c95d3be]::run_test::{closure#1}, ()>::{closure#1} as core[df12db4294e9bfd3]::ops::function::FnOnce<()>>::call_once::{shim:vtable#0}
[INFO] [stdout]   18:     0x579dcd445419 - <std[70759c8f55707aa4]::sys::thread::unix::Thread>::new::thread_start
[INFO] [stdout]   19:     0x716d6d5e6dfa - <unknown>
[INFO] [stdout]   20:     0x716d6d67a3d4 - clone
[INFO] [stdout]   21:                0x0 - <unknown>
[INFO] [stdout] 
[INFO] [stdout] ---- validate::tests::repo_presentation_defaults_validate stdout ----
[INFO] [stdout] 
[INFO] [stdout] thread 'validate::tests::repo_presentation_defaults_validate' (641) panicked at src/validate.rs:366:72:
[INFO] [stdout] sprites dir
[INFO] [stdout] stack backtrace:
[INFO] [stdout]    0:     0x579dcd445eb1 - <<std[70759c8f55707aa4]::sys::backtrace::BacktraceLock>::print::DisplayBacktrace as core[df12db4294e9bfd3]::fmt::Display>::fmt
[INFO] [stdout]    1:     0x579dcd45b22a - core[df12db4294e9bfd3]::fmt::write
[INFO] [stdout]    2:     0x579dcd44a84c - <alloc[2182bb758b4b3781]::vec::Vec<u8> as core[df12db4294e9bfd3]::io::write::Write>::write_fmt
[INFO] [stdout]    3:     0x579dcd421996 - std[70759c8f55707aa4]::panicking::default_hook::{closure#0}
[INFO] [stdout]    4:     0x579dcd43e289 - std[70759c8f55707aa4]::panicking::default_hook
[INFO] [stdout]    5:     0x579dcd3d8da0 - test[9d35eded1c95d3be]::test_main_inner::<test[9d35eded1c95d3be]::test_main_static::{closure#0}>::{closure#0}
[INFO] [stdout]    6:     0x579dcd43e442 - std[70759c8f55707aa4]::panicking::panic_with_hook
[INFO] [stdout]    7:     0x579dcd421a42 - std[70759c8f55707aa4]::panicking::panic_handler::{closure#0}
[INFO] [stdout]    8:     0x579dcd41a0a9 - std[70759c8f55707aa4]::sys::backtrace::__rust_end_short_backtrace::<std[70759c8f55707aa4]::panicking::panic_handler::{closure#0}, !>
[INFO] [stdout]    9:     0x579dcd42274d - __rustc[8fa7c3cbc660c2b3]::rust_begin_unwind
[INFO] [stdout]   10:     0x579dcd45b95c - core[df12db4294e9bfd3]::panicking::panic_fmt
[INFO] [stdout]   11:     0x579dcd45b6b4 - core[df12db4294e9bfd3]::option::expect_failed
[INFO] [stdout]   12:     0x579dcd3a2f5f - flatland_presentation[f60eaf9dddc43f99]::validate::tests::repo_presentation_defaults_validate
[INFO] [stdout]   13:     0x579dcd3b16e9 - <flatland_presentation[f60eaf9dddc43f99]::validate::tests::repo_presentation_defaults_validate::{closure#0} as core[df12db4294e9bfd3]::ops::function::FnOnce<()>>::call_once
[INFO] [stdout]   14:     0x579dcd3cc08b - test[9d35eded1c95d3be]::__rust_begin_short_backtrace::<core[df12db4294e9bfd3]::result::Result<(), alloc[2182bb758b4b3781]::string::String>, fn() -> core[df12db4294e9bfd3]::result::Result<(), alloc[2182bb758b4b3781]::string::String>>
[INFO] [stdout]   15:     0x579dcd3d96f5 - test[9d35eded1c95d3be]::run_test::{closure#0}
[INFO] [stdout]   16:     0x579dcd3d2fb4 - std[70759c8f55707aa4]::sys::backtrace::__rust_begin_short_backtrace::<test[9d35eded1c95d3be]::run_test::{closure#1}, ()>
[INFO] [stdout]   17:     0x579dcd3dc852 - <std[70759c8f55707aa4]::thread::lifecycle::spawn_unchecked<test[9d35eded1c95d3be]::run_test::{closure#1}, ()>::{closure#1} as core[df12db4294e9bfd3]::ops::function::FnOnce<()>>::call_once::{shim:vtable#0}
[INFO] [stdout]   18:     0x579dcd445419 - <std[70759c8f55707aa4]::sys::thread::unix::Thread>::new::thread_start
[INFO] [stdout]   19:     0x716d6d5e6dfa - <unknown>
[INFO] [stdout]   20:     0x716d6d67a3d4 - clone
[INFO] [stdout]   21:                0x0 - <unknown>
[INFO] [stdout] 
[INFO] [stdout] ---- validate::tests::validates_resource_fallback_sheet_and_mode stdout ----
[INFO] [stdout] 
[INFO] [stdout] thread 'validate::tests::validates_resource_fallback_sheet_and_mode' (643) panicked at src/validate.rs:348:72:
[INFO] [stdout] sprites dir
[INFO] [stdout] stack backtrace:
[INFO] [stdout]    0:     0x579dcd445eb1 - <<std[70759c8f55707aa4]::sys::backtrace::BacktraceLock>::print::DisplayBacktrace as core[df12db4294e9bfd3]::fmt::Display>::fmt
[INFO] [stdout]    1:     0x579dcd45b22a - core[df12db4294e9bfd3]::fmt::write
[INFO] [stdout]    2:     0x579dcd44a84c - <alloc[2182bb758b4b3781]::vec::Vec<u8> as core[df12db4294e9bfd3]::io::write::Write>::write_fmt
[INFO] [stdout]    3:     0x579dcd421996 - std[70759c8f55707aa4]::panicking::default_hook::{closure#0}
[INFO] [stdout]    4:     0x579dcd43e289 - std[70759c8f55707aa4]::panicking::default_hook
[INFO] [stdout]    5:     0x579dcd3d8da0 - test[9d35eded1c95d3be]::test_main_inner::<test[9d35eded1c95d3be]::test_main_static::{closure#0}>::{closure#0}
[INFO] [stdout]    6:     0x579dcd43e442 - std[70759c8f55707aa4]::panicking::panic_with_hook
[INFO] [stdout]    7:     0x579dcd421a42 - std[70759c8f55707aa4]::panicking::panic_handler::{closure#0}
[INFO] [stdout]    8:     0x579dcd41a0a9 - std[70759c8f55707aa4]::sys::backtrace::__rust_end_short_backtrace::<std[70759c8f55707aa4]::panicking::panic_handler::{closure#0}, !>
[INFO] [stdout]    9:     0x579dcd42274d - __rustc[8fa7c3cbc660c2b3]::rust_begin_unwind
[INFO] [stdout]   10:     0x579dcd45b95c - core[df12db4294e9bfd3]::panicking::panic_fmt
[INFO] [stdout]   11:     0x579dcd45b6b4 - core[df12db4294e9bfd3]::option::expect_failed
[INFO] [stdout]   12:     0x579dcd3a39f3 - flatland_presentation[f60eaf9dddc43f99]::validate::tests::validates_resource_fallback_sheet_and_mode
[INFO] [stdout]   13:     0x579dcd3b1729 - <flatland_presentation[f60eaf9dddc43f99]::validate::tests::validates_resource_fallback_sheet_and_mode::{closure#0} as core[df12db4294e9bfd3]::ops::function::FnOnce<()>>::call_once
[INFO] [stdout]   14:     0x579dcd3cc08b - test[9d35eded1c95d3be]::__rust_begin_short_backtrace::<core[df12db4294e9bfd3]::result::Result<(), alloc[2182bb758b4b3781]::string::String>, fn() -> core[df12db4294e9bfd3]::result::Result<(), alloc[2182bb758b4b3781]::string::String>>
[INFO] [stdout]   15:     0x579dcd3d96f5 - test[9d35eded1c95d3be]::run_test::{closure#0}
[INFO] [stdout]   16:     0x579dcd3d2fb4 - std[70759c8f55707aa4]::sys::backtrace::__rust_begin_short_backtrace::<test[9d35eded1c95d3be]::run_test::{closure#1}, ()>
[INFO] [stdout]   17:     0x579dcd3dc852 - <std[70759c8f55707aa4]::thread::lifecycle::spawn_unchecked<test[9d35eded1c95d3be]::run_test::{closure#1}, ()>::{closure#1} as core[df12db4294e9bfd3]::ops::function::FnOnce<()>>::call_once::{shim:vtable#0}
[INFO] [stdout]   18:     0x579dcd445419 - <std[70759c8f55707aa4]::sys::thread::unix::Thread>::new::thread_start
[INFO] [stdout]   19:     0x716d6d5e6dfa - <unknown>
[INFO] [stdout]   20:     0x716d6d67a3d4 - clone
[INFO] [stdout]   21:                0x0 - <unknown>
[INFO] [stdout] 
[INFO] [stdout] 
[INFO] [stdout] failures:
[INFO] [stdout]     catalog::tests::loads_starter_sprite_catalog
[INFO] [stdout]     player_config::tests::loads_repo_default
[INFO] [stdout]     validate::tests::accepts_crop_depleted_via_farm_growth_fallback
[INFO] [stdout]     validate::tests::accepts_tree_depleted_via_sheet_suffix_fallback
[INFO] [stdout]     validate::tests::catches_unknown_mode
[INFO] [stdout]     validate::tests::repo_presentation_defaults_validate
[INFO] [stdout]     validate::tests::still_rejects_unknown_mode_despite_fallbacks
[INFO] [stdout]     validate::tests::validates_resource_fallback_sheet_and_mode
[INFO] [stdout] 
[INFO] [stdout] test result: FAILED. 26 passed; 8 failed; 0 ignored; 0 measured; 0 filtered out; finished in 0.02s
[INFO] [stdout] 
[INFO] running `Command { std: "docker" "inspect" "8d151351dc45cb6d797ac27b3fe0b79b8440bb399bf7f8fdb07fc0fb6b8f6d23", kill_on_drop: false }`
[INFO] running `Command { std: "docker" "rm" "-f" "8d151351dc45cb6d797ac27b3fe0b79b8440bb399bf7f8fdb07fc0fb6b8f6d23", kill_on_drop: false }`
[INFO] [stdout] 8d151351dc45cb6d797ac27b3fe0b79b8440bb399bf7f8fdb07fc0fb6b8f6d23
