[INFO] fetching crate flatbed_build 0.0.4...
[INFO] testing flatbed_build-0.0.4 against 1.100.0-beta.1+cargoflags=--release for beta-release-1.100-2
[INFO] extracting crate flatbed_build 0.0.4 into /workspace/builds/worker-5-tc2/source
[INFO] started tweaking crates.io crate flatbed_build 0.0.4
[INFO] finished tweaking crates.io crate flatbed_build 0.0.4
[INFO] tweaked toml for crates.io crate flatbed_build 0.0.4 written to /workspace/builds/worker-5-tc2/source/Cargo.toml
[INFO] validating manifest of crates.io crate flatbed_build 0.0.4 on toolchain 1.100.0-beta.1
[INFO] running `Command { std: CARGO_HOME="/workspace/cargo-home" RUSTUP_HOME="/workspace/rustup-home" "/workspace/cargo-home/bin/cargo" "+1.100.0-beta.1" "metadata" "--manifest-path" "Cargo.toml" "--no-deps", kill_on_drop: false }`
[INFO] crate crates.io crate flatbed_build 0.0.4 already has a lockfile, it will not be regenerated
[INFO] running `Command { std: CARGO_HOME="/workspace/cargo-home" RUSTUP_HOME="/workspace/rustup-home" "/workspace/cargo-home/bin/cargo" "+1.100.0-beta.1" "fetch" "--manifest-path" "Cargo.toml", kill_on_drop: false }`
[INFO] running `Command { std: "docker" "create" "-v" "/var/lib/crater-agent-workspace/builds/worker-5-tc2/source:/opt/rustwide/workdir:ro,Z" "-v" "/var/lib/crater-agent-workspace/builds/worker-5-tc2/target:/opt/rustwide/target:rw,Z" "-v" "/var/lib/crater-agent-workspace/cargo-home:/opt/rustwide/cargo-home:ro,Z" "-v" "/var/lib/crater-agent-workspace/rustup-home:/opt/rustwide/rustup-home:ro,Z" "-m" "1610612736" "--network" "none" "ghcr.io/rust-lang/crates-build-env/linux@sha256:77db811e55d90add9212f6832c23229e3de5f1c1f9905e8cb07319ea15df73ac" "sleep" "infinity", kill_on_drop: false }`
[INFO] [stdout] f2f7e6aa795b987f979b9eb564fa5740e1865ff8f4fea769bc5d693929984bd7
[INFO] running `Command { std: "docker" "start" "f2f7e6aa795b987f979b9eb564fa5740e1865ff8f4fea769bc5d693929984bd7", kill_on_drop: false }`
[INFO] running `Command { std: "docker" "inspect" "f2f7e6aa795b987f979b9eb564fa5740e1865ff8f4fea769bc5d693929984bd7", kill_on_drop: false }`
[INFO] running `Command { std: "docker" "exec" "-e" "SOURCE_DIR=/opt/rustwide/workdir" "-e" "CARGO_HOME=/opt/rustwide/cargo-home" "-e" "RUSTUP_HOME=/opt/rustwide/rustup-home" "-e" "CARGO_TARGET_DIR=/opt/rustwide/target" "-w" "/opt/rustwide/workdir" "--user" "0:0" "f2f7e6aa795b987f979b9eb564fa5740e1865ff8f4fea769bc5d693929984bd7" "/opt/rustwide/cargo-home/bin/cargo" "+1.100.0-beta.1" "metadata" "--no-deps" "--format-version=1", kill_on_drop: false }`
[INFO] running `Command { std: "docker" "inspect" "f2f7e6aa795b987f979b9eb564fa5740e1865ff8f4fea769bc5d693929984bd7", kill_on_drop: false }`
[INFO] running `Command { std: "docker" "exec" "-e" "SOURCE_DIR=/opt/rustwide/workdir" "-e" "CARGO_HOME=/opt/rustwide/cargo-home" "-e" "RUSTUP_HOME=/opt/rustwide/rustup-home" "-e" "CARGO_TARGET_DIR=/opt/rustwide/target" "-e" "CARGO_INCREMENTAL=0" "-e" "RUST_BACKTRACE=full" "-e" "RUSTFLAGS=--cap-lints=warn" "-e" "RUSTDOCFLAGS=--cap-lints=warn" "-w" "/opt/rustwide/workdir" "--user" "0:0" "f2f7e6aa795b987f979b9eb564fa5740e1865ff8f4fea769bc5d693929984bd7" "/opt/rustwide/cargo-home/bin/cargo" "+1.100.0-beta.1" "build" "--frozen" "--message-format=json" "--release", kill_on_drop: false }`
[INFO] [stderr]    Compiling quote v1.0.46
[INFO] [stderr]    Compiling litemap v0.8.2
[INFO] [stderr]    Compiling writeable v0.6.3
[INFO] [stderr]    Compiling icu_properties_data v2.2.0
[INFO] [stderr]    Compiling icu_normalizer_data v2.2.0
[INFO] [stderr]    Compiling zeroize v1.9.0
[INFO] [stderr]    Compiling smallvec v1.15.2
[INFO] [stderr]    Compiling cc v1.2.65
[INFO] [stderr]    Compiling flatbuffers v25.12.19
[INFO] [stderr]    Compiling getrandom v0.2.17
[INFO] [stderr]    Compiling log v0.4.33
[INFO] [stderr]    Compiling anyhow v1.0.103
[INFO] [stderr]    Compiling rustls v0.23.41
[INFO] [stderr]    Compiling serde_core v1.0.228
[INFO] [stderr]    Compiling miniz_oxide v0.8.9
[INFO] [stderr]    Compiling crc32fast v1.5.0
[INFO] [stderr]    Compiling memchr v2.8.2
[INFO] [stderr]    Compiling rustls-pki-types v1.14.1
[INFO] [stderr]    Compiling flatc-rust v0.2.0
[INFO] [stderr]    Compiling syn v2.0.118
[INFO] [stderr]    Compiling webpki-roots v1.0.9
[INFO] [stderr]    Compiling flate2 v1.1.9
[INFO] [stderr]    Compiling webpki-roots v0.26.11
[INFO] [stderr]    Compiling ring v0.17.14
[INFO] [stderr]    Compiling serde_json v1.0.150
[INFO] [stderr]    Compiling synstructure v0.13.2
[INFO] [stderr]    Compiling zerovec-derive v0.11.3
[INFO] [stderr]    Compiling displaydoc v0.2.6
[INFO] [stderr]    Compiling thiserror-impl v1.0.69
[INFO] [stderr]    Compiling clap_derive v4.6.1
[INFO] [stderr]    Compiling zerofrom-derive v0.1.7
[INFO] [stderr]    Compiling yoke-derive v0.8.2
[INFO] [stderr]    Compiling zerofrom v0.1.8
[INFO] [stderr]    Compiling yoke v0.8.3
[INFO] [stderr]    Compiling zerotrie v0.2.4
[INFO] [stderr]    Compiling thiserror v1.0.69
[INFO] [stderr]    Compiling flatbuffers-reflection v0.1.0
[INFO] [stderr]    Compiling zerovec v0.11.6
[INFO] [stderr]    Compiling clap v4.6.1
[INFO] [stderr]    Compiling tinystr v0.8.3
[INFO] [stderr]    Compiling potential_utf v0.1.5
[INFO] [stderr]    Compiling icu_collections v2.2.0
[INFO] [stderr]    Compiling icu_locale_core v2.2.0
[INFO] [stderr]    Compiling icu_provider v2.2.0
[INFO] [stderr]    Compiling icu_properties v2.2.0
[INFO] [stderr]    Compiling icu_normalizer v2.2.0
[INFO] [stderr]    Compiling idna_adapter v1.2.2
[INFO] [stderr]    Compiling idna v1.1.0
[INFO] [stderr]    Compiling url v2.5.8
[INFO] [stderr]    Compiling rustls-webpki v0.103.13
[INFO] [stderr]    Compiling ureq v2.12.1
[INFO] [stderr]    Compiling flatbed_build v0.0.4 (/opt/rustwide/workdir)
[INFO] [stderr]     Finished `release` profile [optimized] target(s) in 52.41s
[INFO] running `Command { std: "docker" "inspect" "f2f7e6aa795b987f979b9eb564fa5740e1865ff8f4fea769bc5d693929984bd7", kill_on_drop: false }`
[INFO] running `Command { std: "docker" "exec" "-e" "SOURCE_DIR=/opt/rustwide/workdir" "-e" "CARGO_HOME=/opt/rustwide/cargo-home" "-e" "RUSTUP_HOME=/opt/rustwide/rustup-home" "-e" "CARGO_TARGET_DIR=/opt/rustwide/target" "-e" "CARGO_INCREMENTAL=0" "-e" "RUST_BACKTRACE=full" "-e" "RUSTFLAGS=--cap-lints=warn" "-e" "RUSTDOCFLAGS=--cap-lints=warn" "-w" "/opt/rustwide/workdir" "--user" "0:0" "f2f7e6aa795b987f979b9eb564fa5740e1865ff8f4fea769bc5d693929984bd7" "/opt/rustwide/cargo-home/bin/cargo" "+1.100.0-beta.1" "test" "--frozen" "--no-run" "--message-format=json" "--release", kill_on_drop: false }`
[INFO] [stderr]    Compiling flatbed_build v0.0.4 (/opt/rustwide/workdir)
[INFO] [stderr]     Finished `release` profile [optimized] target(s) in 6.80s
[INFO] running `Command { std: "docker" "inspect" "f2f7e6aa795b987f979b9eb564fa5740e1865ff8f4fea769bc5d693929984bd7", kill_on_drop: false }`
[INFO] running `Command { std: "docker" "exec" "-e" "SOURCE_DIR=/opt/rustwide/workdir" "-e" "CARGO_HOME=/opt/rustwide/cargo-home" "-e" "RUSTUP_HOME=/opt/rustwide/rustup-home" "-e" "CARGO_TARGET_DIR=/opt/rustwide/target" "-e" "CARGO_INCREMENTAL=0" "-e" "RUST_BACKTRACE=full" "-e" "RUSTFLAGS=--cap-lints=warn" "-e" "RUSTDOCFLAGS=--cap-lints=warn" "-w" "/opt/rustwide/workdir" "--user" "0:0" "f2f7e6aa795b987f979b9eb564fa5740e1865ff8f4fea769bc5d693929984bd7" "/opt/rustwide/cargo-home/bin/cargo" "+1.100.0-beta.1" "test" "--frozen" "--release", kill_on_drop: false }`
[INFO] [stderr]     Finished `release` profile [optimized] target(s) in 0.09s
[INFO] [stderr]      Running unittests src/lib.rs (/opt/rustwide/target/release/build/flatbed_build/ffeb5ae1b891d1c8/out/flatbed_build-ffeb5ae1b891d1c8)
[INFO] [stdout] 
[INFO] [stdout] running 77 tests
[INFO] [stdout] test codegen::tests::test_generate_flatbed_module_with_enum_vector_field ... ok
[INFO] [stdout] test codegen::tests::test_generate_flatbed_module_emits_type_and_enum_registry ... ok
[INFO] [stdout] test codegen::tests::test_generate_flatbed_module_with_vector ... ok
[INFO] [stdout] test codegen::tests::test_generate_flatbed_module_with_table_vector ... ok
[INFO] [stdout] test codegen::tests::test_generate_flatbed_module_panics_on_lowercase_collision - should panic ... ok
[INFO] [stdout] test codegen::tests::test_generate_flatbed_module_versioned ... ok
[INFO] [stdout] test compile::tests::root_fbs_files_ignores_subdirectories ... ok
[INFO] [stdout] test fb_plugin::tests::success_response_under_non_200_code_is_still_seen ... ok
[INFO] [stdout] test fb_plugin::tests::fb_operations_picks_only_flatbuffer_ops ... ok
[INFO] [stdout] test fbs_types::tests::test_fbs_type_to_rust_serde_vector ... ok
[INFO] [stdout] test fb_plugin::tests::fb_operations_parses_operation_id ... ok
[INFO] [stdout] test compile::tests::root_fbs_files_ignores_non_fbs ... ok
[INFO] [stdout] test codegen::tests::test_enum_field_with_declared_default_uses_named_default_fn ... ok
[INFO] [stdout] test codegen::tests::test_generate_flatbed_module_with_enum_field ... ok
[INFO] [stdout] test codegen::tests::test_generate_flatbed_module_with_field_default_emits_custom_default_impl ... ok
[INFO] [stdout] test fbs_types::tests::test_fbs_type_to_rust_type_table_vector ... ok
[INFO] [stdout] test compile::tests::root_fbs_files_picks_up_top_level ... ok
[INFO] [stdout] test fbs_types::tests::test_fbs_type_to_rust_type_unknown_vector_inner_panics - should panic ... ok
[INFO] [stdout] test fb_plugin::tests::validate_passes_when_all_types_present ... ok
[INFO] [stdout] test fbs_types::tests::test_fbs_type_to_rust_type_returns_vec_for_enum_vector ... ok
[INFO] [stdout] test fbs_types::tests::test_fbs_type_to_rust_type_unknown_vector_inner_panics_when_neither_table_nor_enum - should panic ... ok
[INFO] [stdout] test compile::tests::root_fbs_files_returns_sorted ... ok
[INFO] [stdout] test fbs_types::tests::test_fbs_type_to_rust_type_with_tables ... ok
[INFO] [stdout] test fbs_types::tests::test_is_enum_type ... ok
[INFO] [stdout] test codegen::tests::test_generate_flatbed_module_with_scalar_vector ... ok
[INFO] [stdout] test fbs_types::tests::test_is_enum_vector ... ok
[INFO] [stdout] test fbs_types::tests::test_is_optional_type_vector ... ok
[INFO] [stdout] test fbs_types::tests::test_fbs_type_to_rust_serde ... ok
[INFO] [stdout] test fbs_types::tests::test_fbs_type_to_rust_type_unknown_bare_field_panics - should panic ... ok
[INFO] [stdout] test fbs_types::tests::test_fbs_type_to_rust_type_returns_bare_enum_type ... ok
[INFO] [stdout] test fbs_types::tests::test_nested_table_detection ... ok
[INFO] [stdout] test fbs_types::tests::test_vector_inner_type ... ok
[INFO] [stdout] test fbs_types::tests::test_is_table_vector ... ok
[INFO] [stdout] test fbs_types::tests::test_is_vector_type ... ok
[INFO] [stdout] test reflection::tests::test_reflection_type_adapter_all_basetypes ... FAILED
[INFO] [stdout] test fbs_types::tests::test_is_table_type_excludes_vectors ... ok
[INFO] [stdout] test reflection::tests::test_split_namespace ... ok
[INFO] [stdout] test source_order::tests::test_source_decl_order_skips_line_comments ... ok
[INFO] [stdout] test ts_client::tests::body_path_param_collides_with_request_body_only_with_a_body ... ok
[INFO] [stdout] test compile::tests::test_compile_error_includes_schema_path ... ok
[INFO] [stdout] test ts_client::tests::colliding_method_names_are_rejected ... ok
[INFO] [stdout] test ts_client::tests::digit_leading_path_param_is_sanitized ... ok
[INFO] [stdout] test ts_client::tests::duplicate_path_params_are_rejected ... ok
[INFO] [stdout] test source_order::tests::test_strip_fbs_comments_preserves_string_literals ... ok
[INFO] [stdout] test ts_client::tests::base_url_trailing_slash_is_trimmed ... ok
[INFO] [stdout] test ts_client::tests::get_only_request_type_drives_no_imports ... ok
[INFO] [stdout] test fb_plugin::tests::validate_reports_missing_type_with_operation ... ok
[INFO] [stdout] test ts_client::tests::get_with_request_type_omits_body_argument ... ok
[INFO] [stdout] test fb_plugin::tests::validate_flags_flatbuffer_op_with_no_generated_type ... ok
[INFO] [stdout] test ts_client::tests::digit_leading_method_name_is_rejected ... ok
[INFO] [stdout] test ts_client::tests::non_get_with_response_only_emits_codec_and_no_body ... ok
[INFO] [stdout] test ts_client::tests::missing_response_type_returns_raw_bytes ... ok
[INFO] [stdout] test ts_client::tests::hyphenated_path_param_becomes_valid_identifier ... ok
[INFO] [stdout] test ts_client::tests::operation_id_wins_over_derived_name ... ok
[INFO] [stdout] test ts_client::tests::path_derived_names_that_collide_are_rejected ... ok
[INFO] [stdout] test ts_client::tests::path_params_become_leading_string_args ... ok
[INFO] [stdout] test ts_client::tests::post_with_response_type_only_sends_empty_body ... ok
[INFO] [stdout] test ts_client::tests::request_helper_attaches_content_type_by_method_not_body_length ... ok
[INFO] [stdout] test ts_client::tests::reserved_method_names_are_rejected ... ok
[INFO] [stdout] test source_order::tests::test_source_decl_order_skips_block_commented ... ok
[INFO] [stdout] test ts_client::tests::codec_import_omitted_when_no_operation_is_typed ... ok
[INFO] [stdout] test fbs_types::tests::test_fbs_type_to_rust_serde_table_vector_passes_through ... ok
[INFO] [stdout] test reflection::tests::test_regression_cross_namespace_adapter_buckets_and_strips ... FAILED
[INFO] [stdout] test reflection::tests::test_regression_trailing_line_comment_after_enum_variant ... FAILED
[INFO] [stdout] test reflection::tests::test_reflected_field_default_extraction ... FAILED
[INFO] [stdout] test ts_client::tests::method_encodes_request_and_decodes_response ... ok
[INFO] [stdout] test source_order::tests::test_source_decl_order_basic ... ok
[INFO] [stdout] test ts_client::tests::reserved_word_path_param_is_sanitized ... ok
[INFO] [stdout] test ts_client::tests::snake_case_operation_id_becomes_camel ... ok
[INFO] [stdout] test ts_codec::tests::codec_decode_uses_vtable_offsets ... ok
[INFO] [stdout] test ts_codec::tests::codec_honours_declared_defaults ... ok
[INFO] [stdout] test ts_codec::tests::startobject_sizes_to_max_field_id ... ok
[INFO] [stdout] test ts_codec::tests::types_ts_maps_every_field_kind ... ok
[INFO] [stdout] test ts_client::tests::restricted_word_path_params_are_sanitized ... ok
[INFO] [stdout] test ts_client::tests::screaming_snake_operation_id_becomes_camel ... ok
[INFO] [stdout] test ts_codec::tests::codec_encode_covers_scalar_enum_string_table ... ok
[INFO] [stderr] error: test failed, to rerun pass `--lib`
[INFO] [stdout] test reflection::tests::test_regression_inline_block_comment_in_field_decl ... FAILED
[INFO] [stdout] 
[INFO] [stdout] failures:
[INFO] [stdout] 
[INFO] [stdout] ---- reflection::tests::test_reflection_type_adapter_all_basetypes stdout ----
[INFO] [stdout] 
[INFO] [stdout] thread 'reflection::tests::test_reflection_type_adapter_all_basetypes' (1452) panicked at src/reflection.rs:544:10:
[INFO] [stdout] flatc -b --schema: Custom { kind: NotFound, error: "failed to spawn `\"flatc\" \"--version\"`: No such file or directory (os error 2)" }
[INFO] [stdout] stack backtrace:
[INFO] [stdout]    0:     0x56f20a29e901 - <<std[617be2ca0a6fd877]::sys::backtrace::BacktraceLock>::print::DisplayBacktrace as core[a373ad73a504971]::fmt::Display>::fmt
[INFO] [stdout]    1:     0x56f20a2b672a - core[a373ad73a504971]::fmt::write
[INFO] [stdout]    2:     0x56f20a2a409c - <alloc[2e1b2a31b91974c5]::vec::Vec<u8> as core[a373ad73a504971]::io::write::Write>::write_fmt
[INFO] [stdout]    3:     0x56f20a278446 - std[617be2ca0a6fd877]::panicking::default_hook::{closure#0}
[INFO] [stdout]    4:     0x56f20a295dd9 - std[617be2ca0a6fd877]::panicking::default_hook
[INFO] [stdout]    5:     0x56f20a22f790 - test[aada8e7e76ba119b]::test_main_inner::{closure#0}
[INFO] [stdout]    6:     0x56f20a295f92 - std[617be2ca0a6fd877]::panicking::panic_with_hook
[INFO] [stdout]    7:     0x56f20a2784f2 - std[617be2ca0a6fd877]::panicking::panic_handler::{closure#0}
[INFO] [stdout]    8:     0x56f20a270eb9 - std[617be2ca0a6fd877]::sys::backtrace::__rust_end_short_backtrace::<std[617be2ca0a6fd877]::panicking::panic_handler::{closure#0}, !>
[INFO] [stdout]    9:     0x56f20a2790fd - __rustc[ea4f61d10b84890b]::rust_begin_unwind
[INFO] [stdout]   10:     0x56f20a2b6e5c - core[a373ad73a504971]::panicking::panic_fmt
[INFO] [stdout]   11:     0x56f20a2b6c32 - core[a373ad73a504971]::result::unwrap_failed
[INFO] [stdout]   12:     0x56f20a1c59d8 - flatbed_build[dc42bc8837cd90bd]::reflection::tests::compile_bfbs
[INFO] [stdout]   13:     0x56f20a1c922f - <flatbed_build[dc42bc8837cd90bd]::reflection::tests::test_reflection_type_adapter_all_basetypes::{closure#0} as core[a373ad73a504971]::ops::function::FnOnce<()>>::call_once
[INFO] [stdout]   14:     0x56f20a222bdb - test[aada8e7e76ba119b]::__rust_begin_short_backtrace::<core[a373ad73a504971]::result::Result<(), alloc[2e1b2a31b91974c5]::string::String>, fn() -> core[a373ad73a504971]::result::Result<(), alloc[2e1b2a31b91974c5]::string::String>>
[INFO] [stdout]   15:     0x56f20a22fdb5 - test[aada8e7e76ba119b]::run_test::{closure#0}
[INFO] [stdout]   16:     0x56f20a2296a4 - std[617be2ca0a6fd877]::sys::backtrace::__rust_begin_short_backtrace::<test[aada8e7e76ba119b]::run_test::{closure#1}, ()>
[INFO] [stdout]   17:     0x56f20a232e42 - <std[617be2ca0a6fd877]::thread::lifecycle::spawn_unchecked<test[aada8e7e76ba119b]::run_test::{closure#1}, ()>::{closure#1} as core[a373ad73a504971]::ops::function::FnOnce<()>>::call_once::{shim:vtable#0}
[INFO] [stdout]   18:     0x56f20a29d88f - <std[617be2ca0a6fd877]::sys::thread::unix::Thread>::new::thread_start
[INFO] [stdout]   19:     0x7c54f1faadfa - <unknown>
[INFO] [stdout]   20:     0x7c54f203e3d4 - clone
[INFO] [stdout]   21:                0x0 - <unknown>
[INFO] [stdout] 
[INFO] [stdout] ---- reflection::tests::test_regression_cross_namespace_adapter_buckets_and_strips stdout ----
[INFO] [stdout] 
[INFO] [stdout] thread 'reflection::tests::test_regression_cross_namespace_adapter_buckets_and_strips' (1454) panicked at src/reflection.rs:544:10:
[INFO] [stdout] flatc -b --schema: Custom { kind: NotFound, error: "failed to spawn `\"flatc\" \"--version\"`: No such file or directory (os error 2)" }
[INFO] [stdout] stack backtrace:
[INFO] [stdout]    0:     0x56f20a29e901 - <<std[617be2ca0a6fd877]::sys::backtrace::BacktraceLock>::print::DisplayBacktrace as core[a373ad73a504971]::fmt::Display>::fmt
[INFO] [stdout]    1:     0x56f20a2b672a - core[a373ad73a504971]::fmt::write
[INFO] [stdout]    2:     0x56f20a2a409c - <alloc[2e1b2a31b91974c5]::vec::Vec<u8> as core[a373ad73a504971]::io::write::Write>::write_fmt
[INFO] [stdout]    3:     0x56f20a278446 - std[617be2ca0a6fd877]::panicking::default_hook::{closure#0}
[INFO] [stdout]    4:     0x56f20a295dd9 - std[617be2ca0a6fd877]::panicking::default_hook
[INFO] [stdout]    5:     0x56f20a22f790 - test[aada8e7e76ba119b]::test_main_inner::{closure#0}
[INFO] [stdout]    6:     0x56f20a295f92 - std[617be2ca0a6fd877]::panicking::panic_with_hook
[INFO] [stdout]    7:     0x56f20a2784f2 - std[617be2ca0a6fd877]::panicking::panic_handler::{closure#0}
[INFO] [stdout]    8:     0x56f20a270eb9 - std[617be2ca0a6fd877]::sys::backtrace::__rust_end_short_backtrace::<std[617be2ca0a6fd877]::panicking::panic_handler::{closure#0}, !>
[INFO] [stdout]    9:     0x56f20a2790fd - __rustc[ea4f61d10b84890b]::rust_begin_unwind
[INFO] [stdout]   10:     0x56f20a2b6e5c - core[a373ad73a504971]::panicking::panic_fmt
[INFO] [stdout]   11:     0x56f20a2b6c32 - core[a373ad73a504971]::result::unwrap_failed
[INFO] [stdout]   12:     0x56f20a1c59d8 - flatbed_build[dc42bc8837cd90bd]::reflection::tests::compile_bfbs
[INFO] [stdout]   13:     0x56f20a1cbb2a - <flatbed_build[dc42bc8837cd90bd]::reflection::tests::test_regression_cross_namespace_adapter_buckets_and_strips::{closure#0} as core[a373ad73a504971]::ops::function::FnOnce<()>>::call_once
[INFO] [stdout]   14:     0x56f20a222bdb - test[aada8e7e76ba119b]::__rust_begin_short_backtrace::<core[a373ad73a504971]::result::Result<(), alloc[2e1b2a31b91974c5]::string::String>, fn() -> core[a373ad73a504971]::result::Result<(), alloc[2e1b2a31b91974c5]::string::String>>
[INFO] [stdout]   15:     0x56f20a22fdb5 - test[aada8e7e76ba119b]::run_test::{closure#0}
[INFO] [stdout]   16:     0x56f20a2296a4 - std[617be2ca0a6fd877]::sys::backtrace::__rust_begin_short_backtrace::<test[aada8e7e76ba119b]::run_test::{closure#1}, ()>
[INFO] [stdout]   17:     0x56f20a232e42 - <std[617be2ca0a6fd877]::thread::lifecycle::spawn_unchecked<test[aada8e7e76ba119b]::run_test::{closure#1}, ()>::{closure#1} as core[a373ad73a504971]::ops::function::FnOnce<()>>::call_once::{shim:vtable#0}
[INFO] [stdout]   18:     0x56f20a29d88f - <std[617be2ca0a6fd877]::sys::thread::unix::Thread>::new::thread_start
[INFO] [stdout]   19:     0x7c54f1faadfa - <unknown>
[INFO] [stdout]   20:     0x7c54f203e3d4 - clone
[INFO] [stdout]   21:                0x0 - <unknown>
[INFO] [stdout] 
[INFO] [stdout] ---- reflection::tests::test_regression_trailing_line_comment_after_enum_variant stdout ----
[INFO] [stdout] 
[INFO] [stdout] thread 'reflection::tests::test_regression_trailing_line_comment_after_enum_variant' (1456) panicked at src/reflection.rs:544:10:
[INFO] [stdout] flatc -b --schema: Custom { kind: NotFound, error: "failed to spawn `\"flatc\" \"--version\"`: No such file or directory (os error 2)" }
[INFO] [stdout] stack backtrace:
[INFO] [stdout]    0:     0x56f20a29e901 - <<std[617be2ca0a6fd877]::sys::backtrace::BacktraceLock>::print::DisplayBacktrace as core[a373ad73a504971]::fmt::Display>::fmt
[INFO] [stdout]    1:     0x56f20a2b672a - core[a373ad73a504971]::fmt::write
[INFO] [stdout]    2:     0x56f20a2a409c - <alloc[2e1b2a31b91974c5]::vec::Vec<u8> as core[a373ad73a504971]::io::write::Write>::write_fmt
[INFO] [stdout]    3:     0x56f20a278446 - std[617be2ca0a6fd877]::panicking::default_hook::{closure#0}
[INFO] [stdout]    4:     0x56f20a295dd9 - std[617be2ca0a6fd877]::panicking::default_hook
[INFO] [stdout]    5:     0x56f20a22f790 - test[aada8e7e76ba119b]::test_main_inner::{closure#0}
[INFO] [stdout]    6:     0x56f20a295f92 - std[617be2ca0a6fd877]::panicking::panic_with_hook
[INFO] [stdout]    7:     0x56f20a2784f2 - std[617be2ca0a6fd877]::panicking::panic_handler::{closure#0}
[INFO] [stdout]    8:     0x56f20a270eb9 - std[617be2ca0a6fd877]::sys::backtrace::__rust_end_short_backtrace::<std[617be2ca0a6fd877]::panicking::panic_handler::{closure#0}, !>
[INFO] [stdout]    9:     0x56f20a2790fd - __rustc[ea4f61d10b84890b]::rust_begin_unwind
[INFO] [stdout]   10:     0x56f20a2b6e5c - core[a373ad73a504971]::panicking::panic_fmt
[INFO] [stdout]   11:     0x56f20a2b6c32 - core[a373ad73a504971]::result::unwrap_failed
[INFO] [stdout]   12:     0x56f20a1c59d8 - flatbed_build[dc42bc8837cd90bd]::reflection::tests::compile_bfbs
[INFO] [stdout]   13:     0x56f20a1cb196 - <flatbed_build[dc42bc8837cd90bd]::reflection::tests::test_regression_trailing_line_comment_after_enum_variant::{closure#0} as core[a373ad73a504971]::ops::function::FnOnce<()>>::call_once
[INFO] [stdout]   14:     0x56f20a222bdb - test[aada8e7e76ba119b]::__rust_begin_short_backtrace::<core[a373ad73a504971]::result::Result<(), alloc[2e1b2a31b91974c5]::string::String>, fn() -> core[a373ad73a504971]::result::Result<(), alloc[2e1b2a31b91974c5]::string::String>>
[INFO] [stdout]   15:     0x56f20a22fdb5 - test[aada8e7e76ba119b]::run_test::{closure#0}
[INFO] [stdout]   16:     0x56f20a2296a4 - std[617be2ca0a6fd877]::sys::backtrace::__rust_begin_short_backtrace::<test[aada8e7e76ba119b]::run_test::{closure#1}, ()>
[INFO] [stdout]   17:     0x56f20a232e42 - <std[617be2ca0a6fd877]::thread::lifecycle::spawn_unchecked<test[aada8e7e76ba119b]::run_test::{closure#1}, ()>::{closure#1} as core[a373ad73a504971]::ops::function::FnOnce<()>>::call_once::{shim:vtable#0}
[INFO] [stdout]   18:     0x56f20a29d88f - <std[617be2ca0a6fd877]::sys::thread::unix::Thread>::new::thread_start
[INFO] [stdout]   19:     0x7c54f1faadfa - <unknown>
[INFO] [stdout]   20:     0x7c54f203e3d4 - clone
[INFO] [stdout]   21:                0x0 - <unknown>
[INFO] [stdout] 
[INFO] [stdout] ---- reflection::tests::test_reflected_field_default_extraction stdout ----
[INFO] [stdout] 
[INFO] [stdout] thread 'reflection::tests::test_reflected_field_default_extraction' (1451) panicked at src/reflection.rs:544:10:
[INFO] [stdout] flatc -b --schema: Custom { kind: NotFound, error: "failed to spawn `\"flatc\" \"--version\"`: No such file or directory (os error 2)" }
[INFO] [stdout] stack backtrace:
[INFO] [stdout]    0:     0x56f20a29e901 - <<std[617be2ca0a6fd877]::sys::backtrace::BacktraceLock>::print::DisplayBacktrace as core[a373ad73a504971]::fmt::Display>::fmt
[INFO] [stdout]    1:     0x56f20a2b672a - core[a373ad73a504971]::fmt::write
[INFO] [stdout]    2:     0x56f20a2a409c - <alloc[2e1b2a31b91974c5]::vec::Vec<u8> as core[a373ad73a504971]::io::write::Write>::write_fmt
[INFO] [stdout]    3:     0x56f20a278446 - std[617be2ca0a6fd877]::panicking::default_hook::{closure#0}
[INFO] [stdout]    4:     0x56f20a295dd9 - std[617be2ca0a6fd877]::panicking::default_hook
[INFO] [stdout]    5:     0x56f20a22f790 - test[aada8e7e76ba119b]::test_main_inner::{closure#0}
[INFO] [stdout]    6:     0x56f20a295f92 - std[617be2ca0a6fd877]::panicking::panic_with_hook
[INFO] [stdout]    7:     0x56f20a2784f2 - std[617be2ca0a6fd877]::panicking::panic_handler::{closure#0}
[INFO] [stdout]    8:     0x56f20a270eb9 - std[617be2ca0a6fd877]::sys::backtrace::__rust_end_short_backtrace::<std[617be2ca0a6fd877]::panicking::panic_handler::{closure#0}, !>
[INFO] [stdout]    9:     0x56f20a2790fd - __rustc[ea4f61d10b84890b]::rust_begin_unwind
[INFO] [stdout]   10:     0x56f20a2b6e5c - core[a373ad73a504971]::panicking::panic_fmt
[INFO] [stdout]   11:     0x56f20a2b6c32 - core[a373ad73a504971]::result::unwrap_failed
[INFO] [stdout]   12:     0x56f20a1c59d8 - flatbed_build[dc42bc8837cd90bd]::reflection::tests::compile_bfbs
[INFO] [stdout]   13:     0x56f20a1c801f - <flatbed_build[dc42bc8837cd90bd]::reflection::tests::test_reflected_field_default_extraction::{closure#0} as core[a373ad73a504971]::ops::function::FnOnce<()>>::call_once
[INFO] [stdout]   14:     0x56f20a222bdb - test[aada8e7e76ba119b]::__rust_begin_short_backtrace::<core[a373ad73a504971]::result::Result<(), alloc[2e1b2a31b91974c5]::string::String>, fn() -> core[a373ad73a504971]::result::Result<(), alloc[2e1b2a31b91974c5]::string::String>>
[INFO] [stdout]   15:     0x56f20a22fdb5 - test[aada8e7e76ba119b]::run_test::{closure#0}
[INFO] [stdout]   16:     0x56f20a2296a4 - std[617be2ca0a6fd877]::sys::backtrace::__rust_begin_short_backtrace::<test[aada8e7e76ba119b]::run_test::{closure#1}, ()>
[INFO] [stdout]   17:     0x56f20a232e42 - <std[617be2ca0a6fd877]::thread::lifecycle::spawn_unchecked<test[aada8e7e76ba119b]::run_test::{closure#1}, ()>::{closure#1} as core[a373ad73a504971]::ops::function::FnOnce<()>>::call_once::{shim:vtable#0}
[INFO] [stdout]   18:     0x56f20a29d88f - <std[617be2ca0a6fd877]::sys::thread::unix::Thread>::new::thread_start
[INFO] [stdout]   19:     0x7c54f1faadfa - <unknown>
[INFO] [stdout]   20:     0x7c54f203e3d4 - clone
[INFO] [stdout]   21:                0x0 - <unknown>
[INFO] [stdout] 
[INFO] [stdout] ---- reflection::tests::test_regression_inline_block_comment_in_field_decl stdout ----
[INFO] [stdout] 
[INFO] [stdout] thread 'reflection::tests::test_regression_inline_block_comment_in_field_decl' (1455) panicked at src/reflection.rs:544:10:
[INFO] [stdout] flatc -b --schema: Custom { kind: NotFound, error: "failed to spawn `\"flatc\" \"--version\"`: No such file or directory (os error 2)" }
[INFO] [stdout] stack backtrace:
[INFO] [stdout]    0:     0x56f20a29e901 - <<std[617be2ca0a6fd877]::sys::backtrace::BacktraceLock>::print::DisplayBacktrace as core[a373ad73a504971]::fmt::Display>::fmt
[INFO] [stdout]    1:     0x56f20a2b672a - core[a373ad73a504971]::fmt::write
[INFO] [stdout]    2:     0x56f20a2a409c - <alloc[2e1b2a31b91974c5]::vec::Vec<u8> as core[a373ad73a504971]::io::write::Write>::write_fmt
[INFO] [stdout]    3:     0x56f20a278446 - std[617be2ca0a6fd877]::panicking::default_hook::{closure#0}
[INFO] [stdout]    4:     0x56f20a295dd9 - std[617be2ca0a6fd877]::panicking::default_hook
[INFO] [stdout]    5:     0x56f20a22f790 - test[aada8e7e76ba119b]::test_main_inner::{closure#0}
[INFO] [stdout]    6:     0x56f20a295f92 - std[617be2ca0a6fd877]::panicking::panic_with_hook
[INFO] [stdout]    7:     0x56f20a2784f2 - std[617be2ca0a6fd877]::panicking::panic_handler::{closure#0}
[INFO] [stdout]    8:     0x56f20a270eb9 - std[617be2ca0a6fd877]::sys::backtrace::__rust_end_short_backtrace::<std[617be2ca0a6fd877]::panicking::panic_handler::{closure#0}, !>
[INFO] [stdout]    9:     0x56f20a2790fd - __rustc[ea4f61d10b84890b]::rust_begin_unwind
[INFO] [stdout]   10:     0x56f20a2b6e5c - core[a373ad73a504971]::panicking::panic_fmt
[INFO] [stdout]   11:     0x56f20a2b6c32 - core[a373ad73a504971]::result::unwrap_failed
[INFO] [stdout]   12:     0x56f20a1c59d8 - flatbed_build[dc42bc8837cd90bd]::reflection::tests::compile_bfbs
[INFO] [stdout]   13:     0x56f20a1ca996 - <flatbed_build[dc42bc8837cd90bd]::reflection::tests::test_regression_inline_block_comment_in_field_decl::{closure#0} as core[a373ad73a504971]::ops::function::FnOnce<()>>::call_once
[INFO] [stdout]   14:     0x56f20a222bdb - test[aada8e7e76ba119b]::__rust_begin_short_backtrace::<core[a373ad73a504971]::result::Result<(), alloc[2e1b2a31b91974c5]::string::String>, fn() -> core[a373ad73a504971]::result::Result<(), alloc[2e1b2a31b91974c5]::string::String>>
[INFO] [stdout]   15:     0x56f20a22fdb5 - test[aada8e7e76ba119b]::run_test::{closure#0}
[INFO] [stdout]   16:     0x56f20a2296a4 - std[617be2ca0a6fd877]::sys::backtrace::__rust_begin_short_backtrace::<test[aada8e7e76ba119b]::run_test::{closure#1}, ()>
[INFO] [stdout]   17:     0x56f20a232e42 - <std[617be2ca0a6fd877]::thread::lifecycle::spawn_unchecked<test[aada8e7e76ba119b]::run_test::{closure#1}, ()>::{closure#1} as core[a373ad73a504971]::ops::function::FnOnce<()>>::call_once::{shim:vtable#0}
[INFO] [stdout]   18:     0x56f20a29d88f - <std[617be2ca0a6fd877]::sys::thread::unix::Thread>::new::thread_start
[INFO] [stdout]   19:     0x7c54f1faadfa - <unknown>
[INFO] [stdout]   20:     0x7c54f203e3d4 - clone
[INFO] [stdout]   21:                0x0 - <unknown>
[INFO] [stdout] 
[INFO] [stdout] 
[INFO] [stdout] failures:
[INFO] [stdout]     reflection::tests::test_reflected_field_default_extraction
[INFO] [stdout]     reflection::tests::test_reflection_type_adapter_all_basetypes
[INFO] [stdout]     reflection::tests::test_regression_cross_namespace_adapter_buckets_and_strips
[INFO] [stdout]     reflection::tests::test_regression_inline_block_comment_in_field_decl
[INFO] [stdout]     reflection::tests::test_regression_trailing_line_comment_after_enum_variant
[INFO] [stdout] 
[INFO] [stdout] test result: FAILED. 72 passed; 5 failed; 0 ignored; 0 measured; 0 filtered out; finished in 0.02s
[INFO] [stdout] 
[INFO] running `Command { std: "docker" "inspect" "f2f7e6aa795b987f979b9eb564fa5740e1865ff8f4fea769bc5d693929984bd7", kill_on_drop: false }`
[INFO] running `Command { std: "docker" "rm" "-f" "f2f7e6aa795b987f979b9eb564fa5740e1865ff8f4fea769bc5d693929984bd7", kill_on_drop: false }`
[INFO] [stdout] f2f7e6aa795b987f979b9eb564fa5740e1865ff8f4fea769bc5d693929984bd7
