[INFO] fetching crate flat-cli 0.4.0...
[INFO] testing flat-cli-0.4.0 against 1.100.0-beta.1+cargoflags=--release for beta-release-1.100-2
[INFO] extracting crate flat-cli 0.4.0 into /workspace/builds/worker-0-tc2/source
[INFO] started tweaking crates.io crate flat-cli 0.4.0
[INFO] removed 0 missing tests
[INFO] finished tweaking crates.io crate flat-cli 0.4.0
[INFO] tweaked toml for crates.io crate flat-cli 0.4.0 written to /workspace/builds/worker-0-tc2/source/Cargo.toml
[INFO] validating manifest of crates.io crate flat-cli 0.4.0 on toolchain 1.100.0-beta.1
[INFO] running `Command { std: CARGO_HOME="/workspace/cargo-home" RUSTUP_HOME="/workspace/rustup-home" "/workspace/cargo-home/bin/cargo" "+1.100.0-beta.1" "metadata" "--manifest-path" "Cargo.toml" "--no-deps", kill_on_drop: false }`
[INFO] crate crates.io crate flat-cli 0.4.0 already has a lockfile, it will not be regenerated
[INFO] running `Command { std: CARGO_HOME="/workspace/cargo-home" RUSTUP_HOME="/workspace/rustup-home" "/workspace/cargo-home/bin/cargo" "+1.100.0-beta.1" "fetch" "--manifest-path" "Cargo.toml", kill_on_drop: false }`
[INFO] running `Command { std: "docker" "create" "-v" "/var/lib/crater-agent-workspace/builds/worker-0-tc2/source:/opt/rustwide/workdir:ro,Z" "-v" "/var/lib/crater-agent-workspace/builds/worker-0-tc2/target:/opt/rustwide/target:rw,Z" "-v" "/var/lib/crater-agent-workspace/cargo-home:/opt/rustwide/cargo-home:ro,Z" "-v" "/var/lib/crater-agent-workspace/rustup-home:/opt/rustwide/rustup-home:ro,Z" "-m" "1610612736" "--network" "none" "ghcr.io/rust-lang/crates-build-env/linux@sha256:77db811e55d90add9212f6832c23229e3de5f1c1f9905e8cb07319ea15df73ac" "sleep" "infinity", kill_on_drop: false }`
[INFO] [stdout] 354a86a5a662684ba1923407d565c7ddff429f2bd7f1782343a9dfad8b6cfbd5
[INFO] running `Command { std: "docker" "start" "354a86a5a662684ba1923407d565c7ddff429f2bd7f1782343a9dfad8b6cfbd5", kill_on_drop: false }`
[INFO] running `Command { std: "docker" "inspect" "354a86a5a662684ba1923407d565c7ddff429f2bd7f1782343a9dfad8b6cfbd5", kill_on_drop: false }`
[INFO] running `Command { std: "docker" "exec" "-e" "SOURCE_DIR=/opt/rustwide/workdir" "-e" "CARGO_HOME=/opt/rustwide/cargo-home" "-e" "RUSTUP_HOME=/opt/rustwide/rustup-home" "-e" "CARGO_TARGET_DIR=/opt/rustwide/target" "-w" "/opt/rustwide/workdir" "--user" "0:0" "354a86a5a662684ba1923407d565c7ddff429f2bd7f1782343a9dfad8b6cfbd5" "/opt/rustwide/cargo-home/bin/cargo" "+1.100.0-beta.1" "metadata" "--no-deps" "--format-version=1", kill_on_drop: false }`
[INFO] running `Command { std: "docker" "inspect" "354a86a5a662684ba1923407d565c7ddff429f2bd7f1782343a9dfad8b6cfbd5", kill_on_drop: false }`
[INFO] running `Command { std: "docker" "exec" "-e" "SOURCE_DIR=/opt/rustwide/workdir" "-e" "CARGO_HOME=/opt/rustwide/cargo-home" "-e" "RUSTUP_HOME=/opt/rustwide/rustup-home" "-e" "CARGO_TARGET_DIR=/opt/rustwide/target" "-e" "CARGO_INCREMENTAL=0" "-e" "RUST_BACKTRACE=full" "-e" "RUSTFLAGS=--cap-lints=warn" "-e" "RUSTDOCFLAGS=--cap-lints=warn" "-w" "/opt/rustwide/workdir" "--user" "0:0" "354a86a5a662684ba1923407d565c7ddff429f2bd7f1782343a9dfad8b6cfbd5" "/opt/rustwide/cargo-home/bin/cargo" "+1.100.0-beta.1" "build" "--frozen" "--message-format=json" "--release", kill_on_drop: false }`
[INFO] [stderr]    Compiling find-msvc-tools v0.1.9
[INFO] [stderr]    Compiling shlex v1.3.0
[INFO] [stderr]    Compiling tree-sitter-language v0.1.7
[INFO] [stderr]    Compiling memchr v2.8.0
[INFO] [stderr]    Compiling regex-syntax v0.8.9
[INFO] [stderr]    Compiling serde_core v1.0.228
[INFO] [stderr]    Compiling serde_json v1.0.149
[INFO] [stderr]    Compiling libc v0.2.182
[INFO] [stderr]    Compiling hashbrown v0.16.1
[INFO] [stderr]    Compiling equivalent v1.0.2
[INFO] [stderr]    Compiling unicode-ident v1.0.23
[INFO] [stderr]    Compiling quote v1.0.44
[INFO] [stderr]    Compiling crossbeam-utils v0.8.21
[INFO] [stderr]    Compiling zmij v1.0.21
[INFO] [stderr]    Compiling parking_lot_core v0.9.12
[INFO] [stderr]    Compiling itoa v1.0.17
[INFO] [stderr]    Compiling proc-macro2 v1.0.106
[INFO] [stderr]    Compiling anstyle-parse v0.2.7
[INFO] [stderr]    Compiling cc v1.2.56
[INFO] [stderr]    Compiling anstyle v1.0.13
[INFO] [stderr]    Compiling colorchoice v1.0.4
[INFO] [stderr]    Compiling bit-vec v0.6.3
[INFO] [stderr]    Compiling scopeguard v1.2.0
[INFO] [stderr]    Compiling anyhow v1.0.101
[INFO] [stderr]    Compiling smallvec v1.15.1
[INFO] [stderr]    Compiling lock_api v0.4.14
[INFO] [stderr]    Compiling same-file v1.0.6
[INFO] [stderr]    Compiling clap_lex v1.0.0
[INFO] [stderr]    Compiling log v0.4.29
[INFO] [stderr]    Compiling bit-set v0.5.3
[INFO] [stderr]    Compiling anstream v0.6.21
[INFO] [stderr]    Compiling walkdir v2.5.0
[INFO] [stderr]    Compiling base64 v0.21.7
[INFO] [stderr]    Compiling rustc-hash v1.1.0
[INFO] [stderr]    Compiling streaming-iterator v0.1.9
[INFO] [stderr]    Compiling aho-corasick v1.1.4
[INFO] [stderr]    Compiling lazy_static v1.5.0
[INFO] [stderr]    Compiling syn v2.0.116
[INFO] [stderr]    Compiling clap_builder v4.5.58
[INFO] [stderr]    Compiling content_inspector v0.2.4
[INFO] [stderr]    Compiling indexmap v2.13.0
[INFO] [stderr]    Compiling crossbeam-epoch v0.9.18
[INFO] [stderr]    Compiling crossbeam-deque v0.8.6
[INFO] [stderr]    Compiling tree-sitter-php v0.23.11
[INFO] [stderr]    Compiling tree-sitter-solidity v1.2.13
[INFO] [stderr]    Compiling tree-sitter-python v0.23.6
[INFO] [stderr]    Compiling tree-sitter-typescript v0.23.2
[INFO] [stderr]    Compiling tree-sitter-ruby v0.23.1
[INFO] [stderr]    Compiling tree-sitter-rust v0.23.3
[INFO] [stderr]    Compiling tree-sitter-c v0.23.4
[INFO] [stderr]    Compiling tree-sitter-c-sharp v0.23.1
[INFO] [stderr]    Compiling tree-sitter-cpp v0.23.4
[INFO] [stderr]    Compiling tree-sitter-elixir v0.3.4
[INFO] [stderr]    Compiling tree-sitter-go v0.23.4
[INFO] [stderr]    Compiling tree-sitter-java v0.23.5
[INFO] [stderr]    Compiling parking_lot v0.12.5
[INFO] [stderr]    Compiling regex-automata v0.4.14
[INFO] [stderr]    Compiling tree-sitter v0.25.10
[INFO] [stderr]    Compiling clap_derive v4.5.55
[INFO] [stderr]    Compiling bstr v1.12.1
[INFO] [stderr]    Compiling regex v1.12.3
[INFO] [stderr]    Compiling fancy-regex v0.13.0
[INFO] [stderr]    Compiling globset v0.4.18
[INFO] [stderr]    Compiling clap v4.5.58
[INFO] [stderr]    Compiling tiktoken-rs v0.6.0
[INFO] [stderr]    Compiling ignore v0.4.25
[INFO] [stderr]    Compiling flat-cli v0.4.0 (/opt/rustwide/workdir)
[INFO] [stderr] warning: unused dependency `content_inspector`
[INFO] [stderr]   --> Cargo.toml:12:15
[INFO] [stderr]    |
[INFO] [stderr] 12 | [dependencies.content_inspector]
[INFO] [stderr]    |               ^^^^^^^^^^^^^^^^^^
[INFO] [stderr]    |
[INFO] [stderr]    = note: `cargo::unused_dependencies` is set to `warn` by default
[INFO] [stderr] help: consider removing the dependency on `content_inspector`
[INFO] [stderr] warning: `flat-cli` (manifest) generated 1 warning
[INFO] [stderr]     Finished `release` profile [optimized] target(s) in 1m 14s
[INFO] running `Command { std: "docker" "inspect" "354a86a5a662684ba1923407d565c7ddff429f2bd7f1782343a9dfad8b6cfbd5", kill_on_drop: false }`
[INFO] running `Command { std: "docker" "exec" "-e" "SOURCE_DIR=/opt/rustwide/workdir" "-e" "CARGO_HOME=/opt/rustwide/cargo-home" "-e" "RUSTUP_HOME=/opt/rustwide/rustup-home" "-e" "CARGO_TARGET_DIR=/opt/rustwide/target" "-e" "CARGO_INCREMENTAL=0" "-e" "RUST_BACKTRACE=full" "-e" "RUSTFLAGS=--cap-lints=warn" "-e" "RUSTDOCFLAGS=--cap-lints=warn" "-w" "/opt/rustwide/workdir" "--user" "0:0" "354a86a5a662684ba1923407d565c7ddff429f2bd7f1782343a9dfad8b6cfbd5" "/opt/rustwide/cargo-home/bin/cargo" "+1.100.0-beta.1" "test" "--frozen" "--no-run" "--message-format=json" "--release", kill_on_drop: false }`
[INFO] [stderr]    Compiling autocfg v1.5.0
[INFO] [stderr]    Compiling predicates-core v1.0.10
[INFO] [stderr]    Compiling getrandom v0.4.1
[INFO] [stderr]    Compiling rustix v1.1.3
[INFO] [stderr]    Compiling assert_cmd v2.1.2
[INFO] [stderr]    Compiling normalize-line-endings v0.3.0
[INFO] [stderr]    Compiling linux-raw-sys v0.11.0
[INFO] [stderr]    Compiling bitflags v2.11.0
[INFO] [stderr]    Compiling difflib v0.4.0
[INFO] [stderr]    Compiling termtree v0.5.1
[INFO] [stderr]    Compiling wait-timeout v0.2.1
[INFO] [stderr]    Compiling fastrand v2.3.0
[INFO] [stderr]    Compiling once_cell v1.21.3
[INFO] [stderr]    Compiling predicates-tree v1.0.13
[INFO] [stderr]    Compiling num-traits v0.2.19
[INFO] [stderr]    Compiling float-cmp v0.10.0
[INFO] [stderr]    Compiling predicates v3.1.4
[INFO] [stderr]    Compiling tempfile v3.25.0
[INFO] [stderr]    Compiling flat-cli v0.4.0 (/opt/rustwide/workdir)
[INFO] [stderr] warning: unused dependency `content_inspector`
[INFO] [stderr]   --> Cargo.toml:12:15
[INFO] [stderr]    |
[INFO] [stderr] 12 | [dependencies.content_inspector]
[INFO] [stderr]    |               ^^^^^^^^^^^^^^^^^^
[INFO] [stderr]    |
[INFO] [stderr]    = note: `cargo::unused_dependencies` is set to `warn` by default
[INFO] [stderr] help: consider removing the dependency on `content_inspector`
[INFO] [stderr] warning: `flat-cli` (manifest) generated 1 warning
[INFO] [stderr]     Finished `release` profile [optimized] target(s) in 13.37s
[INFO] running `Command { std: "docker" "inspect" "354a86a5a662684ba1923407d565c7ddff429f2bd7f1782343a9dfad8b6cfbd5", kill_on_drop: false }`
[INFO] running `Command { std: "docker" "exec" "-e" "SOURCE_DIR=/opt/rustwide/workdir" "-e" "CARGO_HOME=/opt/rustwide/cargo-home" "-e" "RUSTUP_HOME=/opt/rustwide/rustup-home" "-e" "CARGO_TARGET_DIR=/opt/rustwide/target" "-e" "CARGO_INCREMENTAL=0" "-e" "RUST_BACKTRACE=full" "-e" "RUSTFLAGS=--cap-lints=warn" "-e" "RUSTDOCFLAGS=--cap-lints=warn" "-w" "/opt/rustwide/workdir" "--user" "0:0" "354a86a5a662684ba1923407d565c7ddff429f2bd7f1782343a9dfad8b6cfbd5" "/opt/rustwide/cargo-home/bin/cargo" "+1.100.0-beta.1" "test" "--frozen" "--release", kill_on_drop: false }`
[INFO] [stderr] warning: unused dependency `content_inspector`
[INFO] [stdout] 
[INFO] [stderr]   --> Cargo.toml:12:15
[INFO] [stdout] running 109 tests
[INFO] [stderr]    |
[INFO] [stdout] test compress::tests::test_compress_bom_stripped ... ok
[INFO] [stderr] 12 | [dependencies.content_inspector]
[INFO] [stdout] test compress::tests::test_compress_c_header ... ok
[INFO] [stderr]    |               ^^^^^^^^^^^^^^^^^^
[INFO] [stdout] test compress::tests::test_compress_csharp_interface ... ok
[INFO] [stderr]    |
[INFO] [stdout] test compress::tests::test_compress_cpp_class ... ok
[INFO] [stderr]    = note: `cargo::unused_dependencies` is set to `warn` by default
[INFO] [stdout] test compress::tests::test_compress_csharp_class_with_methods ... ok
[INFO] [stderr] help: consider removing the dependency on `content_inspector`
[INFO] [stdout] test compress::tests::test_compress_cpp_template_function ... ok
[INFO] [stderr] warning: `flat-cli` (manifest) generated 1 warning
[INFO] [stdout] test compress::tests::test_compress_csharp_property ... ok
[INFO] [stderr]     Finished `release` profile [optimized] target(s) in 0.12s
[INFO] [stdout] test compress::tests::test_compress_elixir_module ... ok
[INFO] [stderr]      Running unittests src/lib.rs (/opt/rustwide/target/release/build/flat-cli/f3d0457502b4bc02/out/flat-f3d0457502b4bc02)
[INFO] [stdout] test compress::tests::test_compress_empty_source ... ok
[INFO] [stdout] test compress::tests::test_compress_go_function ... ok
[INFO] [stdout] test compress::tests::test_compress_go_struct_and_method ... ok
[INFO] [stdout] test compress::tests::test_compress_java_class_with_methods ... ok
[INFO] [stdout] test compress::tests::test_compress_java_enum_with_constants ... ok
[INFO] [stdout] test compress::tests::test_compress_cpp_class_with_preproc ... ok
[INFO] [stdout] test compress::tests::test_compress_php_class ... ok
[INFO] [stdout] test compress::tests::test_compress_c_function ... ok
[INFO] [stdout] test compress::tests::test_compress_php_function ... ok
[INFO] [stdout] test compress::tests::test_compress_only_comments ... ok
[INFO] [stdout] test compress::tests::test_compress_rust_trait ... ok
[INFO] [stdout] test compress::tests::test_compress_rust_use_and_const ... ok
[INFO] [stdout] test compress::tests::test_compress_typescript_class ... ok
[INFO] [stdout] test compress::tests::test_compress_solidity_contract ... ok
[INFO] [stdout] test compress::tests::test_compress_ruby_module ... ok
[INFO] [stdout] test compress::tests::test_compress_rust_impl ... ok
[INFO] [stdout] test compress::tests::test_compress_php_enum_with_cases ... ok
[INFO] [stdout] test compress::tests::test_compress_python_function ... ok
[INFO] [stdout] test compress::tests::test_compress_rust_struct ... ok
[INFO] [stdout] test compress::tests::test_compress_rust_function ... ok
[INFO] [stdout] test compress::tests::test_compress_python_class ... ok
[INFO] [stdout] test compress::tests::test_compress_rust_syntax_error_fallback ... ok
[INFO] [stdout] test compress::tests::test_compress_ruby_class ... ok
[INFO] [stdout] test compress::tests::test_compress_java_interface ... ok
[INFO] [stdout] test compress::tests::test_compress_python_module_constant ... ok
[INFO] [stdout] test compress::tests::test_language_for_extension ... ok
[INFO] [stdout] test compress::tests::test_language_for_extension_new_languages ... ok
[INFO] [stdout] test config::tests::test_exclude_only ... ok
[INFO] [stdout] test config::tests::test_include_only ... ok
[INFO] [stdout] test compress::tests::test_language_for_path ... ok
[INFO] [stdout] test compress::tests::test_compress_typescript_interface ... ok
[INFO] [stdout] test compress::tests::test_compress_typescript_export_function ... ok
[INFO] [stdout] test config::tests::test_include_and_exclude ... ok
[INFO] [stdout] test compress::tests::test_compress_typescript_function ... ok
[INFO] [stdout] test config::tests::test_match_no_patterns ... ok
[INFO] [stdout] test filters::tests::test_binary_extension_detection ... ok
[INFO] [stdout] test compress::tests::test_compress_typescript_export_class ... ok
[INFO] [stdout] test config::tests::test_match_single_pattern ... ok
[INFO] [stdout] test config::tests::test_match_multiple_patterns ... ok
[INFO] [stdout] test filters::tests::test_secret_file_detection ... ok
[INFO] [stdout] test parse::tests::binary_empty_input ... ok
[INFO] [stdout] test parse::tests::binary_invalid_decimal_point ... ok
[INFO] [stdout] test output::tests::test_escape_xml ... ok
[INFO] [stdout] test output::tests::test_statistics ... ok
[INFO] [stdout] test parse::tests::binary_invalid_letters ... ok
[INFO] [stdout] test parse::tests::binary_overflow ... ok
[INFO] [stdout] test parse::tests::binary_suffix_k_lower ... ok
[INFO] [stdout] test parse::tests::binary_suffix_k_upper ... ok
[INFO] [stdout] test parse::tests::binary_suffix_m ... ok
[INFO] [stdout] test parse::tests::binary_zero ... ok
[INFO] [stdout] test parse::tests::decimal_empty_input ... ok
[INFO] [stdout] test parse::tests::decimal_invalid_decimal_point ... ok
[INFO] [stdout] test parse::tests::decimal_invalid_letters ... ok
[INFO] [stdout] test parse::tests::decimal_negative ... ok
[INFO] [stdout] test parse::tests::decimal_plain_number ... ok
[INFO] [stdout] test parse::tests::decimal_suffix_g ... ok
[INFO] [stdout] test parse::tests::decimal_suffix_k_upper ... ok
[INFO] [stdout] test parse::tests::decimal_suffix_m ... ok
[INFO] [stdout] test parse::tests::decimal_suffix_only ... ok
[INFO] [stdout] test priority::tests::test_entry_points ... ok
[INFO] [stdout] test priority::tests::test_readme_highest ... ok
[INFO] [stdout] test priority::tests::test_config_files ... ok
[INFO] [stdout] test priority::tests::test_sorting_order ... ok
[INFO] [stdout] test priority::tests::test_readme_in_subdirectory ... ok
[INFO] [stdout] test parse::tests::decimal_whitespace_trimmed ... ok
[INFO] [stdout] test priority::tests::test_source_with_depth_penalty ... ok
[INFO] [stdout] test parse::tests::decimal_suffix_k_lower ... ok
[INFO] [stdout] test parse::tests::binary_suffix_m_10 ... ok
[INFO] [stdout] test parse::tests::binary_plain_number ... ok
[INFO] [stdout] test priority::tests::test_tests_scored_low ... ok
[INFO] [stdout] test parse::tests::binary_suffix_only ... ok
[INFO] [stdout] test parse::tests::binary_suffix_g ... ok
[INFO] [stdout] test parse::tests::decimal_overflow ... ok
[INFO] [stdout] test parse::tests::decimal_100k ... ok
[INFO] [stdout] test priority::tests::test_fixtures_lowest ... ok
[INFO] [stdout] test tokens::tests::test_estimate_tokens_prose ... ok
[INFO] [stdout] test tokens::tests::test_is_prose_extension ... ok
[INFO] [stdout] test tokens::tests::test_estimate_tokens_code ... ok
[INFO] [stdout] test tokens::tests::test_estimate_tokens_empty ... ok
[INFO] [stdout] test parse::tests::binary_whitespace_trimmed ... ok
[INFO] [stdout] test tokens::tests::test_heuristic_tokenizer ... ok
[INFO] [stdout] test parse::tests::decimal_zero ... ok
[INFO] [stdout] test parse::tests::decimal_one_k ... ok
[INFO] [stdout] test tokens::tests::test_tokenizer_kind_default ... ok
[INFO] [stdout] test tokens::tests::test_tokenizer_kind_display ... ok
[INFO] [stdout] test tokens::tests::test_tokenizer_kind_parse ... ok
[INFO] [stdout] test walker::tests::test_should_skip_binary_extension ... ok
[INFO] [stdout] test tokens::tests::test_tokenizer_kind_roundtrip ... ok
[INFO] [stdout] test walker::tests::test_should_skip_secret ... ok
[INFO] [stdout] test walker::tests::test_should_skip_extension_filter ... ok
[INFO] [stdout] test walker::tests::test_should_skip_match_filter ... ok
[INFO] [stdout] test tokens::tests::test_real_tokenizer_loads ... ok
[INFO] [stdout] test tokens::tests::test_real_tokenizer_empty_string ... ok
[INFO] [stdout] test tokens::tests::test_real_tokenizer_counts ... ok
[INFO] [stdout] test tokens::tests::test_tokenizer_kind_accessor ... ok
[INFO] [stdout] test tokens::tests::test_heuristic_overestimates_code ... ok
[INFO] [stdout] test tokens::tests::test_real_tokenizer_whitespace_only ... ok
[INFO] [stdout] test tokens::tests::test_heuristic_overestimates_prose ... ok
[INFO] [stdout] test tokens::tests::test_real_vs_heuristic_comparison ... ok
[INFO] [stdout] test tokens::tests::test_real_tokenizer_known_value ... ok
[INFO] [stdout] test tokens::tests::test_all_real_tokenizers_produce_same_counts ... ok
[INFO] [stdout] 
[INFO] [stdout] test result: ok. 109 passed; 0 failed; 0 ignored; 0 measured; 0 filtered out; finished in 0.99s
[INFO] [stdout] 
[INFO] [stderr]      Running unittests src/main.rs (/opt/rustwide/target/release/build/flat-cli/ad9f9dbf57ab0fce/out/flat-ad9f9dbf57ab0fce)
[INFO] [stdout] 
[INFO] [stdout] running 0 tests
[INFO] [stdout] 
[INFO] [stdout] test result: ok. 0 passed; 0 failed; 0 ignored; 0 measured; 0 filtered out; finished in 0.00s
[INFO] [stdout] 
[INFO] [stderr]      Running tests/integration_test.rs (/opt/rustwide/target/release/build/flat-cli/6981aba8fb9219e7/out/integration_test-6981aba8fb9219e7)
[INFO] [stdout] 
[INFO] [stdout] running 99 tests
[INFO] [stdout] test test_compress_fallback_on_syntax_error ... ok
[INFO] [stdout] test test_compress_unsupported_extension_passthrough ... ok
[INFO] [stdout] test test_compress_unsupported_gets_full ... ok
[INFO] [stdout] test test_current_directory_default ... FAILED
[INFO] [stdout] test test_compress_adds_mode_attribute ... ok
[INFO] [stdout] test test_compress_rust_preserves_imports_integration ... ok
[INFO] [stdout] test test_basic_flatten ... FAILED
[INFO] [stdout] test test_compress_empty_file ... ok
[INFO] [stdout] test test_compress_python_module_constants ... ok
[INFO] [stdout] test test_combined_filters ... FAILED
[INFO] [stdout] test test_compress_full_match_all_produces_full_output ... ok
[INFO] [stdout] test test_compress_no_mode_without_flag ... ok
[INFO] [stdout] test test_compress_strips_function_body ... ok
[INFO] [stdout] test test_dry_run_mode ... FAILED
[INFO] [stdout] test test_compress_typescript_export_function ... ok
[INFO] [stdout] test test_credentials_excluded ... FAILED
[INFO] [stdout] test test_compress_summary_shows_count ... ok
[INFO] [stdout] test test_empty_include_filter ... ok
[INFO] [stdout] test test_exclude_filter ... FAILED
[INFO] [stdout] test test_full_match_skips_compression ... ok
[INFO] [stdout] test test_full_match_with_compress_and_include ... ok
[INFO] [stdout] test test_full_match_without_compress_warns ... ok
[INFO] [stdout] test test_env_files_excluded ... FAILED
[INFO] [stdout] test test_js_project_nested_folders ... ok
[INFO] [stdout] test test_help_command ... ok
[INFO] [stdout] test test_js_project_dist_excluded ... ok
[INFO] [stdout] test test_js_project_node_modules_excluded ... ok
[INFO] [stdout] test test_include_filter ... FAILED
[INFO] [stdout] test test_large_files_excluded ... FAILED
[INFO] [stdout] test test_full_match_with_wildcard_matches_all ... ok
[INFO] [stdout] test test_images_excluded ... FAILED
[INFO] [stdout] test test_js_project_with_filters ... ok
[INFO] [stdout] test test_compression_ratio_is_real ... ok
[INFO] [stdout] test test_js_project_secrets_excluded ... ok
[INFO] [stdout] test test_js_project_images_excluded ... ok
[INFO] [stdout] test test_js_project_stats ... ok
[INFO] [stdout] test test_match_dry_run ... ok
[INFO] [stdout] test test_determinism_with_tokens ... ok
[INFO] [stdout] test test_match_filter_go_test_pattern ... ok
[INFO] [stdout] test test_match_stats_shows_skips ... ok
[INFO] [stdout] test test_match_filter_multiple_patterns ... ok
[INFO] [stdout] test test_gitignore_respected ... ok
[INFO] [stdout] test test_js_project_structure ... ok
[INFO] [stdout] test test_max_size_invalid_errors ... ok
[INFO] [stdout] test test_match_on_sample_project ... FAILED
[INFO] [stdout] test test_max_size_option ... FAILED
[INFO] [stdout] test test_nonexistent_directory ... ok
[INFO] [stdout] test test_match_backward_compat_regex_alias ... ok
[INFO] [stdout] test test_match_invalid_pattern ... ok
[INFO] [stdout] test test_match_with_extension_filter ... ok
[INFO] [stdout] test test_max_size_suffix_k ... ok
[INFO] [stdout] test test_max_size_k_means_1024 ... ok
[INFO] [stdout] test test_match_no_matches_exit_code ... ok
[INFO] [stdout] test test_max_size_suffix_m ... FAILED
[INFO] [stdout] test test_output_files_in_sorted_order ... ok
[INFO] [stdout] test test_max_size_plain_number_still_works ... FAILED
[INFO] [stdout] test test_no_files_matched_exit_code ... ok
[INFO] [stdout] test test_snapshot_go_compression ... ok
[INFO] [stdout] test test_determinism_with_compress ... ok
[INFO] [stdout] test test_output_order_sorted_by_path ... ok
[INFO] [stdout] test test_snapshot_rust_compression ... ok
[INFO] [stdout] test test_output_to_file ... FAILED
[INFO] [stdout] test test_tokenizer_invalid_rejected ... ok
[INFO] [stdout] test test_snapshot_elixir_compression ... ok
[INFO] [stdout] test test_stats_mode ... FAILED
[INFO] [stdout] test test_snapshot_solidity_compression ... ok
[INFO] [stdout] test test_priority_ordering_integration ... ok
[INFO] [stdout] test test_tokenizer_default_heuristic ... ok
[INFO] [stdout] test test_snapshot_typescript_compression ... ok
[INFO] [stdout] test test_tokenizer_heuristic_explicit ... ok
[INFO] [stdout] test test_tokenizer_appears_in_help ... ok
[INFO] [stdout] test test_output_is_deterministic ... ok
[INFO] [stdout] test test_tokens_budget_limits_output ... ok
[INFO] [stdout] test test_tokens_and_max_size_suffixes_together ... ok
[INFO] [stdout] test test_tokens_invalid_suffix_errors ... ok
[INFO] [stdout] test test_tokens_dry_run_shows_annotations ... ok
[INFO] [stdout] test test_tokens_plain_number_still_works ... ok
[INFO] [stdout] test test_tokens_priority_ordering ... ok
[INFO] [stdout] test test_tokens_suffix_k_lowercase ... ok
[INFO] [stdout] test test_tokens_decimal_not_supported ... ok
[INFO] [stdout] test test_tokens_budget_actually_enforced ... ok
[INFO] [stdout] test test_snapshot_python_compression ... ok
[INFO] [stdout] test test_tokens_summary_shows_budget_info ... ok
[INFO] [stdout] test test_tokens_suffix_k_uppercase ... ok
[INFO] [stdout] test test_tokens_suffix_m ... ok
[INFO] [stdout] test test_tokens_k_means_1000 ... ok
[INFO] [stdout] test test_version_command ... ok
[INFO] [stdout] test test_tokens_without_compress_no_mode_attr ... ok
[INFO] [stdout] test test_workflow_preview_before_share ... ok
[INFO] [stdout] test test_workflow_rust_project ... FAILED
[INFO] [stdout] test test_tokens_with_compress ... ok
[INFO] [stdout] test test_workflow_stats_check ... FAILED
[INFO] [stdout] test test_tokens_zero_produces_summary_only ... ok
[INFO] [stdout] test test_xml_escaping ... ok
[INFO] [stdout] test test_tokenizer_claude ... ok
[INFO] [stdout] test test_tokenizer_gpt4 ... ok
[INFO] [stdout] test test_tokenizer_gpt35 ... ok
[INFO] [stdout] test test_tokenizer_real_vs_heuristic_budget_difference ... ok
[INFO] [stdout] test test_tokenizer_without_tokens_still_works ... ok
[INFO] [stdout] 
[INFO] [stdout] failures:
[INFO] [stdout] 
[INFO] [stdout] ---- test_current_directory_default stdout ----
[INFO] [stdout] 
[INFO] [stdout] thread 'test_current_directory_default' (2525) panicked at /opt/rustwide/cargo-home/registry/src/index.crates.io-1949cf8c6b5b557f/assert_cmd-2.1.2/src/cmd.rs:659:17:
[INFO] [stdout] Failed to spawn Command { cmd: cd "tests/fixtures/sample_project" && "/opt/rustwide/target/release/flat", stdin: None, timeout: None }: No such file or directory (os error 2)
[INFO] [stdout] stack backtrace:
[INFO] [stdout]    0:     0x592033511391 - <<std[617be2ca0a6fd877]::sys::backtrace::BacktraceLock>::print::DisplayBacktrace as core[a373ad73a504971]::fmt::Display>::fmt
[INFO] [stdout]    1:     0x59203352760a - core[a373ad73a504971]::fmt::write
[INFO] [stdout]    2:     0x592033516bfc - <alloc[2e1b2a31b91974c5]::vec::Vec<u8> as core[a373ad73a504971]::io::write::Write>::write_fmt
[INFO] [stdout]    3:     0x5920334eb966 - std[617be2ca0a6fd877]::panicking::default_hook::{closure#0}
[INFO] [stdout]    4:     0x592033508d49 - std[617be2ca0a6fd877]::panicking::default_hook
[INFO] [stdout]    5:     0x592033492be0 - test[aada8e7e76ba119b]::test_main_inner::{closure#0}
[INFO] [stdout]    6:     0x592033508f02 - std[617be2ca0a6fd877]::panicking::panic_with_hook
[INFO] [stdout]    7:     0x5920334eba12 - std[617be2ca0a6fd877]::panicking::panic_handler::{closure#0}
[INFO] [stdout]    8:     0x5920334e4479 - std[617be2ca0a6fd877]::sys::backtrace::__rust_end_short_backtrace::<std[617be2ca0a6fd877]::panicking::panic_handler::{closure#0}, !>
[INFO] [stdout]    9:     0x5920334ec61d - __rustc[ea4f61d10b84890b]::rust_begin_unwind
[INFO] [stdout]   10:     0x592033527dbc - core[a373ad73a504971]::panicking::panic_fmt
[INFO] [stdout]   11:     0x5920334ce189 - <&mut assert_cmd[d47949018c20cbf]::cmd::Command as assert_cmd[d47949018c20cbf]::assert::OutputAssertExt>::assert
[INFO] [stdout]   12:     0x592033476e09 - <integration_test[40fa9a32c6fed36e]::test_current_directory_default::{closure#0} as core[a373ad73a504971]::ops::function::FnOnce<()>>::call_once
[INFO] [stdout]   13:     0x59203348602b - test[aada8e7e76ba119b]::__rust_begin_short_backtrace::<core[a373ad73a504971]::result::Result<(), alloc[2e1b2a31b91974c5]::string::String>, fn() -> core[a373ad73a504971]::result::Result<(), alloc[2e1b2a31b91974c5]::string::String>>
[INFO] [stdout]   14:     0x592033493205 - test[aada8e7e76ba119b]::run_test::{closure#0}
[INFO] [stdout]   15:     0x59203348caf4 - std[617be2ca0a6fd877]::sys::backtrace::__rust_begin_short_backtrace::<test[aada8e7e76ba119b]::run_test::{closure#1}, ()>
[INFO] [stdout]   16:     0x592033496292 - <std[617be2ca0a6fd877]::thread::lifecycle::spawn_unchecked<test[aada8e7e76ba119b]::run_test::{closure#1}, ()>::{closure#1} as core[a373ad73a504971]::ops::function::FnOnce<()>>::call_once::{shim:vtable#0}
[INFO] [stdout]   17:     0x59203351062f - <std[617be2ca0a6fd877]::sys::thread::unix::Thread>::new::thread_start
[INFO] [stdout]   18:     0x70d9bff7adfa - <unknown>
[INFO] [stdout]   19:     0x70d9c000e3d4 - clone
[INFO] [stdout]   20:                0x0 - <unknown>
[INFO] [stdout] 
[INFO] [stdout] ---- test_basic_flatten stdout ----
[INFO] [stdout] 
[INFO] [stdout] thread 'test_basic_flatten' (2483) panicked at /rustc/e3feeb59cd1bdd011a2bfcc0747b55125d9b8527/library/core/src/ops/function.rs:250:5:
[INFO] [stdout] Unexpected failure.
[INFO] [stdout] code=3
[INFO] [stdout] stderr=``````
[INFO] [stdout] Error walking directory: tests/fixtures/sample_project: IO error for operation on tests/fixtures/sample_project: No such file or directory (os error 2)
[INFO] [stdout] Error: No files matched the criteria
[INFO] [stdout] ```
[INFO] [stdout] ```
[INFO] [stdout] command=`"/opt/rustwide/target/release/flat" "tests/fixtures/sample_project"`
[INFO] [stdout] code=3
[INFO] [stdout] stdout=```
[INFO] [stdout] <summary>
[INFO] [stdout] Total files: 1
[INFO] [stdout] Included: 0
[INFO] [stdout] Skipped: 1 (1 read error)
[INFO] [stdout] </summary>
[INFO] [stdout] 
[INFO] [stdout] ```
[INFO] [stdout] 
[INFO] [stdout] stderr=```
[INFO] [stdout] Error walking directory: tests/fixtures/sample_project: IO error for operation on tests/fixtures/sample_project: No such file or directory (os error 2)
[INFO] [stdout] Error: No files matched the criteria
[INFO] [stdout] ```
[INFO] [stdout] 
[INFO] [stdout] 
[INFO] [stdout] stack backtrace:
[INFO] [stdout]    0:     0x592033511391 - <<std[617be2ca0a6fd877]::sys::backtrace::BacktraceLock>::print::DisplayBacktrace as core[a373ad73a504971]::fmt::Display>::fmt
[INFO] [stdout]    1:     0x59203352760a - core[a373ad73a504971]::fmt::write
[INFO] [stdout]    2:     0x592033516bfc - <alloc[2e1b2a31b91974c5]::vec::Vec<u8> as core[a373ad73a504971]::io::write::Write>::write_fmt
[INFO] [stdout]    3:     0x5920334eb966 - std[617be2ca0a6fd877]::panicking::default_hook::{closure#0}
[INFO] [stdout]    4:     0x592033508d49 - std[617be2ca0a6fd877]::panicking::default_hook
[INFO] [stdout]    5:     0x592033492be0 - test[aada8e7e76ba119b]::test_main_inner::{closure#0}
[INFO] [stdout]    6:     0x592033508f02 - std[617be2ca0a6fd877]::panicking::panic_with_hook
[INFO] [stdout]    7:     0x5920334eba12 - std[617be2ca0a6fd877]::panicking::panic_handler::{closure#0}
[INFO] [stdout]    8:     0x5920334e4479 - std[617be2ca0a6fd877]::sys::backtrace::__rust_end_short_backtrace::<std[617be2ca0a6fd877]::panicking::panic_handler::{closure#0}, !>
[INFO] [stdout]    9:     0x5920334ec61d - __rustc[ea4f61d10b84890b]::rust_begin_unwind
[INFO] [stdout]   10:     0x592033527dbc - core[a373ad73a504971]::panicking::panic_fmt
[INFO] [stdout]   11:     0x5920334c80c3 - <assert_cmd[d47949018c20cbf]::assert::AssertError>::panic::<assert_cmd[d47949018c20cbf]::assert::Assert>
[INFO] [stdout]   12:     0x5920334c8be6 - <assert_cmd[d47949018c20cbf]::assert::Assert>::success
[INFO] [stdout]   13:     0x59203346e7c6 - <integration_test[40fa9a32c6fed36e]::test_basic_flatten::{closure#0} as core[a373ad73a504971]::ops::function::FnOnce<()>>::call_once
[INFO] [stdout]   14:     0x59203348602b - test[aada8e7e76ba119b]::__rust_begin_short_backtrace::<core[a373ad73a504971]::result::Result<(), alloc[2e1b2a31b91974c5]::string::String>, fn() -> core[a373ad73a504971]::result::Result<(), alloc[2e1b2a31b91974c5]::string::String>>
[INFO] [stdout]   15:     0x592033493205 - test[aada8e7e76ba119b]::run_test::{closure#0}
[INFO] [stdout]   16:     0x59203348caf4 - std[617be2ca0a6fd877]::sys::backtrace::__rust_begin_short_backtrace::<test[aada8e7e76ba119b]::run_test::{closure#1}, ()>
[INFO] [stdout]   17:     0x592033496292 - <std[617be2ca0a6fd877]::thread::lifecycle::spawn_unchecked<test[aada8e7e76ba119b]::run_test::{closure#1}, ()>::{closure#1} as core[a373ad73a504971]::ops::function::FnOnce<()>>::call_once::{shim:vtable#0}
[INFO] [stdout]   18:     0x59203351062f - <std[617be2ca0a6fd877]::sys::thread::unix::Thread>::new::thread_start
[INFO] [stdout]   19:     0x70d9bff7adfa - <unknown>
[INFO] [stdout]   20:     0x70d9c000e3d4 - clone
[INFO] [stdout]   21:                0x0 - <unknown>
[INFO] [stdout] 
[INFO] [stdout] ---- test_combined_filters stdout ----
[INFO] [stdout] 
[INFO] [stdout] thread 'test_combined_filters' (2484) panicked at tests/integration_test.rs:175:5:
[INFO] [stdout] assertion failed: stdout.contains("src/main.rs")
[INFO] [stdout] stack backtrace:
[INFO] [stdout]    0:     0x592033511391 - <<std[617be2ca0a6fd877]::sys::backtrace::BacktraceLock>::print::DisplayBacktrace as core[a373ad73a504971]::fmt::Display>::fmt
[INFO] [stdout]    1:     0x59203352760a - core[a373ad73a504971]::fmt::write
[INFO] [stdout]    2:     0x592033516bfc - <alloc[2e1b2a31b91974c5]::vec::Vec<u8> as core[a373ad73a504971]::io::write::Write>::write_fmt
[INFO] [stdout]    3:     0x5920334eb966 - std[617be2ca0a6fd877]::panicking::default_hook::{closure#0}
[INFO] [stdout]    4:     0x592033508d49 - std[617be2ca0a6fd877]::panicking::default_hook
[INFO] [stdout]    5:     0x592033492be0 - test[aada8e7e76ba119b]::test_main_inner::{closure#0}
[INFO] [stdout]    6:     0x592033508f02 - std[617be2ca0a6fd877]::panicking::panic_with_hook
[INFO] [stdout]    7:     0x5920334eba44 - std[617be2ca0a6fd877]::panicking::panic_handler::{closure#0}
[INFO] [stdout]    8:     0x5920334e4479 - std[617be2ca0a6fd877]::sys::backtrace::__rust_end_short_backtrace::<std[617be2ca0a6fd877]::panicking::panic_handler::{closure#0}, !>
[INFO] [stdout]    9:     0x5920334ec61d - __rustc[ea4f61d10b84890b]::rust_begin_unwind
[INFO] [stdout]   10:     0x592033527dbc - core[a373ad73a504971]::panicking::panic_fmt
[INFO] [stdout]   11:     0x592033527d82 - core[a373ad73a504971]::panicking::panic
[INFO] [stdout]   12:     0x592033470fb9 - <integration_test[40fa9a32c6fed36e]::test_combined_filters::{closure#0} as core[a373ad73a504971]::ops::function::FnOnce<()>>::call_once
[INFO] [stdout]   13:     0x59203348602b - test[aada8e7e76ba119b]::__rust_begin_short_backtrace::<core[a373ad73a504971]::result::Result<(), alloc[2e1b2a31b91974c5]::string::String>, fn() -> core[a373ad73a504971]::result::Result<(), alloc[2e1b2a31b91974c5]::string::String>>
[INFO] [stdout]   14:     0x592033493205 - test[aada8e7e76ba119b]::run_test::{closure#0}
[INFO] [stdout]   15:     0x59203348caf4 - std[617be2ca0a6fd877]::sys::backtrace::__rust_begin_short_backtrace::<test[aada8e7e76ba119b]::run_test::{closure#1}, ()>
[INFO] [stdout]   16:     0x592033496292 - <std[617be2ca0a6fd877]::thread::lifecycle::spawn_unchecked<test[aada8e7e76ba119b]::run_test::{closure#1}, ()>::{closure#1} as core[a373ad73a504971]::ops::function::FnOnce<()>>::call_once::{shim:vtable#0}
[INFO] [stdout]   17:     0x59203351062f - <std[617be2ca0a6fd877]::sys::thread::unix::Thread>::new::thread_start
[INFO] [stdout]   18:     0x70d9bff7adfa - <unknown>
[INFO] [stdout]   19:     0x70d9c000e3d4 - clone
[INFO] [stdout]   20:                0x0 - <unknown>
[INFO] [stdout] 
[INFO] [stdout] ---- test_dry_run_mode stdout ----
[INFO] [stdout] 
[INFO] [stdout] thread 'test_dry_run_mode' (2545) panicked at tests/integration_test.rs:198:5:
[INFO] [stdout] assertion failed: stdout.contains("src/main.rs")
[INFO] [stdout] stack backtrace:
[INFO] [stdout]    0:     0x592033511391 - <<std[617be2ca0a6fd877]::sys::backtrace::BacktraceLock>::print::DisplayBacktrace as core[a373ad73a504971]::fmt::Display>::fmt
[INFO] [stdout]    1:     0x59203352760a - core[a373ad73a504971]::fmt::write
[INFO] [stdout]    2:     0x592033516bfc - <alloc[2e1b2a31b91974c5]::vec::Vec<u8> as core[a373ad73a504971]::io::write::Write>::write_fmt
[INFO] [stdout]    3:     0x5920334eb966 - std[617be2ca0a6fd877]::panicking::default_hook::{closure#0}
[INFO] [stdout]    4:     0x592033508d49 - std[617be2ca0a6fd877]::panicking::default_hook
[INFO] [stdout]    5:     0x592033492be0 - test[aada8e7e76ba119b]::test_main_inner::{closure#0}
[INFO] [stdout]    6:     0x592033508f02 - std[617be2ca0a6fd877]::panicking::panic_with_hook
[INFO] [stdout]    7:     0x5920334eba44 - std[617be2ca0a6fd877]::panicking::panic_handler::{closure#0}
[INFO] [stdout]    8:     0x5920334e4479 - std[617be2ca0a6fd877]::sys::backtrace::__rust_end_short_backtrace::<std[617be2ca0a6fd877]::panicking::panic_handler::{closure#0}, !>
[INFO] [stdout]    9:     0x5920334ec61d - __rustc[ea4f61d10b84890b]::rust_begin_unwind
[INFO] [stdout]   10:     0x592033527dbc - core[a373ad73a504971]::panicking::panic_fmt
[INFO] [stdout]   11:     0x592033527d82 - core[a373ad73a504971]::panicking::panic
[INFO] [stdout]   12:     0x59203346e0e7 - <integration_test[40fa9a32c6fed36e]::test_dry_run_mode::{closure#0} as core[a373ad73a504971]::ops::function::FnOnce<()>>::call_once
[INFO] [stdout]   13:     0x59203348602b - test[aada8e7e76ba119b]::__rust_begin_short_backtrace::<core[a373ad73a504971]::result::Result<(), alloc[2e1b2a31b91974c5]::string::String>, fn() -> core[a373ad73a504971]::result::Result<(), alloc[2e1b2a31b91974c5]::string::String>>
[INFO] [stdout]   14:     0x592033493205 - test[aada8e7e76ba119b]::run_test::{closure#0}
[INFO] [stdout]   15:     0x59203348caf4 - std[617be2ca0a6fd877]::sys::backtrace::__rust_begin_short_backtrace::<test[aada8e7e76ba119b]::run_test::{closure#1}, ()>
[INFO] [stdout]   16:     0x592033496292 - <std[617be2ca0a6fd877]::thread::lifecycle::spawn_unchecked<test[aada8e7e76ba119b]::run_test::{closure#1}, ()>::{closure#1} as core[a373ad73a504971]::ops::function::FnOnce<()>>::call_once::{shim:vtable#0}
[INFO] [stdout]   17:     0x59203351062f - <std[617be2ca0a6fd877]::sys::thread::unix::Thread>::new::thread_start
[INFO] [stdout]   18:     0x70d9bff7adfa - <unknown>
[INFO] [stdout]   19:     0x70d9c000e3d4 - clone
[INFO] [stdout]   20:                0x0 - <unknown>
[INFO] [stdout] 
[INFO] [stdout] ---- test_credentials_excluded stdout ----
[INFO] [stdout] 
[INFO] [stdout] thread 'test_credentials_excluded' (2498) panicked at /rustc/e3feeb59cd1bdd011a2bfcc0747b55125d9b8527/library/core/src/ops/function.rs:250:5:
[INFO] [stdout] Unexpected failure.
[INFO] [stdout] code=3
[INFO] [stdout] stderr=``````
[INFO] [stdout] Error walking directory: tests/fixtures/sample_project: IO error for operation on tests/fixtures/sample_project: No such file or directory (os error 2)
[INFO] [stdout] Error: No files matched the criteria
[INFO] [stdout] ```
[INFO] [stdout] ```
[INFO] [stdout] command=`"/opt/rustwide/target/release/flat" "tests/fixtures/sample_project"`
[INFO] [stdout] code=3
[INFO] [stdout] stdout=```
[INFO] [stdout] <summary>
[INFO] [stdout] Total files: 1
[INFO] [stdout] Included: 0
[INFO] [stdout] Skipped: 1 (1 read error)
[INFO] [stdout] </summary>
[INFO] [stdout] 
[INFO] [stdout] ```
[INFO] [stdout] 
[INFO] [stdout] stderr=```
[INFO] [stdout] Error walking directory: tests/fixtures/sample_project: IO error for operation on tests/fixtures/sample_project: No such file or directory (os error 2)
[INFO] [stdout] Error: No files matched the criteria
[INFO] [stdout] ```
[INFO] [stdout] 
[INFO] [stdout] 
[INFO] [stdout] stack backtrace:
[INFO] [stdout]    0:     0x592033511391 - <<std[617be2ca0a6fd877]::sys::backtrace::BacktraceLock>::print::DisplayBacktrace as core[a373ad73a504971]::fmt::Display>::fmt
[INFO] [stdout]    1:     0x59203352760a - core[a373ad73a504971]::fmt::write
[INFO] [stdout]    2:     0x592033516bfc - <alloc[2e1b2a31b91974c5]::vec::Vec<u8> as core[a373ad73a504971]::io::write::Write>::write_fmt
[INFO] [stdout]    3:     0x5920334eb966 - std[617be2ca0a6fd877]::panicking::default_hook::{closure#0}
[INFO] [stdout]    4:     0x592033508d49 - std[617be2ca0a6fd877]::panicking::default_hook
[INFO] [stdout]    5:     0x592033492be0 - test[aada8e7e76ba119b]::test_main_inner::{closure#0}
[INFO] [stdout]    6:     0x592033508f02 - std[617be2ca0a6fd877]::panicking::panic_with_hook
[INFO] [stdout]    7:     0x5920334eba12 - std[617be2ca0a6fd877]::panicking::panic_handler::{closure#0}
[INFO] [stdout]    8:     0x5920334e4479 - std[617be2ca0a6fd877]::sys::backtrace::__rust_end_short_backtrace::<std[617be2ca0a6fd877]::panicking::panic_handler::{closure#0}, !>
[INFO] [stdout]    9:     0x5920334ec61d - __rustc[ea4f61d10b84890b]::rust_begin_unwind
[INFO] [stdout]   10:     0x592033527dbc - core[a373ad73a504971]::panicking::panic_fmt
[INFO] [stdout]   11:     0x5920334c80c3 - <assert_cmd[d47949018c20cbf]::assert::AssertError>::panic::<assert_cmd[d47949018c20cbf]::assert::Assert>
[INFO] [stdout]   12:     0x5920334c8be6 - <assert_cmd[d47949018c20cbf]::assert::Assert>::success
[INFO] [stdout]   13:     0x592033472c16 - <integration_test[40fa9a32c6fed36e]::test_credentials_excluded::{closure#0} as core[a373ad73a504971]::ops::function::FnOnce<()>>::call_once
[INFO] [stdout]   14:     0x59203348602b - test[aada8e7e76ba119b]::__rust_begin_short_backtrace::<core[a373ad73a504971]::result::Result<(), alloc[2e1b2a31b91974c5]::string::String>, fn() -> core[a373ad73a504971]::result::Result<(), alloc[2e1b2a31b91974c5]::string::String>>
[INFO] [stdout]   15:     0x592033493205 - test[aada8e7e76ba119b]::run_test::{closure#0}
[INFO] [stdout]   16:     0x59203348caf4 - std[617be2ca0a6fd877]::sys::backtrace::__rust_begin_short_backtrace::<test[aada8e7e76ba119b]::run_test::{closure#1}, ()>
[INFO] [stdout]   17:     0x592033496292 - <std[617be2ca0a6fd877]::thread::lifecycle::spawn_unchecked<test[aada8e7e76ba119b]::run_test::{closure#1}, ()>::{closure#1} as core[a373ad73a504971]::ops::function::FnOnce<()>>::call_once::{shim:vtable#0}
[INFO] [stdout]   18:     0x59203351062f - <std[617be2ca0a6fd877]::sys::thread::unix::Thread>::new::thread_start
[INFO] [stdout]   19:     0x70d9bff7adfa - <unknown>
[INFO] [stdout]   20:     0x70d9c000e3d4 - clone
[INFO] [stdout]   21:                0x0 - <unknown>
[INFO] [stdout] 
[INFO] [stdout] ---- test_exclude_filter stdout ----
[INFO] [stdout] 
[INFO] [stdout] thread 'test_exclude_filter' (2558) panicked at tests/integration_test.rs:154:5:
[INFO] [stdout] assertion failed: stdout.contains("src/main.rs")
[INFO] [stdout] stack backtrace:
[INFO] [stdout]    0:     0x592033511391 - <<std[617be2ca0a6fd877]::sys::backtrace::BacktraceLock>::print::DisplayBacktrace as core[a373ad73a504971]::fmt::Display>::fmt
[INFO] [stdout]    1:     0x59203352760a - core[a373ad73a504971]::fmt::write
[INFO] [stdout]    2:     0x592033516bfc - <alloc[2e1b2a31b91974c5]::vec::Vec<u8> as core[a373ad73a504971]::io::write::Write>::write_fmt
[INFO] [stdout]    3:     0x5920334eb966 - std[617be2ca0a6fd877]::panicking::default_hook::{closure#0}
[INFO] [stdout]    4:     0x592033508d49 - std[617be2ca0a6fd877]::panicking::default_hook
[INFO] [stdout]    5:     0x592033492be0 - test[aada8e7e76ba119b]::test_main_inner::{closure#0}
[INFO] [stdout]    6:     0x592033508f02 - std[617be2ca0a6fd877]::panicking::panic_with_hook
[INFO] [stdout]    7:     0x5920334eba44 - std[617be2ca0a6fd877]::panicking::panic_handler::{closure#0}
[INFO] [stdout]    8:     0x5920334e4479 - std[617be2ca0a6fd877]::sys::backtrace::__rust_end_short_backtrace::<std[617be2ca0a6fd877]::panicking::panic_handler::{closure#0}, !>
[INFO] [stdout]    9:     0x5920334ec61d - __rustc[ea4f61d10b84890b]::rust_begin_unwind
[INFO] [stdout]   10:     0x592033527dbc - core[a373ad73a504971]::panicking::panic_fmt
[INFO] [stdout]   11:     0x592033527d82 - core[a373ad73a504971]::panicking::panic
[INFO] [stdout]   12:     0x59203346f5da - <integration_test[40fa9a32c6fed36e]::test_exclude_filter::{closure#0} as core[a373ad73a504971]::ops::function::FnOnce<()>>::call_once
[INFO] [stdout]   13:     0x59203348602b - test[aada8e7e76ba119b]::__rust_begin_short_backtrace::<core[a373ad73a504971]::result::Result<(), alloc[2e1b2a31b91974c5]::string::String>, fn() -> core[a373ad73a504971]::result::Result<(), alloc[2e1b2a31b91974c5]::string::String>>
[INFO] [stdout]   14:     0x592033493205 - test[aada8e7e76ba119b]::run_test::{closure#0}
[INFO] [stdout]   15:     0x59203348caf4 - std[617be2ca0a6fd877]::sys::backtrace::__rust_begin_short_backtrace::<test[aada8e7e76ba119b]::run_test::{closure#1}, ()>
[INFO] [stdout]   16:     0x592033496292 - <std[617be2ca0a6fd877]::thread::lifecycle::spawn_unchecked<test[aada8e7e76ba119b]::run_test::{closure#1}, ()>::{closure#1} as core[a373ad73a504971]::ops::function::FnOnce<()>>::call_once::{shim:vtable#0}
[INFO] [stdout]   17:     0x59203351062f - <std[617be2ca0a6fd877]::sys::thread::unix::Thread>::new::thread_start
[INFO] [stdout]   18:     0x70d9bff7adfa - <unknown>
[INFO] [stdout]   19:     0x70d9c000e3d4 - clone
[INFO] [stdout]   20:                0x0 - <unknown>
[INFO] [stdout] 
[INFO] [stdout] ---- test_env_files_excluded stdout ----
[INFO] [stdout] 
[INFO] [stdout] thread 'test_env_files_excluded' (2557) panicked at /rustc/e3feeb59cd1bdd011a2bfcc0747b55125d9b8527/library/core/src/ops/function.rs:250:5:
[INFO] [stdout] Unexpected failure.
[INFO] [stdout] code=3
[INFO] [stdout] stderr=``````
[INFO] [stdout] Error walking directory: tests/fixtures/sample_project: IO error for operation on tests/fixtures/sample_project: No such file or directory (os error 2)
[INFO] [stdout] Error: No files matched the criteria
[INFO] [stdout] ```
[INFO] [stdout] ```
[INFO] [stdout] command=`"/opt/rustwide/target/release/flat" "tests/fixtures/sample_project"`
[INFO] [stdout] code=3
[INFO] [stdout] stdout=```
[INFO] [stdout] <summary>
[INFO] [stdout] Total files: 1
[INFO] [stdout] Included: 0
[INFO] [stdout] Skipped: 1 (1 read error)
[INFO] [stdout] </summary>
[INFO] [stdout] 
[INFO] [stdout] ```
[INFO] [stdout] 
[INFO] [stdout] stderr=```
[INFO] [stdout] Error walking directory: tests/fixtures/sample_project: IO error for operation on tests/fixtures/sample_project: No such file or directory (os error 2)
[INFO] [stdout] Error: No files matched the criteria
[INFO] [stdout] ```
[INFO] [stdout] 
[INFO] [stdout] 
[INFO] [stdout] stack backtrace:
[INFO] [stdout]    0:     0x592033511391 - <<std[617be2ca0a6fd877]::sys::backtrace::BacktraceLock>::print::DisplayBacktrace as core[a373ad73a504971]::fmt::Display>::fmt
[INFO] [stdout]    1:     0x59203352760a - core[a373ad73a504971]::fmt::write
[INFO] [stdout]    2:     0x592033516bfc - <alloc[2e1b2a31b91974c5]::vec::Vec<u8> as core[a373ad73a504971]::io::write::Write>::write_fmt
[INFO] [stdout]    3:     0x5920334eb966 - std[617be2ca0a6fd877]::panicking::default_hook::{closure#0}
[INFO] [stdout]    4:     0x592033508d49 - std[617be2ca0a6fd877]::panicking::default_hook
[INFO] [stdout]    5:     0x592033492be0 - test[aada8e7e76ba119b]::test_main_inner::{closure#0}
[INFO] [stdout]    6:     0x592033508f02 - std[617be2ca0a6fd877]::panicking::panic_with_hook
[INFO] [stdout]    7:     0x5920334eba12 - std[617be2ca0a6fd877]::panicking::panic_handler::{closure#0}
[INFO] [stdout]    8:     0x5920334e4479 - std[617be2ca0a6fd877]::sys::backtrace::__rust_end_short_backtrace::<std[617be2ca0a6fd877]::panicking::panic_handler::{closure#0}, !>
[INFO] [stdout]    9:     0x5920334ec61d - __rustc[ea4f61d10b84890b]::rust_begin_unwind
[INFO] [stdout]   10:     0x592033527dbc - core[a373ad73a504971]::panicking::panic_fmt
[INFO] [stdout]   11:     0x5920334c80c3 - <assert_cmd[d47949018c20cbf]::assert::AssertError>::panic::<assert_cmd[d47949018c20cbf]::assert::Assert>
[INFO] [stdout]   12:     0x5920334c8be6 - <assert_cmd[d47949018c20cbf]::assert::Assert>::success
[INFO] [stdout]   13:     0x592033471f66 - <integration_test[40fa9a32c6fed36e]::test_env_files_excluded::{closure#0} as core[a373ad73a504971]::ops::function::FnOnce<()>>::call_once
[INFO] [stdout]   14:     0x59203348602b - test[aada8e7e76ba119b]::__rust_begin_short_backtrace::<core[a373ad73a504971]::result::Result<(), alloc[2e1b2a31b91974c5]::string::String>, fn() -> core[a373ad73a504971]::result::Result<(), alloc[2e1b2a31b91974c5]::string::String>>
[INFO] [stdout]   15:     0x592033493205 - test[aada8e7e76ba119b]::run_test::{closure#0}
[INFO] [stdout]   16:     0x59203348caf4 - std[617be2ca0a6fd877]::sys::backtrace::__rust_begin_short_backtrace::<test[aada8e7e76ba119b]::run_test::{closure#1}, ()>
[INFO] [stdout]   17:     0x592033496292 - <std[617be2ca0a6fd877]::thread::lifecycle::spawn_unchecked<test[aada8e7e76ba119b]::run_test::{closure#1}, ()>::{closure#1} as core[a373ad73a504971]::ops::function::FnOnce<()>>::call_once::{shim:vtable#0}
[INFO] [stdout]   18:     0x59203351062f - <std[617be2ca0a6fd877]::sys::thread::unix::Thread>::new::thread_start
[INFO] [stdout]   19:     0x70d9bff7adfa - <unknown>
[INFO] [stdout]   20:     0x70d9c000e3d4 - clone
[INFO] [stdout]   21:                0x0 - <unknown>
[INFO] [stdout] 
[INFO] [stdout] ---- test_include_filter stdout ----
[INFO] [stdout] 
[INFO] [stdout] thread 'test_include_filter' (2591) panicked at tests/integration_test.rs:135:5:
[INFO] [stdout] assertion failed: stdout.contains("src/main.rs")
[INFO] [stdout] stack backtrace:
[INFO] [stdout]    0:     0x592033511391 - <<std[617be2ca0a6fd877]::sys::backtrace::BacktraceLock>::print::DisplayBacktrace as core[a373ad73a504971]::fmt::Display>::fmt
[INFO] [stdout]    1:     0x59203352760a - core[a373ad73a504971]::fmt::write
[INFO] [stdout]    2:     0x592033516bfc - <alloc[2e1b2a31b91974c5]::vec::Vec<u8> as core[a373ad73a504971]::io::write::Write>::write_fmt
[INFO] [stdout]    3:     0x5920334eb966 - std[617be2ca0a6fd877]::panicking::default_hook::{closure#0}
[INFO] [stdout]    4:     0x592033508d49 - std[617be2ca0a6fd877]::panicking::default_hook
[INFO] [stdout]    5:     0x592033492be0 - test[aada8e7e76ba119b]::test_main_inner::{closure#0}
[INFO] [stdout]    6:     0x592033508f02 - std[617be2ca0a6fd877]::panicking::panic_with_hook
[INFO] [stdout]    7:     0x5920334eba44 - std[617be2ca0a6fd877]::panicking::panic_handler::{closure#0}
[INFO] [stdout]    8:     0x5920334e4479 - std[617be2ca0a6fd877]::sys::backtrace::__rust_end_short_backtrace::<std[617be2ca0a6fd877]::panicking::panic_handler::{closure#0}, !>
[INFO] [stdout]    9:     0x5920334ec61d - __rustc[ea4f61d10b84890b]::rust_begin_unwind
[INFO] [stdout]   10:     0x592033527dbc - core[a373ad73a504971]::panicking::panic_fmt
[INFO] [stdout]   11:     0x592033527d82 - core[a373ad73a504971]::panicking::panic
[INFO] [stdout]   12:     0x59203346f86b - <integration_test[40fa9a32c6fed36e]::test_include_filter::{closure#0} as core[a373ad73a504971]::ops::function::FnOnce<()>>::call_once
[INFO] [stdout]   13:     0x59203348602b - test[aada8e7e76ba119b]::__rust_begin_short_backtrace::<core[a373ad73a504971]::result::Result<(), alloc[2e1b2a31b91974c5]::string::String>, fn() -> core[a373ad73a504971]::result::Result<(), alloc[2e1b2a31b91974c5]::string::String>>
[INFO] [stdout]   14:     0x592033493205 - test[aada8e7e76ba119b]::run_test::{closure#0}
[INFO] [stdout]   15:     0x59203348caf4 - std[617be2ca0a6fd877]::sys::backtrace::__rust_begin_short_backtrace::<test[aada8e7e76ba119b]::run_test::{closure#1}, ()>
[INFO] [stdout]   16:     0x592033496292 - <std[617be2ca0a6fd877]::thread::lifecycle::spawn_unchecked<test[aada8e7e76ba119b]::run_test::{closure#1}, ()>::{closure#1} as core[a373ad73a504971]::ops::function::FnOnce<()>>::call_once::{shim:vtable#0}
[INFO] [stdout]   17:     0x59203351062f - <std[617be2ca0a6fd877]::sys::thread::unix::Thread>::new::thread_start
[INFO] [stdout]   18:     0x70d9bff7adfa - <unknown>
[INFO] [stdout]   19:     0x70d9c000e3d4 - clone
[INFO] [stdout]   20:                0x0 - <unknown>
[INFO] [stdout] 
[INFO] [stdout] ---- test_large_files_excluded stdout ----
[INFO] [stdout] 
[INFO] [stdout] thread 'test_large_files_excluded' (2631) panicked at /rustc/e3feeb59cd1bdd011a2bfcc0747b55125d9b8527/library/core/src/ops/function.rs:250:5:
[INFO] [stdout] Unexpected failure.
[INFO] [stdout] code=3
[INFO] [stdout] stderr=``````
[INFO] [stdout] Error walking directory: tests/fixtures/sample_project: IO error for operation on tests/fixtures/sample_project: No such file or directory (os error 2)
[INFO] [stdout] Error: No files matched the criteria
[INFO] [stdout] ```
[INFO] [stdout] ```
[INFO] [stdout] command=`"/opt/rustwide/target/release/flat" "tests/fixtures/sample_project"`
[INFO] [stdout] code=3
[INFO] [stdout] stdout=```
[INFO] [stdout] <summary>
[INFO] [stdout] Total files: 1
[INFO] [stdout] Included: 0
[INFO] [stdout] Skipped: 1 (1 read error)
[INFO] [stdout] </summary>
[INFO] [stdout] 
[INFO] [stdout] ```
[INFO] [stdout] 
[INFO] [stdout] stderr=```
[INFO] [stdout] Error walking directory: tests/fixtures/sample_project: IO error for operation on tests/fixtures/sample_project: No such file or directory (os error 2)
[INFO] [stdout] Error: No files matched the criteria
[INFO] [stdout] ```
[INFO] [stdout] 
[INFO] [stdout] 
[INFO] [stdout] stack backtrace:
[INFO] [stdout]    0:     0x592033511391 - <<std[617be2ca0a6fd877]::sys::backtrace::BacktraceLock>::print::DisplayBacktrace as core[a373ad73a504971]::fmt::Display>::fmt
[INFO] [stdout]    1:     0x59203352760a - core[a373ad73a504971]::fmt::write
[INFO] [stdout]    2:     0x592033516bfc - <alloc[2e1b2a31b91974c5]::vec::Vec<u8> as core[a373ad73a504971]::io::write::Write>::write_fmt
[INFO] [stdout]    3:     0x5920334eb966 - std[617be2ca0a6fd877]::panicking::default_hook::{closure#0}
[INFO] [stdout]    4:     0x592033508d49 - std[617be2ca0a6fd877]::panicking::default_hook
[INFO] [stdout]    5:     0x592033492be0 - test[aada8e7e76ba119b]::test_main_inner::{closure#0}
[INFO] [stdout]    6:     0x592033508f02 - std[617be2ca0a6fd877]::panicking::panic_with_hook
[INFO] [stdout]    7:     0x5920334eba12 - std[617be2ca0a6fd877]::panicking::panic_handler::{closure#0}
[INFO] [stdout]    8:     0x5920334e4479 - std[617be2ca0a6fd877]::sys::backtrace::__rust_end_short_backtrace::<std[617be2ca0a6fd877]::panicking::panic_handler::{closure#0}, !>
[INFO] [stdout]    9:     0x5920334ec61d - __rustc[ea4f61d10b84890b]::rust_begin_unwind
[INFO] [stdout]   10:     0x592033527dbc - core[a373ad73a504971]::panicking::panic_fmt
[INFO] [stdout]   11:     0x5920334c80c3 - <assert_cmd[d47949018c20cbf]::assert::AssertError>::panic::<assert_cmd[d47949018c20cbf]::assert::Assert>
[INFO] [stdout]   12:     0x5920334c8be6 - <assert_cmd[d47949018c20cbf]::assert::Assert>::success
[INFO] [stdout]   13:     0x592033473570 - <integration_test[40fa9a32c6fed36e]::test_large_files_excluded::{closure#0} as core[a373ad73a504971]::ops::function::FnOnce<()>>::call_once
[INFO] [stdout]   14:     0x59203348602b - test[aada8e7e76ba119b]::__rust_begin_short_backtrace::<core[a373ad73a504971]::result::Result<(), alloc[2e1b2a31b91974c5]::string::String>, fn() -> core[a373ad73a504971]::result::Result<(), alloc[2e1b2a31b91974c5]::string::String>>
[INFO] [stdout]   15:     0x592033493205 - test[aada8e7e76ba119b]::run_test::{closure#0}
[INFO] [stdout]   16:     0x59203348caf4 - std[617be2ca0a6fd877]::sys::backtrace::__rust_begin_short_backtrace::<test[aada8e7e76ba119b]::run_test::{closure#1}, ()>
[INFO] [stdout]   17:     0x592033496292 - <std[617be2ca0a6fd877]::thread::lifecycle::spawn_unchecked<test[aada8e7e76ba119b]::run_test::{closure#1}, ()>::{closure#1} as core[a373ad73a504971]::ops::function::FnOnce<()>>::call_once::{shim:vtable#0}
[INFO] [stdout]   18:     0x59203351062f - <std[617be2ca0a6fd877]::sys::thread::unix::Thread>::new::thread_start
[INFO] [stdout]   19:     0x70d9bff7adfa - <unknown>
[INFO] [stdout]   20:     0x70d9c000e3d4 - clone
[INFO] [stdout]   21:                0x0 - <unknown>
[INFO] [stdout] 
[INFO] [stdout] ---- test_images_excluded stdout ----
[INFO] [stdout] 
[INFO] [stdout] thread 'test_images_excluded' (2590) panicked at /rustc/e3feeb59cd1bdd011a2bfcc0747b55125d9b8527/library/core/src/ops/function.rs:250:5:
[INFO] [stdout] Unexpected failure.
[INFO] [stdout] code=3
[INFO] [stdout] stderr=``````
[INFO] [stdout] Error walking directory: tests/fixtures/sample_project: IO error for operation on tests/fixtures/sample_project: No such file or directory (os error 2)
[INFO] [stdout] Error: No files matched the criteria
[INFO] [stdout] ```
[INFO] [stdout] ```
[INFO] [stdout] command=`"/opt/rustwide/target/release/flat" "tests/fixtures/sample_project"`
[INFO] [stdout] code=3
[INFO] [stdout] stdout=```
[INFO] [stdout] <summary>
[INFO] [stdout] Total files: 1
[INFO] [stdout] Included: 0
[INFO] [stdout] Skipped: 1 (1 read error)
[INFO] [stdout] </summary>
[INFO] [stdout] 
[INFO] [stdout] ```
[INFO] [stdout] 
[INFO] [stdout] stderr=```
[INFO] [stdout] Error walking directory: tests/fixtures/sample_project: IO error for operation on tests/fixtures/sample_project: No such file or directory (os error 2)
[INFO] [stdout] Error: No files matched the criteria
[INFO] [stdout] ```
[INFO] [stdout] 
[INFO] [stdout] 
[INFO] [stdout] stack backtrace:
[INFO] [stdout]    0:     0x592033511391 - <<std[617be2ca0a6fd877]::sys::backtrace::BacktraceLock>::print::DisplayBacktrace as core[a373ad73a504971]::fmt::Display>::fmt
[INFO] [stdout]    1:     0x59203352760a - core[a373ad73a504971]::fmt::write
[INFO] [stdout]    2:     0x592033516bfc - <alloc[2e1b2a31b91974c5]::vec::Vec<u8> as core[a373ad73a504971]::io::write::Write>::write_fmt
[INFO] [stdout]    3:     0x5920334eb966 - std[617be2ca0a6fd877]::panicking::default_hook::{closure#0}
[INFO] [stdout]    4:     0x592033508d49 - std[617be2ca0a6fd877]::panicking::default_hook
[INFO] [stdout]    5:     0x592033492be0 - test[aada8e7e76ba119b]::test_main_inner::{closure#0}
[INFO] [stdout]    6:     0x592033508f02 - std[617be2ca0a6fd877]::panicking::panic_with_hook
[INFO] [stdout]    7:     0x5920334eba12 - std[617be2ca0a6fd877]::panicking::panic_handler::{closure#0}
[INFO] [stdout]    8:     0x5920334e4479 - std[617be2ca0a6fd877]::sys::backtrace::__rust_end_short_backtrace::<std[617be2ca0a6fd877]::panicking::panic_handler::{closure#0}, !>
[INFO] [stdout]    9:     0x5920334ec61d - __rustc[ea4f61d10b84890b]::rust_begin_unwind
[INFO] [stdout]   10:     0x592033527dbc - core[a373ad73a504971]::panicking::panic_fmt
[INFO] [stdout]   11:     0x5920334c80c3 - <assert_cmd[d47949018c20cbf]::assert::AssertError>::panic::<assert_cmd[d47949018c20cbf]::assert::Assert>
[INFO] [stdout]   12:     0x5920334c8be6 - <assert_cmd[d47949018c20cbf]::assert::Assert>::success
[INFO] [stdout]   13:     0x592033470056 - <integration_test[40fa9a32c6fed36e]::test_images_excluded::{closure#0} as core[a373ad73a504971]::ops::function::FnOnce<()>>::call_once
[INFO] [stdout]   14:     0x59203348602b - test[aada8e7e76ba119b]::__rust_begin_short_backtrace::<core[a373ad73a504971]::result::Result<(), alloc[2e1b2a31b91974c5]::string::String>, fn() -> core[a373ad73a504971]::result::Result<(), alloc[2e1b2a31b91974c5]::string::String>>
[INFO] [stdout]   15:     0x592033493205 - test[aada8e7e76ba119b]::run_test::{closure#0}
[INFO] [stdout]   16:     0x59203348caf4 - std[617be2ca0a6fd877]::sys::backtrace::__rust_begin_short_backtrace::<test[aada8e7e76ba119b]::run_test::{closure#1}, ()>
[INFO] [stdout]   17:     0x592033496292 - <std[617be2ca0a6fd877]::thread::lifecycle::spawn_unchecked<test[aada8e7e76ba119b]::run_test::{closure#1}, ()>::{closure#1} as core[a373ad73a504971]::ops::function::FnOnce<()>>::call_once::{shim:vtable#0}
[INFO] [stdout]   18:     0x59203351062f - <std[617be2ca0a6fd877]::sys::thread::unix::Thread>::new::thread_start
[INFO] [stdout]   19:     0x70d9bff7adfa - <unknown>
[INFO] [stdout]   20:     0x70d9c000e3d4 - clone
[INFO] [stdout]   21:                0x0 - <unknown>
[INFO] [stdout] 
[INFO] [stdout] ---- test_match_on_sample_project stdout ----
[INFO] [stdout] 
[INFO] [stdout] thread 'test_match_on_sample_project' (2665) panicked at tests/integration_test.rs:553:5:
[INFO] [stdout] assertion failed: stdout.contains("main.rs")
[INFO] [stdout] stack backtrace:
[INFO] [stdout]    0:     0x592033511391 - <<std[617be2ca0a6fd877]::sys::backtrace::BacktraceLock>::print::DisplayBacktrace as core[a373ad73a504971]::fmt::Display>::fmt
[INFO] [stdout]    1:     0x59203352760a - core[a373ad73a504971]::fmt::write
[INFO] [stdout]    2:     0x592033516bfc - <alloc[2e1b2a31b91974c5]::vec::Vec<u8> as core[a373ad73a504971]::io::write::Write>::write_fmt
[INFO] [stdout]    3:     0x5920334eb966 - std[617be2ca0a6fd877]::panicking::default_hook::{closure#0}
[INFO] [stdout]    4:     0x592033508d49 - std[617be2ca0a6fd877]::panicking::default_hook
[INFO] [stdout]    5:     0x592033492be0 - test[aada8e7e76ba119b]::test_main_inner::{closure#0}
[INFO] [stdout]    6:     0x592033508f02 - std[617be2ca0a6fd877]::panicking::panic_with_hook
[INFO] [stdout]    7:     0x5920334eba44 - std[617be2ca0a6fd877]::panicking::panic_handler::{closure#0}
[INFO] [stdout]    8:     0x5920334e4479 - std[617be2ca0a6fd877]::sys::backtrace::__rust_end_short_backtrace::<std[617be2ca0a6fd877]::panicking::panic_handler::{closure#0}, !>
[INFO] [stdout]    9:     0x5920334ec61d - __rustc[ea4f61d10b84890b]::rust_begin_unwind
[INFO] [stdout]   10:     0x592033527dbc - core[a373ad73a504971]::panicking::panic_fmt
[INFO] [stdout]   11:     0x592033527d82 - core[a373ad73a504971]::panicking::panic
[INFO] [stdout]   12:     0x5920334753ee - <integration_test[40fa9a32c6fed36e]::test_match_on_sample_project::{closure#0} as core[a373ad73a504971]::ops::function::FnOnce<()>>::call_once
[INFO] [stdout]   13:     0x59203348602b - test[aada8e7e76ba119b]::__rust_begin_short_backtrace::<core[a373ad73a504971]::result::Result<(), alloc[2e1b2a31b91974c5]::string::String>, fn() -> core[a373ad73a504971]::result::Result<(), alloc[2e1b2a31b91974c5]::string::String>>
[INFO] [stdout]   14:     0x592033493205 - test[aada8e7e76ba119b]::run_test::{closure#0}
[INFO] [stdout]   15:     0x59203348caf4 - std[617be2ca0a6fd877]::sys::backtrace::__rust_begin_short_backtrace::<test[aada8e7e76ba119b]::run_test::{closure#1}, ()>
[INFO] [stdout]   16:     0x592033496292 - <std[617be2ca0a6fd877]::thread::lifecycle::spawn_unchecked<test[aada8e7e76ba119b]::run_test::{closure#1}, ()>::{closure#1} as core[a373ad73a504971]::ops::function::FnOnce<()>>::call_once::{shim:vtable#0}
[INFO] [stdout]   17:     0x59203351062f - <std[617be2ca0a6fd877]::sys::thread::unix::Thread>::new::thread_start
[INFO] [stdout]   18:     0x70d9bff7adfa - <unknown>
[INFO] [stdout]   19:     0x70d9c000e3d4 - clone
[INFO] [stdout]   20:                0x0 - <unknown>
[INFO] [stdout] 
[INFO] [stdout] ---- test_max_size_option stdout ----
[INFO] [stdout] 
[INFO] [stdout] thread 'test_max_size_option' (2675) panicked at /rustc/e3feeb59cd1bdd011a2bfcc0747b55125d9b8527/library/core/src/ops/function.rs:250:5:
[INFO] [stdout] Unexpected failure.
[INFO] [stdout] code=3
[INFO] [stdout] stderr=``````
[INFO] [stdout] Error walking directory: tests/fixtures/sample_project: IO error for operation on tests/fixtures/sample_project: No such file or directory (os error 2)
[INFO] [stdout] Error: No files matched the criteria
[INFO] [stdout] ```
[INFO] [stdout] ```
[INFO] [stdout] command=`"/opt/rustwide/target/release/flat" "tests/fixtures/sample_project" "--max-size" "10485760"`
[INFO] [stdout] code=3
[INFO] [stdout] stdout=```
[INFO] [stdout] <summary>
[INFO] [stdout] Total files: 1
[INFO] [stdout] Included: 0
[INFO] [stdout] Skipped: 1 (1 read error)
[INFO] [stdout] </summary>
[INFO] [stdout] 
[INFO] [stdout] ```
[INFO] [stdout] 
[INFO] [stdout] stderr=```
[INFO] [stdout] Error walking directory: tests/fixtures/sample_project: IO error for operation on tests/fixtures/sample_project: No such file or directory (os error 2)
[INFO] [stdout] Error: No files matched the criteria
[INFO] [stdout] ```
[INFO] [stdout] 
[INFO] [stdout] 
[INFO] [stdout] stack backtrace:
[INFO] [stdout]    0:     0x592033511391 - <<std[617be2ca0a6fd877]::sys::backtrace::BacktraceLock>::print::DisplayBacktrace as core[a373ad73a504971]::fmt::Display>::fmt
[INFO] [stdout]    1:     0x59203352760a - core[a373ad73a504971]::fmt::write
[INFO] [stdout]    2:     0x592033516bfc - <alloc[2e1b2a31b91974c5]::vec::Vec<u8> as core[a373ad73a504971]::io::write::Write>::write_fmt
[INFO] [stdout]    3:     0x5920334eb966 - std[617be2ca0a6fd877]::panicking::default_hook::{closure#0}
[INFO] [stdout]    4:     0x592033508d49 - std[617be2ca0a6fd877]::panicking::default_hook
[INFO] [stdout]    5:     0x592033492be0 - test[aada8e7e76ba119b]::test_main_inner::{closure#0}
[INFO] [stdout]    6:     0x592033508f02 - std[617be2ca0a6fd877]::panicking::panic_with_hook
[INFO] [stdout]    7:     0x5920334eba12 - std[617be2ca0a6fd877]::panicking::panic_handler::{closure#0}
[INFO] [stdout]    8:     0x5920334e4479 - std[617be2ca0a6fd877]::sys::backtrace::__rust_end_short_backtrace::<std[617be2ca0a6fd877]::panicking::panic_handler::{closure#0}, !>
[INFO] [stdout]    9:     0x5920334ec61d - __rustc[ea4f61d10b84890b]::rust_begin_unwind
[INFO] [stdout]   10:     0x592033527dbc - core[a373ad73a504971]::panicking::panic_fmt
[INFO] [stdout]   11:     0x5920334c80c3 - <assert_cmd[d47949018c20cbf]::assert::AssertError>::panic::<assert_cmd[d47949018c20cbf]::assert::Assert>
[INFO] [stdout]   12:     0x5920334c8be6 - <assert_cmd[d47949018c20cbf]::assert::Assert>::success
[INFO] [stdout]   13:     0x5920334704ce - <integration_test[40fa9a32c6fed36e]::test_max_size_option::{closure#0} as core[a373ad73a504971]::ops::function::FnOnce<()>>::call_once
[INFO] [stdout]   14:     0x59203348602b - test[aada8e7e76ba119b]::__rust_begin_short_backtrace::<core[a373ad73a504971]::result::Result<(), alloc[2e1b2a31b91974c5]::string::String>, fn() -> core[a373ad73a504971]::result::Result<(), alloc[2e1b2a31b91974c5]::string::String>>
[INFO] [stdout]   15:     0x592033493205 - test[aada8e7e76ba119b]::run_test::{closure#0}
[INFO] [stdout]   16:     0x59203348caf4 - std[617be2ca0a6fd877]::sys::backtrace::__rust_begin_short_backtrace::<test[aada8e7e76ba119b]::run_test::{closure#1}, ()>
[INFO] [stdout]   17:     0x592033496292 - <std[617be2ca0a6fd877]::thread::lifecycle::spawn_unchecked<test[aada8e7e76ba119b]::run_test::{closure#1}, ()>::{closure#1} as core[a373ad73a504971]::ops::function::FnOnce<()>>::call_once::{shim:vtable#0}
[INFO] [stdout]   18:     0x59203351062f - <std[617be2ca0a6fd877]::sys::thread::unix::Thread>::new::thread_start
[INFO] [stdout]   19:     0x70d9bff7adfa - <unknown>
[INFO] [stdout]   20:     0x70d9c000e3d4 - clone
[INFO] [stdout]   21:                0x0 - <unknown>
[INFO] [stdout] 
[INFO] [stdout] ---- test_max_size_suffix_m stdout ----
[INFO] [stdout] 
[INFO] [stdout] thread 'test_max_size_suffix_m' (2692) panicked at /rustc/e3feeb59cd1bdd011a2bfcc0747b55125d9b8527/library/core/src/ops/function.rs:250:5:
[INFO] [stdout] Unexpected failure.
[INFO] [stdout] code=3
[INFO] [stdout] stderr=``````
[INFO] [stdout] Error walking directory: tests/fixtures/sample_project: IO error for operation on tests/fixtures/sample_project: No such file or directory (os error 2)
[INFO] [stdout] Error: No files matched the criteria
[INFO] [stdout] ```
[INFO] [stdout] ```
[INFO] [stdout] command=`"/opt/rustwide/target/release/flat" "tests/fixtures/sample_project" "--max-size" "10M"`
[INFO] [stdout] code=3
[INFO] [stdout] stdout=```
[INFO] [stdout] <summary>
[INFO] [stdout] Total files: 1
[INFO] [stdout] Included: 0
[INFO] [stdout] Skipped: 1 (1 read error)
[INFO] [stdout] </summary>
[INFO] [stdout] 
[INFO] [stdout] ```
[INFO] [stdout] 
[INFO] [stdout] stderr=```
[INFO] [stdout] Error walking directory: tests/fixtures/sample_project: IO error for operation on tests/fixtures/sample_project: No such file or directory (os error 2)
[INFO] [stdout] Error: No files matched the criteria
[INFO] [stdout] ```
[INFO] [stdout] 
[INFO] [stdout] 
[INFO] [stdout] stack backtrace:
[INFO] [stdout]    0:     0x592033511391 - <<std[617be2ca0a6fd877]::sys::backtrace::BacktraceLock>::print::DisplayBacktrace as core[a373ad73a504971]::fmt::Display>::fmt
[INFO] [stdout]    1:     0x59203352760a - core[a373ad73a504971]::fmt::write
[INFO] [stdout]    2:     0x592033516bfc - <alloc[2e1b2a31b91974c5]::vec::Vec<u8> as core[a373ad73a504971]::io::write::Write>::write_fmt
[INFO] [stdout]    3:     0x5920334eb966 - std[617be2ca0a6fd877]::panicking::default_hook::{closure#0}
[INFO] [stdout]    4:     0x592033508d49 - std[617be2ca0a6fd877]::panicking::default_hook
[INFO] [stdout]    5:     0x592033492be0 - test[aada8e7e76ba119b]::test_main_inner::{closure#0}
[INFO] [stdout]    6:     0x592033508f02 - std[617be2ca0a6fd877]::panicking::panic_with_hook
[INFO] [stdout]    7:     0x5920334eba12 - std[617be2ca0a6fd877]::panicking::panic_handler::{closure#0}
[INFO] [stdout]    8:     0x5920334e4479 - std[617be2ca0a6fd877]::sys::backtrace::__rust_end_short_backtrace::<std[617be2ca0a6fd877]::panicking::panic_handler::{closure#0}, !>
[INFO] [stdout]    9:     0x5920334ec61d - __rustc[ea4f61d10b84890b]::rust_begin_unwind
[INFO] [stdout]   10:     0x592033527dbc - core[a373ad73a504971]::panicking::panic_fmt
[INFO] [stdout]   11:     0x5920334c80c3 - <assert_cmd[d47949018c20cbf]::assert::AssertError>::panic::<assert_cmd[d47949018c20cbf]::assert::Assert>
[INFO] [stdout]   12:     0x5920334c8be6 - <assert_cmd[d47949018c20cbf]::assert::Assert>::success
[INFO] [stdout]   13:     0x592033471e1e - <integration_test[40fa9a32c6fed36e]::test_max_size_suffix_m::{closure#0} as core[a373ad73a504971]::ops::function::FnOnce<()>>::call_once
[INFO] [stdout]   14:     0x59203348602b - test[aada8e7e76ba119b]::__rust_begin_short_backtrace::<core[a373ad73a504971]::result::Result<(), alloc[2e1b2a31b91974c5]::string::String>, fn() -> core[a373ad73a504971]::result::Result<(), alloc[2e1b2a31b91974c5]::string::String>>
[INFO] [stdout]   15:     0x592033493205 - test[aada8e7e76ba119b]::run_test::{closure#0}
[INFO] [stdout]   16:     0x59203348caf4 - std[617be2ca0a6fd877]::sys::backtrace::__rust_begin_short_backtrace::<test[aada8e7e76ba119b]::run_test::{closure#1}, ()>
[INFO] [stdout]   17:     0x592033496292 - <std[617be2ca0a6fd877]::thread::lifecycle::spawn_unchecked<test[aada8e7e76ba119b]::run_test::{closure#1}, ()>::{closure#1} as core[a373ad73a504971]::ops::function::FnOnce<()>>::call_once::{shim:vtable#0}
[INFO] [stdout]   18:     0x59203351062f - <std[617be2ca0a6fd877]::sys::thread::unix::Thread>::new::thread_start
[INFO] [stdout]   19:     0x70d9bff7adfa - <unknown>
[INFO] [stdout]   20:     0x70d9c000e3d4 - clone
[INFO] [stdout]   21:                0x0 - <unknown>
[INFO] [stdout] 
[INFO] [stdout] ---- test_max_size_plain_number_still_works stdout ----
[INFO] [stdout] 
[INFO] [stdout] thread 'test_max_size_plain_number_still_works' (2687) panicked at /rustc/e3feeb59cd1bdd011a2bfcc0747b55125d9b8527/library/core/src/ops/function.rs:250:5:
[INFO] [stdout] Unexpected failure.
[INFO] [stdout] code=3
[INFO] [stdout] stderr=``````
[INFO] [stdout] Error walking directory: tests/fixtures/sample_project: IO error for operation on tests/fixtures/sample_project: No such file or directory (os error 2)
[INFO] [stdout] Error: No files matched the criteria
[INFO] [stdout] ```
[INFO] [stdout] ```
[INFO] [stdout] command=`"/opt/rustwide/target/release/flat" "tests/fixtures/sample_project" "--max-size" "10485760"`
[INFO] [stdout] code=3
[INFO] [stdout] stdout=```
[INFO] [stdout] <summary>
[INFO] [stdout] Total files: 1
[INFO] [stdout] Included: 0
[INFO] [stdout] Skipped: 1 (1 read error)
[INFO] [stdout] </summary>
[INFO] [stdout] 
[INFO] [stdout] ```
[INFO] [stdout] 
[INFO] [stdout] stderr=```
[INFO] [stdout] Error walking directory: tests/fixtures/sample_project: IO error for operation on tests/fixtures/sample_project: No such file or directory (os error 2)
[INFO] [stdout] Error: No files matched the criteria
[INFO] [stdout] ```
[INFO] [stdout] 
[INFO] [stdout] 
[INFO] [stdout] stack backtrace:
[INFO] [stdout]    0:     0x592033511391 - <<std[617be2ca0a6fd877]::sys::backtrace::BacktraceLock>::print::DisplayBacktrace as core[a373ad73a504971]::fmt::Display>::fmt
[INFO] [stdout]    1:     0x59203352760a - core[a373ad73a504971]::fmt::write
[INFO] [stdout]    2:     0x592033516bfc - <alloc[2e1b2a31b91974c5]::vec::Vec<u8> as core[a373ad73a504971]::io::write::Write>::write_fmt
[INFO] [stdout]    3:     0x5920334eb966 - std[617be2ca0a6fd877]::panicking::default_hook::{closure#0}
[INFO] [stdout]    4:     0x592033508d49 - std[617be2ca0a6fd877]::panicking::default_hook
[INFO] [stdout]    5:     0x592033492be0 - test[aada8e7e76ba119b]::test_main_inner::{closure#0}
[INFO] [stdout]    6:     0x592033508f02 - std[617be2ca0a6fd877]::panicking::panic_with_hook
[INFO] [stdout]    7:     0x5920334eba12 - std[617be2ca0a6fd877]::panicking::panic_handler::{closure#0}
[INFO] [stdout]    8:     0x5920334e4479 - std[617be2ca0a6fd877]::sys::backtrace::__rust_end_short_backtrace::<std[617be2ca0a6fd877]::panicking::panic_handler::{closure#0}, !>
[INFO] [stdout]    9:     0x5920334ec61d - __rustc[ea4f61d10b84890b]::rust_begin_unwind
[INFO] [stdout]   10:     0x592033527dbc - core[a373ad73a504971]::panicking::panic_fmt
[INFO] [stdout]   11:     0x5920334c80c3 - <assert_cmd[d47949018c20cbf]::assert::AssertError>::panic::<assert_cmd[d47949018c20cbf]::assert::Assert>
[INFO] [stdout]   12:     0x5920334c8be6 - <assert_cmd[d47949018c20cbf]::assert::Assert>::success
[INFO] [stdout]   13:     0x592033480f8e - <integration_test[40fa9a32c6fed36e]::test_max_size_plain_number_still_works::{closure#0} as core[a373ad73a504971]::ops::function::FnOnce<()>>::call_once
[INFO] [stdout]   14:     0x59203348602b - test[aada8e7e76ba119b]::__rust_begin_short_backtrace::<core[a373ad73a504971]::result::Result<(), alloc[2e1b2a31b91974c5]::string::String>, fn() -> core[a373ad73a504971]::result::Result<(), alloc[2e1b2a31b91974c5]::string::String>>
[INFO] [stdout]   15:     0x592033493205 - test[aada8e7e76ba119b]::run_test::{closure#0}
[INFO] [stdout]   16:     0x59203348caf4 - std[617be2ca0a6fd877]::sys::backtrace::__rust_begin_short_backtrace::<test[aada8e7e76ba119b]::run_test::{closure#1}, ()>
[INFO] [stdout]   17:     0x592033496292 - <std[617be2ca0a6fd877]::thread::lifecycle::spawn_unchecked<test[aada8e7e76ba119b]::run_test::{closure#1}, ()>::{closure#1} as core[a373ad73a504971]::ops::function::FnOnce<()>>::call_once::{shim:vtable#0}
[INFO] [stdout]   18:     0x59203351062f - <std[617be2ca0a6fd877]::sys::thread::unix::Thread>::new::thread_start
[INFO] [stdout]   19:     0x70d9bff7adfa - <unknown>
[INFO] [stdout]   20:     0x70d9c000e3d4 - clone
[INFO] [stdout]   21:                0x0 - <unknown>
[INFO] [stdout] 
[INFO] [stdout] ---- test_output_to_file stdout ----
[INFO] [stdout] 
[INFO] [stdout] thread 'test_output_to_file' (2727) panicked at /rustc/e3feeb59cd1bdd011a2bfcc0747b55125d9b8527/library/core/src/ops/function.rs:250:5:
[INFO] [stdout] Unexpected failure.
[INFO] [stdout] code=3
[INFO] [stdout] stderr=``````
[INFO] [stdout] Error walking directory: tests/fixtures/sample_project: IO error for operation on tests/fixtures/sample_project: No such file or directory (os error 2)
[INFO] [stdout] Error: No files matched the criteria
[INFO] [stdout] ```
[INFO] [stdout] ```
[INFO] [stdout] command=`"/opt/rustwide/target/release/flat" "tests/fixtures/sample_project" "--output" "/tmp/.tmpXwYW76/output.txt"`
[INFO] [stdout] code=3
[INFO] [stdout] stdout=""
[INFO] [stdout] stderr=```
[INFO] [stdout] Error walking directory: tests/fixtures/sample_project: IO error for operation on tests/fixtures/sample_project: No such file or directory (os error 2)
[INFO] [stdout] Error: No files matched the criteria
[INFO] [stdout] ```
[INFO] [stdout] 
[INFO] [stdout] 
[INFO] [stdout] stack backtrace:
[INFO] [stdout]    0:     0x592033511391 - <<std[617be2ca0a6fd877]::sys::backtrace::BacktraceLock>::print::DisplayBacktrace as core[a373ad73a504971]::fmt::Display>::fmt
[INFO] [stdout]    1:     0x59203352760a - core[a373ad73a504971]::fmt::write
[INFO] [stdout]    2:     0x592033516bfc - <alloc[2e1b2a31b91974c5]::vec::Vec<u8> as core[a373ad73a504971]::io::write::Write>::write_fmt
[INFO] [stdout]    3:     0x5920334eb966 - std[617be2ca0a6fd877]::panicking::default_hook::{closure#0}
[INFO] [stdout]    4:     0x592033508d49 - std[617be2ca0a6fd877]::panicking::default_hook
[INFO] [stdout]    5:     0x592033492be0 - test[aada8e7e76ba119b]::test_main_inner::{closure#0}
[INFO] [stdout]    6:     0x592033508f02 - std[617be2ca0a6fd877]::panicking::panic_with_hook
[INFO] [stdout]    7:     0x5920334eba12 - std[617be2ca0a6fd877]::panicking::panic_handler::{closure#0}
[INFO] [stdout]    8:     0x5920334e4479 - std[617be2ca0a6fd877]::sys::backtrace::__rust_end_short_backtrace::<std[617be2ca0a6fd877]::panicking::panic_handler::{closure#0}, !>
[INFO] [stdout]    9:     0x5920334ec61d - __rustc[ea4f61d10b84890b]::rust_begin_unwind
[INFO] [stdout]   10:     0x592033527dbc - core[a373ad73a504971]::panicking::panic_fmt
[INFO] [stdout]   11:     0x5920334c80c3 - <assert_cmd[d47949018c20cbf]::assert::AssertError>::panic::<assert_cmd[d47949018c20cbf]::assert::Assert>
[INFO] [stdout]   12:     0x5920334c8be6 - <assert_cmd[d47949018c20cbf]::assert::Assert>::success
[INFO] [stdout]   13:     0x59203346f9ec - <integration_test[40fa9a32c6fed36e]::test_output_to_file::{closure#0} as core[a373ad73a504971]::ops::function::FnOnce<()>>::call_once
[INFO] [stdout]   14:     0x59203348602b - test[aada8e7e76ba119b]::__rust_begin_short_backtrace::<core[a373ad73a504971]::result::Result<(), alloc[2e1b2a31b91974c5]::string::String>, fn() -> core[a373ad73a504971]::result::Result<(), alloc[2e1b2a31b91974c5]::string::String>>
[INFO] [stdout]   15:     0x592033493205 - test[aada8e7e76ba119b]::run_test::{closure#0}
[INFO] [stdout]   16:     0x59203348caf4 - std[617be2ca0a6fd877]::sys::backtrace::__rust_begin_short_backtrace::<test[aada8e7e76ba119b]::run_test::{closure#1}, ()>
[INFO] [stdout]   17:     0x592033496292 - <std[617be2ca0a6fd877]::thread::lifecycle::spawn_unchecked<test[aada8e7e76ba119b]::run_test::{closure#1}, ()>::{closure#1} as core[a373ad73a504971]::ops::function::FnOnce<()>>::call_once::{shim:vtable#0}
[INFO] [stdout]   18:     0x59203351062f - <std[617be2ca0a6fd877]::sys::thread::unix::Thread>::new::thread_start
[INFO] [stdout]   19:     0x70d9bff7adfa - <unknown>
[INFO] [stdout]   20:     0x70d9c000e3d4 - clone
[INFO] [stdout]   21:                0x0 - <unknown>
[INFO] [stdout] 
[INFO] [stdout] ---- test_stats_mode stdout ----
[INFO] [stdout] 
[INFO] [stdout] thread 'test_stats_mode' (2745) panicked at /rustc/e3feeb59cd1bdd011a2bfcc0747b55125d9b8527/library/core/src/ops/function.rs:250:5:
[INFO] [stdout] Unexpected failure.
[INFO] [stdout] code=3
[INFO] [stdout] stderr=``````
[INFO] [stdout] Error walking directory: tests/fixtures/sample_project: IO error for operation on tests/fixtures/sample_project: No such file or directory (os error 2)
[INFO] [stdout] <summary>
[INFO] [stdout] Total files: 1
[INFO] [stdout] Included: 0
[INFO] [stdout] Skipped: 1 (1 read error)
[INFO] [stdout] </summary>
[INFO] [stdout] 
[INFO] [stdout] Error: No files matched the criteria
[INFO] [stdout] ```
[INFO] [stdout] ```
[INFO] [stdout] command=`"/opt/rustwide/target/release/flat" "tests/fixtures/sample_project" "--stats"`
[INFO] [stdout] code=3
[INFO] [stdout] stdout=""
[INFO] [stdout] stderr=```
[INFO] [stdout] Error walking directory: tests/fixtures/sample_project: IO error for operation on tests/fixtures/sample_project: No such file or directory (os error 2)
[INFO] [stdout] <summary>
[INFO] [stdout] Total files: 1
[INFO] [stdout] Included: 0
[INFO] [stdout] Skipped: 1 (1 read error)
[INFO] [stdout] </summary>
[INFO] [stdout] 
[INFO] [stdout] Error: No files matched the criteria
[INFO] [stdout] ```
[INFO] [stdout] 
[INFO] [stdout] 
[INFO] [stdout] stack backtrace:
[INFO] [stdout]    0:     0x592033511391 - <<std[617be2ca0a6fd877]::sys::backtrace::BacktraceLock>::print::DisplayBacktrace as core[a373ad73a504971]::fmt::Display>::fmt
[INFO] [stdout]    1:     0x59203352760a - core[a373ad73a504971]::fmt::write
[INFO] [stdout]    2:     0x592033516bfc - <alloc[2e1b2a31b91974c5]::vec::Vec<u8> as core[a373ad73a504971]::io::write::Write>::write_fmt
[INFO] [stdout]    3:     0x5920334eb966 - std[617be2ca0a6fd877]::panicking::default_hook::{closure#0}
[INFO] [stdout]    4:     0x592033508d49 - std[617be2ca0a6fd877]::panicking::default_hook
[INFO] [stdout]    5:     0x592033492be0 - test[aada8e7e76ba119b]::test_main_inner::{closure#0}
[INFO] [stdout]    6:     0x592033508f02 - std[617be2ca0a6fd877]::panicking::panic_with_hook
[INFO] [stdout]    7:     0x5920334eba12 - std[617be2ca0a6fd877]::panicking::panic_handler::{closure#0}
[INFO] [stdout]    8:     0x5920334e4479 - std[617be2ca0a6fd877]::sys::backtrace::__rust_end_short_backtrace::<std[617be2ca0a6fd877]::panicking::panic_handler::{closure#0}, !>
[INFO] [stdout]    9:     0x5920334ec61d - __rustc[ea4f61d10b84890b]::rust_begin_unwind
[INFO] [stdout]   10:     0x592033527dbc - core[a373ad73a504971]::panicking::panic_fmt
[INFO] [stdout]   11:     0x5920334c80c3 - <assert_cmd[d47949018c20cbf]::assert::AssertError>::panic::<assert_cmd[d47949018c20cbf]::assert::Assert>
[INFO] [stdout]   12:     0x5920334c8be6 - <assert_cmd[d47949018c20cbf]::assert::Assert>::success
[INFO] [stdout]   13:     0x59203346d7f0 - <integration_test[40fa9a32c6fed36e]::test_stats_mode::{closure#0} as core[a373ad73a504971]::ops::function::FnOnce<()>>::call_once
[INFO] [stdout]   14:     0x59203348602b - test[aada8e7e76ba119b]::__rust_begin_short_backtrace::<core[a373ad73a504971]::result::Result<(), alloc[2e1b2a31b91974c5]::string::String>, fn() -> core[a373ad73a504971]::result::Result<(), alloc[2e1b2a31b91974c5]::string::String>>
[INFO] [stdout]   15:     0x592033493205 - test[aada8e7e76ba119b]::run_test::{closure#0}
[INFO] [stdout]   16:     0x59203348caf4 - std[617be2ca0a6fd877]::sys::backtrace::__rust_begin_short_backtrace::<test[aada8e7e76ba119b]::run_test::{closure#1}, ()>
[INFO] [stdout]   17:     0x592033496292 - <std[617be2ca0a6fd877]::thread::lifecycle::spawn_unchecked<test[aada8e7e76ba119b]::run_test::{closure#1}, ()>::{closure#1} as core[a373ad73a504971]::ops::function::FnOnce<()>>::call_once::{shim:vtable#0}
[INFO] [stdout]   18:     0x59203351062f - <std[617be2ca0a6fd877]::sys::thread::unix::Thread>::new::thread_start
[INFO] [stdout]   19:     0x70d9bff7adfa - <unknown>
[INFO] [stdout]   20:     0x70d9c000e3d4 - clone
[INFO] [stdout]   21:                0x0 - <unknown>
[INFO] [stdout] 
[INFO] [stdout] ---- test_workflow_rust_project stdout ----
[INFO] [stdout] 
[INFO] [stdout] thread 'test_workflow_rust_project' (2869) panicked at tests/integration_test.rs:1047:5:
[INFO] [stdout] assertion failed: stdout.contains("src/main.rs")
[INFO] [stdout] stack backtrace:
[INFO] [stdout]    0:     0x592033511391 - <<std[617be2ca0a6fd877]::sys::backtrace::BacktraceLock>::print::DisplayBacktrace as core[a373ad73a504971]::fmt::Display>::fmt
[INFO] [stdout]    1:     0x59203352760a - core[a373ad73a504971]::fmt::write
[INFO] [stdout]    2:     0x592033516bfc - <alloc[2e1b2a31b91974c5]::vec::Vec<u8> as core[a373ad73a504971]::io::write::Write>::write_fmt
[INFO] [stdout]    3:     0x5920334eb966 - std[617be2ca0a6fd877]::panicking::default_hook::{closure#0}
[INFO] [stdout]    4:     0x592033508d49 - std[617be2ca0a6fd877]::panicking::default_hook
[INFO] [stdout]    5:     0x592033492be0 - test[aada8e7e76ba119b]::test_main_inner::{closure#0}
[INFO] [stdout]    6:     0x592033508f02 - std[617be2ca0a6fd877]::panicking::panic_with_hook
[INFO] [stdout]    7:     0x5920334eba44 - std[617be2ca0a6fd877]::panicking::panic_handler::{closure#0}
[INFO] [stdout]    8:     0x5920334e4479 - std[617be2ca0a6fd877]::sys::backtrace::__rust_end_short_backtrace::<std[617be2ca0a6fd877]::panicking::panic_handler::{closure#0}, !>
[INFO] [stdout]    9:     0x5920334ec61d - __rustc[ea4f61d10b84890b]::rust_begin_unwind
[INFO] [stdout]   10:     0x592033527dbc - core[a373ad73a504971]::panicking::panic_fmt
[INFO] [stdout]   11:     0x592033527d82 - core[a373ad73a504971]::panicking::panic
[INFO] [stdout]   12:     0x592033474b04 - <integration_test[40fa9a32c6fed36e]::test_workflow_rust_project::{closure#0} as core[a373ad73a504971]::ops::function::FnOnce<()>>::call_once
[INFO] [stdout]   13:     0x59203348602b - test[aada8e7e76ba119b]::__rust_begin_short_backtrace::<core[a373ad73a504971]::result::Result<(), alloc[2e1b2a31b91974c5]::string::String>, fn() -> core[a373ad73a504971]::result::Result<(), alloc[2e1b2a31b91974c5]::string::String>>
[INFO] [stdout]   14:     0x592033493205 - test[aada8e7e76ba119b]::run_test::{closure#0}
[INFO] [stdout]   15:     0x59203348caf4 - std[617be2ca0a6fd877]::sys::backtrace::__rust_begin_short_backtrace::<test[aada8e7e76ba119b]::run_test::{closure#1}, ()>
[INFO] [stdout]   16:     0x592033496292 - <std[617be2ca0a6fd877]::thread::lifecycle::spawn_unchecked<test[aada8e7e76ba119b]::run_test::{closure#1}, ()>::{closure#1} as core[a373ad73a504971]::ops::function::FnOnce<()>>::call_once::{shim:vtable#0}
[INFO] [stdout]   17:     0x59203351062f - <std[617be2ca0a6fd877]::sys::thread::unix::Thread>::new::thread_start
[INFO] [stdout]   18:     0x70d9bff7adfa - <unknown>
[INFO] [stdout]   19:     0x70d9c000e3d4 - clone
[INFO] [stdout]   20:                0x0 - <unknown>
[INFO] [stdout] 
[INFO] [stdout] ---- test_workflow_stats_check stdout ----
[INFO] [stdout] 
[INFO] [stdout] thread 'test_workflow_stats_check' (2874) panicked at /rustc/e3feeb59cd1bdd011a2bfcc0747b55125d9b8527/library/core/src/ops/function.rs:250:5:
[INFO] [stdout] Unexpected failure.
[INFO] [stdout] code=3
[INFO] [stdout] stderr=``````
[INFO] [stdout] Error walking directory: tests/fixtures/sample_project: IO error for operation on tests/fixtures/sample_project: No such file or directory (os error 2)
[INFO] [stdout] <summary>
[INFO] [stdout] Total files: 1
[INFO] [stdout] Included: 0
[INFO] [stdout] Skipped: 1 (1 read error)
[INFO] [stdout] </summary>
[INFO] [stdout] 
[INFO] [stdout] Error: No files matched the criteria
[INFO] [stdout] ```
[INFO] [stdout] ```
[INFO] [stdout] command=`"/opt/rustwide/target/release/flat" "tests/fixtures/sample_project" "--stats"`
[INFO] [stdout] code=3
[INFO] [stdout] stdout=""
[INFO] [stdout] stderr=```
[INFO] [stdout] Error walking directory: tests/fixtures/sample_project: IO error for operation on tests/fixtures/sample_project: No such file or directory (os error 2)
[INFO] [stdout] <summary>
[INFO] [stdout] Total files: 1
[INFO] [stdout] Included: 0
[INFO] [stdout] Skipped: 1 (1 read error)
[INFO] [stdout] </summary>
[INFO] [stdout] 
[INFO] [stdout] Error: No files matched the criteria
[INFO] [stdout] ```
[INFO] [stdout] 
[INFO] [stderr] error: test failed, to rerun pass `--test integration_test`
[INFO] [stdout] 
[INFO] [stdout] stack backtrace:
[INFO] [stdout]    0:     0x592033511391 - <<std[617be2ca0a6fd877]::sys::backtrace::BacktraceLock>::print::DisplayBacktrace as core[a373ad73a504971]::fmt::Display>::fmt
[INFO] [stdout]    1:     0x59203352760a - core[a373ad73a504971]::fmt::write
[INFO] [stdout]    2:     0x592033516bfc - <alloc[2e1b2a31b91974c5]::vec::Vec<u8> as core[a373ad73a504971]::io::write::Write>::write_fmt
[INFO] [stdout]    3:     0x5920334eb966 - std[617be2ca0a6fd877]::panicking::default_hook::{closure#0}
[INFO] [stdout]    4:     0x592033508d49 - std[617be2ca0a6fd877]::panicking::default_hook
[INFO] [stdout]    5:     0x592033492be0 - test[aada8e7e76ba119b]::test_main_inner::{closure#0}
[INFO] [stdout]    6:     0x592033508f02 - std[617be2ca0a6fd877]::panicking::panic_with_hook
[INFO] [stdout]    7:     0x5920334eba12 - std[617be2ca0a6fd877]::panicking::panic_handler::{closure#0}
[INFO] [stdout]    8:     0x5920334e4479 - std[617be2ca0a6fd877]::sys::backtrace::__rust_end_short_backtrace::<std[617be2ca0a6fd877]::panicking::panic_handler::{closure#0}, !>
[INFO] [stdout]    9:     0x5920334ec61d - __rustc[ea4f61d10b84890b]::rust_begin_unwind
[INFO] [stdout]   10:     0x592033527dbc - core[a373ad73a504971]::panicking::panic_fmt
[INFO] [stdout]   11:     0x5920334c80c3 - <assert_cmd[d47949018c20cbf]::assert::AssertError>::panic::<assert_cmd[d47949018c20cbf]::assert::Assert>
[INFO] [stdout]   12:     0x5920334c8be6 - <assert_cmd[d47949018c20cbf]::assert::Assert>::success
[INFO] [stdout]   13:     0x592033473c00 - <integration_test[40fa9a32c6fed36e]::test_workflow_stats_check::{closure#0} as core[a373ad73a504971]::ops::function::FnOnce<()>>::call_once
[INFO] [stdout]   14:     0x59203348602b - test[aada8e7e76ba119b]::__rust_begin_short_backtrace::<core[a373ad73a504971]::result::Result<(), alloc[2e1b2a31b91974c5]::string::String>, fn() -> core[a373ad73a504971]::result::Result<(), alloc[2e1b2a31b91974c5]::string::String>>
[INFO] [stdout]   15:     0x592033493205 - test[aada8e7e76ba119b]::run_test::{closure#0}
[INFO] [stdout]   16:     0x59203348caf4 - std[617be2ca0a6fd877]::sys::backtrace::__rust_begin_short_backtrace::<test[aada8e7e76ba119b]::run_test::{closure#1}, ()>
[INFO] [stdout]   17:     0x592033496292 - <std[617be2ca0a6fd877]::thread::lifecycle::spawn_unchecked<test[aada8e7e76ba119b]::run_test::{closure#1}, ()>::{closure#1} as core[a373ad73a504971]::ops::function::FnOnce<()>>::call_once::{shim:vtable#0}
[INFO] [stdout]   18:     0x59203351062f - <std[617be2ca0a6fd877]::sys::thread::unix::Thread>::new::thread_start
[INFO] [stdout]   19:     0x70d9bff7adfa - <unknown>
[INFO] [stdout]   20:     0x70d9c000e3d4 - clone
[INFO] [stdout]   21:                0x0 - <unknown>
[INFO] [stdout] 
[INFO] [stdout] 
[INFO] [stdout] failures:
[INFO] [stdout]     test_basic_flatten
[INFO] [stdout]     test_combined_filters
[INFO] [stdout]     test_credentials_excluded
[INFO] [stdout]     test_current_directory_default
[INFO] [stdout]     test_dry_run_mode
[INFO] [stdout]     test_env_files_excluded
[INFO] [stdout]     test_exclude_filter
[INFO] [stdout]     test_images_excluded
[INFO] [stdout]     test_include_filter
[INFO] [stdout]     test_large_files_excluded
[INFO] [stdout]     test_match_on_sample_project
[INFO] [stdout]     test_max_size_option
[INFO] [stdout]     test_max_size_plain_number_still_works
[INFO] [stdout]     test_max_size_suffix_m
[INFO] [stdout]     test_output_to_file
[INFO] [stdout]     test_stats_mode
[INFO] [stdout]     test_workflow_rust_project
[INFO] [stdout]     test_workflow_stats_check
[INFO] [stdout] 
[INFO] [stdout] test result: FAILED. 81 passed; 18 failed; 0 ignored; 0 measured; 0 filtered out; finished in 0.55s
[INFO] [stdout] 
[INFO] running `Command { std: "docker" "inspect" "354a86a5a662684ba1923407d565c7ddff429f2bd7f1782343a9dfad8b6cfbd5", kill_on_drop: false }`
[INFO] running `Command { std: "docker" "rm" "-f" "354a86a5a662684ba1923407d565c7ddff429f2bd7f1782343a9dfad8b6cfbd5", kill_on_drop: false }`
[INFO] [stdout] 354a86a5a662684ba1923407d565c7ddff429f2bd7f1782343a9dfad8b6cfbd5
