[INFO] fetching crate flashpoint-archive 0.13.7...
[INFO] testing flashpoint-archive-0.13.7 against 1.99.0-beta.8+cargoflags=--release for beta-release-1.100-2
[INFO] extracting crate flashpoint-archive 0.13.7 into /workspace/builds/worker-3-tc1/source
[INFO] started tweaking crates.io crate flashpoint-archive 0.13.7
[INFO] finished tweaking crates.io crate flashpoint-archive 0.13.7
[INFO] tweaked toml for crates.io crate flashpoint-archive 0.13.7 written to /workspace/builds/worker-3-tc1/source/Cargo.toml
[INFO] validating manifest of crates.io crate flashpoint-archive 0.13.7 on toolchain 1.99.0-beta.8
[INFO] running `Command { std: CARGO_HOME="/workspace/cargo-home" RUSTUP_HOME="/workspace/rustup-home" "/workspace/cargo-home/bin/cargo" "+1.99.0-beta.8" "metadata" "--manifest-path" "Cargo.toml" "--no-deps", kill_on_drop: false }`
[INFO] crate crates.io crate flashpoint-archive 0.13.7 already has a lockfile, it will not be regenerated
[INFO] running `Command { std: CARGO_HOME="/workspace/cargo-home" RUSTUP_HOME="/workspace/rustup-home" "/workspace/cargo-home/bin/cargo" "+1.99.0-beta.8" "fetch" "--manifest-path" "Cargo.toml", kill_on_drop: false }`
[INFO] [stderr]     Updating crates.io index
[INFO] [stderr]  Downloading crates ...
[INFO] [stderr]   Downloaded proc-macro2 v1.0.76
[INFO] [stderr]   Downloaded mio v0.8.10
[INFO] [stderr]   Downloaded wasm-bindgen-macro v0.2.90
[INFO] [stderr]   Downloaded napi-sys v2.3.0
[INFO] [stderr]   Downloaded wasm-bindgen-shared v0.2.90
[INFO] [stderr]   Downloaded scheduled-thread-pool v0.2.7
[INFO] [stderr]   Downloaded plotters-svg v0.3.5
[INFO] [stderr]   Downloaded oorandom v11.1.3
[INFO] [stderr]   Downloaded is-terminal v0.4.10
[INFO] [stderr]   Downloaded plotters-backend v0.3.5
[INFO] [stderr]   Downloaded r2d2_sqlite v0.23.0
[INFO] [stderr]   Downloaded ctor v0.2.6
[INFO] [stderr]   Downloaded windows-targets v0.52.0
[INFO] [stderr]   Downloaded napi-derive-backend v1.0.58
[INFO] [stderr]   Downloaded semver v1.0.21
[INFO] [stderr]   Downloaded snafu-derive v0.8.0
[INFO] [stderr]   Downloaded pkg-config v0.3.28
[INFO] [stderr]   Downloaded r2d2 v0.8.10
[INFO] [stderr]   Downloaded ciborium-io v0.2.1
[INFO] [stderr]   Downloaded rusqlite_migration v1.1.0
[INFO] [stderr]   Downloaded wasm-bindgen-macro-support v0.2.90
[INFO] [stderr]   Downloaded napi-derive v2.14.6
[INFO] [stderr]   Downloaded ciborium-ll v0.2.1
[INFO] [stderr]   Downloaded wasm-bindgen-backend v0.2.90
[INFO] [stderr]   Downloaded libloading v0.8.1
[INFO] [stderr]   Downloaded ahash v0.8.7
[INFO] [stderr]   Downloaded meval v0.2.0
[INFO] [stderr]   Downloaded clap v4.5.40
[INFO] [stderr]   Downloaded ciborium v0.2.1
[INFO] [stderr]   Downloaded half v1.8.2
[INFO] [stderr]   Downloaded socket2 v0.5.5
[INFO] [stderr]   Downloaded allocator-api2 v0.2.18
[INFO] [stderr]   Downloaded snafu v0.8.0
[INFO] [stderr]   Downloaded js-sys v0.3.67
[INFO] [stderr]   Downloaded rayon-core v1.12.0
[INFO] [stderr]   Downloaded futures v0.3.30
[INFO] [stderr]   Downloaded napi v2.14.2
[INFO] [stderr]   Downloaded plotters v0.3.5
[INFO] [stderr]   Downloaded serde_json v1.0.111
[INFO] [stderr]   Downloaded rusqlite v0.30.0
[INFO] [stderr]   Downloaded syn v2.0.48
[INFO] [stderr]   Downloaded wasm-bindgen v0.2.90
[INFO] [stderr]   Downloaded rayon v1.8.0
[INFO] [stderr]   Downloaded clap_builder v4.5.40
[INFO] [stderr]   Downloaded chrono v0.4.31
[INFO] [stderr]   Downloaded windows_aarch64_gnullvm v0.52.0
[INFO] [stderr]   Downloaded windows_x86_64_gnullvm v0.52.0
[INFO] [stderr]   Downloaded libc v0.2.152
[INFO] [stderr]   Downloaded web-sys v0.3.67
[INFO] [stderr]   Downloaded windows_aarch64_msvc v0.52.0
[INFO] [stderr]   Downloaded windows_x86_64_msvc v0.52.0
[INFO] [stderr]   Downloaded windows_x86_64_gnu v0.52.0
[INFO] [stderr]   Downloaded windows_i686_gnu v0.52.0
[INFO] [stderr]   Downloaded windows_i686_msvc v0.52.0
[INFO] [stderr]   Downloaded linux-raw-sys v0.4.12
[INFO] [stderr]   Downloaded libsqlite3-sys v0.27.0
[INFO] running `Command { std: "docker" "create" "-v" "/var/lib/crater-agent-workspace/builds/worker-3-tc1/source:/opt/rustwide/workdir:ro,Z" "-v" "/var/lib/crater-agent-workspace/builds/worker-3-tc1/target:/opt/rustwide/target:rw,Z" "-v" "/var/lib/crater-agent-workspace/cargo-home:/opt/rustwide/cargo-home:ro,Z" "-v" "/var/lib/crater-agent-workspace/rustup-home:/opt/rustwide/rustup-home:ro,Z" "-m" "1610612736" "--network" "none" "ghcr.io/rust-lang/crates-build-env/linux@sha256:77db811e55d90add9212f6832c23229e3de5f1c1f9905e8cb07319ea15df73ac" "sleep" "infinity", kill_on_drop: false }`
[INFO] [stdout] b891bbe2d021cdf7a8b7034d369aaa42e3a02f5fd97ab33198021d900af1fd77
[INFO] running `Command { std: "docker" "start" "b891bbe2d021cdf7a8b7034d369aaa42e3a02f5fd97ab33198021d900af1fd77", kill_on_drop: false }`
[INFO] running `Command { std: "docker" "inspect" "b891bbe2d021cdf7a8b7034d369aaa42e3a02f5fd97ab33198021d900af1fd77", kill_on_drop: false }`
[INFO] running `Command { std: "docker" "exec" "-e" "SOURCE_DIR=/opt/rustwide/workdir" "-e" "CARGO_HOME=/opt/rustwide/cargo-home" "-e" "RUSTUP_HOME=/opt/rustwide/rustup-home" "-e" "CARGO_TARGET_DIR=/opt/rustwide/target" "-w" "/opt/rustwide/workdir" "--user" "0:0" "b891bbe2d021cdf7a8b7034d369aaa42e3a02f5fd97ab33198021d900af1fd77" "/opt/rustwide/cargo-home/bin/cargo" "+1.99.0-beta.8" "metadata" "--no-deps" "--format-version=1", kill_on_drop: false }`
[INFO] running `Command { std: "docker" "inspect" "b891bbe2d021cdf7a8b7034d369aaa42e3a02f5fd97ab33198021d900af1fd77", kill_on_drop: false }`
[INFO] running `Command { std: "docker" "exec" "-e" "SOURCE_DIR=/opt/rustwide/workdir" "-e" "CARGO_HOME=/opt/rustwide/cargo-home" "-e" "RUSTUP_HOME=/opt/rustwide/rustup-home" "-e" "CARGO_TARGET_DIR=/opt/rustwide/target" "-e" "CARGO_INCREMENTAL=0" "-e" "RUST_BACKTRACE=full" "-e" "RUSTFLAGS=--cap-lints=warn" "-e" "RUSTDOCFLAGS=--cap-lints=warn" "-w" "/opt/rustwide/workdir" "--user" "0:0" "b891bbe2d021cdf7a8b7034d369aaa42e3a02f5fd97ab33198021d900af1fd77" "/opt/rustwide/cargo-home/bin/cargo" "+1.99.0-beta.8" "build" "--frozen" "--message-format=json" "--release", kill_on_drop: false }`
[INFO] [stderr]    Compiling libc v0.2.152
[INFO] [stderr]    Compiling proc-macro2 v1.0.76
[INFO] [stderr]    Compiling smallvec v1.11.2
[INFO] [stderr]    Compiling parking_lot_core v0.9.9
[INFO] [stderr]    Compiling zerocopy v0.7.32
[INFO] [stderr]    Compiling once_cell v1.19.0
[INFO] [stderr]    Compiling serde v1.0.197
[INFO] [stderr]    Compiling pkg-config v0.3.28
[INFO] [stderr]    Compiling serde_json v1.0.111
[INFO] [stderr]    Compiling allocator-api2 v0.2.18
[INFO] [stderr]    Compiling ahash v0.8.7
[INFO] [stderr]    Compiling lock_api v0.4.11
[INFO] [stderr]    Compiling num-traits v0.2.17
[INFO] [stderr]    Compiling ryu v1.0.16
[INFO] [stderr]    Compiling iana-time-zone v0.1.63
[INFO] [stderr]    Compiling ppv-lite86 v0.2.17
[INFO] [stderr]    Compiling memchr v2.7.1
[INFO] [stderr]    Compiling bitflags v2.4.1
[INFO] [stderr]    Compiling log v0.4.20
[INFO] [stderr]    Compiling rusqlite_migration v1.1.0
[INFO] [stderr]    Compiling regex-syntax v0.8.2
[INFO] [stderr]    Compiling bit-set v0.5.3
[INFO] [stderr]    Compiling bytes v1.5.0
[INFO] [stderr]    Compiling nom v1.2.4
[INFO] [stderr]    Compiling pin-project-lite v0.2.13
[INFO] [stderr]    Compiling fs_extra v1.3.0
[INFO] [stderr]    Compiling unicase v2.8.1
[INFO] [stderr]    Compiling aho-corasick v1.1.2
[INFO] [stderr]    Compiling hashbrown v0.14.3
[INFO] [stderr]    Compiling getrandom v0.2.12
[INFO] [stderr]    Compiling signal-hook-registry v1.4.1
[INFO] [stderr]    Compiling num_cpus v1.16.0
[INFO] [stderr]    Compiling mio v0.8.10
[INFO] [stderr]    Compiling socket2 v0.5.5
[INFO] [stderr]    Compiling cc v1.0.83
[INFO] [stderr]    Compiling rand_core v0.6.4
[INFO] [stderr]    Compiling parking_lot v0.12.1
[INFO] [stderr]    Compiling meval v0.2.0
[INFO] [stderr]    Compiling rand_chacha v0.3.1
[INFO] [stderr]    Compiling quote v1.0.35
[INFO] [stderr]    Compiling chrono v0.4.31
[INFO] [stderr]    Compiling syn v2.0.48
[INFO] [stderr]    Compiling hashlink v0.8.4
[INFO] [stderr]    Compiling scheduled-thread-pool v0.2.7
[INFO] [stderr]    Compiling rand v0.8.5
[INFO] [stderr]    Compiling r2d2 v0.8.10
[INFO] [stderr]    Compiling libsqlite3-sys v0.27.0
[INFO] [stderr]    Compiling uuid v1.6.1
[INFO] [stderr]    Compiling regex-automata v0.4.3
[INFO] [stderr]    Compiling serde_derive v1.0.197
[INFO] [stderr]    Compiling tokio-macros v2.2.0
[INFO] [stderr]    Compiling snafu-derive v0.8.0
[INFO] [stderr]    Compiling tokio v1.36.0
[INFO] [stderr]    Compiling snafu v0.8.0
[INFO] [stderr]    Compiling fancy-regex v0.13.0
[INFO] [stderr]    Compiling rusqlite v0.30.0
[INFO] [stderr]    Compiling r2d2_sqlite v0.23.0
[INFO] [stderr]    Compiling flashpoint-archive v0.13.7 (/opt/rustwide/workdir)
[INFO] [stderr]     Finished `release` profile [optimized] target(s) in 2m 14s
[INFO] [stderr] warning: the following packages contain code that will be rejected by a future version of Rust: nom v1.2.4
[INFO] [stderr] note: to see what the problems were, use the option `--future-incompat-report`, or run `cargo report future-incompatibilities --id 2`
[INFO] running `Command { std: "docker" "inspect" "b891bbe2d021cdf7a8b7034d369aaa42e3a02f5fd97ab33198021d900af1fd77", kill_on_drop: false }`
[INFO] running `Command { std: "docker" "exec" "-e" "SOURCE_DIR=/opt/rustwide/workdir" "-e" "CARGO_HOME=/opt/rustwide/cargo-home" "-e" "RUSTUP_HOME=/opt/rustwide/rustup-home" "-e" "CARGO_TARGET_DIR=/opt/rustwide/target" "-e" "CARGO_INCREMENTAL=0" "-e" "RUST_BACKTRACE=full" "-e" "RUSTFLAGS=--cap-lints=warn" "-e" "RUSTDOCFLAGS=--cap-lints=warn" "-w" "/opt/rustwide/workdir" "--user" "0:0" "b891bbe2d021cdf7a8b7034d369aaa42e3a02f5fd97ab33198021d900af1fd77" "/opt/rustwide/cargo-home/bin/cargo" "+1.99.0-beta.8" "test" "--frozen" "--no-run" "--message-format=json" "--release", kill_on_drop: false }`
[INFO] [stderr]    Compiling serde v1.0.197
[INFO] [stderr]    Compiling num-traits v0.2.17
[INFO] [stderr]    Compiling bitflags v2.4.1
[INFO] [stderr]    Compiling rayon-core v1.12.0
[INFO] [stderr]    Compiling rustix v0.38.31
[INFO] [stderr]    Compiling futures-core v0.3.31
[INFO] [stderr]    Compiling either v1.9.0
[INFO] [stderr]    Compiling ahash v0.8.7
[INFO] [stderr]    Compiling crossbeam-epoch v0.9.18
[INFO] [stderr]    Compiling clap_lex v0.7.5
[INFO] [stderr]    Compiling half v1.8.2
[INFO] [stderr]    Compiling linux-raw-sys v0.4.12
[INFO] [stderr]    Compiling ciborium-io v0.2.1
[INFO] [stderr]    Compiling futures-task v0.3.31
[INFO] [stderr]    Compiling anstyle v1.0.11
[INFO] [stderr]    Compiling plotters-backend v0.3.5
[INFO] [stderr]    Compiling itertools v0.10.5
[INFO] [stderr]    Compiling futures-io v0.3.30
[INFO] [stderr]    Compiling futures-channel v0.3.30
[INFO] [stderr]    Compiling walkdir v2.4.0
[INFO] [stderr]    Compiling futures-util v0.3.31
[INFO] [stderr]    Compiling regex v1.10.2
[INFO] [stderr]    Compiling oorandom v11.1.3
[INFO] [stderr]    Compiling hashbrown v0.14.3
[INFO] [stderr]    Compiling ciborium-ll v0.2.1
[INFO] [stderr]    Compiling plotters-svg v0.3.5
[INFO] [stderr]    Compiling clap_builder v4.5.40
[INFO] [stderr]    Compiling crossbeam-deque v0.8.5
[INFO] [stderr]    Compiling hashlink v0.8.4
[INFO] [stderr]    Compiling rayon v1.8.0
[INFO] [stderr]    Compiling chrono v0.4.31
[INFO] [stderr]    Compiling plotters v0.3.5
[INFO] [stderr]    Compiling is-terminal v0.4.10
[INFO] [stderr]    Compiling criterion-plot v0.5.0
[INFO] [stderr]    Compiling serde_json v1.0.111
[INFO] [stderr]    Compiling ciborium v0.2.1
[INFO] [stderr]    Compiling futures v0.3.30
[INFO] [stderr]    Compiling clap v4.5.40
[INFO] [stderr]    Compiling rusqlite v0.30.0
[INFO] [stderr]    Compiling tinytemplate v1.2.1
[INFO] [stderr]    Compiling criterion v0.5.1
[INFO] [stderr]    Compiling rusqlite_migration v1.1.0
[INFO] [stderr]    Compiling r2d2_sqlite v0.23.0
[INFO] [stderr]    Compiling flashpoint-archive v0.13.7 (/opt/rustwide/workdir)
[INFO] [stderr]     Finished `release` profile [optimized] target(s) in 56.95s
[INFO] [stderr] warning: the following packages contain code that will be rejected by a future version of Rust: nom v1.2.4
[INFO] [stderr] note: to see what the problems were, use the option `--future-incompat-report`, or run `cargo report future-incompatibilities --id 2`
[INFO] running `Command { std: "docker" "inspect" "b891bbe2d021cdf7a8b7034d369aaa42e3a02f5fd97ab33198021d900af1fd77", kill_on_drop: false }`
[INFO] running `Command { std: "docker" "exec" "-e" "SOURCE_DIR=/opt/rustwide/workdir" "-e" "CARGO_HOME=/opt/rustwide/cargo-home" "-e" "RUSTUP_HOME=/opt/rustwide/rustup-home" "-e" "CARGO_TARGET_DIR=/opt/rustwide/target" "-e" "CARGO_INCREMENTAL=0" "-e" "RUST_BACKTRACE=full" "-e" "RUSTFLAGS=--cap-lints=warn" "-e" "RUSTDOCFLAGS=--cap-lints=warn" "-w" "/opt/rustwide/workdir" "--user" "0:0" "b891bbe2d021cdf7a8b7034d369aaa42e3a02f5fd97ab33198021d900af1fd77" "/opt/rustwide/cargo-home/bin/cargo" "+1.99.0-beta.8" "test" "--frozen" "--release", kill_on_drop: false }`
[INFO] [stderr]     Finished `release` profile [optimized] target(s) in 0.16s
[INFO] [stderr] warning: the following packages contain code that will be rejected by a future version of Rust: nom v1.2.4
[INFO] [stderr] note: to see what the problems were, use the option `--future-incompat-report`, or run `cargo report future-incompatibilities --id 2`
[INFO] [stderr]      Running unittests src/lib.rs (/opt/rustwide/target/release/deps/flashpoint_archive-0bc70146eb9352f2)
[INFO] [stdout] 
[INFO] [stdout] running 39 tests
[INFO] [stdout] test tests::database_not_initialized ... ok
[INFO] [stdout] test tests::create_and_save_game ... ok
[INFO] [stdout] test tests::create_platform ... ok
[INFO] [stdout] test tests::game_redirects ... ok
[INFO] [stdout] test tests::add_playtime ... ok
[INFO] [stdout] test tests::parse_user_exact_search_input ... ok
[INFO] [stdout] test tests::create_and_save_game_data ... ok
[INFO] [stdout] test tests::find_tag ... ok
[INFO] [stdout] test tests::create_tag ... ok
[INFO] [stdout] test tests::game_extension_user_input ... ok
[INFO] [stdout] test tests::delete_platform ... ok
[INFO] [stdout] test tests::parse_user_search_input_whitespace ... ok
[INFO] [stdout] test tests::parse_user_quick_search_input ... ok
[INFO] [stdout] test tests::parse_user_search_input ... ok
[INFO] [stdout] test tests::delete_tag ... ok
[INFO] [stdout] test tests::parse_user_search_input_sizes ... ok
[INFO] [stdout] test tests::create_and_save_game_with_empty_detailed_tags ... ok
[INFO] [stdout] test tests::game_extension ... ok
[INFO] [stdout] test tests::parse_user_search_input_assorted ... ok
[INFO] [stdout] test tests::migrations_valid ... ok
[INFO] [stdout] test tests::merge_tags ... ok
[INFO] [stdout] test tests::search_tag_suggestions ... ok
[INFO] [stdout] test tests::tag_categories ... ok
[INFO] [stdout] test tests::update_game_when_platform_changed ... ok
[INFO] [stdout] test tests::update_tags_clear_existing ... ok
[INFO] [stdout] test tests::get_platform ... FAILED
[INFO] [stdout] test tests::find_all_game_libraries ... FAILED
[INFO] [stdout] test tests::count_games ... FAILED
[INFO] [stdout] test tests::find_game ... FAILED
[INFO] [stdout] test tests::get_tag ... FAILED
[INFO] [stdout] test tests::search_bracketting ... FAILED
[INFO] [stdout] test tests::search_full_scan ... FAILED
[INFO] [stdout] test tests::search_games_random ... FAILED
[INFO] [stdout] test tests::search_games_index_limited ... FAILED
[INFO] [stdout] test tests::search_games_installed ... FAILED
[INFO] [stdout] test tests::search_multiple_subfilters ... FAILED
[INFO] [stdout] test tests::search_tags_and ... FAILED
[INFO] [stdout] test tests::search_tags_and_or_combined ... FAILED
[INFO] [stdout] test tests::search_tags_or ... FAILED
[INFO] [stdout] 
[INFO] [stdout] failures:
[INFO] [stdout] 
[INFO] [stdout] ---- tests::get_platform stdout ----
[INFO] [stdout] 
[INFO] [stdout] thread 'tests::get_platform' (2216) panicked at src/lib.rs:67:50:
[INFO] [stdout] Failed to open R2D2 conn pool: Error(Some("unable to open database file: benches/flashpoint.sqlite"))
[INFO] [stdout] stack backtrace:
[INFO] [stdout]    0:     0x602577cef571 - <<std[70759c8f55707aa4]::sys::backtrace::BacktraceLock>::print::DisplayBacktrace as core[df12db4294e9bfd3]::fmt::Display>::fmt
[INFO] [stdout]    1:     0x602577d0693a - core[df12db4294e9bfd3]::fmt::write
[INFO] [stdout]    2:     0x602577cf3c2c - <alloc[2182bb758b4b3781]::vec::Vec<u8> as core[df12db4294e9bfd3]::io::write::Write>::write_fmt
[INFO] [stdout]    3:     0x602577ccb666 - std[70759c8f55707aa4]::panicking::default_hook::{closure#0}
[INFO] [stdout]    4:     0x602577ce7c29 - std[70759c8f55707aa4]::panicking::default_hook
[INFO] [stdout]    5:     0x6025779c0df0 - test[9d35eded1c95d3be]::test_main_inner::<test[9d35eded1c95d3be]::test_main_static::{closure#0}>::{closure#0}
[INFO] [stdout]    6:     0x602577ce7de2 - std[70759c8f55707aa4]::panicking::panic_with_hook
[INFO] [stdout]    7:     0x602577ccb712 - std[70759c8f55707aa4]::panicking::panic_handler::{closure#0}
[INFO] [stdout]    8:     0x602577cc4469 - std[70759c8f55707aa4]::sys::backtrace::__rust_end_short_backtrace::<std[70759c8f55707aa4]::panicking::panic_handler::{closure#0}, !>
[INFO] [stdout]    9:     0x602577ccc30d - __rustc[8fa7c3cbc660c2b3]::rust_begin_unwind
[INFO] [stdout]   10:     0x602577d0711c - core[df12db4294e9bfd3]::panicking::panic_fmt
[INFO] [stdout]   11:     0x602577d06ef2 - core[df12db4294e9bfd3]::result::unwrap_failed
[INFO] [stdout]   12:     0x60257798c0f1 - <flashpoint_archive[f1d7e33c979a02c2]::FlashpointArchive>::load_database
[INFO] [stdout]   13:     0x602577924e88 - flashpoint_archive[f1d7e33c979a02c2]::tests::get_platform::{closure#0}
[INFO] [stdout]   14:     0x60257799dc68 - <tokio[7cef523af319c0cd]::runtime::context::scoped::Scoped<tokio[7cef523af319c0cd]::runtime::scheduler::Context>>::set::<<tokio[7cef523af319c0cd]::runtime::scheduler::current_thread::CoreGuard>::enter<<tokio[7cef523af319c0cd]::runtime::scheduler::current_thread::CoreGuard>::block_on<core[df12db4294e9bfd3]::pin::Pin<&mut core[df12db4294e9bfd3]::pin::Pin<&mut dyn core[df12db4294e9bfd3]::future::future::Future<Output = ()>>>>::{closure#0}, core[df12db4294e9bfd3]::option::Option<()>>::{closure#0}, (alloc[2182bb758b4b3781]::boxed::Box<tokio[7cef523af319c0cd]::runtime::scheduler::current_thread::Core>, core[df12db4294e9bfd3]::option::Option<()>)>
[INFO] [stdout]   15:     0x60257799e6dd - <tokio[7cef523af319c0cd]::runtime::scheduler::current_thread::CoreGuard>::block_on::<core[df12db4294e9bfd3]::pin::Pin<&mut core[df12db4294e9bfd3]::pin::Pin<&mut dyn core[df12db4294e9bfd3]::future::future::Future<Output = ()>>>>
[INFO] [stdout]   16:     0x602577992944 - tokio[7cef523af319c0cd]::runtime::context::runtime::enter_runtime::<<tokio[7cef523af319c0cd]::runtime::scheduler::current_thread::CurrentThread>::block_on<core[df12db4294e9bfd3]::pin::Pin<&mut dyn core[df12db4294e9bfd3]::future::future::Future<Output = ()>>>::{closure#0}, ()>
[INFO] [stdout]   17:     0x6025779905ba - <tokio[7cef523af319c0cd]::runtime::runtime::Runtime>::block_on::<core[df12db4294e9bfd3]::pin::Pin<&mut dyn core[df12db4294e9bfd3]::future::future::Future<Output = ()>>>
[INFO] [stdout]   18:     0x60257794e3bb - flashpoint_archive[f1d7e33c979a02c2]::tests::get_platform
[INFO] [stdout]   19:     0x602577990079 - <flashpoint_archive[f1d7e33c979a02c2]::tests::get_platform::{closure#0} as core[df12db4294e9bfd3]::ops::function::FnOnce<()>>::call_once
[INFO] [stdout]   20:     0x6025779b40db - test[9d35eded1c95d3be]::__rust_begin_short_backtrace::<core[df12db4294e9bfd3]::result::Result<(), alloc[2182bb758b4b3781]::string::String>, fn() -> core[df12db4294e9bfd3]::result::Result<(), alloc[2182bb758b4b3781]::string::String>>
[INFO] [stdout]   21:     0x6025779c1745 - test[9d35eded1c95d3be]::run_test::{closure#0}
[INFO] [stdout]   22:     0x6025779bb004 - std[70759c8f55707aa4]::sys::backtrace::__rust_begin_short_backtrace::<test[9d35eded1c95d3be]::run_test::{closure#1}, ()>
[INFO] [stdout]   23:     0x6025779c48a2 - <std[70759c8f55707aa4]::thread::lifecycle::spawn_unchecked<test[9d35eded1c95d3be]::run_test::{closure#1}, ()>::{closure#1} as core[df12db4294e9bfd3]::ops::function::FnOnce<()>>::call_once::{shim:vtable#0}
[INFO] [stdout]   24:     0x602577ceee49 - <std[70759c8f55707aa4]::sys::thread::unix::Thread>::new::thread_start
[INFO] [stdout]   25:     0x75801041bdfa - <unknown>
[INFO] [stdout]   26:     0x7580104af3d4 - clone
[INFO] [stdout]   27:                0x0 - <unknown>
[INFO] [stdout] 
[INFO] [stdout] ---- tests::find_all_game_libraries stdout ----
[INFO] [stdout] 
[INFO] [stdout] thread 'tests::find_all_game_libraries' (2206) panicked at src/lib.rs:67:50:
[INFO] [stdout] Failed to open R2D2 conn pool: Error(Some("unable to open database file: benches/flashpoint.sqlite"))
[INFO] [stdout] stack backtrace:
[INFO] [stdout]    0:     0x602577cef571 - <<std[70759c8f55707aa4]::sys::backtrace::BacktraceLock>::print::DisplayBacktrace as core[df12db4294e9bfd3]::fmt::Display>::fmt
[INFO] [stdout]    1:     0x602577d0693a - core[df12db4294e9bfd3]::fmt::write
[INFO] [stdout]    2:     0x602577cf3c2c - <alloc[2182bb758b4b3781]::vec::Vec<u8> as core[df12db4294e9bfd3]::io::write::Write>::write_fmt
[INFO] [stdout]    3:     0x602577ccb666 - std[70759c8f55707aa4]::panicking::default_hook::{closure#0}
[INFO] [stdout]    4:     0x602577ce7c29 - std[70759c8f55707aa4]::panicking::default_hook
[INFO] [stdout]    5:     0x6025779c0df0 - test[9d35eded1c95d3be]::test_main_inner::<test[9d35eded1c95d3be]::test_main_static::{closure#0}>::{closure#0}
[INFO] [stdout]    6:     0x602577ce7de2 - std[70759c8f55707aa4]::panicking::panic_with_hook
[INFO] [stdout]    7:     0x602577ccb712 - std[70759c8f55707aa4]::panicking::panic_handler::{closure#0}
[INFO] [stdout]    8:     0x602577cc4469 - std[70759c8f55707aa4]::sys::backtrace::__rust_end_short_backtrace::<std[70759c8f55707aa4]::panicking::panic_handler::{closure#0}, !>
[INFO] [stdout]    9:     0x602577ccc30d - __rustc[8fa7c3cbc660c2b3]::rust_begin_unwind
[INFO] [stdout]   10:     0x602577d0711c - core[df12db4294e9bfd3]::panicking::panic_fmt
[INFO] [stdout]   11:     0x602577d06ef2 - core[df12db4294e9bfd3]::result::unwrap_failed
[INFO] [stdout]   12:     0x60257798c0f1 - <flashpoint_archive[f1d7e33c979a02c2]::FlashpointArchive>::load_database
[INFO] [stdout]   13:     0x60257793284e - flashpoint_archive[f1d7e33c979a02c2]::tests::find_all_game_libraries::{closure#0}
[INFO] [stdout]   14:     0x60257799dc68 - <tokio[7cef523af319c0cd]::runtime::context::scoped::Scoped<tokio[7cef523af319c0cd]::runtime::scheduler::Context>>::set::<<tokio[7cef523af319c0cd]::runtime::scheduler::current_thread::CoreGuard>::enter<<tokio[7cef523af319c0cd]::runtime::scheduler::current_thread::CoreGuard>::block_on<core[df12db4294e9bfd3]::pin::Pin<&mut core[df12db4294e9bfd3]::pin::Pin<&mut dyn core[df12db4294e9bfd3]::future::future::Future<Output = ()>>>>::{closure#0}, core[df12db4294e9bfd3]::option::Option<()>>::{closure#0}, (alloc[2182bb758b4b3781]::boxed::Box<tokio[7cef523af319c0cd]::runtime::scheduler::current_thread::Core>, core[df12db4294e9bfd3]::option::Option<()>)>
[INFO] [stdout]   15:     0x60257799e6dd - <tokio[7cef523af319c0cd]::runtime::scheduler::current_thread::CoreGuard>::block_on::<core[df12db4294e9bfd3]::pin::Pin<&mut core[df12db4294e9bfd3]::pin::Pin<&mut dyn core[df12db4294e9bfd3]::future::future::Future<Output = ()>>>>
[INFO] [stdout]   16:     0x602577992944 - tokio[7cef523af319c0cd]::runtime::context::runtime::enter_runtime::<<tokio[7cef523af319c0cd]::runtime::scheduler::current_thread::CurrentThread>::block_on<core[df12db4294e9bfd3]::pin::Pin<&mut dyn core[df12db4294e9bfd3]::future::future::Future<Output = ()>>>::{closure#0}, ()>
[INFO] [stdout]   17:     0x6025779905ba - <tokio[7cef523af319c0cd]::runtime::runtime::Runtime>::block_on::<core[df12db4294e9bfd3]::pin::Pin<&mut dyn core[df12db4294e9bfd3]::future::future::Future<Output = ()>>>
[INFO] [stdout]   18:     0x60257794fc8b - flashpoint_archive[f1d7e33c979a02c2]::tests::find_all_game_libraries
[INFO] [stdout]   19:     0x602577990259 - <flashpoint_archive[f1d7e33c979a02c2]::tests::find_all_game_libraries::{closure#0} as core[df12db4294e9bfd3]::ops::function::FnOnce<()>>::call_once
[INFO] [stdout]   20:     0x6025779b40db - test[9d35eded1c95d3be]::__rust_begin_short_backtrace::<core[df12db4294e9bfd3]::result::Result<(), alloc[2182bb758b4b3781]::string::String>, fn() -> core[df12db4294e9bfd3]::result::Result<(), alloc[2182bb758b4b3781]::string::String>>
[INFO] [stdout]   21:     0x6025779c1745 - test[9d35eded1c95d3be]::run_test::{closure#0}
[INFO] [stdout]   22:     0x6025779bb004 - std[70759c8f55707aa4]::sys::backtrace::__rust_begin_short_backtrace::<test[9d35eded1c95d3be]::run_test::{closure#1}, ()>
[INFO] [stdout]   23:     0x6025779c48a2 - <std[70759c8f55707aa4]::thread::lifecycle::spawn_unchecked<test[9d35eded1c95d3be]::run_test::{closure#1}, ()>::{closure#1} as core[df12db4294e9bfd3]::ops::function::FnOnce<()>>::call_once::{shim:vtable#0}
[INFO] [stdout]   24:     0x602577ceee49 - <std[70759c8f55707aa4]::sys::thread::unix::Thread>::new::thread_start
[INFO] [stdout]   25:     0x75801041bdfa - <unknown>
[INFO] [stdout]   26:     0x7580104af3d4 - clone
[INFO] [stdout]   27:                0x0 - <unknown>
[INFO] [stdout] 
[INFO] [stdout] ---- tests::count_games stdout ----
[INFO] [stdout] 
[INFO] [stdout] thread 'tests::count_games' (2191) panicked at src/lib.rs:67:50:
[INFO] [stdout] Failed to open R2D2 conn pool: Error(Some("unable to open database file: benches/flashpoint.sqlite"))
[INFO] [stdout] stack backtrace:
[INFO] [stdout]    0:     0x602577cef571 - <<std[70759c8f55707aa4]::sys::backtrace::BacktraceLock>::print::DisplayBacktrace as core[df12db4294e9bfd3]::fmt::Display>::fmt
[INFO] [stdout]    1:     0x602577d0693a - core[df12db4294e9bfd3]::fmt::write
[INFO] [stdout]    2:     0x602577cf3c2c - <alloc[2182bb758b4b3781]::vec::Vec<u8> as core[df12db4294e9bfd3]::io::write::Write>::write_fmt
[INFO] [stdout]    3:     0x602577ccb666 - std[70759c8f55707aa4]::panicking::default_hook::{closure#0}
[INFO] [stdout]    4:     0x602577ce7c29 - std[70759c8f55707aa4]::panicking::default_hook
[INFO] [stdout]    5:     0x6025779c0df0 - test[9d35eded1c95d3be]::test_main_inner::<test[9d35eded1c95d3be]::test_main_static::{closure#0}>::{closure#0}
[INFO] [stdout]    6:     0x602577ce7de2 - std[70759c8f55707aa4]::panicking::panic_with_hook
[INFO] [stdout]    7:     0x602577ccb712 - std[70759c8f55707aa4]::panicking::panic_handler::{closure#0}
[INFO] [stdout]    8:     0x602577cc4469 - std[70759c8f55707aa4]::sys::backtrace::__rust_end_short_backtrace::<std[70759c8f55707aa4]::panicking::panic_handler::{closure#0}, !>
[INFO] [stdout]    9:     0x602577ccc30d - __rustc[8fa7c3cbc660c2b3]::rust_begin_unwind
[INFO] [stdout]   10:     0x602577d0711c - core[df12db4294e9bfd3]::panicking::panic_fmt
[INFO] [stdout]   11:     0x602577d06ef2 - core[df12db4294e9bfd3]::result::unwrap_failed
[INFO] [stdout]   12:     0x60257798c0f1 - <flashpoint_archive[f1d7e33c979a02c2]::FlashpointArchive>::load_database
[INFO] [stdout]   13:     0x6025779230e8 - flashpoint_archive[f1d7e33c979a02c2]::tests::count_games::{closure#0}
[INFO] [stdout]   14:     0x60257799dc68 - <tokio[7cef523af319c0cd]::runtime::context::scoped::Scoped<tokio[7cef523af319c0cd]::runtime::scheduler::Context>>::set::<<tokio[7cef523af319c0cd]::runtime::scheduler::current_thread::CoreGuard>::enter<<tokio[7cef523af319c0cd]::runtime::scheduler::current_thread::CoreGuard>::block_on<core[df12db4294e9bfd3]::pin::Pin<&mut core[df12db4294e9bfd3]::pin::Pin<&mut dyn core[df12db4294e9bfd3]::future::future::Future<Output = ()>>>>::{closure#0}, core[df12db4294e9bfd3]::option::Option<()>>::{closure#0}, (alloc[2182bb758b4b3781]::boxed::Box<tokio[7cef523af319c0cd]::runtime::scheduler::current_thread::Core>, core[df12db4294e9bfd3]::option::Option<()>)>
[INFO] [stdout]   15:     0x60257799e6dd - <tokio[7cef523af319c0cd]::runtime::scheduler::current_thread::CoreGuard>::block_on::<core[df12db4294e9bfd3]::pin::Pin<&mut core[df12db4294e9bfd3]::pin::Pin<&mut dyn core[df12db4294e9bfd3]::future::future::Future<Output = ()>>>>
[INFO] [stdout]   16:     0x602577992944 - tokio[7cef523af319c0cd]::runtime::context::runtime::enter_runtime::<<tokio[7cef523af319c0cd]::runtime::scheduler::current_thread::CurrentThread>::block_on<core[df12db4294e9bfd3]::pin::Pin<&mut dyn core[df12db4294e9bfd3]::future::future::Future<Output = ()>>>::{closure#0}, ()>
[INFO] [stdout]   17:     0x6025779905ba - <tokio[7cef523af319c0cd]::runtime::runtime::Runtime>::block_on::<core[df12db4294e9bfd3]::pin::Pin<&mut dyn core[df12db4294e9bfd3]::future::future::Future<Output = ()>>>
[INFO] [stdout]   18:     0x60257794e07b - flashpoint_archive[f1d7e33c979a02c2]::tests::count_games
[INFO] [stdout]   19:     0x602577990039 - <flashpoint_archive[f1d7e33c979a02c2]::tests::count_games::{closure#0} as core[df12db4294e9bfd3]::ops::function::FnOnce<()>>::call_once
[INFO] [stdout]   20:     0x6025779b40db - test[9d35eded1c95d3be]::__rust_begin_short_backtrace::<core[df12db4294e9bfd3]::result::Result<(), alloc[2182bb758b4b3781]::string::String>, fn() -> core[df12db4294e9bfd3]::result::Result<(), alloc[2182bb758b4b3781]::string::String>>
[INFO] [stdout]   21:     0x6025779c1745 - test[9d35eded1c95d3be]::run_test::{closure#0}
[INFO] [stdout]   22:     0x6025779bb004 - std[70759c8f55707aa4]::sys::backtrace::__rust_begin_short_backtrace::<test[9d35eded1c95d3be]::run_test::{closure#1}, ()>
[INFO] [stdout]   23:     0x6025779c48a2 - <std[70759c8f55707aa4]::thread::lifecycle::spawn_unchecked<test[9d35eded1c95d3be]::run_test::{closure#1}, ()>::{closure#1} as core[df12db4294e9bfd3]::ops::function::FnOnce<()>>::call_once::{shim:vtable#0}
[INFO] [stdout]   24:     0x602577ceee49 - <std[70759c8f55707aa4]::sys::thread::unix::Thread>::new::thread_start
[INFO] [stdout]   25:     0x75801041bdfa - <unknown>
[INFO] [stdout]   26:     0x7580104af3d4 - clone
[INFO] [stdout]   27:                0x0 - <unknown>
[INFO] [stdout] 
[INFO] [stdout] ---- tests::find_game stdout ----
[INFO] [stdout] 
[INFO] [stdout] thread 'tests::find_game' (2207) panicked at src/lib.rs:67:50:
[INFO] [stdout] Failed to open R2D2 conn pool: Error(Some("unable to open database file: benches/flashpoint.sqlite"))
[INFO] [stdout] stack backtrace:
[INFO] [stdout]    0:     0x602577cef571 - <<std[70759c8f55707aa4]::sys::backtrace::BacktraceLock>::print::DisplayBacktrace as core[df12db4294e9bfd3]::fmt::Display>::fmt
[INFO] [stdout]    1:     0x602577d0693a - core[df12db4294e9bfd3]::fmt::write
[INFO] [stdout]    2:     0x602577cf3c2c - <alloc[2182bb758b4b3781]::vec::Vec<u8> as core[df12db4294e9bfd3]::io::write::Write>::write_fmt
[INFO] [stdout]    3:     0x602577ccb666 - std[70759c8f55707aa4]::panicking::default_hook::{closure#0}
[INFO] [stdout]    4:     0x602577ce7c29 - std[70759c8f55707aa4]::panicking::default_hook
[INFO] [stdout]    5:     0x6025779c0df0 - test[9d35eded1c95d3be]::test_main_inner::<test[9d35eded1c95d3be]::test_main_static::{closure#0}>::{closure#0}
[INFO] [stdout]    6:     0x602577ce7de2 - std[70759c8f55707aa4]::panicking::panic_with_hook
[INFO] [stdout]    7:     0x602577ccb712 - std[70759c8f55707aa4]::panicking::panic_handler::{closure#0}
[INFO] [stdout]    8:     0x602577cc4469 - std[70759c8f55707aa4]::sys::backtrace::__rust_end_short_backtrace::<std[70759c8f55707aa4]::panicking::panic_handler::{closure#0}, !>
[INFO] [stdout]    9:     0x602577ccc30d - __rustc[8fa7c3cbc660c2b3]::rust_begin_unwind
[INFO] [stdout]   10:     0x602577d0711c - core[df12db4294e9bfd3]::panicking::panic_fmt
[INFO] [stdout]   11:     0x602577d06ef2 - core[df12db4294e9bfd3]::result::unwrap_failed
[INFO] [stdout]   12:     0x60257798c0f1 - <flashpoint_archive[f1d7e33c979a02c2]::FlashpointArchive>::load_database
[INFO] [stdout]   13:     0x60257794c8ce - flashpoint_archive[f1d7e33c979a02c2]::tests::find_game::{closure#0}
[INFO] [stdout]   14:     0x60257799dc68 - <tokio[7cef523af319c0cd]::runtime::context::scoped::Scoped<tokio[7cef523af319c0cd]::runtime::scheduler::Context>>::set::<<tokio[7cef523af319c0cd]::runtime::scheduler::current_thread::CoreGuard>::enter<<tokio[7cef523af319c0cd]::runtime::scheduler::current_thread::CoreGuard>::block_on<core[df12db4294e9bfd3]::pin::Pin<&mut core[df12db4294e9bfd3]::pin::Pin<&mut dyn core[df12db4294e9bfd3]::future::future::Future<Output = ()>>>>::{closure#0}, core[df12db4294e9bfd3]::option::Option<()>>::{closure#0}, (alloc[2182bb758b4b3781]::boxed::Box<tokio[7cef523af319c0cd]::runtime::scheduler::current_thread::Core>, core[df12db4294e9bfd3]::option::Option<()>)>
[INFO] [stdout]   15:     0x60257799e6dd - <tokio[7cef523af319c0cd]::runtime::scheduler::current_thread::CoreGuard>::block_on::<core[df12db4294e9bfd3]::pin::Pin<&mut core[df12db4294e9bfd3]::pin::Pin<&mut dyn core[df12db4294e9bfd3]::future::future::Future<Output = ()>>>>
[INFO] [stdout]   16:     0x602577992944 - tokio[7cef523af319c0cd]::runtime::context::runtime::enter_runtime::<<tokio[7cef523af319c0cd]::runtime::scheduler::current_thread::CurrentThread>::block_on<core[df12db4294e9bfd3]::pin::Pin<&mut dyn core[df12db4294e9bfd3]::future::future::Future<Output = ()>>>::{closure#0}, ()>
[INFO] [stdout]   17:     0x6025779905ba - <tokio[7cef523af319c0cd]::runtime::runtime::Runtime>::block_on::<core[df12db4294e9bfd3]::pin::Pin<&mut dyn core[df12db4294e9bfd3]::future::future::Future<Output = ()>>>
[INFO] [stdout]   18:     0x60257795158b - flashpoint_archive[f1d7e33c979a02c2]::tests::find_game
[INFO] [stdout]   19:     0x602577990499 - <flashpoint_archive[f1d7e33c979a02c2]::tests::find_game::{closure#0} as core[df12db4294e9bfd3]::ops::function::FnOnce<()>>::call_once
[INFO] [stdout]   20:     0x6025779b40db - test[9d35eded1c95d3be]::__rust_begin_short_backtrace::<core[df12db4294e9bfd3]::result::Result<(), alloc[2182bb758b4b3781]::string::String>, fn() -> core[df12db4294e9bfd3]::result::Result<(), alloc[2182bb758b4b3781]::string::String>>
[INFO] [stdout]   21:     0x6025779c1745 - test[9d35eded1c95d3be]::run_test::{closure#0}
[INFO] [stdout]   22:     0x6025779bb004 - std[70759c8f55707aa4]::sys::backtrace::__rust_begin_short_backtrace::<test[9d35eded1c95d3be]::run_test::{closure#1}, ()>
[INFO] [stdout]   23:     0x6025779c48a2 - <std[70759c8f55707aa4]::thread::lifecycle::spawn_unchecked<test[9d35eded1c95d3be]::run_test::{closure#1}, ()>::{closure#1} as core[df12db4294e9bfd3]::ops::function::FnOnce<()>>::call_once::{shim:vtable#0}
[INFO] [stdout]   24:     0x602577ceee49 - <std[70759c8f55707aa4]::sys::thread::unix::Thread>::new::thread_start
[INFO] [stdout]   25:     0x75801041bdfa - <unknown>
[INFO] [stdout]   26:     0x7580104af3d4 - clone
[INFO] [stdout]   27:                0x0 - <unknown>
[INFO] [stdout] 
[INFO] [stdout] ---- tests::get_tag stdout ----
[INFO] [stdout] 
[INFO] [stdout] thread 'tests::get_tag' (2255) panicked at src/lib.rs:67:50:
[INFO] [stdout] Failed to open R2D2 conn pool: Error(Some("unable to open database file: benches/flashpoint.sqlite"))
[INFO] [stdout] stack backtrace:
[INFO] [stdout]    0:     0x602577cef571 - <<std[70759c8f55707aa4]::sys::backtrace::BacktraceLock>::print::DisplayBacktrace as core[df12db4294e9bfd3]::fmt::Display>::fmt
[INFO] [stdout]    1:     0x602577d0693a - core[df12db4294e9bfd3]::fmt::write
[INFO] [stdout]    2:     0x602577cf3c2c - <alloc[2182bb758b4b3781]::vec::Vec<u8> as core[df12db4294e9bfd3]::io::write::Write>::write_fmt
[INFO] [stdout]    3:     0x602577ccb666 - std[70759c8f55707aa4]::panicking::default_hook::{closure#0}
[INFO] [stdout]    4:     0x602577ce7c29 - std[70759c8f55707aa4]::panicking::default_hook
[INFO] [stdout]    5:     0x6025779c0df0 - test[9d35eded1c95d3be]::test_main_inner::<test[9d35eded1c95d3be]::test_main_static::{closure#0}>::{closure#0}
[INFO] [stdout]    6:     0x602577ce7de2 - std[70759c8f55707aa4]::panicking::panic_with_hook
[INFO] [stdout]    7:     0x602577ccb712 - std[70759c8f55707aa4]::panicking::panic_handler::{closure#0}
[INFO] [stdout]    8:     0x602577cc4469 - std[70759c8f55707aa4]::sys::backtrace::__rust_end_short_backtrace::<std[70759c8f55707aa4]::panicking::panic_handler::{closure#0}, !>
[INFO] [stdout]    9:     0x602577ccc30d - __rustc[8fa7c3cbc660c2b3]::rust_begin_unwind
[INFO] [stdout]   10:     0x602577d0711c - core[df12db4294e9bfd3]::panicking::panic_fmt
[INFO] [stdout]   11:     0x602577d06ef2 - core[df12db4294e9bfd3]::result::unwrap_failed
[INFO] [stdout]   12:     0x60257798c0f1 - <flashpoint_archive[f1d7e33c979a02c2]::FlashpointArchive>::load_database
[INFO] [stdout]   13:     0x60257794bbd8 - flashpoint_archive[f1d7e33c979a02c2]::tests::get_tag::{closure#0}
[INFO] [stdout]   14:     0x60257799dc68 - <tokio[7cef523af319c0cd]::runtime::context::scoped::Scoped<tokio[7cef523af319c0cd]::runtime::scheduler::Context>>::set::<<tokio[7cef523af319c0cd]::runtime::scheduler::current_thread::CoreGuard>::enter<<tokio[7cef523af319c0cd]::runtime::scheduler::current_thread::CoreGuard>::block_on<core[df12db4294e9bfd3]::pin::Pin<&mut core[df12db4294e9bfd3]::pin::Pin<&mut dyn core[df12db4294e9bfd3]::future::future::Future<Output = ()>>>>::{closure#0}, core[df12db4294e9bfd3]::option::Option<()>>::{closure#0}, (alloc[2182bb758b4b3781]::boxed::Box<tokio[7cef523af319c0cd]::runtime::scheduler::current_thread::Core>, core[df12db4294e9bfd3]::option::Option<()>)>
[INFO] [stdout]   15:     0x60257799e6dd - <tokio[7cef523af319c0cd]::runtime::scheduler::current_thread::CoreGuard>::block_on::<core[df12db4294e9bfd3]::pin::Pin<&mut core[df12db4294e9bfd3]::pin::Pin<&mut dyn core[df12db4294e9bfd3]::future::future::Future<Output = ()>>>>
[INFO] [stdout]   16:     0x602577992944 - tokio[7cef523af319c0cd]::runtime::context::runtime::enter_runtime::<<tokio[7cef523af319c0cd]::runtime::scheduler::current_thread::CurrentThread>::block_on<core[df12db4294e9bfd3]::pin::Pin<&mut dyn core[df12db4294e9bfd3]::future::future::Future<Output = ()>>>::{closure#0}, ()>
[INFO] [stdout]   17:     0x6025779905ba - <tokio[7cef523af319c0cd]::runtime::runtime::Runtime>::block_on::<core[df12db4294e9bfd3]::pin::Pin<&mut dyn core[df12db4294e9bfd3]::future::future::Future<Output = ()>>>
[INFO] [stdout]   18:     0x60257795124b - flashpoint_archive[f1d7e33c979a02c2]::tests::get_tag
[INFO] [stdout]   19:     0x602577990459 - <flashpoint_archive[f1d7e33c979a02c2]::tests::get_tag::{closure#0} as core[df12db4294e9bfd3]::ops::function::FnOnce<()>>::call_once
[INFO] [stdout]   20:     0x6025779b40db - test[9d35eded1c95d3be]::__rust_begin_short_backtrace::<core[df12db4294e9bfd3]::result::Result<(), alloc[2182bb758b4b3781]::string::String>, fn() -> core[df12db4294e9bfd3]::result::Result<(), alloc[2182bb758b4b3781]::string::String>>
[INFO] [stdout]   21:     0x6025779c1745 - test[9d35eded1c95d3be]::run_test::{closure#0}
[INFO] [stdout]   22:     0x6025779bb004 - std[70759c8f55707aa4]::sys::backtrace::__rust_begin_short_backtrace::<test[9d35eded1c95d3be]::run_test::{closure#1}, ()>
[INFO] [stdout]   23:     0x6025779c48a2 - <std[70759c8f55707aa4]::thread::lifecycle::spawn_unchecked<test[9d35eded1c95d3be]::run_test::{closure#1}, ()>::{closure#1} as core[df12db4294e9bfd3]::ops::function::FnOnce<()>>::call_once::{shim:vtable#0}
[INFO] [stdout]   24:     0x602577ceee49 - <std[70759c8f55707aa4]::sys::thread::unix::Thread>::new::thread_start
[INFO] [stdout]   25:     0x75801041bdfa - <unknown>
[INFO] [stdout]   26:     0x7580104af3d4 - clone
[INFO] [stdout]   27:                0x0 - <unknown>
[INFO] [stdout] 
[INFO] [stdout] ---- tests::search_bracketting stdout ----
[INFO] [stdout] 
[INFO] [stdout] thread 'tests::search_bracketting' (2270) panicked at src/lib.rs:67:50:
[INFO] [stdout] Failed to open R2D2 conn pool: Error(Some("unable to open database file: benches/flashpoint.sqlite"))
[INFO] [stdout] stack backtrace:
[INFO] [stdout]    0:     0x602577cef571 - <<std[70759c8f55707aa4]::sys::backtrace::BacktraceLock>::print::DisplayBacktrace as core[df12db4294e9bfd3]::fmt::Display>::fmt
[INFO] [stdout]    1:     0x602577d0693a - core[df12db4294e9bfd3]::fmt::write
[INFO] [stdout]    2:     0x602577cf3c2c - <alloc[2182bb758b4b3781]::vec::Vec<u8> as core[df12db4294e9bfd3]::io::write::Write>::write_fmt
[INFO] [stdout]    3:     0x602577ccb666 - std[70759c8f55707aa4]::panicking::default_hook::{closure#0}
[INFO] [stdout]    4:     0x602577ce7c29 - std[70759c8f55707aa4]::panicking::default_hook
[INFO] [stdout]    5:     0x6025779c0df0 - test[9d35eded1c95d3be]::test_main_inner::<test[9d35eded1c95d3be]::test_main_static::{closure#0}>::{closure#0}
[INFO] [stdout]    6:     0x602577ce7de2 - std[70759c8f55707aa4]::panicking::panic_with_hook
[INFO] [stdout]    7:     0x602577ccb712 - std[70759c8f55707aa4]::panicking::panic_handler::{closure#0}
[INFO] [stdout]    8:     0x602577cc4469 - std[70759c8f55707aa4]::sys::backtrace::__rust_end_short_backtrace::<std[70759c8f55707aa4]::panicking::panic_handler::{closure#0}, !>
[INFO] [stdout]    9:     0x602577ccc30d - __rustc[8fa7c3cbc660c2b3]::rust_begin_unwind
[INFO] [stdout]   10:     0x602577d0711c - core[df12db4294e9bfd3]::panicking::panic_fmt
[INFO] [stdout]   11:     0x602577d06ef2 - core[df12db4294e9bfd3]::result::unwrap_failed
[INFO] [stdout]   12:     0x60257798c0f1 - <flashpoint_archive[f1d7e33c979a02c2]::FlashpointArchive>::load_database
[INFO] [stdout]   13:     0x60257792cf91 - flashpoint_archive[f1d7e33c979a02c2]::tests::search_bracketting::{closure#0}
[INFO] [stdout]   14:     0x60257799dc68 - <tokio[7cef523af319c0cd]::runtime::context::scoped::Scoped<tokio[7cef523af319c0cd]::runtime::scheduler::Context>>::set::<<tokio[7cef523af319c0cd]::runtime::scheduler::current_thread::CoreGuard>::enter<<tokio[7cef523af319c0cd]::runtime::scheduler::current_thread::CoreGuard>::block_on<core[df12db4294e9bfd3]::pin::Pin<&mut core[df12db4294e9bfd3]::pin::Pin<&mut dyn core[df12db4294e9bfd3]::future::future::Future<Output = ()>>>>::{closure#0}, core[df12db4294e9bfd3]::option::Option<()>>::{closure#0}, (alloc[2182bb758b4b3781]::boxed::Box<tokio[7cef523af319c0cd]::runtime::scheduler::current_thread::Core>, core[df12db4294e9bfd3]::option::Option<()>)>
[INFO] [stdout]   15:     0x60257799e6dd - <tokio[7cef523af319c0cd]::runtime::scheduler::current_thread::CoreGuard>::block_on::<core[df12db4294e9bfd3]::pin::Pin<&mut core[df12db4294e9bfd3]::pin::Pin<&mut dyn core[df12db4294e9bfd3]::future::future::Future<Output = ()>>>>
[INFO] [stdout]   16:     0x602577992944 - tokio[7cef523af319c0cd]::runtime::context::runtime::enter_runtime::<<tokio[7cef523af319c0cd]::runtime::scheduler::current_thread::CurrentThread>::block_on<core[df12db4294e9bfd3]::pin::Pin<&mut dyn core[df12db4294e9bfd3]::future::future::Future<Output = ()>>>::{closure#0}, ()>
[INFO] [stdout]   17:     0x6025779905ba - <tokio[7cef523af319c0cd]::runtime::runtime::Runtime>::block_on::<core[df12db4294e9bfd3]::pin::Pin<&mut dyn core[df12db4294e9bfd3]::future::future::Future<Output = ()>>>
[INFO] [stdout]   18:     0x60257794f429 - flashpoint_archive[f1d7e33c979a02c2]::tests::search_bracketting
[INFO] [stdout]   19:     0x6025779901b9 - <flashpoint_archive[f1d7e33c979a02c2]::tests::search_bracketting::{closure#0} as core[df12db4294e9bfd3]::ops::function::FnOnce<()>>::call_once
[INFO] [stdout]   20:     0x6025779b40db - test[9d35eded1c95d3be]::__rust_begin_short_backtrace::<core[df12db4294e9bfd3]::result::Result<(), alloc[2182bb758b4b3781]::string::String>, fn() -> core[df12db4294e9bfd3]::result::Result<(), alloc[2182bb758b4b3781]::string::String>>
[INFO] [stdout]   21:     0x6025779c1745 - test[9d35eded1c95d3be]::run_test::{closure#0}
[INFO] [stdout]   22:     0x6025779bb004 - std[70759c8f55707aa4]::sys::backtrace::__rust_begin_short_backtrace::<test[9d35eded1c95d3be]::run_test::{closure#1}, ()>
[INFO] [stdout]   23:     0x6025779c48a2 - <std[70759c8f55707aa4]::thread::lifecycle::spawn_unchecked<test[9d35eded1c95d3be]::run_test::{closure#1}, ()>::{closure#1} as core[df12db4294e9bfd3]::ops::function::FnOnce<()>>::call_once::{shim:vtable#0}
[INFO] [stdout]   24:     0x602577ceee49 - <std[70759c8f55707aa4]::sys::thread::unix::Thread>::new::thread_start
[INFO] [stdout]   25:     0x75801041bdfa - <unknown>
[INFO] [stdout]   26:     0x7580104af3d4 - clone
[INFO] [stdout]   27:                0x0 - <unknown>
[INFO] [stdout] 
[INFO] [stdout] ---- tests::search_full_scan stdout ----
[INFO] [stdout] 
[INFO] [stdout] thread 'tests::search_full_scan' (2271) panicked at src/lib.rs:67:50:
[INFO] [stdout] Failed to open R2D2 conn pool: Error(Some("unable to open database file: benches/flashpoint.sqlite"))
[INFO] [stdout] stack backtrace:
[INFO] [stdout]    0:     0x602577cef571 - <<std[70759c8f55707aa4]::sys::backtrace::BacktraceLock>::print::DisplayBacktrace as core[df12db4294e9bfd3]::fmt::Display>::fmt
[INFO] [stdout]    1:     0x602577d0693a - core[df12db4294e9bfd3]::fmt::write
[INFO] [stdout]    2:     0x602577cf3c2c - <alloc[2182bb758b4b3781]::vec::Vec<u8> as core[df12db4294e9bfd3]::io::write::Write>::write_fmt
[INFO] [stdout]    3:     0x602577ccb666 - std[70759c8f55707aa4]::panicking::default_hook::{closure#0}
[INFO] [stdout]    4:     0x602577ce7c29 - std[70759c8f55707aa4]::panicking::default_hook
[INFO] [stdout]    5:     0x6025779c0df0 - test[9d35eded1c95d3be]::test_main_inner::<test[9d35eded1c95d3be]::test_main_static::{closure#0}>::{closure#0}
[INFO] [stdout]    6:     0x602577ce7de2 - std[70759c8f55707aa4]::panicking::panic_with_hook
[INFO] [stdout]    7:     0x602577ccb712 - std[70759c8f55707aa4]::panicking::panic_handler::{closure#0}
[INFO] [stdout]    8:     0x602577cc4469 - std[70759c8f55707aa4]::sys::backtrace::__rust_end_short_backtrace::<std[70759c8f55707aa4]::panicking::panic_handler::{closure#0}, !>
[INFO] [stdout]    9:     0x602577ccc30d - __rustc[8fa7c3cbc660c2b3]::rust_begin_unwind
[INFO] [stdout]   10:     0x602577d0711c - core[df12db4294e9bfd3]::panicking::panic_fmt
[INFO] [stdout]   11:     0x602577d06ef2 - core[df12db4294e9bfd3]::result::unwrap_failed
[INFO] [stdout]   12:     0x60257798c0f1 - <flashpoint_archive[f1d7e33c979a02c2]::FlashpointArchive>::load_database
[INFO] [stdout]   13:     0x60257792cafe - flashpoint_archive[f1d7e33c979a02c2]::tests::search_full_scan::{closure#0}
[INFO] [stdout]   14:     0x60257799dc68 - <tokio[7cef523af319c0cd]::runtime::context::scoped::Scoped<tokio[7cef523af319c0cd]::runtime::scheduler::Context>>::set::<<tokio[7cef523af319c0cd]::runtime::scheduler::current_thread::CoreGuard>::enter<<tokio[7cef523af319c0cd]::runtime::scheduler::current_thread::CoreGuard>::block_on<core[df12db4294e9bfd3]::pin::Pin<&mut core[df12db4294e9bfd3]::pin::Pin<&mut dyn core[df12db4294e9bfd3]::future::future::Future<Output = ()>>>>::{closure#0}, core[df12db4294e9bfd3]::option::Option<()>>::{closure#0}, (alloc[2182bb758b4b3781]::boxed::Box<tokio[7cef523af319c0cd]::runtime::scheduler::current_thread::Core>, core[df12db4294e9bfd3]::option::Option<()>)>
[INFO] [stdout]   15:     0x60257799e6dd - <tokio[7cef523af319c0cd]::runtime::scheduler::current_thread::CoreGuard>::block_on::<core[df12db4294e9bfd3]::pin::Pin<&mut core[df12db4294e9bfd3]::pin::Pin<&mut dyn core[df12db4294e9bfd3]::future::future::Future<Output = ()>>>>
[INFO] [stdout]   16:     0x602577992944 - tokio[7cef523af319c0cd]::runtime::context::runtime::enter_runtime::<<tokio[7cef523af319c0cd]::runtime::scheduler::current_thread::CurrentThread>::block_on<core[df12db4294e9bfd3]::pin::Pin<&mut dyn core[df12db4294e9bfd3]::future::future::Future<Output = ()>>>::{closure#0}, ()>
[INFO] [stdout]   17:     0x6025779905ba - <tokio[7cef523af319c0cd]::runtime::runtime::Runtime>::block_on::<core[df12db4294e9bfd3]::pin::Pin<&mut dyn core[df12db4294e9bfd3]::future::future::Future<Output = ()>>>
[INFO] [stdout]   18:     0x60257794f1eb - flashpoint_archive[f1d7e33c979a02c2]::tests::search_full_scan
[INFO] [stdout]   19:     0x602577990199 - <flashpoint_archive[f1d7e33c979a02c2]::tests::search_full_scan::{closure#0} as core[df12db4294e9bfd3]::ops::function::FnOnce<()>>::call_once
[INFO] [stdout]   20:     0x6025779b40db - test[9d35eded1c95d3be]::__rust_begin_short_backtrace::<core[df12db4294e9bfd3]::result::Result<(), alloc[2182bb758b4b3781]::string::String>, fn() -> core[df12db4294e9bfd3]::result::Result<(), alloc[2182bb758b4b3781]::string::String>>
[INFO] [stdout]   21:     0x6025779c1745 - test[9d35eded1c95d3be]::run_test::{closure#0}
[INFO] [stdout]   22:     0x6025779bb004 - std[70759c8f55707aa4]::sys::backtrace::__rust_begin_short_backtrace::<test[9d35eded1c95d3be]::run_test::{closure#1}, ()>
[INFO] [stdout]   23:     0x6025779c48a2 - <std[70759c8f55707aa4]::thread::lifecycle::spawn_unchecked<test[9d35eded1c95d3be]::run_test::{closure#1}, ()>::{closure#1} as core[df12db4294e9bfd3]::ops::function::FnOnce<()>>::call_once::{shim:vtable#0}
[INFO] [stdout]   24:     0x602577ceee49 - <std[70759c8f55707aa4]::sys::thread::unix::Thread>::new::thread_start
[INFO] [stdout]   25:     0x75801041bdfa - <unknown>
[INFO] [stdout]   26:     0x7580104af3d4 - clone
[INFO] [stdout]   27:                0x0 - <unknown>
[INFO] [stdout] 
[INFO] [stdout] ---- tests::search_games_random stdout ----
[INFO] [stdout] 
[INFO] [stdout] thread 'tests::search_games_random' (2283) panicked at src/lib.rs:67:50:
[INFO] [stdout] Failed to open R2D2 conn pool: Error(Some("unable to open database file: benches/flashpoint.sqlite"))
[INFO] [stdout] stack backtrace:
[INFO] [stdout]    0:     0x602577cef571 - <<std[70759c8f55707aa4]::sys::backtrace::BacktraceLock>::print::DisplayBacktrace as core[df12db4294e9bfd3]::fmt::Display>::fmt
[INFO] [stdout]    1:     0x602577d0693a - core[df12db4294e9bfd3]::fmt::write
[INFO] [stdout]    2:     0x602577cf3c2c - <alloc[2182bb758b4b3781]::vec::Vec<u8> as core[df12db4294e9bfd3]::io::write::Write>::write_fmt
[INFO] [stdout]    3:     0x602577ccb666 - std[70759c8f55707aa4]::panicking::default_hook::{closure#0}
[INFO] [stdout]    4:     0x602577ce7c29 - std[70759c8f55707aa4]::panicking::default_hook
[INFO] [stdout]    5:     0x6025779c0df0 - test[9d35eded1c95d3be]::test_main_inner::<test[9d35eded1c95d3be]::test_main_static::{closure#0}>::{closure#0}
[INFO] [stdout]    6:     0x602577ce7de2 - std[70759c8f55707aa4]::panicking::panic_with_hook
[INFO] [stdout]    7:     0x602577ccb712 - std[70759c8f55707aa4]::panicking::panic_handler::{closure#0}
[INFO] [stdout]    8:     0x602577cc4469 - std[70759c8f55707aa4]::sys::backtrace::__rust_end_short_backtrace::<std[70759c8f55707aa4]::panicking::panic_handler::{closure#0}, !>
[INFO] [stdout]    9:     0x602577ccc30d - __rustc[8fa7c3cbc660c2b3]::rust_begin_unwind
[INFO] [stdout]   10:     0x602577d0711c - core[df12db4294e9bfd3]::panicking::panic_fmt
[INFO] [stdout]   11:     0x602577d06ef2 - core[df12db4294e9bfd3]::result::unwrap_failed
[INFO] [stdout]   12:     0x60257798c0f1 - <flashpoint_archive[f1d7e33c979a02c2]::FlashpointArchive>::load_database
[INFO] [stdout]   13:     0x60257792dc55 - flashpoint_archive[f1d7e33c979a02c2]::tests::search_games_random::{closure#0}
[INFO] [stdout]   14:     0x60257799dc68 - <tokio[7cef523af319c0cd]::runtime::context::scoped::Scoped<tokio[7cef523af319c0cd]::runtime::scheduler::Context>>::set::<<tokio[7cef523af319c0cd]::runtime::scheduler::current_thread::CoreGuard>::enter<<tokio[7cef523af319c0cd]::runtime::scheduler::current_thread::CoreGuard>::block_on<core[df12db4294e9bfd3]::pin::Pin<&mut core[df12db4294e9bfd3]::pin::Pin<&mut dyn core[df12db4294e9bfd3]::future::future::Future<Output = ()>>>>::{closure#0}, core[df12db4294e9bfd3]::option::Option<()>>::{closure#0}, (alloc[2182bb758b4b3781]::boxed::Box<tokio[7cef523af319c0cd]::runtime::scheduler::current_thread::Core>, core[df12db4294e9bfd3]::option::Option<()>)>
[INFO] [stdout]   15:     0x60257799e6dd - <tokio[7cef523af319c0cd]::runtime::scheduler::current_thread::CoreGuard>::block_on::<core[df12db4294e9bfd3]::pin::Pin<&mut core[df12db4294e9bfd3]::pin::Pin<&mut dyn core[df12db4294e9bfd3]::future::future::Future<Output = ()>>>>
[INFO] [stdout]   16:     0x602577992944 - tokio[7cef523af319c0cd]::runtime::context::runtime::enter_runtime::<<tokio[7cef523af319c0cd]::runtime::scheduler::current_thread::CurrentThread>::block_on<core[df12db4294e9bfd3]::pin::Pin<&mut dyn core[df12db4294e9bfd3]::future::future::Future<Output = ()>>>::{closure#0}, ()>
[INFO] [stdout]   17:     0x6025779905ba - <tokio[7cef523af319c0cd]::runtime::runtime::Runtime>::block_on::<core[df12db4294e9bfd3]::pin::Pin<&mut dyn core[df12db4294e9bfd3]::future::future::Future<Output = ()>>>
[INFO] [stdout]   18:     0x60257794f66a - flashpoint_archive[f1d7e33c979a02c2]::tests::search_games_random
[INFO] [stdout]   19:     0x6025779901d9 - <flashpoint_archive[f1d7e33c979a02c2]::tests::search_games_random::{closure#0} as core[df12db4294e9bfd3]::ops::function::FnOnce<()>>::call_once
[INFO] [stdout]   20:     0x6025779b40db - test[9d35eded1c95d3be]::__rust_begin_short_backtrace::<core[df12db4294e9bfd3]::result::Result<(), alloc[2182bb758b4b3781]::string::String>, fn() -> core[df12db4294e9bfd3]::result::Result<(), alloc[2182bb758b4b3781]::string::String>>
[INFO] [stdout]   21:     0x6025779c1745 - test[9d35eded1c95d3be]::run_test::{closure#0}
[INFO] [stdout]   22:     0x6025779bb004 - std[70759c8f55707aa4]::sys::backtrace::__rust_begin_short_backtrace::<test[9d35eded1c95d3be]::run_test::{closure#1}, ()>
[INFO] [stdout]   23:     0x6025779c48a2 - <std[70759c8f55707aa4]::thread::lifecycle::spawn_unchecked<test[9d35eded1c95d3be]::run_test::{closure#1}, ()>::{closure#1} as core[df12db4294e9bfd3]::ops::function::FnOnce<()>>::call_once::{shim:vtable#0}
[INFO] [stdout]   24:     0x602577ceee49 - <std[70759c8f55707aa4]::sys::thread::unix::Thread>::new::thread_start
[INFO] [stdout]   25:     0x75801041bdfa - <unknown>
[INFO] [stdout]   26:     0x7580104af3d4 - clone
[INFO] [stdout]   27:                0x0 - <unknown>
[INFO] [stdout] 
[INFO] [stdout] ---- tests::search_games_index_limited stdout ----
[INFO] [stdout] 
[INFO] [stdout] thread 'tests::search_games_index_limited' (2272) panicked at src/lib.rs:67:50:
[INFO] [stdout] Failed to open R2D2 conn pool: Error(Some("unable to open database file: benches/flashpoint.sqlite"))
[INFO] [stdout] stack backtrace:
[INFO] [stdout]    0:     0x602577cef571 - <<std[70759c8f55707aa4]::sys::backtrace::BacktraceLock>::print::DisplayBacktrace as core[df12db4294e9bfd3]::fmt::Display>::fmt
[INFO] [stdout]    1:     0x602577d0693a - core[df12db4294e9bfd3]::fmt::write
[INFO] [stdout]    2:     0x602577cf3c2c - <alloc[2182bb758b4b3781]::vec::Vec<u8> as core[df12db4294e9bfd3]::io::write::Write>::write_fmt
[INFO] [stdout]    3:     0x602577ccb666 - std[70759c8f55707aa4]::panicking::default_hook::{closure#0}
[INFO] [stdout]    4:     0x602577ce7c29 - std[70759c8f55707aa4]::panicking::default_hook
[INFO] [stdout]    5:     0x6025779c0df0 - test[9d35eded1c95d3be]::test_main_inner::<test[9d35eded1c95d3be]::test_main_static::{closure#0}>::{closure#0}
[INFO] [stdout]    6:     0x602577ce7de2 - std[70759c8f55707aa4]::panicking::panic_with_hook
[INFO] [stdout]    7:     0x602577ccb712 - std[70759c8f55707aa4]::panicking::panic_handler::{closure#0}
[INFO] [stdout]    8:     0x602577cc4469 - std[70759c8f55707aa4]::sys::backtrace::__rust_end_short_backtrace::<std[70759c8f55707aa4]::panicking::panic_handler::{closure#0}, !>
[INFO] [stdout]    9:     0x602577ccc30d - __rustc[8fa7c3cbc660c2b3]::rust_begin_unwind
[INFO] [stdout]   10:     0x602577d0711c - core[df12db4294e9bfd3]::panicking::panic_fmt
[INFO] [stdout]   11:     0x602577d06ef2 - core[df12db4294e9bfd3]::result::unwrap_failed
[INFO] [stdout]   12:     0x60257798c0f1 - <flashpoint_archive[f1d7e33c979a02c2]::FlashpointArchive>::load_database
[INFO] [stdout]   13:     0x60257793aabe - flashpoint_archive[f1d7e33c979a02c2]::tests::search_games_index_limited::{closure#0}
[INFO] [stdout]   14:     0x60257799dc68 - <tokio[7cef523af319c0cd]::runtime::context::scoped::Scoped<tokio[7cef523af319c0cd]::runtime::scheduler::Context>>::set::<<tokio[7cef523af319c0cd]::runtime::scheduler::current_thread::CoreGuard>::enter<<tokio[7cef523af319c0cd]::runtime::scheduler::current_thread::CoreGuard>::block_on<core[df12db4294e9bfd3]::pin::Pin<&mut core[df12db4294e9bfd3]::pin::Pin<&mut dyn core[df12db4294e9bfd3]::future::future::Future<Output = ()>>>>::{closure#0}, core[df12db4294e9bfd3]::option::Option<()>>::{closure#0}, (alloc[2182bb758b4b3781]::boxed::Box<tokio[7cef523af319c0cd]::runtime::scheduler::current_thread::Core>, core[df12db4294e9bfd3]::option::Option<()>)>
[INFO] [stdout]   15:     0x60257799e6dd - <tokio[7cef523af319c0cd]::runtime::scheduler::current_thread::CoreGuard>::block_on::<core[df12db4294e9bfd3]::pin::Pin<&mut core[df12db4294e9bfd3]::pin::Pin<&mut dyn core[df12db4294e9bfd3]::future::future::Future<Output = ()>>>>
[INFO] [stdout]   16:     0x602577992944 - tokio[7cef523af319c0cd]::runtime::context::runtime::enter_runtime::<<tokio[7cef523af319c0cd]::runtime::scheduler::current_thread::CurrentThread>::block_on<core[df12db4294e9bfd3]::pin::Pin<&mut dyn core[df12db4294e9bfd3]::future::future::Future<Output = ()>>>::{closure#0}, ()>
[INFO] [stdout]   17:     0x6025779905ba - <tokio[7cef523af319c0cd]::runtime::runtime::Runtime>::block_on::<core[df12db4294e9bfd3]::pin::Pin<&mut dyn core[df12db4294e9bfd3]::future::future::Future<Output = ()>>>
[INFO] [stdout]   18:     0x60257795039a - flashpoint_archive[f1d7e33c979a02c2]::tests::search_games_index_limited
[INFO] [stdout]   19:     0x6025779902f9 - <flashpoint_archive[f1d7e33c979a02c2]::tests::search_games_index_limited::{closure#0} as core[df12db4294e9bfd3]::ops::function::FnOnce<()>>::call_once
[INFO] [stdout]   20:     0x6025779b40db - test[9d35eded1c95d3be]::__rust_begin_short_backtrace::<core[df12db4294e9bfd3]::result::Result<(), alloc[2182bb758b4b3781]::string::String>, fn() -> core[df12db4294e9bfd3]::result::Result<(), alloc[2182bb758b4b3781]::string::String>>
[INFO] [stdout]   21:     0x6025779c1745 - test[9d35eded1c95d3be]::run_test::{closure#0}
[INFO] [stdout]   22:     0x6025779bb004 - std[70759c8f55707aa4]::sys::backtrace::__rust_begin_short_backtrace::<test[9d35eded1c95d3be]::run_test::{closure#1}, ()>
[INFO] [stdout]   23:     0x6025779c48a2 - <std[70759c8f55707aa4]::thread::lifecycle::spawn_unchecked<test[9d35eded1c95d3be]::run_test::{closure#1}, ()>::{closure#1} as core[df12db4294e9bfd3]::ops::function::FnOnce<()>>::call_once::{shim:vtable#0}
[INFO] [stdout]   24:     0x602577ceee49 - <std[70759c8f55707aa4]::sys::thread::unix::Thread>::new::thread_start
[INFO] [stdout]   25:     0x75801041bdfa - <unknown>
[INFO] [stdout]   26:     0x7580104af3d4 - clone
[INFO] [stdout]   27:                0x0 - <unknown>
[INFO] [stdout] 
[INFO] [stdout] ---- tests::search_games_installed stdout ----
[INFO] [stdout] 
[INFO] [stdout] thread 'tests::search_games_installed' (2282) panicked at src/lib.rs:67:50:
[INFO] [stdout] Failed to open R2D2 conn pool: Error(Some("unable to open database file: benches/flashpoint.sqlite"))
[INFO] [stdout] stack backtrace:
[INFO] [stdout]    0:     0x602577cef571 - <<std[70759c8f55707aa4]::sys::backtrace::BacktraceLock>::print::DisplayBacktrace as core[df12db4294e9bfd3]::fmt::Display>::fmt
[INFO] [stdout]    1:     0x602577d0693a - core[df12db4294e9bfd3]::fmt::write
[INFO] [stdout]    2:     0x602577cf3c2c - <alloc[2182bb758b4b3781]::vec::Vec<u8> as core[df12db4294e9bfd3]::io::write::Write>::write_fmt
[INFO] [stdout]    3:     0x602577ccb666 - std[70759c8f55707aa4]::panicking::default_hook::{closure#0}
[INFO] [stdout]    4:     0x602577ce7c29 - std[70759c8f55707aa4]::panicking::default_hook
[INFO] [stdout]    5:     0x6025779c0df0 - test[9d35eded1c95d3be]::test_main_inner::<test[9d35eded1c95d3be]::test_main_static::{closure#0}>::{closure#0}
[INFO] [stdout]    6:     0x602577ce7de2 - std[70759c8f55707aa4]::panicking::panic_with_hook
[INFO] [stdout]    7:     0x602577ccb712 - std[70759c8f55707aa4]::panicking::panic_handler::{closure#0}
[INFO] [stdout]    8:     0x602577cc4469 - std[70759c8f55707aa4]::sys::backtrace::__rust_end_short_backtrace::<std[70759c8f55707aa4]::panicking::panic_handler::{closure#0}, !>
[INFO] [stdout]    9:     0x602577ccc30d - __rustc[8fa7c3cbc660c2b3]::rust_begin_unwind
[INFO] [stdout]   10:     0x602577d0711c - core[df12db4294e9bfd3]::panicking::panic_fmt
[INFO] [stdout]   11:     0x602577d06ef2 - core[df12db4294e9bfd3]::result::unwrap_failed
[INFO] [stdout]   12:     0x60257798c0f1 - <flashpoint_archive[f1d7e33c979a02c2]::FlashpointArchive>::load_database
[INFO] [stdout]   13:     0x602577931b7e - flashpoint_archive[f1d7e33c979a02c2]::tests::search_games_installed::{closure#0}
[INFO] [stdout]   14:     0x60257799dc68 - <tokio[7cef523af319c0cd]::runtime::context::scoped::Scoped<tokio[7cef523af319c0cd]::runtime::scheduler::Context>>::set::<<tokio[7cef523af319c0cd]::runtime::scheduler::current_thread::CoreGuard>::enter<<tokio[7cef523af319c0cd]::runtime::scheduler::current_thread::CoreGuard>::block_on<core[df12db4294e9bfd3]::pin::Pin<&mut core[df12db4294e9bfd3]::pin::Pin<&mut dyn core[df12db4294e9bfd3]::future::future::Future<Output = ()>>>>::{closure#0}, core[df12db4294e9bfd3]::option::Option<()>>::{closure#0}, (alloc[2182bb758b4b3781]::boxed::Box<tokio[7cef523af319c0cd]::runtime::scheduler::current_thread::Core>, core[df12db4294e9bfd3]::option::Option<()>)>
[INFO] [stdout]   15:     0x60257799e6dd - <tokio[7cef523af319c0cd]::runtime::scheduler::current_thread::CoreGuard>::block_on::<core[df12db4294e9bfd3]::pin::Pin<&mut core[df12db4294e9bfd3]::pin::Pin<&mut dyn core[df12db4294e9bfd3]::future::future::Future<Output = ()>>>>
[INFO] [stdout]   16:     0x602577992944 - tokio[7cef523af319c0cd]::runtime::context::runtime::enter_runtime::<<tokio[7cef523af319c0cd]::runtime::scheduler::current_thread::CurrentThread>::block_on<core[df12db4294e9bfd3]::pin::Pin<&mut dyn core[df12db4294e9bfd3]::future::future::Future<Output = ()>>>::{closure#0}, ()>
[INFO] [stdout]   17:     0x6025779905ba - <tokio[7cef523af319c0cd]::runtime::runtime::Runtime>::block_on::<core[df12db4294e9bfd3]::pin::Pin<&mut dyn core[df12db4294e9bfd3]::future::future::Future<Output = ()>>>
[INFO] [stdout]   18:     0x60257794f91b - flashpoint_archive[f1d7e33c979a02c2]::tests::search_games_installed
[INFO] [stdout]   19:     0x602577990219 - <flashpoint_archive[f1d7e33c979a02c2]::tests::search_games_installed::{closure#0} as core[df12db4294e9bfd3]::ops::function::FnOnce<()>>::call_once
[INFO] [stdout]   20:     0x6025779b40db - test[9d35eded1c95d3be]::__rust_begin_short_backtrace::<core[df12db4294e9bfd3]::result::Result<(), alloc[2182bb758b4b3781]::string::String>, fn() -> core[df12db4294e9bfd3]::result::Result<(), alloc[2182bb758b4b3781]::string::String>>
[INFO] [stdout]   21:     0x6025779c1745 - test[9d35eded1c95d3be]::run_test::{closure#0}
[INFO] [stdout]   22:     0x6025779bb004 - std[70759c8f55707aa4]::sys::backtrace::__rust_begin_short_backtrace::<test[9d35eded1c95d3be]::run_test::{closure#1}, ()>
[INFO] [stdout]   23:     0x6025779c48a2 - <std[70759c8f55707aa4]::thread::lifecycle::spawn_unchecked<test[9d35eded1c95d3be]::run_test::{closure#1}, ()>::{closure#1} as core[df12db4294e9bfd3]::ops::function::FnOnce<()>>::call_once::{shim:vtable#0}
[INFO] [stdout]   24:     0x602577ceee49 - <std[70759c8f55707aa4]::sys::thread::unix::Thread>::new::thread_start
[INFO] [stdout]   25:     0x75801041bdfa - <unknown>
[INFO] [stdout]   26:     0x7580104af3d4 - clone
[INFO] [stdout]   27:                0x0 - <unknown>
[INFO] [stdout] 
[INFO] [stdout] ---- tests::search_multiple_subfilters stdout ----
[INFO] [stdout] 
[INFO] [stdout] thread 'tests::search_multiple_subfilters' (2290) panicked at src/lib.rs:67:50:
[INFO] [stdout] Failed to open R2D2 conn pool: Error(Some("unable to open database file: benches/flashpoint.sqlite"))
[INFO] [stdout] stack backtrace:
[INFO] [stdout]    0:     0x602577cef571 - <<std[70759c8f55707aa4]::sys::backtrace::BacktraceLock>::print::DisplayBacktrace as core[df12db4294e9bfd3]::fmt::Display>::fmt
[INFO] [stdout]    1:     0x602577d0693a - core[df12db4294e9bfd3]::fmt::write
[INFO] [stdout]    2:     0x602577cf3c2c - <alloc[2182bb758b4b3781]::vec::Vec<u8> as core[df12db4294e9bfd3]::io::write::Write>::write_fmt
[INFO] [stdout]    3:     0x602577ccb666 - std[70759c8f55707aa4]::panicking::default_hook::{closure#0}
[INFO] [stdout]    4:     0x602577ce7c29 - std[70759c8f55707aa4]::panicking::default_hook
[INFO] [stdout]    5:     0x6025779c0df0 - test[9d35eded1c95d3be]::test_main_inner::<test[9d35eded1c95d3be]::test_main_static::{closure#0}>::{closure#0}
[INFO] [stdout]    6:     0x602577ce7de2 - std[70759c8f55707aa4]::panicking::panic_with_hook
[INFO] [stdout]    7:     0x602577ccb712 - std[70759c8f55707aa4]::panicking::panic_handler::{closure#0}
[INFO] [stdout]    8:     0x602577cc4469 - std[70759c8f55707aa4]::sys::backtrace::__rust_end_short_backtrace::<std[70759c8f55707aa4]::panicking::panic_handler::{closure#0}, !>
[INFO] [stdout]    9:     0x602577ccc30d - __rustc[8fa7c3cbc660c2b3]::rust_begin_unwind
[INFO] [stdout]   10:     0x602577d0711c - core[df12db4294e9bfd3]::panicking::panic_fmt
[INFO] [stdout]   11:     0x602577d06ef2 - core[df12db4294e9bfd3]::result::unwrap_failed
[INFO] [stdout]   12:     0x60257798c0f1 - <flashpoint_archive[f1d7e33c979a02c2]::FlashpointArchive>::load_database
[INFO] [stdout]   13:     0x60257793af4d - flashpoint_archive[f1d7e33c979a02c2]::tests::search_multiple_subfilters::{closure#0}
[INFO] [stdout]   14:     0x60257799dc68 - <tokio[7cef523af319c0cd]::runtime::context::scoped::Scoped<tokio[7cef523af319c0cd]::runtime::scheduler::Context>>::set::<<tokio[7cef523af319c0cd]::runtime::scheduler::current_thread::CoreGuard>::enter<<tokio[7cef523af319c0cd]::runtime::scheduler::current_thread::CoreGuard>::block_on<core[df12db4294e9bfd3]::pin::Pin<&mut core[df12db4294e9bfd3]::pin::Pin<&mut dyn core[df12db4294e9bfd3]::future::future::Future<Output = ()>>>>::{closure#0}, core[df12db4294e9bfd3]::option::Option<()>>::{closure#0}, (alloc[2182bb758b4b3781]::boxed::Box<tokio[7cef523af319c0cd]::runtime::scheduler::current_thread::Core>, core[df12db4294e9bfd3]::option::Option<()>)>
[INFO] [stdout]   15:     0x60257799e6dd - <tokio[7cef523af319c0cd]::runtime::scheduler::current_thread::CoreGuard>::block_on::<core[df12db4294e9bfd3]::pin::Pin<&mut core[df12db4294e9bfd3]::pin::Pin<&mut dyn core[df12db4294e9bfd3]::future::future::Future<Output = ()>>>>
[INFO] [stdout]   16:     0x602577992944 - tokio[7cef523af319c0cd]::runtime::context::runtime::enter_runtime::<<tokio[7cef523af319c0cd]::runtime::scheduler::current_thread::CurrentThread>::block_on<core[df12db4294e9bfd3]::pin::Pin<&mut dyn core[df12db4294e9bfd3]::future::future::Future<Output = ()>>>::{closure#0}, ()>
[INFO] [stdout]   17:     0x6025779905ba - <tokio[7cef523af319c0cd]::runtime::runtime::Runtime>::block_on::<core[df12db4294e9bfd3]::pin::Pin<&mut dyn core[df12db4294e9bfd3]::future::future::Future<Output = ()>>>
[INFO] [stdout]   18:     0x6025779504eb - flashpoint_archive[f1d7e33c979a02c2]::tests::search_multiple_subfilters
[INFO] [stdout]   19:     0x602577990319 - <flashpoint_archive[f1d7e33c979a02c2]::tests::search_multiple_subfilters::{closure#0} as core[df12db4294e9bfd3]::ops::function::FnOnce<()>>::call_once
[INFO] [stdout]   20:     0x6025779b40db - test[9d35eded1c95d3be]::__rust_begin_short_backtrace::<core[df12db4294e9bfd3]::result::Result<(), alloc[2182bb758b4b3781]::string::String>, fn() -> core[df12db4294e9bfd3]::result::Result<(), alloc[2182bb758b4b3781]::string::String>>
[INFO] [stdout]   21:     0x6025779c1745 - test[9d35eded1c95d3be]::run_test::{closure#0}
[INFO] [stdout]   22:     0x6025779bb004 - std[70759c8f55707aa4]::sys::backtrace::__rust_begin_short_backtrace::<test[9d35eded1c95d3be]::run_test::{closure#1}, ()>
[INFO] [stdout]   23:     0x6025779c48a2 - <std[70759c8f55707aa4]::thread::lifecycle::spawn_unchecked<test[9d35eded1c95d3be]::run_test::{closure#1}, ()>::{closure#1} as core[df12db4294e9bfd3]::ops::function::FnOnce<()>>::call_once::{shim:vtable#0}
[INFO] [stdout]   24:     0x602577ceee49 - <std[70759c8f55707aa4]::sys::thread::unix::Thread>::new::thread_start
[INFO] [stdout]   25:     0x75801041bdfa - <unknown>
[INFO] [stdout]   26:     0x7580104af3d4 - clone
[INFO] [stdout]   27:                0x0 - <unknown>
[INFO] [stdout] 
[INFO] [stdout] ---- tests::search_tags_and stdout ----
[INFO] [stdout] 
[INFO] [stdout] thread 'tests::search_tags_and' (2292) panicked at src/lib.rs:67:50:
[INFO] [stdout] Failed to open R2D2 conn pool: Error(Some("unable to open database file: benches/flashpoint.sqlite"))
[INFO] [stdout] stack backtrace:
[INFO] [stdout]    0:     0x602577cef571 - <<std[70759c8f55707aa4]::sys::backtrace::BacktraceLock>::print::DisplayBacktrace as core[df12db4294e9bfd3]::fmt::Display>::fmt
[INFO] [stdout]    1:     0x602577d0693a - core[df12db4294e9bfd3]::fmt::write
[INFO] [stdout]    2:     0x602577cf3c2c - <alloc[2182bb758b4b3781]::vec::Vec<u8> as core[df12db4294e9bfd3]::io::write::Write>::write_fmt
[INFO] [stdout]    3:     0x602577ccb666 - std[70759c8f55707aa4]::panicking::default_hook::{closure#0}
[INFO] [stdout]    4:     0x602577ce7c29 - std[70759c8f55707aa4]::panicking::default_hook
[INFO] [stdout]    5:     0x6025779c0df0 - test[9d35eded1c95d3be]::test_main_inner::<test[9d35eded1c95d3be]::test_main_static::{closure#0}>::{closure#0}
[INFO] [stdout]    6:     0x602577ce7de2 - std[70759c8f55707aa4]::panicking::panic_with_hook
[INFO] [stdout]    7:     0x602577ccb712 - std[70759c8f55707aa4]::panicking::panic_handler::{closure#0}
[INFO] [stdout]    8:     0x602577cc4469 - std[70759c8f55707aa4]::sys::backtrace::__rust_end_short_backtrace::<std[70759c8f55707aa4]::panicking::panic_handler::{closure#0}, !>
[INFO] [stdout]    9:     0x602577ccc30d - __rustc[8fa7c3cbc660c2b3]::rust_begin_unwind
[INFO] [stdout]   10:     0x602577d0711c - core[df12db4294e9bfd3]::panicking::panic_fmt
[INFO] [stdout]   11:     0x602577d06ef2 - core[df12db4294e9bfd3]::result::unwrap_failed
[INFO] [stdout]   12:     0x60257798c0f1 - <flashpoint_archive[f1d7e33c979a02c2]::FlashpointArchive>::load_database
[INFO] [stdout]   13:     0x60257792c49e - flashpoint_archive[f1d7e33c979a02c2]::tests::search_tags_and::{closure#0}
[INFO] [stdout]   14:     0x60257799dc68 - <tokio[7cef523af319c0cd]::runtime::context::scoped::Scoped<tokio[7cef523af319c0cd]::runtime::scheduler::Context>>::set::<<tokio[7cef523af319c0cd]::runtime::scheduler::current_thread::CoreGuard>::enter<<tokio[7cef523af319c0cd]::runtime::scheduler::current_thread::CoreGuard>::block_on<core[df12db4294e9bfd3]::pin::Pin<&mut core[df12db4294e9bfd3]::pin::Pin<&mut dyn core[df12db4294e9bfd3]::future::future::Future<Output = ()>>>>::{closure#0}, core[df12db4294e9bfd3]::option::Option<()>>::{closure#0}, (alloc[2182bb758b4b3781]::boxed::Box<tokio[7cef523af319c0cd]::runtime::scheduler::current_thread::Core>, core[df12db4294e9bfd3]::option::Option<()>)>
[INFO] [stdout]   15:     0x60257799e6dd - <tokio[7cef523af319c0cd]::runtime::scheduler::current_thread::CoreGuard>::block_on::<core[df12db4294e9bfd3]::pin::Pin<&mut core[df12db4294e9bfd3]::pin::Pin<&mut dyn core[df12db4294e9bfd3]::future::future::Future<Output = ()>>>>
[INFO] [stdout]   16:     0x602577992944 - tokio[7cef523af319c0cd]::runtime::context::runtime::enter_runtime::<<tokio[7cef523af319c0cd]::runtime::scheduler::current_thread::CurrentThread>::block_on<core[df12db4294e9bfd3]::pin::Pin<&mut dyn core[df12db4294e9bfd3]::future::future::Future<Output = ()>>>::{closure#0}, ()>
[INFO] [stdout]   17:     0x6025779905ba - <tokio[7cef523af319c0cd]::runtime::runtime::Runtime>::block_on::<core[df12db4294e9bfd3]::pin::Pin<&mut dyn core[df12db4294e9bfd3]::future::future::Future<Output = ()>>>
[INFO] [stdout]   18:     0x60257794ee9b - flashpoint_archive[f1d7e33c979a02c2]::tests::search_tags_and
[INFO] [stdout]   19:     0x602577990159 - <flashpoint_archive[f1d7e33c979a02c2]::tests::search_tags_and::{closure#0} as core[df12db4294e9bfd3]::ops::function::FnOnce<()>>::call_once
[INFO] [stdout]   20:     0x6025779b40db - test[9d35eded1c95d3be]::__rust_begin_short_backtrace::<core[df12db4294e9bfd3]::result::Result<(), alloc[2182bb758b4b3781]::string::String>, fn() -> core[df12db4294e9bfd3]::result::Result<(), alloc[2182bb758b4b3781]::string::String>>
[INFO] [stdout]   21:     0x6025779c1745 - test[9d35eded1c95d3be]::run_test::{closure#0}
[INFO] [stdout]   22:     0x6025779bb004 - std[70759c8f55707aa4]::sys::backtrace::__rust_begin_short_backtrace::<test[9d35eded1c95d3be]::run_test::{closure#1}, ()>
[INFO] [stdout]   23:     0x6025779c48a2 - <std[70759c8f55707aa4]::thread::lifecycle::spawn_unchecked<test[9d35eded1c95d3be]::run_test::{closure#1}, ()>::{closure#1} as core[df12db4294e9bfd3]::ops::function::FnOnce<()>>::call_once::{shim:vtable#0}
[INFO] [stdout]   24:     0x602577ceee49 - <std[70759c8f55707aa4]::sys::thread::unix::Thread>::new::thread_start
[INFO] [stdout]   25:     0x75801041bdfa - <unknown>
[INFO] [stdout]   26:     0x7580104af3d4 - clone
[INFO] [stdout]   27:                0x0 - <unknown>
[INFO] [stdout] 
[INFO] [stdout] ---- tests::search_tags_and_or_combined stdout ----
[INFO] [stdout] 
[INFO] [stdout] thread 'tests::search_tags_and_or_combined' (2302) panicked at src/lib.rs:67:50:
[INFO] [stdout] Failed to open R2D2 conn pool: Error(Some("unable to open database file: benches/flashpoint.sqlite"))
[INFO] [stdout] stack backtrace:
[INFO] [stdout]    0:     0x602577cef571 - <<std[70759c8f55707aa4]::sys::backtrace::BacktraceLock>::print::DisplayBacktrace as core[df12db4294e9bfd3]::fmt::Display>::fmt
[INFO] [stdout]    1:     0x602577d0693a - core[df12db4294e9bfd3]::fmt::write
[INFO] [stdout]    2:     0x602577cf3c2c - <alloc[2182bb758b4b3781]::vec::Vec<u8> as core[df12db4294e9bfd3]::io::write::Write>::write_fmt
[INFO] [stdout]    3:     0x602577ccb666 - std[70759c8f55707aa4]::panicking::default_hook::{closure#0}
[INFO] [stdout]    4:     0x602577ce7c29 - std[70759c8f55707aa4]::panicking::default_hook
[INFO] [stdout]    5:     0x6025779c0df0 - test[9d35eded1c95d3be]::test_main_inner::<test[9d35eded1c95d3be]::test_main_static::{closure#0}>::{closure#0}
[INFO] [stdout]    6:     0x602577ce7de2 - std[70759c8f55707aa4]::panicking::panic_with_hook
[INFO] [stdout]    7:     0x602577ccb712 - std[70759c8f55707aa4]::panicking::panic_handler::{closure#0}
[INFO] [stdout]    8:     0x602577cc4469 - std[70759c8f55707aa4]::sys::backtrace::__rust_end_short_backtrace::<std[70759c8f55707aa4]::panicking::panic_handler::{closure#0}, !>
[INFO] [stdout]    9:     0x602577ccc30d - __rustc[8fa7c3cbc660c2b3]::rust_begin_unwind
[INFO] [stdout]   10:     0x602577d0711c - core[df12db4294e9bfd3]::panicking::panic_fmt
[INFO] [stdout]   11:     0x602577d06ef2 - core[df12db4294e9bfd3]::result::unwrap_failed
[INFO] [stdout]   12:     0x60257798c0f1 - <flashpoint_archive[f1d7e33c979a02c2]::FlashpointArchive>::load_database
[INFO] [stdout]   13:     0x60257793e2e1 - flashpoint_archive[f1d7e33c979a02c2]::tests::search_tags_and_or_combined::{closure#0}
[INFO] [stdout]   14:     0x60257799dc68 - <tokio[7cef523af319c0cd]::runtime::context::scoped::Scoped<tokio[7cef523af319c0cd]::runtime::scheduler::Context>>::set::<<tokio[7cef523af319c0cd]::runtime::scheduler::current_thread::CoreGuard>::enter<<tokio[7cef523af319c0cd]::runtime::scheduler::current_thread::CoreGuard>::block_on<core[df12db4294e9bfd3]::pin::Pin<&mut core[df12db4294e9bfd3]::pin::Pin<&mut dyn core[df12db4294e9bfd3]::future::future::Future<Output = ()>>>>::{closure#0}, core[df12db4294e9bfd3]::option::Option<()>>::{closure#0}, (alloc[2182bb758b4b3781]::boxed::Box<tokio[7cef523af319c0cd]::runtime::scheduler::current_thread::Core>, core[df12db4294e9bfd3]::option::Option<()>)>
[INFO] [stdout]   15:     0x60257799e6dd - <tokio[7cef523af319c0cd]::runtime::scheduler::current_thread::CoreGuard>::block_on::<core[df12db4294e9bfd3]::pin::Pin<&mut core[df12db4294e9bfd3]::pin::Pin<&mut dyn core[df12db4294e9bfd3]::future::future::Future<Output = ()>>>>
[INFO] [stdout]   16:     0x602577992944 - tokio[7cef523af319c0cd]::runtime::context::runtime::enter_runtime::<<tokio[7cef523af319c0cd]::runtime::scheduler::current_thread::CurrentThread>::block_on<core[df12db4294e9bfd3]::pin::Pin<&mut dyn core[df12db4294e9bfd3]::future::future::Future<Output = ()>>>::{closure#0}, ()>
[INFO] [stdout]   17:     0x6025779905ba - <tokio[7cef523af319c0cd]::runtime::runtime::Runtime>::block_on::<core[df12db4294e9bfd3]::pin::Pin<&mut dyn core[df12db4294e9bfd3]::future::future::Future<Output = ()>>>
[INFO] [stdout]   18:     0x60257795086a - flashpoint_archive[f1d7e33c979a02c2]::tests::search_tags_and_or_combined
[INFO] [stdout]   19:     0x602577990359 - <flashpoint_archive[f1d7e33c979a02c2]::tests::search_tags_and_or_combined::{closure#0} as core[df12db4294e9bfd3]::ops::function::FnOnce<()>>::call_once
[INFO] [stdout]   20:     0x6025779b40db - test[9d35eded1c95d3be]::__rust_begin_short_backtrace::<core[df12db4294e9bfd3]::result::Result<(), alloc[2182bb758b4b3781]::string::String>, fn() -> core[df12db4294e9bfd3]::result::Result<(), alloc[2182bb758b4b3781]::string::String>>
[INFO] [stdout]   21:     0x6025779c1745 - test[9d35eded1c95d3be]::run_test::{closure#0}
[INFO] [stdout]   22:     0x6025779bb004 - std[70759c8f55707aa4]::sys::backtrace::__rust_begin_short_backtrace::<test[9d35eded1c95d3be]::run_test::{closure#1}, ()>
[INFO] [stdout]   23:     0x6025779c48a2 - <std[70759c8f55707aa4]::thread::lifecycle::spawn_unchecked<test[9d35eded1c95d3be]::run_test::{closure#1}, ()>::{closure#1} as core[df12db4294e9bfd3]::ops::function::FnOnce<()>>::call_once::{shim:vtable#0}
[INFO] [stdout]   24:     0x602577ceee49 - <std[70759c8f55707aa4]::sys::thread::unix::Thread>::new::thread_start
[INFO] [stdout]   25:     0x75801041bdfa - <unknown>
[INFO] [stdout]   26:     0x7580104af3d4 - clone
[INFO] [stdout]   27:                0x0 - <unknown>
[INFO] [stdout] 
[INFO] [stdout] ---- tests::search_tags_or stdout ----
[INFO] [stdout] 
[INFO] [stdout] thread 'tests::search_tags_or' (2306) panicked at src/lib.rs:67:50:
[INFO] [stdout] Failed to open R2D2 conn pool: Error(Some("unable to open database file: benches/flashpoint.sqlite"))
[INFO] [stdout] stack backtrace:
[INFO] [stdout]    0:     0x602577cef571 - <<std[70759c8f55707aa4]::sys::backtrace::BacktraceLock>::print::DisplayBacktrace as core[df12db4294e9bfd3]::fmt::Display>::fmt
[INFO] [stdout]    1:     0x602577d0693a - core[df12db4294e9bfd3]::fmt::write
[INFO] [stdout]    2:     0x602577cf3c2c - <alloc[2182bb758b4b3781]::vec::Vec<u8> as core[df12db4294e9bfd3]::io::write::Write>::write_fmt
[INFO] [stdout]    3:     0x602577ccb666 - std[70759c8f55707aa4]::panicking::default_hook::{closure#0}
[INFO] [stdout]    4:     0x602577ce7c29 - std[70759c8f55707aa4]::panicking::default_hook
[INFO] [stdout]    5:     0x6025779c0df0 - test[9d35eded1c95d3be]::test_main_inner::<test[9d35eded1c95d3be]::test_main_static::{closure#0}>::{closure#0}
[INFO] [stdout]    6:     0x602577ce7de2 - std[70759c8f55707aa4]::panicking::panic_with_hook
[INFO] [stdout]    7:     0x602577ccb712 - std[70759c8f55707aa4]::panicking::panic_handler::{closure#0}
[INFO] [stdout]    8:     0x602577cc4469 - std[70759c8f55707aa4]::sys::backtrace::__rust_end_short_backtrace::<std[70759c8f55707aa4]::panicking::panic_handler::{closure#0}, !>
[INFO] [stdout]    9:     0x602577ccc30d - __rustc[8fa7c3cbc660c2b3]::rust_begin_unwind
[INFO] [stdout]   10:     0x602577d0711c - core[df12db4294e9bfd3]::panicking::panic_fmt
[INFO] [stdout]   11:     0x602577d06ef2 - core[df12db4294e9bfd3]::result::unwrap_failed
[INFO] [stdout]   12:     0x60257798c0f1 - <flashpoint_archive[f1d7e33c979a02c2]::FlashpointArchive>::load_database
[INFO] [stdout]   13:     0x602577928a4e - flashpoint_archive[f1d7e33c979a02c2]::tests::search_tags_or::{closure#0}
[INFO] [stdout]   14:     0x60257799dc68 - <tokio[7cef523af319c0cd]::runtime::context::scoped::Scoped<tokio[7cef523af319c0cd]::runtime::scheduler::Context>>::set::<<tokio[7cef523af319c0cd]::runtime::scheduler::current_thread::CoreGuard>::enter<<tokio[7cef523af319c0cd]::runtime::scheduler::current_thread::CoreGuard>::block_on<core[df12db4294e9bfd3]::pin::Pin<&mut core[df12db4294e9bfd3]::pin::Pin<&mut dyn core[df12db4294e9bfd3]::future::future::Future<Output = ()>>>>::{closure#0}, core[df12db4294e9bfd3]::option::Option<()>>::{closure#0}, (alloc[2182bb758b4b3781]::boxed::Box<tokio[7cef523af319c0cd]::runtime::scheduler::current_thread::Core>, core[df12db4294e9bfd3]::option::Option<()>)>
[INFO] [stdout]   15:     0x60257799e6dd - <tokio[7cef523af319c0cd]::runtime::scheduler::current_thread::CoreGuard>::block_on::<core[df12db4294e9bfd3]::pin::Pin<&mut core[df12db4294e9bfd3]::pin::Pin<&mut dyn core[df12db4294e9bfd3]::future::future::Future<Output = ()>>>>
[INFO] [stdout]   16:     0x602577992944 - tokio[7cef523af319c0cd]::runtime::context::runtime::enter_runtime::<<tokio[7cef523af319c0cd]::runtime::scheduler::current_thread::CurrentThread>::block_on<core[df12db4294e9bfd3]::pin::Pin<&mut dyn core[df12db4294e9bfd3]::future::future::Future<Output = ()>>>::{closure#0}, ()>
[INFO] [stdout]   17:     0x6025779905ba - <tokio[7cef523af319c0cd]::runtime::runtime::Runtime>::block_on::<core[df12db4294e9bfd3]::pin::Pin<&mut dyn core[df12db4294e9bfd3]::future::future::Future<Output = ()>>>
[INFO] [stdout]   18:     0x60257794e87b - flashpoint_archive[f1d7e33c979a02c2]::tests::search_tags_or
[INFO] [stdout]   19:     0x6025779900d9 - <flashpoint_archive[f1d7e33c979a02c2]::tests::search_tags_or::{closure#0} as core[df12db4294e9bfd3]::ops::function::FnOnce<()>>::call_once
[INFO] [stdout]   20:     0x6025779b40db - test[9d35eded1c95d3be]::__rust_begin_short_backtrace::<core[df12db4294e9bfd3]::result::Result<(), alloc[2182bb758b4b3781]::string::String>, fn() -> core[df12db4294e9bfd3]::result::Result<(), alloc[2182bb758b4b3781]::string::String>>
[INFO] [stdout]   21:     0x6025779c1745 - test[9d35eded1c95d3be]::run_test::{closure#0}
[INFO] [stdout]   22:     0x6025779bb004 - std[70759c8f55707aa4]::sys::backtrace::__rust_begin_short_backtrace::<test[9d35eded1c95d3be]::run_test::{closure#1}, ()>
[INFO] [stdout]   23:     0x6025779c48a2 - <std[70759c8f55707aa4]::thread::lifecycle::spawn_unchecked<test[9d35eded1c95d3be]::run_test::{closure#1}, ()>::{closure#1} as core[df12db4294e9bfd3]::ops::function::FnOnce<()>>::call_once::{shim:vtable#0}
[INFO] [stdout]   24:     0x602577ceee49 - <std[70759c8f55707aa4]::sys::thread::unix::Thread>::new::thread_start
[INFO] [stdout]   25:     0x75801041bdfa - <unknown>
[INFO] [stdout]   26:     0x7580104af3d4 - clone
[INFO] [stdout]   27:                0x0 - <unknown>
[INFO] [stdout] 
[INFO] [stdout] 
[INFO] [stdout] failures:
[INFO] [stdout]     tests::count_games
[INFO] [stdout]     tests::find_all_game_libraries
[INFO] [stdout]     tests::find_game
[INFO] [stdout]     tests::get_platform
[INFO] [stdout]     tests::get_tag
[INFO] [stdout]     tests::search_bracketting
[INFO] [stdout]     tests::search_full_scan
[INFO] [stdout]     tests::search_games_index_limited
[INFO] [stdout]     tests::search_games_installed
[INFO] [stdout]     tests::search_games_random
[INFO] [stdout]     tests::search_multiple_subfilters
[INFO] [stdout]     tests::search_tags_and
[INFO] [stdout]     tests::search_tags_and_or_combined
[INFO] [stdout]     tests::search_tags_or
[INFO] [stdout] 
[INFO] [stdout] test result: FAILED. 25 passed; 14 failed; 0 ignored; 0 measured; 0 filtered out; finished in 30.28s
[INFO] [stdout] 
[INFO] [stderr] error: test failed, to rerun pass `--lib`
[INFO] running `Command { std: "docker" "inspect" "b891bbe2d021cdf7a8b7034d369aaa42e3a02f5fd97ab33198021d900af1fd77", kill_on_drop: false }`
[INFO] running `Command { std: "docker" "rm" "-f" "b891bbe2d021cdf7a8b7034d369aaa42e3a02f5fd97ab33198021d900af1fd77", kill_on_drop: false }`
[INFO] [stdout] b891bbe2d021cdf7a8b7034d369aaa42e3a02f5fd97ab33198021d900af1fd77
