[INFO] fetching crate flare-im-core 0.1.1...
[INFO] testing flare-im-core-0.1.1 against 1.99.0-beta.8+cargoflags=--release for beta-release-1.100-2
[INFO] extracting crate flare-im-core 0.1.1 into /workspace/builds/worker-6-tc1/source
[INFO] started tweaking crates.io crate flare-im-core 0.1.1
[INFO] removed 0 missing examples
[INFO] finished tweaking crates.io crate flare-im-core 0.1.1
[INFO] tweaked toml for crates.io crate flare-im-core 0.1.1 written to /workspace/builds/worker-6-tc1/source/Cargo.toml
[INFO] validating manifest of crates.io crate flare-im-core 0.1.1 on toolchain 1.99.0-beta.8
[INFO] running `Command { std: CARGO_HOME="/workspace/cargo-home" RUSTUP_HOME="/workspace/rustup-home" "/workspace/cargo-home/bin/cargo" "+1.99.0-beta.8" "metadata" "--manifest-path" "Cargo.toml" "--no-deps", kill_on_drop: false }`
[INFO] crate crates.io crate flare-im-core 0.1.1 already has a lockfile, it will not be regenerated
[INFO] running `Command { std: CARGO_HOME="/workspace/cargo-home" RUSTUP_HOME="/workspace/rustup-home" "/workspace/cargo-home/bin/cargo" "+1.99.0-beta.8" "fetch" "--manifest-path" "Cargo.toml", kill_on_drop: false }`
[INFO] [stderr]     Updating crates.io index
[INFO] [stderr]  Downloading crates ...
[INFO] [stderr]   Downloaded serde_derive v1.0.218
[INFO] [stderr]   Downloaded serde v1.0.218
[INFO] [stderr]   Downloaded quote v1.0.39
[INFO] [stderr]   Downloaded data-encoding v2.8.0
[INFO] [stderr]   Downloaded cmake v0.1.54
[INFO] [stderr]   Downloaded quinn-udp v0.5.10
[INFO] [stderr]   Downloaded multimap v0.10.0
[INFO] [stderr]   Downloaded log v0.4.26
[INFO] [stderr]   Downloaded tokio-tungstenite v0.26.2
[INFO] [stderr]   Downloaded flare-core v0.1.1
[INFO] [stderr]   Downloaded uuid v1.15.1
[INFO] [stderr]   Downloaded tungstenite v0.26.2
[INFO] [stderr]   Downloaded windows-link v0.1.0
[INFO] [stderr]   Downloaded rustls-platform-verifier v0.4.0
[INFO] [stderr]   Downloaded tempfile v3.18.0
[INFO] [stderr]   Downloaded async-trait v0.1.87
[INFO] [stderr]   Downloaded prettyplease v0.2.30
[INFO] [stderr]   Downloaded quinn v0.11.6
[INFO] [stderr]   Downloaded zerocopy-derive v0.8.23
[INFO] [stderr]   Downloaded cc v1.2.16
[INFO] [stderr]   Downloaded aws-lc-rs v1.12.5
[INFO] [stderr]   Downloaded webpki-root-certs v0.26.8
[INFO] [stderr]   Downloaded quinn-proto v0.11.9
[INFO] [stderr]   Downloaded zerocopy v0.8.23
[INFO] [stderr]   Downloaded syn v2.0.99
[INFO] [stderr]   Downloaded rustix v1.0.0
[INFO] [stderr]   Downloaded tokio v1.43.0
[INFO] [stderr]   Downloaded ring v0.17.13
[INFO] [stderr]   Downloaded linux-raw-sys v0.9.2
[INFO] [stderr]   Downloaded aws-lc-sys v0.26.0
[INFO] running `Command { std: "docker" "create" "-v" "/var/lib/crater-agent-workspace/builds/worker-6-tc1/source:/opt/rustwide/workdir:ro,Z" "-v" "/var/lib/crater-agent-workspace/builds/worker-6-tc1/target:/opt/rustwide/target:rw,Z" "-v" "/var/lib/crater-agent-workspace/cargo-home:/opt/rustwide/cargo-home:ro,Z" "-v" "/var/lib/crater-agent-workspace/rustup-home:/opt/rustwide/rustup-home:ro,Z" "-m" "1610612736" "--network" "none" "ghcr.io/rust-lang/crates-build-env/linux@sha256:77db811e55d90add9212f6832c23229e3de5f1c1f9905e8cb07319ea15df73ac" "sleep" "infinity", kill_on_drop: false }`
[INFO] [stdout] 4b3ccd8d9f25aa181806eea3efbd5db7686ca6afb91c5db4960d8cc95e30f90a
[INFO] running `Command { std: "docker" "start" "4b3ccd8d9f25aa181806eea3efbd5db7686ca6afb91c5db4960d8cc95e30f90a", kill_on_drop: false }`
[INFO] running `Command { std: "docker" "inspect" "4b3ccd8d9f25aa181806eea3efbd5db7686ca6afb91c5db4960d8cc95e30f90a", kill_on_drop: false }`
[INFO] running `Command { std: "docker" "exec" "-e" "SOURCE_DIR=/opt/rustwide/workdir" "-e" "CARGO_HOME=/opt/rustwide/cargo-home" "-e" "RUSTUP_HOME=/opt/rustwide/rustup-home" "-e" "CARGO_TARGET_DIR=/opt/rustwide/target" "-w" "/opt/rustwide/workdir" "--user" "0:0" "4b3ccd8d9f25aa181806eea3efbd5db7686ca6afb91c5db4960d8cc95e30f90a" "/opt/rustwide/cargo-home/bin/cargo" "+1.99.0-beta.8" "metadata" "--no-deps" "--format-version=1", kill_on_drop: false }`
[INFO] running `Command { std: "docker" "inspect" "4b3ccd8d9f25aa181806eea3efbd5db7686ca6afb91c5db4960d8cc95e30f90a", kill_on_drop: false }`
[INFO] running `Command { std: "docker" "exec" "-e" "SOURCE_DIR=/opt/rustwide/workdir" "-e" "CARGO_HOME=/opt/rustwide/cargo-home" "-e" "RUSTUP_HOME=/opt/rustwide/rustup-home" "-e" "CARGO_TARGET_DIR=/opt/rustwide/target" "-e" "CARGO_INCREMENTAL=0" "-e" "RUST_BACKTRACE=full" "-e" "RUSTFLAGS=--cap-lints=warn" "-e" "RUSTDOCFLAGS=--cap-lints=warn" "-w" "/opt/rustwide/workdir" "--user" "0:0" "4b3ccd8d9f25aa181806eea3efbd5db7686ca6afb91c5db4960d8cc95e30f90a" "/opt/rustwide/cargo-home/bin/cargo" "+1.99.0-beta.8" "build" "--frozen" "--message-format=json" "--release", kill_on_drop: false }`
[INFO] [stderr]    Compiling proc-macro2 v1.0.94
[INFO] [stderr]    Compiling autocfg v1.4.0
[INFO] [stderr]    Compiling anyhow v1.0.97
[INFO] [stderr]    Compiling byteorder v1.5.0
[INFO] [stderr]    Compiling log v0.4.26
[INFO] [stderr]    Compiling typenum v1.18.0
[INFO] [stderr]    Compiling smallvec v1.14.0
[INFO] [stderr]    Compiling libc v0.2.170
[INFO] [stderr]    Compiling getrandom v0.3.1
[INFO] [stderr]    Compiling bytes v1.10.1
[INFO] [stderr]    Compiling litemap v0.7.5
[INFO] [stderr]    Compiling aws-lc-rs v1.12.5
[INFO] [stderr]    Compiling getrandom v0.2.15
[INFO] [stderr]    Compiling once_cell v1.20.3
[INFO] [stderr]    Compiling thiserror v2.0.12
[INFO] [stderr]    Compiling rustls-pki-types v1.11.0
[INFO] [stderr]    Compiling rustix v1.0.0
[INFO] [stderr]    Compiling parking_lot_core v0.9.10
[INFO] [stderr]    Compiling prettyplease v0.2.30
[INFO] [stderr]    Compiling linux-raw-sys v0.9.2
[INFO] [stderr]    Compiling hashbrown v0.15.2
[INFO] [stderr]    Compiling zerocopy v0.8.23
[INFO] [stderr]    Compiling futures-core v0.3.31
[INFO] [stderr]    Compiling bitflags v2.9.0
[INFO] [stderr]    Compiling zeroize v1.8.1
[INFO] [stderr]    Compiling futures-sink v0.3.31
[INFO] [stderr]    Compiling regex-syntax v0.8.5
[INFO] [stderr]    Compiling slab v0.4.9
[INFO] [stderr]    Compiling lock_api v0.4.12
[INFO] [stderr]    Compiling futures-channel v0.3.31
[INFO] [stderr]    Compiling quote v1.0.39
[INFO] [stderr]    Compiling rand_core v0.9.3
[INFO] [stderr]    Compiling socket2 v0.5.8
[INFO] [stderr]    Compiling syn v2.0.99
[INFO] [stderr]    Compiling rustls v0.23.23
[INFO] [stderr]    Compiling jobserver v0.1.32
[INFO] [stderr]    Compiling futures-io v0.3.31
[INFO] [stderr]    Compiling futures-task v0.3.31
[INFO] [stderr]    Compiling parking_lot v0.12.3
[INFO] [stderr]    Compiling rustls-pemfile v2.2.0
[INFO] [stderr]    Compiling cc v1.2.16
[INFO] [stderr]    Compiling generic-array v0.14.7
[INFO] [stderr]    Compiling indexmap v2.7.1
[INFO] [stderr]    Compiling num-traits v0.2.19
[INFO] [stderr]    Compiling tracing-core v0.1.33
[INFO] [stderr]    Compiling rand_core v0.6.4
[INFO] [stderr]    Compiling signal-hook-registry v1.4.2
[INFO] [stderr]    Compiling mio v1.0.3
[INFO] [stderr]    Compiling multimap v0.10.0
[INFO] [stderr]    Compiling serde v1.0.218
[INFO] [stderr]    Compiling openssl-probe v0.1.6
[INFO] [stderr]    Compiling quinn-udp v0.5.10
[INFO] [stderr]    Compiling rustls-native-certs v0.7.3
[INFO] [stderr]    Compiling tracing v0.1.41
[INFO] [stderr]    Compiling http v1.2.0
[INFO] [stderr]    Compiling petgraph v0.7.1
[INFO] [stderr]    Compiling adler2 v2.0.0
[INFO] [stderr]    Compiling block-buffer v0.10.4
[INFO] [stderr]    Compiling crypto-common v0.1.6
[INFO] [stderr]    Compiling tinyvec_macros v0.1.1
[INFO] [stderr]    Compiling data-encoding v2.8.0
[INFO] [stderr]    Compiling anstream v0.6.18
[INFO] [stderr]    Compiling tinyvec v1.9.0
[INFO] [stderr]    Compiling miniz_oxide v0.8.5
[INFO] [stderr]    Compiling digest v0.10.7
[INFO] [stderr]    Compiling crc32fast v1.4.2
[INFO] [stderr]    Compiling humantime v2.1.0
[INFO] [stderr]    Compiling regex-automata v0.4.9
[INFO] [stderr]    Compiling cmake v0.1.54
[INFO] [stderr]    Compiling sha1 v0.10.6
[INFO] [stderr]    Compiling percent-encoding v2.3.1
[INFO] [stderr]    Compiling tempfile v3.18.0
[INFO] [stderr]    Compiling iana-time-zone v0.1.61
[INFO] [stderr]    Compiling rustc-hash v2.1.1
[INFO] [stderr]    Compiling flate2 v1.1.0
[INFO] [stderr]    Compiling form_urlencoded v1.2.1
[INFO] [stderr]    Compiling chrono v0.4.40
[INFO] [stderr]    Compiling aws-lc-sys v0.26.0
[INFO] [stderr]    Compiling ring v0.17.13
[INFO] [stderr]    Compiling uuid v1.15.1
[INFO] [stderr]    Compiling regex v1.11.1
[INFO] [stderr]    Compiling synstructure v0.13.1
[INFO] [stderr]    Compiling env_filter v0.1.3
[INFO] [stderr]    Compiling env_logger v0.11.6
[INFO] [stderr]    Compiling zerofrom-derive v0.1.6
[INFO] [stderr]    Compiling yoke-derive v0.7.5
[INFO] [stderr]    Compiling zerovec-derive v0.10.3
[INFO] [stderr]    Compiling zerocopy-derive v0.7.35
[INFO] [stderr]    Compiling displaydoc v0.2.5
[INFO] [stderr]    Compiling prost-derive v0.13.5
[INFO] [stderr]    Compiling icu_provider_macros v1.5.0
[INFO] [stderr]    Compiling thiserror-impl v2.0.12
[INFO] [stderr]    Compiling futures-macro v0.3.31
[INFO] [stderr]    Compiling tokio-macros v2.5.0
[INFO] [stderr]    Compiling serde_derive v1.0.218
[INFO] [stderr]    Compiling async-trait v0.1.87
[INFO] [stderr]    Compiling tokio v1.43.0
[INFO] [stderr]    Compiling zerocopy v0.7.35
[INFO] [stderr]    Compiling futures-util v0.3.31
[INFO] [stderr]    Compiling zerofrom v0.1.6
[INFO] [stderr]    Compiling yoke v0.7.5
[INFO] [stderr]    Compiling zerovec v0.10.4
[INFO] [stderr]    Compiling prost v0.13.5
[INFO] [stderr]    Compiling ppv-lite86 v0.2.20
[INFO] [stderr]    Compiling prost-types v0.13.5
[INFO] [stderr]    Compiling tinystr v0.7.6
[INFO] [stderr]    Compiling icu_collections v1.5.0
[INFO] [stderr]    Compiling rand_chacha v0.9.0
[INFO] [stderr]    Compiling rand_chacha v0.3.1
[INFO] [stderr]    Compiling icu_locid v1.5.0
[INFO] [stderr]    Compiling rand v0.9.0
[INFO] [stderr]    Compiling rand v0.8.5
[INFO] [stderr]    Compiling prost-build v0.13.5
[INFO] [stderr]    Compiling icu_provider v1.5.0
[INFO] [stderr]    Compiling tungstenite v0.26.2
[INFO] [stderr]    Compiling icu_locid_transform v1.5.0
[INFO] [stderr]    Compiling futures-executor v0.3.31
[INFO] [stderr]    Compiling futures v0.3.31
[INFO] [stderr]    Compiling icu_properties v1.5.1
[INFO] [stderr]    Compiling flare-core v0.1.1
[INFO] [stderr]    Compiling serde_json v1.0.140
[INFO] [stderr]    Compiling tokio-tungstenite v0.26.2
[INFO] [stderr]    Compiling icu_normalizer v1.5.0
[INFO] [stderr]    Compiling idna_adapter v1.2.0
[INFO] [stderr]    Compiling idna v1.0.3
[INFO] [stderr]    Compiling url v2.5.4
[INFO] [stderr]    Compiling rustls-webpki v0.102.8
[INFO] [stderr]    Compiling rustls-platform-verifier v0.4.0
[INFO] [stderr]    Compiling quinn-proto v0.11.9
[INFO] [stderr]    Compiling quinn v0.11.6
[INFO] [stderr]    Compiling flare-im-core v0.1.1 (/opt/rustwide/workdir)
[INFO] [stdout] warning: constant `PING_INTERVAL` is never used
[INFO] [stdout]   --> src/client/client.rs:23:7
[INFO] [stdout]    |
[INFO] [stdout] 23 | const PING_INTERVAL: Duration = Duration::from_secs(30);
[INFO] [stdout]    |       ^^^^^^^^^^^^^
[INFO] [stdout]    |
[INFO] [stdout]    = note: `#[warn(dead_code)]` (part of `#[warn(unused)]`) on by default
[INFO] [stdout] 
[INFO] [stdout] 
[INFO] [stdout] warning: constant `PONG_TIMEOUT` is never used
[INFO] [stdout]   --> src/client/client.rs:24:7
[INFO] [stdout]    |
[INFO] [stdout] 24 | const PONG_TIMEOUT: Duration = Duration::from_secs(10);
[INFO] [stdout]    |       ^^^^^^^^^^^^
[INFO] [stdout] 
[INFO] [stdout] 
[INFO] [stdout] warning: constant `RECONNECT_INTERVAL` is never used
[INFO] [stdout]   --> src/client/client.rs:25:7
[INFO] [stdout]    |
[INFO] [stdout] 25 | const RECONNECT_INTERVAL: Duration = Duration::from_secs(5);
[INFO] [stdout]    |       ^^^^^^^^^^^^^^^^^^
[INFO] [stdout] 
[INFO] [stdout] 
[INFO] [stdout] warning: constant `MAX_RECONNECT_ATTEMPTS` is never used
[INFO] [stdout]   --> src/client/client.rs:26:7
[INFO] [stdout]    |
[INFO] [stdout] 26 | const MAX_RECONNECT_ATTEMPTS: u32 = 5;
[INFO] [stdout]    |       ^^^^^^^^^^^^^^^^^^^^^^
[INFO] [stdout] 
[INFO] [stdout] 
[INFO] [stderr]     Finished `release` profile [optimized] target(s) in 2m 23s
[INFO] running `Command { std: "docker" "inspect" "4b3ccd8d9f25aa181806eea3efbd5db7686ca6afb91c5db4960d8cc95e30f90a", kill_on_drop: false }`
[INFO] running `Command { std: "docker" "exec" "-e" "SOURCE_DIR=/opt/rustwide/workdir" "-e" "CARGO_HOME=/opt/rustwide/cargo-home" "-e" "RUSTUP_HOME=/opt/rustwide/rustup-home" "-e" "CARGO_TARGET_DIR=/opt/rustwide/target" "-e" "CARGO_INCREMENTAL=0" "-e" "RUST_BACKTRACE=full" "-e" "RUSTFLAGS=--cap-lints=warn" "-e" "RUSTDOCFLAGS=--cap-lints=warn" "-w" "/opt/rustwide/workdir" "--user" "0:0" "4b3ccd8d9f25aa181806eea3efbd5db7686ca6afb91c5db4960d8cc95e30f90a" "/opt/rustwide/cargo-home/bin/cargo" "+1.99.0-beta.8" "test" "--frozen" "--no-run" "--message-format=json" "--release", kill_on_drop: false }`
[INFO] [stdout] warning: constant `PING_INTERVAL` is never used
[INFO] [stdout]   --> src/client/client.rs:23:7
[INFO] [stdout]    |
[INFO] [stdout] 23 | const PING_INTERVAL: Duration = Duration::from_secs(30);
[INFO] [stdout]    |       ^^^^^^^^^^^^^
[INFO] [stdout]    |
[INFO] [stdout]    = note: `#[warn(dead_code)]` (part of `#[warn(unused)]`) on by default
[INFO] [stdout] 
[INFO] [stdout] 
[INFO] [stdout] warning: constant `PONG_TIMEOUT` is never used
[INFO] [stdout]   --> src/client/client.rs:24:7
[INFO] [stdout]    |
[INFO] [stdout] 24 | const PONG_TIMEOUT: Duration = Duration::from_secs(10);
[INFO] [stdout]    |       ^^^^^^^^^^^^
[INFO] [stdout] 
[INFO] [stdout] 
[INFO] [stdout] warning: constant `RECONNECT_INTERVAL` is never used
[INFO] [stdout]   --> src/client/client.rs:25:7
[INFO] [stdout]    |
[INFO] [stdout] 25 | const RECONNECT_INTERVAL: Duration = Duration::from_secs(5);
[INFO] [stdout]    |       ^^^^^^^^^^^^^^^^^^
[INFO] [stdout] 
[INFO] [stdout] 
[INFO] [stdout] warning: constant `MAX_RECONNECT_ATTEMPTS` is never used
[INFO] [stdout]   --> src/client/client.rs:26:7
[INFO] [stdout]    |
[INFO] [stdout] 26 | const MAX_RECONNECT_ATTEMPTS: u32 = 5;
[INFO] [stdout]    |       ^^^^^^^^^^^^^^^^^^^^^^
[INFO] [stdout] 
[INFO] [stdout] 
[INFO] [stderr]    Compiling flare-im-core v0.1.1 (/opt/rustwide/workdir)
[INFO] [stdout] warning: unused import: `anyhow::anyhow`
[INFO] [stdout]  --> examples/chatroom_server.rs:1:5
[INFO] [stdout]   |
[INFO] [stdout] 1 | use anyhow::anyhow;
[INFO] [stdout]   |     ^^^^^^^^^^^^^^
[INFO] [stdout]   |
[INFO] [stdout]   = note: `#[warn(unused_imports)]` (part of `#[warn(unused)]`) on by default
[INFO] [stdout] 
[INFO] [stdout] 
[INFO] [stdout] warning: unused import: `flare_im_core::connections::quic_conf::create_server_config`
[INFO] [stdout]  --> examples/chatroom_server.rs:5:5
[INFO] [stdout]   |
[INFO] [stdout] 5 | use flare_im_core::connections::quic_conf::create_server_config;
[INFO] [stdout]   |     ^^^^^^^^^^^^^^^^^^^^^^^^^^^^^^^^^^^^^^^^^^^^^^^^^^^^^^^^^^^
[INFO] [stdout] 
[INFO] [stdout] 
[INFO] [stdout] warning: unused import: `AuthHandler`
[INFO] [stdout]  --> examples/chatroom_server.rs:6:63
[INFO] [stdout]   |
[INFO] [stdout] 6 | use flare_im_core::server::auth_handler::{AuthCommandHandler, AuthHandler, DefAuthHandler};
[INFO] [stdout]   |                                                               ^^^^^^^^^^^
[INFO] [stdout] 
[INFO] [stdout] 
[INFO] [stdout] warning: unused import: `DefServerHandler`
[INFO] [stdout]  --> examples/chatroom_server.rs:8:45
[INFO] [stdout]   |
[INFO] [stdout] 8 | use flare_im_core::server::server_handler::{DefServerHandler, ServerCommandHandler, ServerHandler};
[INFO] [stdout]   |                                             ^^^^^^^^^^^^^^^^
[INFO] [stdout] 
[INFO] [stdout] 
[INFO] [stdout] warning: unused import: `SystemHandler`
[INFO] [stdout]  --> examples/chatroom_server.rs:9:82
[INFO] [stdout]   |
[INFO] [stdout] 9 | use flare_im_core::server::sys_handler::{DefSystemHandler, SystemCommandHandler, SystemHandler};
[INFO] [stdout]   |                                                                                  ^^^^^^^^^^^^^
[INFO] [stdout] 
[INFO] [stdout] 
[INFO] [stdout] warning: unused import: `AuthHandler`
[INFO] [stdout]  --> examples/chat.rs:8:43
[INFO] [stdout]   |
[INFO] [stdout] 8 | use flare_im_core::server::auth_handler::{AuthHandler, DefAuthHandler};
[INFO] [stdout]   |                                           ^^^^^^^^^^^
[INFO] [stdout]   |
[INFO] [stdout]   = note: `#[warn(unused_imports)]` (part of `#[warn(unused)]`) on by default
[INFO] [stdout] 
[INFO] [stdout] 
[INFO] [stdout] warning: unused import: `SystemHandler`
[INFO] [stdout]   --> examples/chat.rs:12:60
[INFO] [stdout]    |
[INFO] [stdout] 12 | use flare_im_core::server::sys_handler::{DefSystemHandler, SystemHandler};
[INFO] [stdout]    |                                                            ^^^^^^^^^^^^^
[INFO] [stdout] 
[INFO] [stdout] 
[INFO] [stdout] warning: unused import: `Platform`
[INFO] [stdout]   --> examples/chat.rs:14:68
[INFO] [stdout]    |
[INFO] [stdout] 14 | use flare_core::flare_net::net::{Command, Message as ProtoMessage, Platform, Response};
[INFO] [stdout]    |                                                                    ^^^^^^^^
[INFO] [stdout] 
[INFO] [stdout] 
[INFO] [stdout] warning: unused import: `std::sync::Arc`
[INFO] [stdout]   --> examples/chat.rs:18:5
[INFO] [stdout]    |
[INFO] [stdout] 18 | use std::sync::Arc;
[INFO] [stdout]    |     ^^^^^^^^^^^^^^
[INFO] [stdout] 
[INFO] [stdout] 
[INFO] [stdout] warning: struct `ChatClientHandler` is never constructed
[INFO] [stdout]   --> examples/chat.rs:24:8
[INFO] [stdout]    |
[INFO] [stdout] 24 | struct ChatClientHandler;
[INFO] [stdout]    |        ^^^^^^^^^^^^^^^^^
[INFO] [stdout]    |
[INFO] [stdout]    = note: `#[warn(dead_code)]` (part of `#[warn(unused)]`) on by default
[INFO] [stdout] 
[INFO] [stdout] 
[INFO] [stdout] warning: struct `ChatServerHandler` is never constructed
[INFO] [stdout]   --> examples/chat.rs:56:8
[INFO] [stdout]    |
[INFO] [stdout] 56 | struct ChatServerHandler;
[INFO] [stdout]    |        ^^^^^^^^^^^^^^^^^
[INFO] [stdout] 
[INFO] [stdout] 
[INFO] [stdout] warning: constant `PING_INTERVAL` is never used
[INFO] [stdout]   --> src/client/client.rs:23:7
[INFO] [stdout]    |
[INFO] [stdout] 23 | const PING_INTERVAL: Duration = Duration::from_secs(30);
[INFO] [stdout]    |       ^^^^^^^^^^^^^
[INFO] [stdout]    |
[INFO] [stdout]    = note: `#[warn(dead_code)]` (part of `#[warn(unused)]`) on by default
[INFO] [stdout] 
[INFO] [stdout] 
[INFO] [stdout] warning: constant `PONG_TIMEOUT` is never used
[INFO] [stdout]   --> src/client/client.rs:24:7
[INFO] [stdout]    |
[INFO] [stdout] 24 | const PONG_TIMEOUT: Duration = Duration::from_secs(10);
[INFO] [stdout]    |       ^^^^^^^^^^^^
[INFO] [stdout] 
[INFO] [stdout] 
[INFO] [stdout] warning: constant `RECONNECT_INTERVAL` is never used
[INFO] [stdout]   --> src/client/client.rs:25:7
[INFO] [stdout]    |
[INFO] [stdout] 25 | const RECONNECT_INTERVAL: Duration = Duration::from_secs(5);
[INFO] [stdout]    |       ^^^^^^^^^^^^^^^^^^
[INFO] [stdout] 
[INFO] [stdout] 
[INFO] [stdout] warning: constant `MAX_RECONNECT_ATTEMPTS` is never used
[INFO] [stdout]   --> src/client/client.rs:26:7
[INFO] [stdout]    |
[INFO] [stdout] 26 | const MAX_RECONNECT_ATTEMPTS: u32 = 5;
[INFO] [stdout]    |       ^^^^^^^^^^^^^^^^^^^^^^
[INFO] [stdout] 
[INFO] [stdout] 
[INFO] [stderr]     Finished `release` profile [optimized] target(s) in 26.10s
[INFO] running `Command { std: "docker" "inspect" "4b3ccd8d9f25aa181806eea3efbd5db7686ca6afb91c5db4960d8cc95e30f90a", kill_on_drop: false }`
[INFO] running `Command { std: "docker" "exec" "-e" "SOURCE_DIR=/opt/rustwide/workdir" "-e" "CARGO_HOME=/opt/rustwide/cargo-home" "-e" "RUSTUP_HOME=/opt/rustwide/rustup-home" "-e" "CARGO_TARGET_DIR=/opt/rustwide/target" "-e" "CARGO_INCREMENTAL=0" "-e" "RUST_BACKTRACE=full" "-e" "RUSTFLAGS=--cap-lints=warn" "-e" "RUSTDOCFLAGS=--cap-lints=warn" "-w" "/opt/rustwide/workdir" "--user" "0:0" "4b3ccd8d9f25aa181806eea3efbd5db7686ca6afb91c5db4960d8cc95e30f90a" "/opt/rustwide/cargo-home/bin/cargo" "+1.99.0-beta.8" "test" "--frozen" "--release", kill_on_drop: false }`
[INFO] [stderr] warning: constant `PING_INTERVAL` is never used
[INFO] [stderr]   --> src/client/client.rs:23:7
[INFO] [stderr]    |
[INFO] [stderr] 23 | const PING_INTERVAL: Duration = Duration::from_secs(30);
[INFO] [stderr]    |       ^^^^^^^^^^^^^
[INFO] [stderr]    |
[INFO] [stderr]    = note: `#[warn(dead_code)]` (part of `#[warn(unused)]`) on by default
[INFO] [stderr] 
[INFO] [stderr] warning: constant `PONG_TIMEOUT` is never used
[INFO] [stderr]   --> src/client/client.rs:24:7
[INFO] [stderr]    |
[INFO] [stderr] 24 | const PONG_TIMEOUT: Duration = Duration::from_secs(10);
[INFO] [stderr]    |       ^^^^^^^^^^^^
[INFO] [stderr] 
[INFO] [stderr] warning: constant `RECONNECT_INTERVAL` is never used
[INFO] [stderr]   --> src/client/client.rs:25:7
[INFO] [stderr]    |
[INFO] [stderr] 25 | const RECONNECT_INTERVAL: Duration = Duration::from_secs(5);
[INFO] [stderr]    |       ^^^^^^^^^^^^^^^^^^
[INFO] [stderr] 
[INFO] [stderr] warning: constant `MAX_RECONNECT_ATTEMPTS` is never used
[INFO] [stderr]   --> src/client/client.rs:26:7
[INFO] [stderr]    |
[INFO] [stderr] 26 | const MAX_RECONNECT_ATTEMPTS: u32 = 5;
[INFO] [stderr]    |       ^^^^^^^^^^^^^^^^^^^^^^
[INFO] [stderr] 
[INFO] [stderr] warning: `flare-im-core` (lib) generated 4 warnings
[INFO] [stderr] warning: `flare-im-core` (lib test) generated 4 warnings (4 duplicates)
[INFO] [stderr] warning: unused import: `AuthHandler`
[INFO] [stderr]  --> examples/chat.rs:8:43
[INFO] [stderr]   |
[INFO] [stderr] 8 | use flare_im_core::server::auth_handler::{AuthHandler, DefAuthHandler};
[INFO] [stderr]   |                                           ^^^^^^^^^^^
[INFO] [stderr]   |
[INFO] [stderr]   = note: `#[warn(unused_imports)]` (part of `#[warn(unused)]`) on by default
[INFO] [stderr] 
[INFO] [stderr] warning: unused import: `SystemHandler`
[INFO] [stderr]   --> examples/chat.rs:12:60
[INFO] [stderr]    |
[INFO] [stderr] 12 | use flare_im_core::server::sys_handler::{DefSystemHandler, SystemHandler};
[INFO] [stderr]    |                                                            ^^^^^^^^^^^^^
[INFO] [stderr] 
[INFO] [stderr] warning: unused import: `Platform`
[INFO] [stderr]   --> examples/chat.rs:14:68
[INFO] [stderr]    |
[INFO] [stderr] 14 | use flare_core::flare_net::net::{Command, Message as ProtoMessage, Platform, Response};
[INFO] [stderr]    |                                                                    ^^^^^^^^
[INFO] [stderr] 
[INFO] [stderr] warning: unused import: `std::sync::Arc`
[INFO] [stderr]   --> examples/chat.rs:18:5
[INFO] [stderr]    |
[INFO] [stderr] 18 | use std::sync::Arc;
[INFO] [stderr]    |     ^^^^^^^^^^^^^^
[INFO] [stderr] 
[INFO] [stderr] warning: struct `ChatClientHandler` is never constructed
[INFO] [stderr]   --> examples/chat.rs:24:8
[INFO] [stderr]    |
[INFO] [stderr] 24 | struct ChatClientHandler;
[INFO] [stderr]    |        ^^^^^^^^^^^^^^^^^
[INFO] [stderr]    |
[INFO] [stderr]    = note: `#[warn(dead_code)]` (part of `#[warn(unused)]`) on by default
[INFO] [stderr] 
[INFO] [stderr] warning: struct `ChatServerHandler` is never constructed
[INFO] [stderr]   --> examples/chat.rs:56:8
[INFO] [stderr]    |
[INFO] [stderr] 56 | struct ChatServerHandler;
[INFO] [stderr]    |        ^^^^^^^^^^^^^^^^^
[INFO] [stderr] 
[INFO] [stderr] warning: unused import: `anyhow::anyhow`
[INFO] [stderr]  --> examples/chatroom_server.rs:1:5
[INFO] [stderr]   |
[INFO] [stderr] 1 | use anyhow::anyhow;
[INFO] [stderr]   |     ^^^^^^^^^^^^^^
[INFO] [stderr]   |
[INFO] [stderr]   = note: `#[warn(unused_imports)]` (part of `#[warn(unused)]`) on by default
[INFO] [stderr] 
[INFO] [stderr] warning: unused import: `flare_im_core::connections::quic_conf::create_server_config`
[INFO] [stderr]  --> examples/chatroom_server.rs:5:5
[INFO] [stderr]   |
[INFO] [stderr] 5 | use flare_im_core::connections::quic_conf::create_server_config;
[INFO] [stderr]   |     ^^^^^^^^^^^^^^^^^^^^^^^^^^^^^^^^^^^^^^^^^^^^^^^^^^^^^^^^^^^
[INFO] [stderr] 
[INFO] [stderr] warning: unused import: `AuthHandler`
[INFO] [stderr]  --> examples/chatroom_server.rs:6:63
[INFO] [stderr]   |
[INFO] [stderr] 6 | use flare_im_core::server::auth_handler::{AuthCommandHandler, AuthHandler, DefAuthHandler};
[INFO] [stderr]   |                                                               ^^^^^^^^^^^
[INFO] [stderr] 
[INFO] [stderr] warning: unused import: `DefServerHandler`
[INFO] [stderr]  --> examples/chatroom_server.rs:8:45
[INFO] [stderr]   |
[INFO] [stderr] 8 | use flare_im_core::server::server_handler::{DefServerHandler, ServerCommandHandler, ServerHandler};
[INFO] [stderr]   |                                             ^^^^^^^^^^^^^^^^
[INFO] [stderr] 
[INFO] [stderr] warning: unused import: `SystemHandler`
[INFO] [stderr]  --> examples/chatroom_server.rs:9:82
[INFO] [stderr]   |
[INFO] [stderr] 9 | use flare_im_core::server::sys_handler::{DefSystemHandler, SystemCommandHandler, SystemHandler};
[INFO] [stderr]   |                                                                                  ^^^^^^^^^^^^^
[INFO] [stderr] 
[INFO] [stderr] warning: `flare-im-core` (example "chat") generated 6 warnings (run `cargo fix --example "chat" -p flare-im-core` to apply 4 suggestions)
[INFO] [stderr] warning: `flare-im-core` (example "chatroom_server") generated 5 warnings (run `cargo fix --example "chatroom_server" -p flare-im-core` to apply 5 suggestions)
[INFO] [stderr]     Finished `release` profile [optimized] target(s) in 0.28s
[INFO] [stderr]      Running unittests src/lib.rs (/opt/rustwide/target/release/deps/flare_im_core-e2ad3043b210d234)
[INFO] [stdout] 
[INFO] [stdout] running 3 tests
[INFO] [stdout] test server::handlers::tests::test_message_handler ... FAILED
[INFO] [stdout] test client::config::tests::test_client_config_builder ... ok
[INFO] [stdout] test client::config::tests::test_client_config_default ... FAILED
[INFO] [stdout] 
[INFO] [stdout] failures:
[INFO] [stdout] 
[INFO] [stdout] ---- server::handlers::tests::test_message_handler stdout ----
[INFO] [stdout] 
[INFO] [stdout] thread 'server::handlers::tests::test_message_handler' (4152) panicked at src/server/handlers.rs:162:59:
[INFO] [stdout] called `Result::unwrap()` on an `Err` value: InvalidCommand("Missing command")
[INFO] [stdout] stack backtrace:
[INFO] [stdout]    0:     0x644767acb221 - <<std[70759c8f55707aa4]::sys::backtrace::BacktraceLock>::print::DisplayBacktrace as core[df12db4294e9bfd3]::fmt::Display>::fmt
[INFO] [stdout]    1:     0x644767adfd8a - core[df12db4294e9bfd3]::fmt::write
[INFO] [stdout]    2:     0x644767acfd0c - <alloc[2182bb758b4b3781]::vec::Vec<u8> as core[df12db4294e9bfd3]::io::write::Write>::write_fmt
[INFO] [stdout]    3:     0x644767aa7346 - std[70759c8f55707aa4]::panicking::default_hook::{closure#0}
[INFO] [stdout]    4:     0x644767ac3879 - std[70759c8f55707aa4]::panicking::default_hook
[INFO] [stdout]    5:     0x644767a3a310 - test[9d35eded1c95d3be]::test_main_inner::<test[9d35eded1c95d3be]::test_main_static::{closure#0}>::{closure#0}
[INFO] [stdout]    6:     0x644767ac3a32 - std[70759c8f55707aa4]::panicking::panic_with_hook
[INFO] [stdout]    7:     0x644767aa73f2 - std[70759c8f55707aa4]::panicking::panic_handler::{closure#0}
[INFO] [stdout]    8:     0x644767a9fd39 - std[70759c8f55707aa4]::sys::backtrace::__rust_end_short_backtrace::<std[70759c8f55707aa4]::panicking::panic_handler::{closure#0}, !>
[INFO] [stdout]    9:     0x644767aa80ed - __rustc[8fa7c3cbc660c2b3]::rust_begin_unwind
[INFO] [stdout]   10:     0x644767ae04ec - core[df12db4294e9bfd3]::panicking::panic_fmt
[INFO] [stdout]   11:     0x644767ae02c2 - core[df12db4294e9bfd3]::result::unwrap_failed
[INFO] [stdout]   12:     0x644767a24161 - flare_im_core[9b64d29b118cede9]::server::handlers::tests::test_message_handler::{closure#0}
[INFO] [stdout]   13:     0x644767a2b923 - <tokio[73dba83f75371bc4]::runtime::scheduler::current_thread::Context>::enter::<core[df12db4294e9bfd3]::task::poll::Poll<()>, <tokio[73dba83f75371bc4]::runtime::scheduler::current_thread::CoreGuard>::block_on<core[df12db4294e9bfd3]::pin::Pin<&mut core[df12db4294e9bfd3]::pin::Pin<&mut dyn core[df12db4294e9bfd3]::future::future::Future<Output = ()>>>>::{closure#0}::{closure#0}>
[INFO] [stdout]   14:     0x644767a22eaf - <std[70759c8f55707aa4]::thread::local::LocalKey<tokio[73dba83f75371bc4]::runtime::context::Context>>::with::<tokio[73dba83f75371bc4]::runtime::context::set_scheduler<(alloc[2182bb758b4b3781]::boxed::Box<tokio[73dba83f75371bc4]::runtime::scheduler::current_thread::Core>, core[df12db4294e9bfd3]::option::Option<()>), <tokio[73dba83f75371bc4]::runtime::scheduler::current_thread::CoreGuard>::enter<<tokio[73dba83f75371bc4]::runtime::scheduler::current_thread::CoreGuard>::block_on<core[df12db4294e9bfd3]::pin::Pin<&mut core[df12db4294e9bfd3]::pin::Pin<&mut dyn core[df12db4294e9bfd3]::future::future::Future<Output = ()>>>>::{closure#0}, core[df12db4294e9bfd3]::option::Option<()>>::{closure#0}>::{closure#0}, (alloc[2182bb758b4b3781]::boxed::Box<tokio[73dba83f75371bc4]::runtime::scheduler::current_thread::Core>, core[df12db4294e9bfd3]::option::Option<()>)>
[INFO] [stdout]   15:     0x644767a2bc57 - <tokio[73dba83f75371bc4]::runtime::scheduler::current_thread::CoreGuard>::block_on::<core[df12db4294e9bfd3]::pin::Pin<&mut core[df12db4294e9bfd3]::pin::Pin<&mut dyn core[df12db4294e9bfd3]::future::future::Future<Output = ()>>>>
[INFO] [stdout]   16:     0x644767a26cd9 - tokio[73dba83f75371bc4]::runtime::context::runtime::enter_runtime::<<tokio[73dba83f75371bc4]::runtime::scheduler::current_thread::CurrentThread>::block_on<core[df12db4294e9bfd3]::pin::Pin<&mut dyn core[df12db4294e9bfd3]::future::future::Future<Output = ()>>>::{closure#0}, ()>
[INFO] [stdout]   17:     0x644767a2533a - <tokio[73dba83f75371bc4]::runtime::runtime::Runtime>::block_on::<core[df12db4294e9bfd3]::pin::Pin<&mut dyn core[df12db4294e9bfd3]::future::future::Future<Output = ()>>>
[INFO] [stdout]   18:     0x644767a2501e - <flare_im_core[9b64d29b118cede9]::server::handlers::tests::test_message_handler::{closure#0} as core[df12db4294e9bfd3]::ops::function::FnOnce<()>>::call_once
[INFO] [stdout]   19:     0x644767a2d5fb - test[9d35eded1c95d3be]::__rust_begin_short_backtrace::<core[df12db4294e9bfd3]::result::Result<(), alloc[2182bb758b4b3781]::string::String>, fn() -> core[df12db4294e9bfd3]::result::Result<(), alloc[2182bb758b4b3781]::string::String>>
[INFO] [stdout]   20:     0x644767a3ac65 - test[9d35eded1c95d3be]::run_test::{closure#0}
[INFO] [stdout]   21:     0x644767a34524 - std[70759c8f55707aa4]::sys::backtrace::__rust_begin_short_backtrace::<test[9d35eded1c95d3be]::run_test::{closure#1}, ()>
[INFO] [stdout]   22:     0x644767a3ddc2 - <std[70759c8f55707aa4]::thread::lifecycle::spawn_unchecked<test[9d35eded1c95d3be]::run_test::{closure#1}, ()>::{closure#1} as core[df12db4294e9bfd3]::ops::function::FnOnce<()>>::call_once::{shim:vtable#0}
[INFO] [stdout]   23:     0x644767acaaf9 - <std[70759c8f55707aa4]::sys::thread::unix::Thread>::new::thread_start
[INFO] [stdout]   24:     0x78edc4646dfa - <unknown>
[INFO] [stdout]   25:     0x78edc46da3d4 - clone
[INFO] [stdout]   26:                0x0 - <unknown>
[INFO] [stdout] 
[INFO] [stdout] ---- client::config::tests::test_client_config_default stdout ----
[INFO] [stdout] 
[INFO] [stdout] thread 'client::config::tests::test_client_config_default' (4151) panicked at src/client/config.rs:155:9:
[INFO] [stdout] assertion `left == right` failed
[INFO] [stdout]   left: Web
[INFO] [stdout]  right: Unknown
[INFO] [stdout] stack backtrace:
[INFO] [stdout]    0:     0x644767acb221 - <<std[70759c8f55707aa4]::sys::backtrace::BacktraceLock>::print::DisplayBacktrace as core[df12db4294e9bfd3]::fmt::Display>::fmt
[INFO] [stdout]    1:     0x644767adfd8a - core[df12db4294e9bfd3]::fmt::write
[INFO] [stdout]    2:     0x644767acfd0c - <alloc[2182bb758b4b3781]::vec::Vec<u8> as core[df12db4294e9bfd3]::io::write::Write>::write_fmt
[INFO] [stdout]    3:     0x644767aa7346 - std[70759c8f55707aa4]::panicking::default_hook::{closure#0}
[INFO] [stdout]    4:     0x644767ac3879 - std[70759c8f55707aa4]::panicking::default_hook
[INFO] [stdout]    5:     0x644767a3a310 - test[9d35eded1c95d3be]::test_main_inner::<test[9d35eded1c95d3be]::test_main_static::{closure#0}>::{closure#0}
[INFO] [stdout]    6:     0x644767ac3a32 - std[70759c8f55707aa4]::panicking::panic_with_hook
[INFO] [stdout]    7:     0x644767aa73f2 - std[70759c8f55707aa4]::panicking::panic_handler::{closure#0}
[INFO] [stdout]    8:     0x644767a9fd39 - std[70759c8f55707aa4]::sys::backtrace::__rust_end_short_backtrace::<std[70759c8f55707aa4]::panicking::panic_handler::{closure#0}, !>
[INFO] [stdout]    9:     0x644767aa80ed - __rustc[8fa7c3cbc660c2b3]::rust_begin_unwind
[INFO] [stdout]   10:     0x644767ae04ec - core[df12db4294e9bfd3]::panicking::panic_fmt
[INFO] [stdout]   11:     0x644767ae0403 - core[df12db4294e9bfd3]::panicking::assert_failed_inner
[INFO] [stdout]   12:     0x644767a26487 - core[df12db4294e9bfd3]::panicking::assert_failed::<flare_core[c5da7dc5e5d29c03]::net::flare_net::net::Platform, flare_core[c5da7dc5e5d29c03]::net::flare_net::net::Platform>
[INFO] [stdout]   13:     0x644767a27781 - flare_im_core[9b64d29b118cede9]::client::config::tests::test_client_config_default
[INFO] [stdout]   14:     0x644767a24f69 - <flare_im_core[9b64d29b118cede9]::client::config::tests::test_client_config_default::{closure#0} as core[df12db4294e9bfd3]::ops::function::FnOnce<()>>::call_once
[INFO] [stdout]   15:     0x644767a2d5fb - test[9d35eded1c95d3be]::__rust_begin_short_backtrace::<core[df12db4294e9bfd3]::result::Result<(), alloc[2182bb758b4b3781]::string::String>, fn() -> core[df12db4294e9bfd3]::result::Result<(), alloc[2182bb758b4b3781]::string::String>>
[INFO] [stdout]   16:     0x644767a3ac65 - test[9d35eded1c95d3be]::run_test::{closure#0}
[INFO] [stdout]   17:     0x644767a34524 - std[70759c8f55707aa4]::sys::backtrace::__rust_begin_short_backtrace::<test[9d35eded1c95d3be]::run_test::{closure#1}, ()>
[INFO] [stdout]   18:     0x644767a3ddc2 - <std[70759c8f55707aa4]::thread::lifecycle::spawn_unchecked<test[9d35eded1c95d3be]::run_test::{closure#1}, ()>::{closure#1} as core[df12db4294e9bfd3]::ops::function::FnOnce<()>>::call_once::{shim:vtable#0}
[INFO] [stdout]   19:     0x644767acaaf9 - <std[70759c8f55707aa4]::sys::thread::unix::Thread>::new::thread_start
[INFO] [stdout]   20:     0x78edc4646dfa - <unknown>
[INFO] [stdout]   21:     0x78edc46da3d4 - clone
[INFO] [stdout]   22:                0x0 - <unknown>
[INFO] [stdout] 
[INFO] [stdout] 
[INFO] [stdout] failures:
[INFO] [stdout]     client::config::tests::test_client_config_default
[INFO] [stdout]     server::handlers::tests::test_message_handler
[INFO] [stdout] 
[INFO] [stdout] test result: FAILED. 1 passed; 2 failed; 0 ignored; 0 measured; 0 filtered out; finished in 0.00s
[INFO] [stdout] 
[INFO] [stderr] error: test failed, to rerun pass `--lib`
[INFO] running `Command { std: "docker" "inspect" "4b3ccd8d9f25aa181806eea3efbd5db7686ca6afb91c5db4960d8cc95e30f90a", kill_on_drop: false }`
[INFO] running `Command { std: "docker" "rm" "-f" "4b3ccd8d9f25aa181806eea3efbd5db7686ca6afb91c5db4960d8cc95e30f90a", kill_on_drop: false }`
[INFO] [stdout] 4b3ccd8d9f25aa181806eea3efbd5db7686ca6afb91c5db4960d8cc95e30f90a
