[INFO] fetching crate fkl-parser 0.4.0...
[INFO] testing fkl-parser-0.4.0 against 1.99.0-beta.8+cargoflags=--release for beta-release-1.100-2
[INFO] extracting crate fkl-parser 0.4.0 into /workspace/builds/worker-7-tc1/source
[INFO] started tweaking crates.io crate fkl-parser 0.4.0
[INFO] finished tweaking crates.io crate fkl-parser 0.4.0
[INFO] tweaked toml for crates.io crate fkl-parser 0.4.0 written to /workspace/builds/worker-7-tc1/source/Cargo.toml
[INFO] validating manifest of crates.io crate fkl-parser 0.4.0 on toolchain 1.99.0-beta.8
[INFO] running `Command { std: CARGO_HOME="/workspace/cargo-home" RUSTUP_HOME="/workspace/rustup-home" "/workspace/cargo-home/bin/cargo" "+1.99.0-beta.8" "metadata" "--manifest-path" "Cargo.toml" "--no-deps", kill_on_drop: false }`
[INFO] running `Command { std: CARGO_HOME="/workspace/cargo-home" RUSTUP_HOME="/workspace/rustup-home" "/workspace/cargo-home/bin/cargo" "+1.99.0-beta.8" "generate-lockfile" "--manifest-path" "Cargo.toml", kill_on_drop: false }`
[INFO] [stderr]     Updating crates.io index
[INFO] [stderr]      Locking 74 packages to highest compatible versions
[INFO] [stderr]       Adding indexmap v1.9.3 (available: v2.14.2)
[INFO] [stderr]       Adding mockall v0.11.4 (available: v0.15.0)
[INFO] [stderr]       Adding psm v0.1.24 (available: v0.1.32)
[INFO] running `Command { std: CARGO_HOME="/workspace/cargo-home" RUSTUP_HOME="/workspace/rustup-home" "/workspace/cargo-home/bin/cargo" "+1.99.0-beta.8" "fetch" "--manifest-path" "Cargo.toml", kill_on_drop: false }`
[INFO] [stderr]  Downloading crates ...
[INFO] [stderr]   Downloaded fragile v2.1.0
[INFO] [stderr]   Downloaded mockall_derive v0.11.4
[INFO] [stderr]   Downloaded mockall v0.11.4
[INFO] [stderr]   Downloaded predicates v2.1.5
[INFO] running `Command { std: "docker" "create" "-v" "/var/lib/crater-agent-workspace/builds/worker-7-tc1/source:/opt/rustwide/workdir:ro,Z" "-v" "/var/lib/crater-agent-workspace/builds/worker-7-tc1/target:/opt/rustwide/target:rw,Z" "-v" "/var/lib/crater-agent-workspace/cargo-home:/opt/rustwide/cargo-home:ro,Z" "-v" "/var/lib/crater-agent-workspace/rustup-home:/opt/rustwide/rustup-home:ro,Z" "-m" "1610612736" "--network" "none" "ghcr.io/rust-lang/crates-build-env/linux@sha256:77db811e55d90add9212f6832c23229e3de5f1c1f9905e8cb07319ea15df73ac" "sleep" "infinity", kill_on_drop: false }`
[INFO] [stdout] 562c4cd78b2568b40ce6d55a855f412911b660733eb93b700aa1b5fa1ab45757
[INFO] running `Command { std: "docker" "start" "562c4cd78b2568b40ce6d55a855f412911b660733eb93b700aa1b5fa1ab45757", kill_on_drop: false }`
[INFO] running `Command { std: "docker" "inspect" "562c4cd78b2568b40ce6d55a855f412911b660733eb93b700aa1b5fa1ab45757", kill_on_drop: false }`
[INFO] running `Command { std: "docker" "exec" "-e" "SOURCE_DIR=/opt/rustwide/workdir" "-e" "CARGO_HOME=/opt/rustwide/cargo-home" "-e" "RUSTUP_HOME=/opt/rustwide/rustup-home" "-e" "CARGO_TARGET_DIR=/opt/rustwide/target" "-w" "/opt/rustwide/workdir" "--user" "0:0" "562c4cd78b2568b40ce6d55a855f412911b660733eb93b700aa1b5fa1ab45757" "/opt/rustwide/cargo-home/bin/cargo" "+1.99.0-beta.8" "metadata" "--no-deps" "--format-version=1", kill_on_drop: false }`
[INFO] running `Command { std: "docker" "inspect" "562c4cd78b2568b40ce6d55a855f412911b660733eb93b700aa1b5fa1ab45757", kill_on_drop: false }`
[INFO] running `Command { std: "docker" "exec" "-e" "SOURCE_DIR=/opt/rustwide/workdir" "-e" "CARGO_HOME=/opt/rustwide/cargo-home" "-e" "RUSTUP_HOME=/opt/rustwide/rustup-home" "-e" "CARGO_TARGET_DIR=/opt/rustwide/target" "-e" "CARGO_INCREMENTAL=0" "-e" "RUST_BACKTRACE=full" "-e" "RUSTFLAGS=--cap-lints=warn" "-e" "RUSTDOCFLAGS=--cap-lints=warn" "-w" "/opt/rustwide/workdir" "--user" "0:0" "562c4cd78b2568b40ce6d55a855f412911b660733eb93b700aa1b5fa1ab45757" "/opt/rustwide/cargo-home/bin/cargo" "+1.99.0-beta.8" "build" "--frozen" "--message-format=json" "--release", kill_on_drop: false }`
[INFO] [stderr]    Compiling memchr v2.8.3
[INFO] [stderr]    Compiling smallvec v1.16.3
[INFO] [stderr]    Compiling ucd-trie v0.1.7
[INFO] [stderr]    Compiling indexmap v1.9.3
[INFO] [stderr]    Compiling hashbrown v0.12.3
[INFO] [stderr]    Compiling syn v3.0.9
[INFO] [stderr]    Compiling psm v0.1.24
[INFO] [stderr]    Compiling stacker v0.1.25
[INFO] [stderr]    Compiling pest v2.9.4
[INFO] [stderr]    Compiling pest_meta v2.9.4
[INFO] [stderr]    Compiling synstructure v0.14.0
[INFO] [stderr]    Compiling pest_generator v2.9.4
[INFO] [stderr]    Compiling zerovec-derive v0.11.6
[INFO] [stderr]    Compiling displaydoc v0.2.7
[INFO] [stderr]    Compiling serde_derive v1.0.229
[INFO] [stderr]    Compiling zerofrom-derive v0.1.8
[INFO] [stderr]    Compiling yoke-derive v0.8.4
[INFO] [stderr]    Compiling zerofrom v0.1.8
[INFO] [stderr]    Compiling pest_derive v2.9.4
[INFO] [stderr]    Compiling yoke v0.8.3
[INFO] [stderr]    Compiling zerotrie v0.2.5
[INFO] [stderr]    Compiling zerovec v0.11.8
[INFO] [stderr]    Compiling tinystr v0.8.4
[INFO] [stderr]    Compiling potential_utf v0.1.6
[INFO] [stderr]    Compiling icu_collections v2.3.0
[INFO] [stderr]    Compiling icu_locale_core v2.3.0
[INFO] [stderr]    Compiling serde v1.0.229
[INFO] [stderr]    Compiling icu_provider v2.3.1
[INFO] [stderr]    Compiling icu_properties v2.3.0
[INFO] [stderr]    Compiling icu_normalizer v2.3.0
[INFO] [stderr]    Compiling idna_adapter v1.2.2
[INFO] [stderr]    Compiling idna v1.1.0
[INFO] [stderr]    Compiling url v2.5.8
[INFO] [stderr]    Compiling fkl-parser v0.4.0 (/opt/rustwide/workdir)
[INFO] [stdout] warning: unused import: `http_api_binding::*`
[INFO] [stdout]   --> src/mir/implementation/mod.rs:11:9
[INFO] [stdout]    |
[INFO] [stdout] 11 | pub use http_api_binding::*;
[INFO] [stdout]    |         ^^^^^^^^^^^^^^^^^^^
[INFO] [stdout]    |
[INFO] [stdout]    = note: `#[warn(unused_imports)]` (part of `#[warn(unused)]`) on by default
[INFO] [stdout] 
[INFO] [stdout] 
[INFO] [stdout] warning: struct `UbiquitousLanguage` is never constructed
[INFO] [stdout]   --> src/parser/ast.rs:48:12
[INFO] [stdout]    |
[INFO] [stdout] 48 | pub struct UbiquitousLanguage {
[INFO] [stdout]    |            ^^^^^^^^^^^^^^^^^^
[INFO] [stdout]    |
[INFO] [stdout]    = note: `#[warn(dead_code)]` (part of `#[warn(unused)]`) on by default
[INFO] [stdout] 
[INFO] [stdout] 
[INFO] [stdout] warning: struct `UniqueWord` is never constructed
[INFO] [stdout]   --> src/parser/ast.rs:55:12
[INFO] [stdout]    |
[INFO] [stdout] 55 | pub struct UniqueWord {
[INFO] [stdout]    |            ^^^^^^^^^^
[INFO] [stdout] 
[INFO] [stdout] 
[INFO] [stdout] warning: struct `UsedImplementation` is never constructed
[INFO] [stdout]   --> src/parser/ast.rs:96:12
[INFO] [stdout]    |
[INFO] [stdout] 96 | pub struct UsedImplementation {
[INFO] [stdout]    |            ^^^^^^^^^^^^^^^^^^
[INFO] [stdout] 
[INFO] [stdout] 
[INFO] [stdout] warning: struct `DomainServiceDecl` is never constructed
[INFO] [stdout]    --> src/parser/ast.rs:129:12
[INFO] [stdout]     |
[INFO] [stdout] 129 | pub struct DomainServiceDecl {
[INFO] [stdout]     |            ^^^^^^^^^^^^^^^^^
[INFO] [stdout] 
[INFO] [stdout] 
[INFO] [stdout] warning: struct `ApplicationServiceDecl` is never constructed
[INFO] [stdout]    --> src/parser/ast.rs:134:12
[INFO] [stdout]     |
[INFO] [stdout] 134 | pub struct ApplicationServiceDecl {
[INFO] [stdout]     |            ^^^^^^^^^^^^^^^^^^^^^^
[INFO] [stdout] 
[INFO] [stdout] 
[INFO] [stdout] warning: struct `Property` is never constructed
[INFO] [stdout]    --> src/parser/ast.rs:185:12
[INFO] [stdout]     |
[INFO] [stdout] 185 | pub struct Property {
[INFO] [stdout]     |            ^^^^^^^^
[INFO] [stdout] 
[INFO] [stdout] 
[INFO] [stdout] warning: struct `SourceSet` is never constructed
[INFO] [stdout]    --> src/parser/ast.rs:307:12
[INFO] [stdout]     |
[INFO] [stdout] 307 | pub struct SourceSet {
[INFO] [stdout]     |            ^^^^^^^^^
[INFO] [stdout] 
[INFO] [stdout] 
[INFO] [stdout] warning: struct `Trait` is never constructed
[INFO] [stdout]    --> src/parser/ast.rs:341:12
[INFO] [stdout]     |
[INFO] [stdout] 341 | pub struct Trait {
[INFO] [stdout]     |            ^^^^^
[INFO] [stdout] 
[INFO] [stdout] 
[INFO] [stdout] warning: struct `Function` is never constructed
[INFO] [stdout]    --> src/parser/ast.rs:347:12
[INFO] [stdout]     |
[INFO] [stdout] 347 | pub struct Function {
[INFO] [stdout]     |            ^^^^^^^^
[INFO] [stdout] 
[INFO] [stdout] 
[INFO] [stdout] warning: struct `Parameter` is never constructed
[INFO] [stdout]    --> src/parser/ast.rs:355:12
[INFO] [stdout]     |
[INFO] [stdout] 355 | pub struct Parameter {
[INFO] [stdout]     |            ^^^^^^^^^
[INFO] [stdout] 
[INFO] [stdout] 
[INFO] [stderr]     Finished `release` profile [optimized] target(s) in 24.72s
[INFO] running `Command { std: "docker" "inspect" "562c4cd78b2568b40ce6d55a855f412911b660733eb93b700aa1b5fa1ab45757", kill_on_drop: false }`
[INFO] running `Command { std: "docker" "exec" "-e" "SOURCE_DIR=/opt/rustwide/workdir" "-e" "CARGO_HOME=/opt/rustwide/cargo-home" "-e" "RUSTUP_HOME=/opt/rustwide/rustup-home" "-e" "CARGO_TARGET_DIR=/opt/rustwide/target" "-e" "CARGO_INCREMENTAL=0" "-e" "RUST_BACKTRACE=full" "-e" "RUSTFLAGS=--cap-lints=warn" "-e" "RUSTDOCFLAGS=--cap-lints=warn" "-w" "/opt/rustwide/workdir" "--user" "0:0" "562c4cd78b2568b40ce6d55a855f412911b660733eb93b700aa1b5fa1ab45757" "/opt/rustwide/cargo-home/bin/cargo" "+1.99.0-beta.8" "test" "--frozen" "--no-run" "--message-format=json" "--release", kill_on_drop: false }`
[INFO] [stderr]    Compiling aho-corasick v1.1.5
[INFO] [stderr]    Compiling predicates-core v1.0.10
[INFO] [stderr]    Compiling either v1.19.0
[INFO] [stderr]    Compiling float-cmp v0.9.0
[INFO] [stderr]    Compiling syn v1.0.109
[INFO] [stderr]    Compiling normalize-line-endings v0.3.0
[INFO] [stderr]    Compiling difflib v0.4.0
[INFO] [stderr]    Compiling termtree v0.5.1
[INFO] [stderr]    Compiling fragile v2.1.0
[INFO] [stderr]    Compiling downcast v0.11.0
[INFO] [stderr]    Compiling lazy_static v1.5.1
[INFO] [stdout] warning: unused import: `http_api_binding::*`
[INFO] [stdout]   --> src/mir/implementation/mod.rs:11:9
[INFO] [stdout]    |
[INFO] [stdout] 11 | pub use http_api_binding::*;
[INFO] [stdout]    |         ^^^^^^^^^^^^^^^^^^^
[INFO] [stdout]    |
[INFO] [stdout]    = note: `#[warn(unused_imports)]` (part of `#[warn(unused)]`) on by default
[INFO] [stdout] 
[INFO] [stdout] 
[INFO] [stdout] warning: struct `UbiquitousLanguage` is never constructed
[INFO] [stdout]   --> src/parser/ast.rs:48:12
[INFO] [stdout]    |
[INFO] [stdout] 48 | pub struct UbiquitousLanguage {
[INFO] [stdout]    |            ^^^^^^^^^^^^^^^^^^
[INFO] [stdout]    |
[INFO] [stdout]    = note: `#[warn(dead_code)]` (part of `#[warn(unused)]`) on by default
[INFO] [stdout] 
[INFO] [stdout] 
[INFO] [stdout] warning: struct `UniqueWord` is never constructed
[INFO] [stdout]   --> src/parser/ast.rs:55:12
[INFO] [stdout]    |
[INFO] [stdout] 55 | pub struct UniqueWord {
[INFO] [stdout]    |            ^^^^^^^^^^
[INFO] [stdout] 
[INFO] [stdout] 
[INFO] [stdout] warning: struct `UsedImplementation` is never constructed
[INFO] [stdout]   --> src/parser/ast.rs:96:12
[INFO] [stdout]    |
[INFO] [stdout] 96 | pub struct UsedImplementation {
[INFO] [stdout]    |            ^^^^^^^^^^^^^^^^^^
[INFO] [stdout] 
[INFO] [stdout] 
[INFO] [stdout] warning: struct `DomainServiceDecl` is never constructed
[INFO] [stdout]    --> src/parser/ast.rs:129:12
[INFO] [stdout]     |
[INFO] [stdout] 129 | pub struct DomainServiceDecl {
[INFO] [stdout]     |            ^^^^^^^^^^^^^^^^^
[INFO] [stdout] 
[INFO] [stdout] 
[INFO] [stdout] warning: struct `ApplicationServiceDecl` is never constructed
[INFO] [stdout]    --> src/parser/ast.rs:134:12
[INFO] [stdout]     |
[INFO] [stdout] 134 | pub struct ApplicationServiceDecl {
[INFO] [stdout]     |            ^^^^^^^^^^^^^^^^^^^^^^
[INFO] [stdout] 
[INFO] [stdout] 
[INFO] [stdout] warning: struct `Property` is never constructed
[INFO] [stdout]    --> src/parser/ast.rs:185:12
[INFO] [stdout]     |
[INFO] [stdout] 185 | pub struct Property {
[INFO] [stdout]     |            ^^^^^^^^
[INFO] [stdout] 
[INFO] [stdout] 
[INFO] [stdout] warning: struct `SourceSet` is never constructed
[INFO] [stdout]    --> src/parser/ast.rs:307:12
[INFO] [stdout]     |
[INFO] [stdout] 307 | pub struct SourceSet {
[INFO] [stdout]     |            ^^^^^^^^^
[INFO] [stdout] 
[INFO] [stdout] 
[INFO] [stdout] warning: struct `Trait` is never constructed
[INFO] [stdout]    --> src/parser/ast.rs:341:12
[INFO] [stdout]     |
[INFO] [stdout] 341 | pub struct Trait {
[INFO] [stdout]     |            ^^^^^
[INFO] [stdout] 
[INFO] [stdout] 
[INFO] [stdout] warning: struct `Function` is never constructed
[INFO] [stdout]    --> src/parser/ast.rs:347:12
[INFO] [stdout]     |
[INFO] [stdout] 347 | pub struct Function {
[INFO] [stdout]     |            ^^^^^^^^
[INFO] [stdout] 
[INFO] [stdout] 
[INFO] [stdout] warning: struct `Parameter` is never constructed
[INFO] [stdout]    --> src/parser/ast.rs:355:12
[INFO] [stdout]     |
[INFO] [stdout] 355 | pub struct Parameter {
[INFO] [stdout]     |            ^^^^^^^^^
[INFO] [stdout] 
[INFO] [stdout] 
[INFO] [stderr]    Compiling predicates-tree v1.0.13
[INFO] [stderr]    Compiling itertools v0.10.5
[INFO] [stderr]    Compiling regex-automata v0.4.18
[INFO] [stderr]    Compiling mockall_derive v0.11.4
[INFO] [stderr]    Compiling regex v1.13.1
[INFO] [stderr]    Compiling predicates v2.1.5
[INFO] [stderr]    Compiling mockall v0.11.4
[INFO] [stderr]    Compiling fkl-parser v0.4.0 (/opt/rustwide/workdir)
[INFO] [stdout] warning: unused import: `http_api_binding::*`
[INFO] [stdout]   --> src/mir/implementation/mod.rs:11:9
[INFO] [stdout]    |
[INFO] [stdout] 11 | pub use http_api_binding::*;
[INFO] [stdout]    |         ^^^^^^^^^^^^^^^^^^^
[INFO] [stdout]    |
[INFO] [stdout]    = note: `#[warn(unused_imports)]` (part of `#[warn(unused)]`) on by default
[INFO] [stdout] 
[INFO] [stdout] 
[INFO] [stdout] warning: struct `UbiquitousLanguage` is never constructed
[INFO] [stdout]   --> src/parser/ast.rs:48:12
[INFO] [stdout]    |
[INFO] [stdout] 48 | pub struct UbiquitousLanguage {
[INFO] [stdout]    |            ^^^^^^^^^^^^^^^^^^
[INFO] [stdout]    |
[INFO] [stdout]    = note: `#[warn(dead_code)]` (part of `#[warn(unused)]`) on by default
[INFO] [stdout] 
[INFO] [stdout] 
[INFO] [stdout] warning: struct `UniqueWord` is never constructed
[INFO] [stdout]   --> src/parser/ast.rs:55:12
[INFO] [stdout]    |
[INFO] [stdout] 55 | pub struct UniqueWord {
[INFO] [stdout]    |            ^^^^^^^^^^
[INFO] [stdout] 
[INFO] [stdout] 
[INFO] [stdout] warning: struct `UsedImplementation` is never constructed
[INFO] [stdout]   --> src/parser/ast.rs:96:12
[INFO] [stdout]    |
[INFO] [stdout] 96 | pub struct UsedImplementation {
[INFO] [stdout]    |            ^^^^^^^^^^^^^^^^^^
[INFO] [stdout] 
[INFO] [stdout] 
[INFO] [stdout] warning: struct `DomainServiceDecl` is never constructed
[INFO] [stdout]    --> src/parser/ast.rs:129:12
[INFO] [stdout]     |
[INFO] [stdout] 129 | pub struct DomainServiceDecl {
[INFO] [stdout]     |            ^^^^^^^^^^^^^^^^^
[INFO] [stdout] 
[INFO] [stdout] 
[INFO] [stdout] warning: struct `ApplicationServiceDecl` is never constructed
[INFO] [stdout]    --> src/parser/ast.rs:134:12
[INFO] [stdout]     |
[INFO] [stdout] 134 | pub struct ApplicationServiceDecl {
[INFO] [stdout]     |            ^^^^^^^^^^^^^^^^^^^^^^
[INFO] [stdout] 
[INFO] [stdout] 
[INFO] [stdout] warning: struct `Property` is never constructed
[INFO] [stdout]    --> src/parser/ast.rs:185:12
[INFO] [stdout]     |
[INFO] [stdout] 185 | pub struct Property {
[INFO] [stdout]     |            ^^^^^^^^
[INFO] [stdout] 
[INFO] [stdout] 
[INFO] [stdout] warning: struct `SourceSet` is never constructed
[INFO] [stdout]    --> src/parser/ast.rs:307:12
[INFO] [stdout]     |
[INFO] [stdout] 307 | pub struct SourceSet {
[INFO] [stdout]     |            ^^^^^^^^^
[INFO] [stdout] 
[INFO] [stdout] 
[INFO] [stdout] warning: struct `Trait` is never constructed
[INFO] [stdout]    --> src/parser/ast.rs:341:12
[INFO] [stdout]     |
[INFO] [stdout] 341 | pub struct Trait {
[INFO] [stdout]     |            ^^^^^
[INFO] [stdout] 
[INFO] [stdout] 
[INFO] [stdout] warning: struct `Function` is never constructed
[INFO] [stdout]    --> src/parser/ast.rs:347:12
[INFO] [stdout]     |
[INFO] [stdout] 347 | pub struct Function {
[INFO] [stdout]     |            ^^^^^^^^
[INFO] [stdout] 
[INFO] [stdout] 
[INFO] [stdout] warning: struct `Parameter` is never constructed
[INFO] [stdout]    --> src/parser/ast.rs:355:12
[INFO] [stdout]     |
[INFO] [stdout] 355 | pub struct Parameter {
[INFO] [stdout]     |            ^^^^^^^^^
[INFO] [stdout] 
[INFO] [stdout] 
[INFO] [stderr]     Finished `release` profile [optimized] target(s) in 31.39s
[INFO] running `Command { std: "docker" "inspect" "562c4cd78b2568b40ce6d55a855f412911b660733eb93b700aa1b5fa1ab45757", kill_on_drop: false }`
[INFO] running `Command { std: "docker" "exec" "-e" "SOURCE_DIR=/opt/rustwide/workdir" "-e" "CARGO_HOME=/opt/rustwide/cargo-home" "-e" "RUSTUP_HOME=/opt/rustwide/rustup-home" "-e" "CARGO_TARGET_DIR=/opt/rustwide/target" "-e" "CARGO_INCREMENTAL=0" "-e" "RUST_BACKTRACE=full" "-e" "RUSTFLAGS=--cap-lints=warn" "-e" "RUSTDOCFLAGS=--cap-lints=warn" "-w" "/opt/rustwide/workdir" "--user" "0:0" "562c4cd78b2568b40ce6d55a855f412911b660733eb93b700aa1b5fa1ab45757" "/opt/rustwide/cargo-home/bin/cargo" "+1.99.0-beta.8" "test" "--frozen" "--release", kill_on_drop: false }`
[INFO] [stderr] warning: unused import: `http_api_binding::*`
[INFO] [stderr]   --> src/mir/implementation/mod.rs:11:9
[INFO] [stderr]    |
[INFO] [stderr] 11 | pub use http_api_binding::*;
[INFO] [stderr]    |         ^^^^^^^^^^^^^^^^^^^
[INFO] [stderr]    |
[INFO] [stderr]    = note: `#[warn(unused_imports)]` (part of `#[warn(unused)]`) on by default
[INFO] [stderr] 
[INFO] [stderr] warning: struct `UbiquitousLanguage` is never constructed
[INFO] [stderr]   --> src/parser/ast.rs:48:12
[INFO] [stderr]    |
[INFO] [stderr] 48 | pub struct UbiquitousLanguage {
[INFO] [stderr]    |            ^^^^^^^^^^^^^^^^^^
[INFO] [stderr]    |
[INFO] [stderr]    = note: `#[warn(dead_code)]` (part of `#[warn(unused)]`) on by default
[INFO] [stderr] 
[INFO] [stderr] warning: struct `UniqueWord` is never constructed
[INFO] [stderr]   --> src/parser/ast.rs:55:12
[INFO] [stderr]    |
[INFO] [stderr] 55 | pub struct UniqueWord {
[INFO] [stderr]    |            ^^^^^^^^^^
[INFO] [stderr] 
[INFO] [stderr] warning: struct `UsedImplementation` is never constructed
[INFO] [stderr]   --> src/parser/ast.rs:96:12
[INFO] [stderr]    |
[INFO] [stderr] 96 | pub struct UsedImplementation {
[INFO] [stderr]    |            ^^^^^^^^^^^^^^^^^^
[INFO] [stderr] 
[INFO] [stderr] warning: struct `DomainServiceDecl` is never constructed
[INFO] [stderr]    --> src/parser/ast.rs:129:12
[INFO] [stderr]     |
[INFO] [stderr] 129 | pub struct DomainServiceDecl {
[INFO] [stderr]     |            ^^^^^^^^^^^^^^^^^
[INFO] [stderr] 
[INFO] [stderr] warning: struct `ApplicationServiceDecl` is never constructed
[INFO] [stderr]    --> src/parser/ast.rs:134:12
[INFO] [stderr]     |
[INFO] [stderr] 134 | pub struct ApplicationServiceDecl {
[INFO] [stderr]     |            ^^^^^^^^^^^^^^^^^^^^^^
[INFO] [stderr] 
[INFO] [stderr] warning: struct `Property` is never constructed
[INFO] [stderr]    --> src/parser/ast.rs:185:12
[INFO] [stderr]     |
[INFO] [stderr] 185 | pub struct Property {
[INFO] [stderr]     |            ^^^^^^^^
[INFO] [stderr] 
[INFO] [stderr] warning: struct `SourceSet` is never constructed
[INFO] [stderr]    --> src/parser/ast.rs:307:12
[INFO] [stderr]     |
[INFO] [stderr] 307 | pub struct SourceSet {
[INFO] [stderr]     |            ^^^^^^^^^
[INFO] [stderr] 
[INFO] [stderr] warning: struct `Trait` is never constructed
[INFO] [stderr]    --> src/parser/ast.rs:341:12
[INFO] [stderr]     |
[INFO] [stderr] 341 | pub struct Trait {
[INFO] [stderr]     |            ^^^^^
[INFO] [stderr] 
[INFO] [stderr] warning: struct `Function` is never constructed
[INFO] [stderr]    --> src/parser/ast.rs:347:12
[INFO] [stderr]     |
[INFO] [stderr] 347 | pub struct Function {
[INFO] [stderr]     |            ^^^^^^^^
[INFO] [stderr] 
[INFO] [stderr] warning: struct `Parameter` is never constructed
[INFO] [stderr]    --> src/parser/ast.rs:355:12
[INFO] [stderr]     |
[INFO] [stderr] 355 | pub struct Parameter {
[INFO] [stderr]     |            ^^^^^^^^^
[INFO] [stderr] 
[INFO] [stderr] warning: `fkl-parser` (lib) generated 11 warnings (run `cargo fix --lib -p fkl-parser` to apply 1 suggestion)
[INFO] [stderr] warning: `fkl-parser` (lib test) generated 11 warnings (11 duplicates)
[INFO] [stderr]     Finished `release` profile [optimized] target(s) in 0.08s
[INFO] [stderr]      Running unittests src/lib.rs (/opt/rustwide/target/release/deps/fkl_parser-df6866c24526822e)
[INFO] [stdout] 
[INFO] [stdout] running 46 tests
[INFO] [stdout] test mir::flow::step::tests::test_method_call_without_return ... ok
[INFO] [stdout] test mir::flow::step::tests::test_method_call ... ok
[INFO] [stdout] test mir::implementation::datasource::tests::test_mysql_url_gen ... ok
[INFO] [stdout] test mir::strategy::context_map::tests::display_context_map ... ok
[INFO] [stdout] test parser::parse_result::tests::test_error_is_send_and_sync ... ok
[INFO] [stdout] test mir::implementation::authorization::tests::test_from ... ok
[INFO] [stdout] test parser::parser::tests::aggregate ... ok
[INFO] [stdout] test mir::flow::step::tests::format_message ... ok
[INFO] [stdout] test parser::parser::tests::custom_env ... ok
[INFO] [stdout] test mir::implementation::datasource::tests::test_parse_database_url ... ok
[INFO] [stdout] test parser::parser::tests::env_database ... ok
[INFO] [stdout] test parser::parser::tests::error_handling ... ok
[INFO] [stdout] test parser::parser::tests::layered_architecture ... ok
[INFO] [stdout] test parser::parser::tests::env_server ... ok
[INFO] [stdout] test parser::parser::tests::long_string ... ok
[INFO] [stdout] test parser::parser::tests::rel_with_context_map_with_inline_doc ... ok
[INFO] [stdout] test parser::parser::tests::rel_with_context_map ... ok
[INFO] [stdout] test parser::parser::tests::syntax_sugar ... ok
[INFO] [stdout] test parser::parser::tests::parse_source_set ... ok
[INFO] [stdout] test parser::parser::tests::full_sample ... ok
[INFO] [stdout] test parser::parser::tests::impl_with_flow ... ok
[INFO] [stdout] test parser::parser::tests::include_other_file ... ok
[INFO] [stdout] test parser::parser::tests::use_vo ... ok
[INFO] [stdout] test parser::parser::tests::aggregate_domain_event ... ok
[INFO] [stdout] test mir::implementation::datasource::tests::test_parse_normal_postgres ... ok
[INFO] [stdout] test tests::test::test ... ok
[INFO] [stdout] test parser::parser::tests::bind_api ... ok
[INFO] [stdout] test transform::tests::basic_mir ... ok
[INFO] [stdout] test transform::tests::impl_support ... ok
[INFO] [stdout] test transform::tests::aggregate_use_entity ... ok
[INFO] [stdout] test parser::parser::tests::basic_vo_inline_aggregate ... ok
[INFO] [stdout] test transform::tests::impl_support_flow ... ok
[INFO] [stdout] test transform::tests::bounded_context_out_context_map ... ok
[INFO] [stdout] test transform::tests::lower_layered ... ok
[INFO] [stdout] test transform::tests::nested_aggregate ... ok
[INFO] [stdout] test testing::tests::layered_test ... FAILED
[INFO] [stdout] test testing::tests::aggregate_sugar_test ... FAILED
[INFO] [stdout] test transform::tests::custom_env ... ok
[INFO] [stdout] test transform::tests::env_database_server ... ok
[INFO] [stdout] test resolve::include_resolver::tests::test_include_resolver2 ... FAILED
[INFO] [stdout] test testing::tests::parse_test ... FAILED
[INFO] [stdout] test resolve::include_resolver::tests::test_include_resolver ... ok
[INFO] [stdout] test transform::tests::mir_rel ... ok
[INFO] [stdout] test parser::parser::tests::aggregate_binding_syntax ... ok
[INFO] [stdout] test transform::tests::mir_source_set ... ok
[INFO] [stdout] test parser::parser::tests::parse_context_map ... ok
[INFO] [stdout] 
[INFO] [stdout] failures:
[INFO] [stdout] 
[INFO] [stdout] ---- testing::tests::layered_test stdout ----
[INFO] [stdout] 
[INFO] [stdout] thread 'testing::tests::layered_test' (1098) panicked at src/testing.rs:15:46:
[INFO] [stdout] called `Result::unwrap()` on an `Err` value: Os { code: 2, kind: NotFound, message: "No such file or directory" }
[INFO] [stdout] stack backtrace:
[INFO] [stdout]    0:     0x5f06bd470fe1 - <<std[70759c8f55707aa4]::sys::backtrace::BacktraceLock>::print::DisplayBacktrace as core[df12db4294e9bfd3]::fmt::Display>::fmt
[INFO] [stdout]    1:     0x5f06bd486b9a - core[df12db4294e9bfd3]::fmt::write
[INFO] [stdout]    2:     0x5f06bd47549c - <alloc[2182bb758b4b3781]::vec::Vec<u8> as core[df12db4294e9bfd3]::io::write::Write>::write_fmt
[INFO] [stdout]    3:     0x5f06bd44cf26 - std[70759c8f55707aa4]::panicking::default_hook::{closure#0}
[INFO] [stdout]    4:     0x5f06bd469099 - std[70759c8f55707aa4]::panicking::default_hook
[INFO] [stdout]    5:     0x5f06bd401e30 - test[9d35eded1c95d3be]::test_main_inner::<test[9d35eded1c95d3be]::test_main_static::{closure#0}>::{closure#0}
[INFO] [stdout]    6:     0x5f06bd469252 - std[70759c8f55707aa4]::panicking::panic_with_hook
[INFO] [stdout]    7:     0x5f06bd44cfd2 - std[70759c8f55707aa4]::panicking::panic_handler::{closure#0}
[INFO] [stdout]    8:     0x5f06bd445bc9 - std[70759c8f55707aa4]::sys::backtrace::__rust_end_short_backtrace::<std[70759c8f55707aa4]::panicking::panic_handler::{closure#0}, !>
[INFO] [stdout]    9:     0x5f06bd44dbcd - __rustc[8fa7c3cbc660c2b3]::rust_begin_unwind
[INFO] [stdout]   10:     0x5f06bd4872cc - core[df12db4294e9bfd3]::panicking::panic_fmt
[INFO] [stdout]   11:     0x5f06bd4870a2 - core[df12db4294e9bfd3]::result::unwrap_failed
[INFO] [stdout]   12:     0x5f06bd3c5bf3 - fkl_parser[145c30e615cd195a]::testing::do_parse_test
[INFO] [stdout]   13:     0x5f06bd3c9455 - <fkl_parser[145c30e615cd195a]::testing::tests::layered_test::{closure#0} as core[df12db4294e9bfd3]::ops::function::FnOnce<()>>::call_once
[INFO] [stdout]   14:     0x5f06bd3f511b - test[9d35eded1c95d3be]::__rust_begin_short_backtrace::<core[df12db4294e9bfd3]::result::Result<(), alloc[2182bb758b4b3781]::string::String>, fn() -> core[df12db4294e9bfd3]::result::Result<(), alloc[2182bb758b4b3781]::string::String>>
[INFO] [stdout]   15:     0x5f06bd402785 - test[9d35eded1c95d3be]::run_test::{closure#0}
[INFO] [stdout]   16:     0x5f06bd3fc044 - std[70759c8f55707aa4]::sys::backtrace::__rust_begin_short_backtrace::<test[9d35eded1c95d3be]::run_test::{closure#1}, ()>
[INFO] [stdout]   17:     0x5f06bd4058e2 - <std[70759c8f55707aa4]::thread::lifecycle::spawn_unchecked<test[9d35eded1c95d3be]::run_test::{closure#1}, ()>::{closure#1} as core[df12db4294e9bfd3]::ops::function::FnOnce<()>>::call_once::{shim:vtable#0}
[INFO] [stdout]   18:     0x5f06bd470359 - <std[70759c8f55707aa4]::sys::thread::unix::Thread>::new::thread_start
[INFO] [stdout]   19:     0x7b62b439fdfa - <unknown>
[INFO] [stdout]   20:     0x7b62b44333d4 - clone
[INFO] [stderr] error: test failed, to rerun pass `--lib`
[INFO] [stdout]   21:                0x0 - <unknown>
[INFO] [stdout] 
[INFO] [stdout] ---- testing::tests::aggregate_sugar_test stdout ----
[INFO] [stdout] 
[INFO] [stdout] thread 'testing::tests::aggregate_sugar_test' (1097) panicked at src/testing.rs:15:46:
[INFO] [stdout] called `Result::unwrap()` on an `Err` value: Os { code: 2, kind: NotFound, message: "No such file or directory" }
[INFO] [stdout] stack backtrace:
[INFO] [stdout]    0:     0x5f06bd470fe1 - <<std[70759c8f55707aa4]::sys::backtrace::BacktraceLock>::print::DisplayBacktrace as core[df12db4294e9bfd3]::fmt::Display>::fmt
[INFO] [stdout]    1:     0x5f06bd486b9a - core[df12db4294e9bfd3]::fmt::write
[INFO] [stdout]    2:     0x5f06bd47549c - <alloc[2182bb758b4b3781]::vec::Vec<u8> as core[df12db4294e9bfd3]::io::write::Write>::write_fmt
[INFO] [stdout]    3:     0x5f06bd44cf26 - std[70759c8f55707aa4]::panicking::default_hook::{closure#0}
[INFO] [stdout]    4:     0x5f06bd469099 - std[70759c8f55707aa4]::panicking::default_hook
[INFO] [stdout]    5:     0x5f06bd401e30 - test[9d35eded1c95d3be]::test_main_inner::<test[9d35eded1c95d3be]::test_main_static::{closure#0}>::{closure#0}
[INFO] [stdout]    6:     0x5f06bd469252 - std[70759c8f55707aa4]::panicking::panic_with_hook
[INFO] [stdout]    7:     0x5f06bd44cfd2 - std[70759c8f55707aa4]::panicking::panic_handler::{closure#0}
[INFO] [stdout]    8:     0x5f06bd445bc9 - std[70759c8f55707aa4]::sys::backtrace::__rust_end_short_backtrace::<std[70759c8f55707aa4]::panicking::panic_handler::{closure#0}, !>
[INFO] [stdout]    9:     0x5f06bd44dbcd - __rustc[8fa7c3cbc660c2b3]::rust_begin_unwind
[INFO] [stdout]   10:     0x5f06bd4872cc - core[df12db4294e9bfd3]::panicking::panic_fmt
[INFO] [stdout]   11:     0x5f06bd4870a2 - core[df12db4294e9bfd3]::result::unwrap_failed
[INFO] [stdout]   12:     0x5f06bd3c5bf3 - fkl_parser[145c30e615cd195a]::testing::do_parse_test
[INFO] [stdout]   13:     0x5f06bd3c9495 - <fkl_parser[145c30e615cd195a]::testing::tests::aggregate_sugar_test::{closure#0} as core[df12db4294e9bfd3]::ops::function::FnOnce<()>>::call_once
[INFO] [stdout]   14:     0x5f06bd3f511b - test[9d35eded1c95d3be]::__rust_begin_short_backtrace::<core[df12db4294e9bfd3]::result::Result<(), alloc[2182bb758b4b3781]::string::String>, fn() -> core[df12db4294e9bfd3]::result::Result<(), alloc[2182bb758b4b3781]::string::String>>
[INFO] [stdout]   15:     0x5f06bd402785 - test[9d35eded1c95d3be]::run_test::{closure#0}
[INFO] [stdout]   16:     0x5f06bd3fc044 - std[70759c8f55707aa4]::sys::backtrace::__rust_begin_short_backtrace::<test[9d35eded1c95d3be]::run_test::{closure#1}, ()>
[INFO] [stdout]   17:     0x5f06bd4058e2 - <std[70759c8f55707aa4]::thread::lifecycle::spawn_unchecked<test[9d35eded1c95d3be]::run_test::{closure#1}, ()>::{closure#1} as core[df12db4294e9bfd3]::ops::function::FnOnce<()>>::call_once::{shim:vtable#0}
[INFO] [stdout]   18:     0x5f06bd470359 - <std[70759c8f55707aa4]::sys::thread::unix::Thread>::new::thread_start
[INFO] [stdout]   19:     0x7b62b439fdfa - <unknown>
[INFO] [stdout]   20:     0x7b62b44333d4 - clone
[INFO] [stdout]   21:                0x0 - <unknown>
[INFO] [stdout] 
[INFO] [stdout] ---- resolve::include_resolver::tests::test_include_resolver2 stdout ----
[INFO] [stdout] 
[INFO] [stdout] thread 'resolve::include_resolver::tests::test_include_resolver2' (1096) panicked at src/resolve/include_resolver.rs:33:5:
[INFO] [stdout] assertion failed: result.is_some()
[INFO] [stdout] stack backtrace:
[INFO] [stdout]    0:     0x5f06bd470fe1 - <<std[70759c8f55707aa4]::sys::backtrace::BacktraceLock>::print::DisplayBacktrace as core[df12db4294e9bfd3]::fmt::Display>::fmt
[INFO] [stdout]    1:     0x5f06bd486b9a - core[df12db4294e9bfd3]::fmt::write
[INFO] [stdout]    2:     0x5f06bd47549c - <alloc[2182bb758b4b3781]::vec::Vec<u8> as core[df12db4294e9bfd3]::io::write::Write>::write_fmt
[INFO] [stdout]    3:     0x5f06bd44cf26 - std[70759c8f55707aa4]::panicking::default_hook::{closure#0}
[INFO] [stdout]    4:     0x5f06bd469099 - std[70759c8f55707aa4]::panicking::default_hook
[INFO] [stdout]    5:     0x5f06bd401e30 - test[9d35eded1c95d3be]::test_main_inner::<test[9d35eded1c95d3be]::test_main_static::{closure#0}>::{closure#0}
[INFO] [stdout]    6:     0x5f06bd469252 - std[70759c8f55707aa4]::panicking::panic_with_hook
[INFO] [stdout]    7:     0x5f06bd44d004 - std[70759c8f55707aa4]::panicking::panic_handler::{closure#0}
[INFO] [stdout]    8:     0x5f06bd445bc9 - std[70759c8f55707aa4]::sys::backtrace::__rust_end_short_backtrace::<std[70759c8f55707aa4]::panicking::panic_handler::{closure#0}, !>
[INFO] [stdout]    9:     0x5f06bd44dbcd - __rustc[8fa7c3cbc660c2b3]::rust_begin_unwind
[INFO] [stdout]   10:     0x5f06bd4872cc - core[df12db4294e9bfd3]::panicking::panic_fmt
[INFO] [stdout]   11:     0x5f06bd487292 - core[df12db4294e9bfd3]::panicking::panic
[INFO] [stdout]   12:     0x5f06bd3c4831 - fkl_parser[145c30e615cd195a]::resolve::include_resolver::tests::test_include_resolver2
[INFO] [stdout]   13:     0x5f06bd3c9949 - <fkl_parser[145c30e615cd195a]::resolve::include_resolver::tests::test_include_resolver2::{closure#0} as core[df12db4294e9bfd3]::ops::function::FnOnce<()>>::call_once
[INFO] [stdout]   14:     0x5f06bd3f511b - test[9d35eded1c95d3be]::__rust_begin_short_backtrace::<core[df12db4294e9bfd3]::result::Result<(), alloc[2182bb758b4b3781]::string::String>, fn() -> core[df12db4294e9bfd3]::result::Result<(), alloc[2182bb758b4b3781]::string::String>>
[INFO] [stdout]   15:     0x5f06bd402785 - test[9d35eded1c95d3be]::run_test::{closure#0}
[INFO] [stdout]   16:     0x5f06bd3fc044 - std[70759c8f55707aa4]::sys::backtrace::__rust_begin_short_backtrace::<test[9d35eded1c95d3be]::run_test::{closure#1}, ()>
[INFO] [stdout]   17:     0x5f06bd4058e2 - <std[70759c8f55707aa4]::thread::lifecycle::spawn_unchecked<test[9d35eded1c95d3be]::run_test::{closure#1}, ()>::{closure#1} as core[df12db4294e9bfd3]::ops::function::FnOnce<()>>::call_once::{shim:vtable#0}
[INFO] [stdout]   18:     0x5f06bd470359 - <std[70759c8f55707aa4]::sys::thread::unix::Thread>::new::thread_start
[INFO] [stdout]   19:     0x7b62b439fdfa - <unknown>
[INFO] [stdout]   20:     0x7b62b44333d4 - clone
[INFO] [stdout]   21:                0x0 - <unknown>
[INFO] [stdout] 
[INFO] [stdout] ---- testing::tests::parse_test stdout ----
[INFO] [stdout] 
[INFO] [stdout] thread 'testing::tests::parse_test' (1099) panicked at src/testing.rs:15:46:
[INFO] [stdout] called `Result::unwrap()` on an `Err` value: Os { code: 2, kind: NotFound, message: "No such file or directory" }
[INFO] [stdout] stack backtrace:
[INFO] [stdout]    0:     0x5f06bd470fe1 - <<std[70759c8f55707aa4]::sys::backtrace::BacktraceLock>::print::DisplayBacktrace as core[df12db4294e9bfd3]::fmt::Display>::fmt
[INFO] [stdout]    1:     0x5f06bd486b9a - core[df12db4294e9bfd3]::fmt::write
[INFO] [stdout]    2:     0x5f06bd47549c - <alloc[2182bb758b4b3781]::vec::Vec<u8> as core[df12db4294e9bfd3]::io::write::Write>::write_fmt
[INFO] [stdout]    3:     0x5f06bd44cf26 - std[70759c8f55707aa4]::panicking::default_hook::{closure#0}
[INFO] [stdout]    4:     0x5f06bd469099 - std[70759c8f55707aa4]::panicking::default_hook
[INFO] [stdout]    5:     0x5f06bd401e30 - test[9d35eded1c95d3be]::test_main_inner::<test[9d35eded1c95d3be]::test_main_static::{closure#0}>::{closure#0}
[INFO] [stdout]    6:     0x5f06bd469252 - std[70759c8f55707aa4]::panicking::panic_with_hook
[INFO] [stdout]    7:     0x5f06bd44cfd2 - std[70759c8f55707aa4]::panicking::panic_handler::{closure#0}
[INFO] [stdout]    8:     0x5f06bd445bc9 - std[70759c8f55707aa4]::sys::backtrace::__rust_end_short_backtrace::<std[70759c8f55707aa4]::panicking::panic_handler::{closure#0}, !>
[INFO] [stdout]    9:     0x5f06bd44dbcd - __rustc[8fa7c3cbc660c2b3]::rust_begin_unwind
[INFO] [stdout]   10:     0x5f06bd4872cc - core[df12db4294e9bfd3]::panicking::panic_fmt
[INFO] [stdout]   11:     0x5f06bd4870a2 - core[df12db4294e9bfd3]::result::unwrap_failed
[INFO] [stdout]   12:     0x5f06bd3c5bf3 - fkl_parser[145c30e615cd195a]::testing::do_parse_test
[INFO] [stdout]   13:     0x5f06bd3c9415 - <fkl_parser[145c30e615cd195a]::testing::tests::parse_test::{closure#0} as core[df12db4294e9bfd3]::ops::function::FnOnce<()>>::call_once
[INFO] [stdout]   14:     0x5f06bd3f511b - test[9d35eded1c95d3be]::__rust_begin_short_backtrace::<core[df12db4294e9bfd3]::result::Result<(), alloc[2182bb758b4b3781]::string::String>, fn() -> core[df12db4294e9bfd3]::result::Result<(), alloc[2182bb758b4b3781]::string::String>>
[INFO] [stdout]   15:     0x5f06bd402785 - test[9d35eded1c95d3be]::run_test::{closure#0}
[INFO] [stdout]   16:     0x5f06bd3fc044 - std[70759c8f55707aa4]::sys::backtrace::__rust_begin_short_backtrace::<test[9d35eded1c95d3be]::run_test::{closure#1}, ()>
[INFO] [stdout]   17:     0x5f06bd4058e2 - <std[70759c8f55707aa4]::thread::lifecycle::spawn_unchecked<test[9d35eded1c95d3be]::run_test::{closure#1}, ()>::{closure#1} as core[df12db4294e9bfd3]::ops::function::FnOnce<()>>::call_once::{shim:vtable#0}
[INFO] [stdout]   18:     0x5f06bd470359 - <std[70759c8f55707aa4]::sys::thread::unix::Thread>::new::thread_start
[INFO] [stdout]   19:     0x7b62b439fdfa - <unknown>
[INFO] [stdout]   20:     0x7b62b44333d4 - clone
[INFO] [stdout]   21:                0x0 - <unknown>
[INFO] [stdout] 
[INFO] [stdout] 
[INFO] [stdout] failures:
[INFO] [stdout]     resolve::include_resolver::tests::test_include_resolver2
[INFO] [stdout]     testing::tests::aggregate_sugar_test
[INFO] [stdout]     testing::tests::layered_test
[INFO] [stdout]     testing::tests::parse_test
[INFO] [stdout] 
[INFO] [stdout] test result: FAILED. 42 passed; 4 failed; 0 ignored; 0 measured; 0 filtered out; finished in 0.01s
[INFO] [stdout] 
[INFO] running `Command { std: "docker" "inspect" "562c4cd78b2568b40ce6d55a855f412911b660733eb93b700aa1b5fa1ab45757", kill_on_drop: false }`
[INFO] running `Command { std: "docker" "rm" "-f" "562c4cd78b2568b40ce6d55a855f412911b660733eb93b700aa1b5fa1ab45757", kill_on_drop: false }`
[INFO] [stdout] 562c4cd78b2568b40ce6d55a855f412911b660733eb93b700aa1b5fa1ab45757
