[INFO] fetching crate fixed_bitmaps 0.10.2...
[INFO] testing fixed_bitmaps-0.10.2 against 1.100.0-beta.1+cargoflags=--release for beta-release-1.100-2
[INFO] extracting crate fixed_bitmaps 0.10.2 into /workspace/builds/worker-3-tc2/source
[INFO] started tweaking crates.io crate fixed_bitmaps 0.10.2
[INFO] finished tweaking crates.io crate fixed_bitmaps 0.10.2
[INFO] tweaked toml for crates.io crate fixed_bitmaps 0.10.2 written to /workspace/builds/worker-3-tc2/source/Cargo.toml
[INFO] validating manifest of crates.io crate fixed_bitmaps 0.10.2 on toolchain 1.100.0-beta.1
[INFO] running `Command { std: CARGO_HOME="/workspace/cargo-home" RUSTUP_HOME="/workspace/rustup-home" "/workspace/cargo-home/bin/cargo" "+1.100.0-beta.1" "metadata" "--manifest-path" "Cargo.toml" "--no-deps", kill_on_drop: false }`
[INFO] crate crates.io crate fixed_bitmaps 0.10.2 already has a lockfile, it will not be regenerated
[INFO] running `Command { std: CARGO_HOME="/workspace/cargo-home" RUSTUP_HOME="/workspace/rustup-home" "/workspace/cargo-home/bin/cargo" "+1.100.0-beta.1" "fetch" "--manifest-path" "Cargo.toml", kill_on_drop: false }`
[INFO] running `Command { std: "docker" "create" "-v" "/var/lib/crater-agent-workspace/builds/worker-3-tc2/source:/opt/rustwide/workdir:ro,Z" "-v" "/var/lib/crater-agent-workspace/builds/worker-3-tc2/target:/opt/rustwide/target:rw,Z" "-v" "/var/lib/crater-agent-workspace/cargo-home:/opt/rustwide/cargo-home:ro,Z" "-v" "/var/lib/crater-agent-workspace/rustup-home:/opt/rustwide/rustup-home:ro,Z" "-m" "1610612736" "--network" "none" "ghcr.io/rust-lang/crates-build-env/linux@sha256:77db811e55d90add9212f6832c23229e3de5f1c1f9905e8cb07319ea15df73ac" "sleep" "infinity", kill_on_drop: false }`
[INFO] [stdout] 685942ab33332bd6923d97e1115cae587d3d9f21b35d3f5aad637adcf5aaa457
[INFO] running `Command { std: "docker" "start" "685942ab33332bd6923d97e1115cae587d3d9f21b35d3f5aad637adcf5aaa457", kill_on_drop: false }`
[INFO] running `Command { std: "docker" "inspect" "685942ab33332bd6923d97e1115cae587d3d9f21b35d3f5aad637adcf5aaa457", kill_on_drop: false }`
[INFO] running `Command { std: "docker" "exec" "-e" "SOURCE_DIR=/opt/rustwide/workdir" "-e" "CARGO_HOME=/opt/rustwide/cargo-home" "-e" "RUSTUP_HOME=/opt/rustwide/rustup-home" "-e" "CARGO_TARGET_DIR=/opt/rustwide/target" "-w" "/opt/rustwide/workdir" "--user" "0:0" "685942ab33332bd6923d97e1115cae587d3d9f21b35d3f5aad637adcf5aaa457" "/opt/rustwide/cargo-home/bin/cargo" "+1.100.0-beta.1" "metadata" "--no-deps" "--format-version=1", kill_on_drop: false }`
[INFO] running `Command { std: "docker" "inspect" "685942ab33332bd6923d97e1115cae587d3d9f21b35d3f5aad637adcf5aaa457", kill_on_drop: false }`
[INFO] running `Command { std: "docker" "exec" "-e" "SOURCE_DIR=/opt/rustwide/workdir" "-e" "CARGO_HOME=/opt/rustwide/cargo-home" "-e" "RUSTUP_HOME=/opt/rustwide/rustup-home" "-e" "CARGO_TARGET_DIR=/opt/rustwide/target" "-e" "CARGO_INCREMENTAL=0" "-e" "RUST_BACKTRACE=full" "-e" "RUSTFLAGS=--cap-lints=warn" "-e" "RUSTDOCFLAGS=--cap-lints=warn" "-w" "/opt/rustwide/workdir" "--user" "0:0" "685942ab33332bd6923d97e1115cae587d3d9f21b35d3f5aad637adcf5aaa457" "/opt/rustwide/cargo-home/bin/cargo" "+1.100.0-beta.1" "build" "--frozen" "--message-format=json" "--release", kill_on_drop: false }`
[INFO] [stderr]    Compiling proc-macro2 v1.0.32
[INFO] [stderr]    Compiling unicode-xid v0.2.2
[INFO] [stderr]    Compiling syn v1.0.81
[INFO] [stderr]    Compiling serde_derive v1.0.130
[INFO] [stderr]    Compiling serde v1.0.130
[INFO] [stderr]    Compiling quote v1.0.10
[INFO] [stderr]    Compiling fixed_bitmaps v0.10.2 (/opt/rustwide/workdir)
[INFO] [stderr]     Finished `release` profile [optimized] target(s) in 10.84s
[INFO] running `Command { std: "docker" "inspect" "685942ab33332bd6923d97e1115cae587d3d9f21b35d3f5aad637adcf5aaa457", kill_on_drop: false }`
[INFO] running `Command { std: "docker" "exec" "-e" "SOURCE_DIR=/opt/rustwide/workdir" "-e" "CARGO_HOME=/opt/rustwide/cargo-home" "-e" "RUSTUP_HOME=/opt/rustwide/rustup-home" "-e" "CARGO_TARGET_DIR=/opt/rustwide/target" "-e" "CARGO_INCREMENTAL=0" "-e" "RUST_BACKTRACE=full" "-e" "RUSTFLAGS=--cap-lints=warn" "-e" "RUSTDOCFLAGS=--cap-lints=warn" "-w" "/opt/rustwide/workdir" "--user" "0:0" "685942ab33332bd6923d97e1115cae587d3d9f21b35d3f5aad637adcf5aaa457" "/opt/rustwide/cargo-home/bin/cargo" "+1.100.0-beta.1" "test" "--frozen" "--no-run" "--message-format=json" "--release", kill_on_drop: false }`
[INFO] [stderr]    Compiling fixed_bitmaps v0.10.2 (/opt/rustwide/workdir)
[INFO] [stdout] warning: value assigned to `array_b` is never read
[INFO] [stdout]   --> tests/oversized/bitmap_kb.rs:73:5
[INFO] [stdout]    |
[INFO] [stdout] 73 | /     array_b[NUM_ELEMENTS - 1 - 101 / SIZE_USIZE] +=
[INFO] [stdout] 74 | |         2usize.pow((101 % SIZE_USIZE).try_into().unwrap());
[INFO] [stdout]    | |__________________________________________________________^
[INFO] [stdout]    |
[INFO] [stdout]    = help: maybe it is overwritten before being read?
[INFO] [stdout]    = note: `#[warn(unused_assignments)]` (part of `#[warn(unused)]`) on by default
[INFO] [stdout] 
[INFO] [stdout] 
[INFO] [stdout] warning: value assigned to `array_c` is never read
[INFO] [stdout]   --> tests/oversized/bitmap_kb.rs:87:5
[INFO] [stdout]    |
[INFO] [stdout] 87 | /     array_c[NUM_ELEMENTS - 1 - 102 / SIZE_USIZE] +=
[INFO] [stdout] 88 | |         2usize.pow((102 % SIZE_USIZE).try_into().unwrap());
[INFO] [stdout]    | |__________________________________________________________^
[INFO] [stdout]    |
[INFO] [stdout]    = help: maybe it is overwritten before being read?
[INFO] [stdout] 
[INFO] [stdout] 
[INFO] [stderr]     Finished `release` profile [optimized] target(s) in 1.33s
[INFO] running `Command { std: "docker" "inspect" "685942ab33332bd6923d97e1115cae587d3d9f21b35d3f5aad637adcf5aaa457", kill_on_drop: false }`
[INFO] running `Command { std: "docker" "exec" "-e" "SOURCE_DIR=/opt/rustwide/workdir" "-e" "CARGO_HOME=/opt/rustwide/cargo-home" "-e" "RUSTUP_HOME=/opt/rustwide/rustup-home" "-e" "CARGO_TARGET_DIR=/opt/rustwide/target" "-e" "CARGO_INCREMENTAL=0" "-e" "RUST_BACKTRACE=full" "-e" "RUSTFLAGS=--cap-lints=warn" "-e" "RUSTDOCFLAGS=--cap-lints=warn" "-w" "/opt/rustwide/workdir" "--user" "0:0" "685942ab33332bd6923d97e1115cae587d3d9f21b35d3f5aad637adcf5aaa457" "/opt/rustwide/cargo-home/bin/cargo" "+1.100.0-beta.1" "test" "--frozen" "--release", kill_on_drop: false }`
[INFO] [stderr] warning: value assigned to `array_b` is never read
[INFO] [stderr]   --> tests/oversized/bitmap_kb.rs:73:5
[INFO] [stderr]    |
[INFO] [stderr] 73 | /     array_b[NUM_ELEMENTS - 1 - 101 / SIZE_USIZE] +=
[INFO] [stderr] 74 | |         2usize.pow((101 % SIZE_USIZE).try_into().unwrap());
[INFO] [stderr]    | |__________________________________________________________^
[INFO] [stderr]    |
[INFO] [stderr]    = help: maybe it is overwritten before being read?
[INFO] [stderr]    = note: `#[warn(unused_assignments)]` (part of `#[warn(unused)]`) on by default
[INFO] [stderr] 
[INFO] [stderr] warning: value assigned to `array_c` is never read
[INFO] [stderr]   --> tests/oversized/bitmap_kb.rs:87:5
[INFO] [stderr]    |
[INFO] [stderr] 87 | /     array_c[NUM_ELEMENTS - 1 - 102 / SIZE_USIZE] +=
[INFO] [stderr] 88 | |         2usize.pow((102 % SIZE_USIZE).try_into().unwrap());
[INFO] [stderr]    | |__________________________________________________________^
[INFO] [stderr]    |
[INFO] [stderr]    = help: maybe it is overwritten before being read?
[INFO] [stderr] 
[INFO] [stderr] warning: `fixed_bitmaps` (test "mod") generated 2 warnings
[INFO] [stderr]     Finished `release` profile [optimized] target(s) in 0.02s
[INFO] [stderr]      Running unittests src/lib.rs (/opt/rustwide/target/release/build/fixed_bitmaps/fdf1c736129080b2/out/fixed_bitmaps-fdf1c736129080b2)
[INFO] [stdout] 
[INFO] [stdout] running 12 tests
[INFO] [stdout] test oversized::bitmap_1024::tests::create_default ... ok
[INFO] [stdout] test oversized::bitmap_2048::tests::constants_correct ... ok
[INFO] [stdout] test oversized::bitmap_2048::tests::create_default ... ok
[INFO] [stdout] test oversized::bitmap_4096::tests::create_default ... ok
[INFO] [stdout] test oversized::bitmap_512::tests::create_default ... ok
[INFO] [stdout] test oversized::bitmap_512::tests::constants_correct ... ok
[INFO] [stdout] test oversized::bitmap_1024::tests::constants_correct ... ok
[INFO] [stdout] test oversized::bitmap_256::tests::constants_correct ... ok
[INFO] [stdout] test oversized::bitmap_4096::tests::constants_correct ... ok
[INFO] [stdout] test oversized::bitmap_kb::tests::create_default ... ok
[INFO] [stdout] test oversized::bitmap_kb::tests::constants_correct ... ok
[INFO] [stdout] test oversized::bitmap_256::tests::create_default ... ok
[INFO] [stdout] 
[INFO] [stdout] test result: ok. 12 passed; 0 failed; 0 ignored; 0 measured; 0 filtered out; finished in 0.03s
[INFO] [stdout] 
[INFO] [stderr]      Running unittests src/bin/update_files.rs (/opt/rustwide/target/release/build/fixed_bitmaps/a67308b2217f6507/out/update_files-a67308b2217f6507)
[INFO] [stdout] 
[INFO] [stdout] running 0 tests
[INFO] [stdout] 
[INFO] [stdout] test result: ok. 0 passed; 0 failed; 0 ignored; 0 measured; 0 filtered out; finished in 0.00s
[INFO] [stdout] 
[INFO] [stderr]      Running tests/mod.rs (/opt/rustwide/target/release/build/fixed_bitmaps/97f76395d131798d/out/mod-97f76395d131798d)
[INFO] [stdout] 
[INFO] [stdout] running 95 tests
[INFO] [stdout] test primitives::bitmap128::add_over_limit - should panic ... FAILED
[INFO] [stdout] test primitives::bitmap128::copy_test ... ok
[INFO] [stdout] test primitives::bitmap128::deref_works ... ok
[INFO] [stdout] test oversized::bitmap_kb::and_functionality ... ok
[INFO] [stdout] test primitives::bitmap128::xor_functionality ... ok
[INFO] [stdout] test primitives::bitmap128::or_functionality ... ok
[INFO] [stdout] test primitives::bitmap128::divide_by_0 - should panic ... ok
[INFO] [stdout] test oversized::bitmap_kb::copy_test ... ok
[INFO] [stdout] test primitives::bitmap128::subtract_to_negative - should panic ... FAILED
[INFO] [stdout] test primitives::bitmap128::not_functionality ... ok
[INFO] [stdout] test primitives::bitmap16::add_over_limit - should panic ... FAILED
[INFO] [stdout] test oversized::bitmap_kb::default_is_0 ... ok
[INFO] [stdout] test primitives::bitmap16::deref_works ... ok
[INFO] [stdout] test primitives::bitmap128::default_is_0 ... ok
[INFO] [stdout] test primitives::bitmap128::multiply_over_limit - should panic ... FAILED
[INFO] [stdout] test primitives::bitmap16::create_bit_mask_false ... ok
[INFO] [stdout] test primitives::bitmap16::create_bit_mask_true ... ok
[INFO] [stdout] test primitives::bitmap16::copy_test ... ok
[INFO] [stdout] test primitives::bitmap16::default_is_0 ... ok
[INFO] [stdout] test primitives::bitmap16::and_functionality ... ok
[INFO] [stdout] test primitives::bitmap16::equality_test ... ok
[INFO] [stdout] test primitives::bitmap128::create_bit_mask_false ... ok
[INFO] [stdout] test primitives::bitmap16::divide_by_0 - should panic ... ok
[INFO] [stdout] test primitives::bitmap16::multiply_over_limit - should panic ... FAILED
[INFO] [stdout] test primitives::bitmap128::and_functionality ... ok
[INFO] [stdout] test primitives::bitmap16::max_works_fine ... ok
[INFO] [stdout] test primitives::bitmap32::copy_test ... ok
[INFO] [stdout] test primitives::bitmap16::or_functionality ... ok
[INFO] [stdout] test primitives::bitmap128::create_bit_mask_true ... ok
[INFO] [stdout] test primitives::bitmap32::default_is_0 ... ok
[INFO] [stdout] test primitives::bitmap128::equality_test ... ok
[INFO] [stdout] test primitives::bitmap32::deref_works ... ok
[INFO] [stdout] test primitives::bitmap16::not_functionality ... ok
[INFO] [stdout] test primitives::bitmap16::xor_functionality ... ok
[INFO] [stdout] test primitives::bitmap32::add_over_limit - should panic ... FAILED
[INFO] [stdout] test primitives::bitmap32::create_bit_mask_true ... ok
[INFO] [stdout] test primitives::bitmap32::create_bit_mask_false ... ok
[INFO] [stdout] test primitives::bitmap32::and_functionality ... ok
[INFO] [stdout] test primitives::bitmap16::subtract_to_negative - should panic ... FAILED
[INFO] [stdout] test primitives::bitmap32::divide_by_0 - should panic ... ok
[INFO] [stdout] test primitives::bitmap32::equality_test ... ok
[INFO] [stdout] test primitives::bitmap32::max_works_fine ... ok
[INFO] [stdout] test primitives::bitmap32::xor_functionality ... ok
[INFO] [stdout] test primitives::bitmap64::add_over_limit - should panic ... FAILED
[INFO] [stdout] test primitives::bitmap64::copy_test ... ok
[INFO] [stdout] test primitives::bitmap64::create_bit_mask_false ... ok
[INFO] [stdout] test primitives::bitmap128::max_works_fine ... ok
[INFO] [stdout] test oversized::bitmap_kb::equality_test ... ok
[INFO] [stdout] test oversized::bitmap_kb::max_works_fine ... ok
[INFO] [stdout] test primitives::bitmap32::multiply_over_limit - should panic ... FAILED
[INFO] [stdout] test primitives::bitmap32::not_functionality ... ok
[INFO] [stdout] test primitives::bitmap32::or_functionality ... ok
[INFO] [stdout] test primitives::bitmap32::subtract_to_negative - should panic ... FAILED
[INFO] [stdout] test primitives::bitmap64::and_functionality ... ok
[INFO] [stdout] test primitives::bitmap64::create_bit_mask_true ... ok
[INFO] [stdout] test primitives::bitmap64::multiply_over_limit - should panic ... FAILED
[INFO] [stdout] test primitives::bitmap64::not_functionality ... ok
[INFO] [stdout] test primitives::bitmap64::xor_functionality ... ok
[INFO] [stdout] test primitives::bitmap8::create_bit_mask_false ... ok
[INFO] [stdout] test primitives::bitmap8::and_functionality ... ok
[INFO] [stdout] test primitives::bitmap64::deref_works ... ok
[INFO] [stdout] test primitives::bitmap8::add_over_limit - should panic ... FAILED
[INFO] [stdout] test primitives::bitmap8::create_bit_mask_true ... ok
[INFO] [stdout] test primitives::bitmap8::equality_test ... ok
[INFO] [stdout] test primitives::bitmap8::deref_works ... ok
[INFO] [stdout] test primitives::bitmap64::equality_test ... ok
[INFO] [stdout] test primitives::bitmap64::max_works_fine ... ok
[INFO] [stdout] test primitives::bitmap64::or_functionality ... ok
[INFO] [stdout] test primitives::bitmap64::subtract_to_negative - should panic ... FAILED
[INFO] [stdout] test primitives::bitmap8::copy_test ... ok
[INFO] [stdout] test primitives::bitmap8::default_is_0 ... ok
[INFO] [stdout] test primitives::bitmap64::divide_by_0 - should panic ... ok
[INFO] [stdout] test primitives::bitmap8::divide_by_0 - should panic ... ok
[INFO] [stdout] test primitives::bitmap8::xor_functionality ... ok
[INFO] [stdout] test primitives::bitmap64::default_is_0 ... ok
[INFO] [stdout] test primitives::bitmap_arch::add_over_limit - should panic ... FAILED
[INFO] [stdout] test primitives::bitmap_arch::and_functionality ... ok
[INFO] [stdout] test primitives::bitmap_arch::copy_test ... ok
[INFO] [stdout] test primitives::bitmap_arch::create_bit_mask_false ... ok
[INFO] [stdout] test primitives::bitmap_arch::default_is_0 ... ok
[INFO] [stdout] test primitives::bitmap_arch::create_bit_mask_true ... ok
[INFO] [stdout] test primitives::bitmap_arch::deref_works ... ok
[INFO] [stdout] test primitives::bitmap_arch::divide_by_0 - should panic ... ok
[INFO] [stdout] test primitives::bitmap_arch::subtract_to_negative - should panic ... FAILED
[INFO] [stdout] test primitives::bitmap_arch::not_functionality ... ok
[INFO] [stdout] test primitives::bitmap_arch::multiply_over_limit - should panic ... FAILED
[INFO] [stdout] test primitives::bitmap_arch::or_functionality ... ok
[INFO] [stdout] test primitives::bitmap8::max_works_fine ... ok
[INFO] [stdout] test primitives::bitmap_arch::xor_functionality ... ok
[INFO] [stdout] test primitives::bitmap8::multiply_over_limit - should panic ... FAILED
[INFO] [stdout] test primitives::bitmap8::not_functionality ... ok
[INFO] [stdout] test primitives::bitmap8::or_functionality ... ok
[INFO] [stdout] test primitives::bitmap8::subtract_to_negative - should panic ... FAILED
[INFO] [stderr] error: test failed, to rerun pass `--test mod`
[INFO] [stdout] test primitives::bitmap_arch::equality_test ... ok
[INFO] [stdout] test primitives::bitmap_arch::max_works_fine ... ok
[INFO] [stdout] 
[INFO] [stdout] failures:
[INFO] [stdout] 
[INFO] [stdout] ---- primitives::bitmap128::add_over_limit stdout ----
[INFO] [stdout] note: test did not panic as expected at tests/primitives/bitmap128.rs:123:4
[INFO] [stdout] ---- primitives::bitmap128::subtract_to_negative stdout ----
[INFO] [stdout] note: test did not panic as expected at tests/primitives/bitmap128.rs:130:4
[INFO] [stdout] ---- primitives::bitmap16::add_over_limit stdout ----
[INFO] [stdout] note: test did not panic as expected at tests/primitives/bitmap16.rs:123:4
[INFO] [stdout] ---- primitives::bitmap128::multiply_over_limit stdout ----
[INFO] [stdout] note: test did not panic as expected at tests/primitives/bitmap128.rs:144:4
[INFO] [stdout] ---- primitives::bitmap16::multiply_over_limit stdout ----
[INFO] [stdout] note: test did not panic as expected at tests/primitives/bitmap16.rs:144:4
[INFO] [stdout] ---- primitives::bitmap32::add_over_limit stdout ----
[INFO] [stdout] note: test did not panic as expected at tests/primitives/bitmap32.rs:123:4
[INFO] [stdout] ---- primitives::bitmap16::subtract_to_negative stdout ----
[INFO] [stdout] note: test did not panic as expected at tests/primitives/bitmap16.rs:130:4
[INFO] [stdout] ---- primitives::bitmap64::add_over_limit stdout ----
[INFO] [stdout] note: test did not panic as expected at tests/primitives/bitmap64.rs:123:4
[INFO] [stdout] ---- primitives::bitmap32::multiply_over_limit stdout ----
[INFO] [stdout] note: test did not panic as expected at tests/primitives/bitmap32.rs:144:4
[INFO] [stdout] ---- primitives::bitmap32::subtract_to_negative stdout ----
[INFO] [stdout] note: test did not panic as expected at tests/primitives/bitmap32.rs:130:4
[INFO] [stdout] ---- primitives::bitmap64::multiply_over_limit stdout ----
[INFO] [stdout] note: test did not panic as expected at tests/primitives/bitmap64.rs:144:4
[INFO] [stdout] ---- primitives::bitmap8::add_over_limit stdout ----
[INFO] [stdout] note: test did not panic as expected at tests/primitives/bitmap8.rs:123:4
[INFO] [stdout] ---- primitives::bitmap64::subtract_to_negative stdout ----
[INFO] [stdout] note: test did not panic as expected at tests/primitives/bitmap64.rs:130:4
[INFO] [stdout] ---- primitives::bitmap_arch::add_over_limit stdout ----
[INFO] [stdout] note: test did not panic as expected at tests/primitives/bitmap_arch.rs:123:4
[INFO] [stdout] ---- primitives::bitmap_arch::subtract_to_negative stdout ----
[INFO] [stdout] note: test did not panic as expected at tests/primitives/bitmap_arch.rs:130:4
[INFO] [stdout] ---- primitives::bitmap_arch::multiply_over_limit stdout ----
[INFO] [stdout] note: test did not panic as expected at tests/primitives/bitmap_arch.rs:144:4
[INFO] [stdout] ---- primitives::bitmap8::multiply_over_limit stdout ----
[INFO] [stdout] note: test did not panic as expected at tests/primitives/bitmap8.rs:144:4
[INFO] [stdout] ---- primitives::bitmap8::subtract_to_negative stdout ----
[INFO] [stdout] note: test did not panic as expected at tests/primitives/bitmap8.rs:130:4
[INFO] [stdout] 
[INFO] [stdout] failures:
[INFO] [stdout]     primitives::bitmap128::add_over_limit
[INFO] [stdout]     primitives::bitmap128::multiply_over_limit
[INFO] [stdout]     primitives::bitmap128::subtract_to_negative
[INFO] [stdout]     primitives::bitmap16::add_over_limit
[INFO] [stdout]     primitives::bitmap16::multiply_over_limit
[INFO] [stdout]     primitives::bitmap16::subtract_to_negative
[INFO] [stdout]     primitives::bitmap32::add_over_limit
[INFO] [stdout]     primitives::bitmap32::multiply_over_limit
[INFO] [stdout]     primitives::bitmap32::subtract_to_negative
[INFO] [stdout]     primitives::bitmap64::add_over_limit
[INFO] [stdout]     primitives::bitmap64::multiply_over_limit
[INFO] [stdout]     primitives::bitmap64::subtract_to_negative
[INFO] [stdout]     primitives::bitmap8::add_over_limit
[INFO] [stdout]     primitives::bitmap8::multiply_over_limit
[INFO] [stdout]     primitives::bitmap8::subtract_to_negative
[INFO] [stdout]     primitives::bitmap_arch::add_over_limit
[INFO] [stdout]     primitives::bitmap_arch::multiply_over_limit
[INFO] [stdout]     primitives::bitmap_arch::subtract_to_negative
[INFO] [stdout] 
[INFO] [stdout] test result: FAILED. 77 passed; 18 failed; 0 ignored; 0 measured; 0 filtered out; finished in 0.02s
[INFO] [stdout] 
[INFO] running `Command { std: "docker" "inspect" "685942ab33332bd6923d97e1115cae587d3d9f21b35d3f5aad637adcf5aaa457", kill_on_drop: false }`
[INFO] running `Command { std: "docker" "rm" "-f" "685942ab33332bd6923d97e1115cae587d3d9f21b35d3f5aad637adcf5aaa457", kill_on_drop: false }`
[INFO] [stdout] 685942ab33332bd6923d97e1115cae587d3d9f21b35d3f5aad637adcf5aaa457
