[INFO] fetching crate fitsrs 0.4.1...
[INFO] testing fitsrs-0.4.1 against 1.100.0-beta.1+cargoflags=--release for beta-release-1.100-2
[INFO] extracting crate fitsrs 0.4.1 into /workspace/builds/worker-3-tc2/source
[INFO] started tweaking crates.io crate fitsrs 0.4.1
[INFO] finished tweaking crates.io crate fitsrs 0.4.1
[INFO] tweaked toml for crates.io crate fitsrs 0.4.1 written to /workspace/builds/worker-3-tc2/source/Cargo.toml
[INFO] validating manifest of crates.io crate fitsrs 0.4.1 on toolchain 1.100.0-beta.1
[INFO] running `Command { std: CARGO_HOME="/workspace/cargo-home" RUSTUP_HOME="/workspace/rustup-home" "/workspace/cargo-home/bin/cargo" "+1.100.0-beta.1" "metadata" "--manifest-path" "Cargo.toml" "--no-deps", kill_on_drop: false }`
[INFO] crate crates.io crate fitsrs 0.4.1 already has a lockfile, it will not be regenerated
[INFO] running `Command { std: CARGO_HOME="/workspace/cargo-home" RUSTUP_HOME="/workspace/rustup-home" "/workspace/cargo-home/bin/cargo" "+1.100.0-beta.1" "fetch" "--manifest-path" "Cargo.toml", kill_on_drop: false }`
[INFO] [stderr] warning: `package.homepage` is redundant with `package.repository`
[INFO] [stderr]   --> Cargo.toml:74:12
[INFO] [stderr]    |
[INFO] [stderr] 74 | homepage = "https://github.com/cds-astro/fitsrs/"
[INFO] [stderr]    |            ^^^^^^^^^^^^^^^^^^^^^^^^^^^^^^^^^^^^^^
[INFO] [stderr] ...
[INFO] [stderr] 79 | repository = "https://github.com/cds-astro/fitsrs/"
[INFO] [stderr]    |              --------------------------------------
[INFO] [stderr]    |
[INFO] [stderr]    = note: `cargo::redundant_homepage` is set to `warn` by default
[INFO] [stderr] help: consider removing `package.homepage`
[INFO] [stderr] warning: `fitsrs` (manifest) generated 1 warning
[INFO] running `Command { std: "docker" "create" "-v" "/var/lib/crater-agent-workspace/builds/worker-3-tc2/source:/opt/rustwide/workdir:ro,Z" "-v" "/var/lib/crater-agent-workspace/builds/worker-3-tc2/target:/opt/rustwide/target:rw,Z" "-v" "/var/lib/crater-agent-workspace/cargo-home:/opt/rustwide/cargo-home:ro,Z" "-v" "/var/lib/crater-agent-workspace/rustup-home:/opt/rustwide/rustup-home:ro,Z" "-m" "1610612736" "--network" "none" "ghcr.io/rust-lang/crates-build-env/linux@sha256:77db811e55d90add9212f6832c23229e3de5f1c1f9905e8cb07319ea15df73ac" "sleep" "infinity", kill_on_drop: false }`
[INFO] [stdout] 8fbce0e5abbe31e8ead79636aa365cce9d8e28e4ea684ad4b2d0697d69db9c75
[INFO] running `Command { std: "docker" "start" "8fbce0e5abbe31e8ead79636aa365cce9d8e28e4ea684ad4b2d0697d69db9c75", kill_on_drop: false }`
[INFO] running `Command { std: "docker" "inspect" "8fbce0e5abbe31e8ead79636aa365cce9d8e28e4ea684ad4b2d0697d69db9c75", kill_on_drop: false }`
[INFO] running `Command { std: "docker" "exec" "-e" "SOURCE_DIR=/opt/rustwide/workdir" "-e" "CARGO_HOME=/opt/rustwide/cargo-home" "-e" "RUSTUP_HOME=/opt/rustwide/rustup-home" "-e" "CARGO_TARGET_DIR=/opt/rustwide/target" "-w" "/opt/rustwide/workdir" "--user" "0:0" "8fbce0e5abbe31e8ead79636aa365cce9d8e28e4ea684ad4b2d0697d69db9c75" "/opt/rustwide/cargo-home/bin/cargo" "+1.100.0-beta.1" "metadata" "--no-deps" "--format-version=1", kill_on_drop: false }`
[INFO] running `Command { std: "docker" "inspect" "8fbce0e5abbe31e8ead79636aa365cce9d8e28e4ea684ad4b2d0697d69db9c75", kill_on_drop: false }`
[INFO] running `Command { std: "docker" "exec" "-e" "SOURCE_DIR=/opt/rustwide/workdir" "-e" "CARGO_HOME=/opt/rustwide/cargo-home" "-e" "RUSTUP_HOME=/opt/rustwide/rustup-home" "-e" "CARGO_TARGET_DIR=/opt/rustwide/target" "-e" "CARGO_INCREMENTAL=0" "-e" "RUST_BACKTRACE=full" "-e" "RUSTFLAGS=--cap-lints=warn" "-e" "RUSTDOCFLAGS=--cap-lints=warn" "-w" "/opt/rustwide/workdir" "--user" "0:0" "8fbce0e5abbe31e8ead79636aa365cce9d8e28e4ea684ad4b2d0697d69db9c75" "/opt/rustwide/cargo-home/bin/cargo" "+1.100.0-beta.1" "build" "--frozen" "--message-format=json" "--release", kill_on_drop: false }`
[INFO] [stderr] warning: `package.homepage` is redundant with `package.repository`
[INFO] [stderr]   --> Cargo.toml:74:12
[INFO] [stderr]    |
[INFO] [stderr] 74 | homepage = "https://github.com/cds-astro/fitsrs/"
[INFO] [stderr]    |            ^^^^^^^^^^^^^^^^^^^^^^^^^^^^^^^^^^^^^^
[INFO] [stderr] ...
[INFO] [stderr] 79 | repository = "https://github.com/cds-astro/fitsrs/"
[INFO] [stderr]    |              --------------------------------------
[INFO] [stderr]    |
[INFO] [stderr]    = note: `cargo::redundant_homepage` is set to `warn` by default
[INFO] [stderr] help: consider removing `package.homepage`
[INFO] [stderr] warning: `fitsrs` (manifest) generated 1 warning
[INFO] [stderr]    Compiling proc-macro2 v1.0.101
[INFO] [stderr]    Compiling unicode-ident v1.0.12
[INFO] [stderr]    Compiling autocfg v1.3.0
[INFO] [stderr]    Compiling serde v1.0.219
[INFO] [stderr]    Compiling futures-core v0.3.31
[INFO] [stderr]    Compiling futures-sink v0.3.31
[INFO] [stderr]    Compiling paste v1.0.15
[INFO] [stderr]    Compiling memchr v2.7.2
[INFO] [stderr]    Compiling pin-project-lite v0.2.14
[INFO] [stderr]    Compiling pin-utils v0.1.0
[INFO] [stderr]    Compiling futures-task v0.3.31
[INFO] [stderr]    Compiling futures-io v0.3.31
[INFO] [stderr]    Compiling cfg-if v1.0.0
[INFO] [stderr]    Compiling adler2 v2.0.0
[INFO] [stderr]    Compiling simd-adler32 v0.3.7
[INFO] [stderr]    Compiling once_cell v1.20.3
[INFO] [stderr]    Compiling crc32fast v1.4.2
[INFO] [stderr]    Compiling mapproj v0.4.0
[INFO] [stderr]    Compiling equivalent v1.0.2
[INFO] [stderr]    Compiling hashbrown v0.15.2
[INFO] [stderr]    Compiling miniz_oxide v0.8.4
[INFO] [stderr]    Compiling quick-error v2.0.1
[INFO] [stderr]    Compiling log v0.4.25
[INFO] [stderr]    Compiling byteorder v1.5.0
[INFO] [stderr]    Compiling futures-channel v0.3.31
[INFO] [stderr]    Compiling slab v0.4.9
[INFO] [stderr]    Compiling flate2 v1.0.35
[INFO] [stderr]    Compiling quote v1.0.40
[INFO] [stderr]    Compiling syn v2.0.106
[INFO] [stderr]    Compiling serde_derive v1.0.219
[INFO] [stderr]    Compiling futures-macro v0.3.31
[INFO] [stderr]    Compiling enum_dispatch v0.3.13
[INFO] [stderr]    Compiling serde_repr v0.1.20
[INFO] [stderr]    Compiling async-trait v0.1.80
[INFO] [stderr]    Compiling futures-util v0.3.31
[INFO] [stderr]    Compiling futures-executor v0.3.31
[INFO] [stderr]    Compiling futures v0.3.31
[INFO] [stderr]    Compiling indexmap v2.10.0
[INFO] [stderr]    Compiling wcs v0.4.2
[INFO] [stderr]    Compiling fitsrs v0.4.1 (/opt/rustwide/workdir)
[INFO] [stderr]     Finished `release` profile [optimized] target(s) in 23.26s
[INFO] running `Command { std: "docker" "inspect" "8fbce0e5abbe31e8ead79636aa365cce9d8e28e4ea684ad4b2d0697d69db9c75", kill_on_drop: false }`
[INFO] running `Command { std: "docker" "exec" "-e" "SOURCE_DIR=/opt/rustwide/workdir" "-e" "CARGO_HOME=/opt/rustwide/cargo-home" "-e" "RUSTUP_HOME=/opt/rustwide/rustup-home" "-e" "CARGO_TARGET_DIR=/opt/rustwide/target" "-e" "CARGO_INCREMENTAL=0" "-e" "RUST_BACKTRACE=full" "-e" "RUSTFLAGS=--cap-lints=warn" "-e" "RUSTDOCFLAGS=--cap-lints=warn" "-w" "/opt/rustwide/workdir" "--user" "0:0" "8fbce0e5abbe31e8ead79636aa365cce9d8e28e4ea684ad4b2d0697d69db9c75" "/opt/rustwide/cargo-home/bin/cargo" "+1.100.0-beta.1" "test" "--frozen" "--no-run" "--message-format=json" "--release", kill_on_drop: false }`
[INFO] [stderr] warning: `package.homepage` is redundant with `package.repository`
[INFO] [stderr]   --> Cargo.toml:74:12
[INFO] [stderr]    |
[INFO] [stderr] 74 | homepage = "https://github.com/cds-astro/fitsrs/"
[INFO] [stderr]    |            ^^^^^^^^^^^^^^^^^^^^^^^^^^^^^^^^^^^^^^
[INFO] [stderr] ...
[INFO] [stderr] 79 | repository = "https://github.com/cds-astro/fitsrs/"
[INFO] [stderr]    |              --------------------------------------
[INFO] [stderr]    |
[INFO] [stderr]    = note: `cargo::redundant_homepage` is set to `warn` by default
[INFO] [stderr] help: consider removing `package.homepage`
[INFO] [stderr] warning: `fitsrs` (manifest) generated 1 warning
[INFO] [stderr]    Compiling crossbeam-utils v0.8.21
[INFO] [stderr]    Compiling wasm-bindgen-shared v0.2.100
[INFO] [stderr]    Compiling either v1.13.0
[INFO] [stderr]    Compiling rayon-core v1.12.1
[INFO] [stderr]    Compiling log v0.4.25
[INFO] [stderr]    Compiling libc v0.2.155
[INFO] [stderr]    Compiling bumpalo v3.17.0
[INFO] [stderr]    Compiling num-traits v0.2.19
[INFO] [stderr]    Compiling anyhow v1.0.95
[INFO] [stderr]    Compiling rustversion v1.0.19
[INFO] [stderr]    Compiling half v2.4.1
[INFO] [stderr]    Compiling once_cell v1.20.3
[INFO] [stderr]    Compiling minimal-lexical v0.2.1
[INFO] [stderr]    Compiling thiserror v1.0.65
[INFO] [stderr]    Compiling arrayvec v0.7.6
[INFO] [stderr]    Compiling built v0.7.6
[INFO] [stderr]    Compiling aligned-vec v0.5.0
[INFO] [stderr]    Compiling wasm-bindgen v0.2.100
[INFO] [stderr]    Compiling profiling-procmacros v1.0.16
[INFO] [stderr]    Compiling wasm-bindgen-backend v0.2.100
[INFO] [stderr]    Compiling rav1e v0.7.1
[INFO] [stderr]    Compiling nom v7.1.3
[INFO] [stderr]    Compiling thiserror-impl v1.0.65
[INFO] [stderr]    Compiling serde_json v1.0.140
[INFO] [stderr]    Compiling itertools v0.12.1
[INFO] [stderr]    Compiling num-derive v0.4.2
[INFO] [stderr]    Compiling arg_enum_proc_macro v0.3.4
[INFO] [stderr]    Compiling simd_helpers v0.1.0
[INFO] [stderr]    Compiling anstyle v1.0.10
[INFO] [stderr]    Compiling profiling v1.0.16
[INFO] [stderr]    Compiling weezl v0.1.8
[INFO] [stderr]    Compiling noop_proc_macro v0.3.0
[INFO] [stderr]    Compiling ryu v1.0.18
[INFO] [stderr]    Compiling new_debug_unreachable v1.0.6
[INFO] [stderr]    Compiling cfg-if v1.0.0
[INFO] [stderr]    Compiling bitstream-io v2.6.0
[INFO] [stderr]    Compiling clap_lex v0.7.4
[INFO] [stderr]    Compiling imgref v1.11.0
[INFO] [stderr]    Compiling plotters-backend v0.3.7
[INFO] [stderr]    Compiling regex-syntax v0.8.5
[INFO] [stderr]    Compiling itoa v1.0.11
[INFO] [stderr]    Compiling ciborium-io v0.2.2
[INFO] [stderr]    Compiling ciborium-ll v0.2.2
[INFO] [stderr]    Compiling plotters-svg v0.3.7
[INFO] [stderr]    Compiling clap_builder v4.5.38
[INFO] [stderr]    Compiling loop9 v0.1.5
[INFO] [stderr]    Compiling crossbeam-epoch v0.9.18
[INFO] [stderr]    Compiling test-case-core v3.3.1
[INFO] [stderr]    Compiling itertools v0.10.5
[INFO] [stderr]    Compiling avif-serialize v0.8.2
[INFO] [stderr]    Compiling fdeflate v0.3.7
[INFO] [stderr]    Compiling zune-inflate v0.2.54
[INFO] [stderr]    Compiling byteorder-lite v0.1.0
[INFO] [stderr]    Compiling crossbeam-deque v0.8.6
[INFO] [stderr]    Compiling num-integer v0.1.46
[INFO] [stderr]    Compiling v_frame v0.3.8
[INFO] [stderr]    Compiling bytemuck v1.21.0
[INFO] [stderr]    Compiling same-file v1.0.6
[INFO] [stderr]    Compiling jpeg-decoder v0.3.1
[INFO] [stderr]    Compiling bit_field v0.10.2
[INFO] [stderr]    Compiling wasm-bindgen-macro-support v0.2.100
[INFO] [stderr]    Compiling color_quant v1.1.0
[INFO] [stderr]    Compiling rgb v0.8.50
[INFO] [stderr]    Compiling num-bigint v0.4.6
[INFO] [stderr]    Compiling cast v0.3.0
[INFO] [stderr]    Compiling lebe v0.5.2
[INFO] [stderr]    Compiling bitflags v1.3.2
[INFO] [stderr]    Compiling smallvec v1.14.0
[INFO] [stderr]    Compiling zune-core v0.4.12
[INFO] [stderr]    Compiling png v0.17.16
[INFO] [stderr]    Compiling test-case-macros v3.3.1
[INFO] [stderr]    Compiling gif v0.13.1
[INFO] [stderr]    Compiling rayon v1.10.0
[INFO] [stderr]    Compiling exr v1.73.0
[INFO] [stderr]    Compiling zune-jpeg v0.4.14
[INFO] [stderr]    Compiling qoi v0.4.1
[INFO] [stderr]    Compiling tinytemplate v1.2.1
[INFO] [stderr]    Compiling walkdir v2.5.0
[INFO] [stderr]    Compiling regex-automata v0.4.9
[INFO] [stderr]    Compiling tiff v0.9.1
[INFO] [stderr]    Compiling wasm-bindgen-macro v0.2.100
[INFO] [stderr]    Compiling image-webp v0.2.1
[INFO] [stderr]    Compiling criterion-plot v0.5.0
[INFO] [stderr]    Compiling plotters v0.3.7
[INFO] [stderr]    Compiling ciborium v0.2.2
[INFO] [stderr]    Compiling is-terminal v0.4.16
[INFO] [stderr]    Compiling tokio-macros v2.2.0
[INFO] [stderr]    Compiling num-rational v0.4.2
[INFO] [stderr]    Compiling clap v4.5.38
[INFO] [stderr]    Compiling oorandom v11.1.5
[INFO] [stderr]    Compiling anes v0.1.6
[INFO] [stderr]    Compiling test-case v3.3.1
[INFO] [stderr]    Compiling tokio v1.37.0
[INFO] [stderr]    Compiling av1-grain v0.2.3
[INFO] [stderr]    Compiling regex v1.11.1
[INFO] [stderr]    Compiling maybe-rayon v0.1.1
[INFO] [stderr]    Compiling criterion v0.5.1
[INFO] [stderr]    Compiling ravif v0.11.11
[INFO] [stderr]    Compiling image v0.25.5
[INFO] [stderr]    Compiling fitsrs v0.4.1 (/opt/rustwide/workdir)
[INFO] [stderr]     Finished `release` profile [optimized] target(s) in 2m 28s
[INFO] running `Command { std: "docker" "inspect" "8fbce0e5abbe31e8ead79636aa365cce9d8e28e4ea684ad4b2d0697d69db9c75", kill_on_drop: false }`
[INFO] running `Command { std: "docker" "exec" "-e" "SOURCE_DIR=/opt/rustwide/workdir" "-e" "CARGO_HOME=/opt/rustwide/cargo-home" "-e" "RUSTUP_HOME=/opt/rustwide/rustup-home" "-e" "CARGO_TARGET_DIR=/opt/rustwide/target" "-e" "CARGO_INCREMENTAL=0" "-e" "RUST_BACKTRACE=full" "-e" "RUSTFLAGS=--cap-lints=warn" "-e" "RUSTDOCFLAGS=--cap-lints=warn" "-w" "/opt/rustwide/workdir" "--user" "0:0" "8fbce0e5abbe31e8ead79636aa365cce9d8e28e4ea684ad4b2d0697d69db9c75" "/opt/rustwide/cargo-home/bin/cargo" "+1.100.0-beta.1" "test" "--frozen" "--release", kill_on_drop: false }`
[INFO] [stderr] warning: `package.homepage` is redundant with `package.repository`
[INFO] [stderr]   --> Cargo.toml:74:12
[INFO] [stderr]    |
[INFO] [stderr] 74 | homepage = "https://github.com/cds-astro/fitsrs/"
[INFO] [stderr]    |            ^^^^^^^^^^^^^^^^^^^^^^^^^^^^^^^^^^^^^^
[INFO] [stderr] ...
[INFO] [stderr] 79 | repository = "https://github.com/cds-astro/fitsrs/"
[INFO] [stderr]    |              --------------------------------------
[INFO] [stderr]    |
[INFO] [stderr]    = note: `cargo::redundant_homepage` is set to `warn` by default
[INFO] [stderr] help: consider removing `package.homepage`
[INFO] [stderr] warning: `fitsrs` (manifest) generated 1 warning
[INFO] [stderr]     Finished `release` profile [optimized] target(s) in 0.20s
[INFO] [stderr]      Running unittests src/lib.rs (/opt/rustwide/target/release/build/fitsrs/67441a6baea44b7e/out/fitsrs-67441a6baea44b7e)
[INFO] [stdout] 
[INFO] [stdout] running 85 tests
[INFO] [stdout] test card::tests::invalid_characters ... ok
[INFO] [stdout] test card::tests::long_string_value ... ok
[INFO] [stdout] test card::tests::trailing_ampersand ... ok
[INFO] [stdout] test card::tests::xtension_card ... ok
[INFO] [stdout] test card::tests::undefined_card ... ok
[INFO] [stdout] test hdu::data::bintable::tile_compressed::dithering::tests::test_random_generator ... ok
[INFO] [stdout] test card::tests::empty_keyword_card ... ok
[INFO] [stdout] test card::tests::forward_slash ... ok
[INFO] [stdout] test card::tests::comment_card ... ok
[INFO] [stdout] test card::tests::strings ... ok
[INFO] [stdout] test card::tests::string_value_trimming ... ok
[INFO] [stdout] test card::tests::number_values ... ok
[INFO] [stdout] test hdu::data::bintable::tile_compressed::tests::test_fits_f32_with_dithering::_samples_fits_gsfc_nasa_gov_fits_rice_one_fits_expects ... FAILED
[INFO] [stdout] test hdu::data::bintable::tile_compressed::tests::test_fits_f32_with_dithering::_samples_fits_gsfc_nasa_gov_fits_rice_dither2_method_fz_expects ... FAILED
[INFO] [stdout] test card::tests::string_tic_escape ... ok
[INFO] [stdout] test hdu::data::bintable::tile_compressed::tests::test_fits_rice_integer::_samples_fits_gsfc_nasa_gov_fits_rice_integer_fz_expects ... FAILED
[INFO] [stdout] test card::tests::logic_value ... ok
[INFO] [stdout] test hdu::data::bintable::tile_compressed::tests::test_fits_without_dithering::_samples_fits_gsfc_nasa_gov_m13_gzip_fits_1000_0_expects ... FAILED
[INFO] [stdout] test card::tests::hierarch_keyword_record ... ok
[INFO] [stdout] test hdu::data::bintable::tile_compressed::tests::test_fits_without_dithering::_samples_fits_gsfc_nasa_gov_m13_rice_fits_1000_0_expects ... FAILED
[INFO] [stdout] test hdu::header::extension::asciitable::tests::test_fits_asciitable_extension ... FAILED
[INFO] [stdout] test hdu::header::tests::card_keyword ... ok
[INFO] [stdout] test tests::test_fits_count_hdu::_samples_fits_gsfc_nasa_gov_euve_fits_5_0_4_5760_14400_550080_1788480_3026880_4262400_4271040_4279680_4288320_0_524288_1228800_1228800_1228800_48_40_40_40_expects ... FAILED
[INFO] [stdout] test hdu::header::tests::primary_hdu_with_no_data ... ok
[INFO] [stdout] test hdu::header::extension::bintable::tests::test_fits_bintable_extension ... FAILED
[INFO] [stdout] test hdu::header::tests::blank_interpreted_as_comments ... ok
[INFO] [stdout] test tests::test_bad_bytes ... ok
[INFO] [stdout] test hdu::header::tests::end_card_not_found ... ok
[INFO] [stdout] test tests::test_fits_count_hdu::_samples_fits_gsfc_nasa_gov_hst_foc_fits_1_1_0_11520_4216320_4194304_312_expects ... FAILED
[INFO] [stdout] test hdu::header::tests::primary_hdu_without_simple_keyword ... ok
[INFO] [stdout] test hdu::data::bintable::tile_compressed::tests::test_fits_without_dithering::_samples_fits_gsfc_nasa_gov_m13real_rice_fits_1000_0_expects ... FAILED
[INFO] [stdout] test tests::test_fits_count_hdu::_samples_fits_gsfc_nasa_gov_hst_hrs_fits_1_1_0_20160_66240_32000_1648_expects ... FAILED
[INFO] [stdout] test tests::test_fits_bintable_corr ... FAILED
[INFO] [stdout] test tests::test_fits_count_hdu::_samples_fits_gsfc_nasa_gov_astro_uit_fits_1_0_0_11520_524288_expects ... FAILED
[INFO] [stdout] test tests::test_fits_count_hdu::_samples_fits_gsfc_nasa_gov_hst_fgs_fits_1_1_0_20160_2537280_2511264_693_expects ... FAILED
[INFO] [stdout] test hdu::header::tests::test_fits_keywords_iter ... FAILED
[INFO] [stdout] test tests::test_fits_bintable ... FAILED
[INFO] [stdout] test tests::test_fits_count_hdu::_samples_fits_gsfc_nasa_gov_hst_fos_fits_1_1_0_14400_40320_16512_672_expects ... FAILED
[INFO] [stdout] test tests::test_fits_count_hdu::_samples_fits_gsfc_nasa_gov_hst_nicmos_fits_6_0_0_20160_31680_322560_613440_763200_912960_0_284040_284040_142020_142020_284040_expects ... FAILED
[INFO] [stdout] test tests::test_fits_images_data_block_bufreader_async::_samples_vizier_new_url_fits_expects ... FAILED
[INFO] [stdout] test tests::test_fits_i16 ... FAILED
[INFO] [stdout] test tests::test_fits_image_borrowed ... FAILED
[INFO] [stdout] test tests::test_fits_image_mandatory_kw ... FAILED
[INFO] [stdout] test tests::test_fits_images_data_block_bufreader_async::_samples_fits_gsfc_nasa_gov_euve_fits_expects ... FAILED
[INFO] [stdout] test tests::test_fits_images_data_block_bufreader_async::_samples_fits_gsfc_nasa_gov_hst_foc_fits_expects ... FAILED
[INFO] [stdout] test tests::test_fits_not_fitting_in_memory ... FAILED
[INFO] [stdout] test tests::test_fits_count_hdu::_samples_fits_gsfc_nasa_gov_hst_wfpc_ii_fits_1_1_0_23040_694080_640000_3184_expects ... FAILED
[INFO] [stdout] test tests::test_fits_count_hdu::_samples_fits_gsfc_nasa_gov_iue_lwp_fits_1_0_1_28800_34560_0_11535_expects ... FAILED
[INFO] [stdout] test tests::test_fits_count_hdu::_samples_fits_gsfc_nasa_gov_hst_wfpc_ii_bis_fits_1_0_0_23040_40000_expects ... FAILED
[INFO] [stdout] test tests::test_fits_count_hdu::_samples_misc_ngc5457k_fits_1_0_0_14400_65116872_expects ... FAILED
[INFO] [stdout] test tests::test_fits_euve ... FAILED
[INFO] [stdout] test tests::test_fits_images_data_block ... FAILED
[INFO] [stdout] test tests::test_fits_opening::_samples_fits_gsfc_nasa_gov_euve_fits_false_expects ... FAILED
[INFO] [stdout] test tests::test_fits_images_data_block_bufreader ... FAILED
[INFO] [stdout] test tests::test_fits_opening::_samples_fits_gsfc_nasa_gov_hst_fgs_fits_false_expects ... FAILED
[INFO] [stdout] test tests::test_fits_open_external_gzipped_file::_samples_misc_sn2923fxja_fits_5415_0_6386_0_expects ... FAILED
[INFO] [stdout] test tests::test_fits_open_external_gzipped_file::_samples_misc_sn2923fxja_fits_gz_5415_0_6386_0_expects ... FAILED
[INFO] [stdout] test tests::test_fits_opening::_samples_fits_gsfc_nasa_gov_astro_uit_fits_true_expects ... FAILED
[INFO] [stdout] test tests::test_fits_image_f32 ... FAILED
[INFO] [stdout] test tests::test_fits_opening::_samples_fits_gsfc_nasa_gov_hst_foc_fits_false_expects ... FAILED
[INFO] [stdout] test tests::test_fits_opening::_samples_fits_gsfc_nasa_gov_hst_wfpc_ii_bis_fits_false_expects ... FAILED
[INFO] [stdout] test tests::test_fits_opening::_samples_fits_gsfc_nasa_gov_hst_wfpc_ii_fits_false_expects ... FAILED
[INFO] [stdout] test tests::test_fits_opening::_samples_fits_gsfc_nasa_gov_iue_lwp_fits_false_expects ... FAILED
[INFO] [stdout] test tests::test_fits_opening::_samples_hipsgen_npix132_fits_false_expects ... FAILED
[INFO] [stdout] test tests::test_fits_opening::_samples_hipsgen_npix133_fits_false_expects ... FAILED
[INFO] [stdout] test tests::test_fits_opening::_samples_hipsgen_npix134_fits_false_expects ... FAILED
[INFO] [stdout] test tests::test_fits_opening::_samples_hipsgen_npix140_fits_false_expects ... FAILED
[INFO] [stdout] test tests::test_fits_opening::_samples_hips2fits_allsky_panstarrs_fits_false_expects ... FAILED
[INFO] [stdout] test tests::test_fits_opening::_samples_hipsgen_npix208_fits_false_expects ... FAILED
[INFO] [stdout] test tests::test_fits_opening::_samples_hipsgen_npix691539_fits_false_expects ... FAILED
[INFO] [stdout] test tests::test_fits_opening::_samples_hipsgen_npix282_fits_false_expects ... FAILED
[INFO] [stdout] test tests::test_fits_opening::_samples_hipsgen_npix8_fits_false_expects ... FAILED
[INFO] [stdout] test tests::test_fits_opening::_samples_hipsgen_npix4906_fits_false_expects ... FAILED
[INFO] [stdout] test tests::test_fits_opening::_samples_fits_gsfc_nasa_gov_hst_hrs_fits_false_expects ... FAILED
[INFO] [stdout] test tests::test_fits_opening::_samples_fits_gsfc_nasa_gov_hst_nicmos_fits_false_expects ... FAILED
[INFO] [stdout] test tests::test_fits_opening::_samples_hips2fits_cutout_cds_p_hst_phat_f475w_fits_false_expects ... FAILED
[INFO] [stdout] test tests::test_fits_opening::_samples_misc_skv1678175163788_fits_false_expects ... FAILED
[INFO] [stdout] test tests::test_fits_opening::_samples_vizier_nvssj235137_362632r_fits_false_expects ... FAILED
[INFO] [stdout] test tests::test_fits_opening::_samples_vizier_var_358_r_fits_false_expects ... FAILED
[INFO] [stdout] test tests::test_fits_opening::_samples_hipsgen_npix9_fits_false_expects ... FAILED
[INFO] [stdout] test tests::test_fits_opening::_samples_misc_bonn_fits_false_expects ... FAILED
[INFO] [stdout] test tests::test_fits_opening::_samples_misc_euc_mer_mosaic_vis_flag_tile100158585_1ec1c5_20221211t132329_822037z_00_00_fits_false_expects ... FAILED
[INFO] [stdout] test tests::test_fits_opening::_samples_misc_p122_49_fits_false_expects ... FAILED
[INFO] [stdout] test tests::test_fits_opening::_samples_misc_sn2923fxja_fits_false_expects ... FAILED
[INFO] [stdout] test tests::test_fits_opening::_samples_fits_gsfc_nasa_gov_hst_fos_fits_false_expects ... FAILED
[INFO] [stdout] 
[INFO] [stdout] failures:
[INFO] [stdout] 
[INFO] [stdout] ---- hdu::data::bintable::tile_compressed::tests::test_fits_f32_with_dithering::_samples_fits_gsfc_nasa_gov_fits_rice_one_fits_expects stdout ----
[INFO] [stdout] 
[INFO] [stdout] thread 'hdu::data::bintable::tile_compressed::tests::test_fits_f32_with_dithering::_samples_fits_gsfc_nasa_gov_fits_rice_one_fits_expects' (2220) panicked at src/hdu/data/bintable/tile_compressed/mod.rs:441:42:
[INFO] [stdout] called `Result::unwrap()` on an `Err` value: Os { code: 2, kind: NotFound, message: "No such file or directory" }
[INFO] [stdout] stack backtrace:
[INFO] [stdout]    0:     0x604d5934a087 - <<std[617be2ca0a6fd877]::sys::backtrace::BacktraceLock>::print::DisplayBacktrace as core[a373ad73a504971]::fmt::Display>::fmt
[INFO] [stdout]    1:     0x604d5905915a - core[a373ad73a504971]::fmt::write
[INFO] [stdout]    2:     0x604d5934963b - <alloc[2e1b2a31b91974c5]::vec::Vec<u8> as core[a373ad73a504971]::io::write::Write>::write_fmt
[INFO] [stdout]    3:     0x604d5934911f - std[617be2ca0a6fd877]::panicking::default_hook::{closure#0}
[INFO] [stdout]    4:     0x604d59348d4a - std[617be2ca0a6fd877]::panicking::default_hook
[INFO] [stdout]    5:     0x604d59348885 - std[617be2ca0a6fd877]::panicking::panic_with_hook
[INFO] [stdout]    6:     0x604d5936f901 - std[617be2ca0a6fd877]::panicking::panic_handler::{closure#0}
[INFO] [stdout]    7:     0x604d5936f8b9 - std[617be2ca0a6fd877]::sys::backtrace::__rust_end_short_backtrace::<std[617be2ca0a6fd877]::panicking::panic_handler::{closure#0}, !>
[INFO] [stdout]    8:     0x604d5936fdbc - __rustc[ea4f61d10b84890b]::rust_begin_unwind
[INFO] [stdout]    9:     0x604d59058feb - core[a373ad73a504971]::panicking::panic_fmt
[INFO] [stdout]   10:     0x604d5905d031 - core[a373ad73a504971]::result::unwrap_failed
[INFO] [stdout]   11:     0x604d5905213c - fitsrs[b78745fb58cd6183]::hdu::data::bintable::tile_compressed::tests::test_fits_f32_with_dithering
[INFO] [stdout]   12:     0x604d590b8235 - <fitsrs[b78745fb58cd6183]::hdu::data::bintable::tile_compressed::tests::test_fits_f32_with_dithering::_samples_fits_gsfc_nasa_gov_fits_rice_one_fits_expects::{closure#0} as core[a373ad73a504971]::ops::function::FnOnce<()>>::call_once
[INFO] [stdout]   13:     0x604d5938a35b - test[aada8e7e76ba119b]::__rust_begin_short_backtrace::<core[a373ad73a504971]::result::Result<(), alloc[2e1b2a31b91974c5]::string::String>, fn() -> core[a373ad73a504971]::result::Result<(), alloc[2e1b2a31b91974c5]::string::String>>
[INFO] [stdout]   14:     0x604d593857bf - test[aada8e7e76ba119b]::run_test::{closure#0}
[INFO] [stdout]   15:     0x604d5938523c - std[617be2ca0a6fd877]::sys::backtrace::__rust_begin_short_backtrace::<test[aada8e7e76ba119b]::run_test::{closure#1}, ()>
[INFO] [stdout]   16:     0x604d593a37ec - <std[617be2ca0a6fd877]::thread::lifecycle::spawn_unchecked<test[aada8e7e76ba119b]::run_test::{closure#1}, ()>::{closure#1} as core[a373ad73a504971]::ops::function::FnOnce<()>>::call_once::{shim:vtable#0}
[INFO] [stdout]   17:     0x604d59371604 - <std[617be2ca0a6fd877]::sys::thread::unix::Thread>::new::thread_start
[INFO] [stdout]   18:     0x70930049adfa - <unknown>
[INFO] [stdout]   19:     0x70930052e3d4 - clone
[INFO] [stdout]   20:                0x0 - <unknown>
[INFO] [stdout] 
[INFO] [stdout] ---- hdu::data::bintable::tile_compressed::tests::test_fits_f32_with_dithering::_samples_fits_gsfc_nasa_gov_fits_rice_dither2_method_fz_expects stdout ----
[INFO] [stdout] 
[INFO] [stdout] thread 'hdu::data::bintable::tile_compressed::tests::test_fits_f32_with_dithering::_samples_fits_gsfc_nasa_gov_fits_rice_dither2_method_fz_expects' (2219) panicked at src/hdu/data/bintable/tile_compressed/mod.rs:441:42:
[INFO] [stdout] called `Result::unwrap()` on an `Err` value: Os { code: 2, kind: NotFound, message: "No such file or directory" }
[INFO] [stdout] stack backtrace:
[INFO] [stdout]    0:     0x604d5934a087 - <<std[617be2ca0a6fd877]::sys::backtrace::BacktraceLock>::print::DisplayBacktrace as core[a373ad73a504971]::fmt::Display>::fmt
[INFO] [stdout]    1:     0x604d5905915a - core[a373ad73a504971]::fmt::write
[INFO] [stdout]    2:     0x604d5934963b - <alloc[2e1b2a31b91974c5]::vec::Vec<u8> as core[a373ad73a504971]::io::write::Write>::write_fmt
[INFO] [stdout]    3:     0x604d5934911f - std[617be2ca0a6fd877]::panicking::default_hook::{closure#0}
[INFO] [stdout]    4:     0x604d59348d4a - std[617be2ca0a6fd877]::panicking::default_hook
[INFO] [stdout]    5:     0x604d59348885 - std[617be2ca0a6fd877]::panicking::panic_with_hook
[INFO] [stdout]    6:     0x604d5936f901 - std[617be2ca0a6fd877]::panicking::panic_handler::{closure#0}
[INFO] [stdout]    7:     0x604d5936f8b9 - std[617be2ca0a6fd877]::sys::backtrace::__rust_end_short_backtrace::<std[617be2ca0a6fd877]::panicking::panic_handler::{closure#0}, !>
[INFO] [stdout]    8:     0x604d5936fdbc - __rustc[ea4f61d10b84890b]::rust_begin_unwind
[INFO] [stdout]    9:     0x604d59058feb - core[a373ad73a504971]::panicking::panic_fmt
[INFO] [stdout]   10:     0x604d5905d031 - core[a373ad73a504971]::result::unwrap_failed
[INFO] [stdout]   11:     0x604d5905213c - fitsrs[b78745fb58cd6183]::hdu::data::bintable::tile_compressed::tests::test_fits_f32_with_dithering
[INFO] [stdout]   12:     0x604d590b8265 - <fitsrs[b78745fb58cd6183]::hdu::data::bintable::tile_compressed::tests::test_fits_f32_with_dithering::_samples_fits_gsfc_nasa_gov_fits_rice_dither2_method_fz_expects::{closure#0} as core[a373ad73a504971]::ops::function::FnOnce<()>>::call_once
[INFO] [stdout]   13:     0x604d5938a35b - test[aada8e7e76ba119b]::__rust_begin_short_backtrace::<core[a373ad73a504971]::result::Result<(), alloc[2e1b2a31b91974c5]::string::String>, fn() -> core[a373ad73a504971]::result::Result<(), alloc[2e1b2a31b91974c5]::string::String>>
[INFO] [stdout]   14:     0x604d593857bf - test[aada8e7e76ba119b]::run_test::{closure#0}
[INFO] [stdout]   15:     0x604d5938523c - std[617be2ca0a6fd877]::sys::backtrace::__rust_begin_short_backtrace::<test[aada8e7e76ba119b]::run_test::{closure#1}, ()>
[INFO] [stdout]   16:     0x604d593a37ec - <std[617be2ca0a6fd877]::thread::lifecycle::spawn_unchecked<test[aada8e7e76ba119b]::run_test::{closure#1}, ()>::{closure#1} as core[a373ad73a504971]::ops::function::FnOnce<()>>::call_once::{shim:vtable#0}
[INFO] [stdout]   17:     0x604d59371604 - <std[617be2ca0a6fd877]::sys::thread::unix::Thread>::new::thread_start
[INFO] [stdout]   18:     0x70930049adfa - <unknown>
[INFO] [stdout]   19:     0x70930052e3d4 - clone
[INFO] [stdout]   20:                0x0 - <unknown>
[INFO] [stdout] 
[INFO] [stdout] ---- hdu::data::bintable::tile_compressed::tests::test_fits_rice_integer::_samples_fits_gsfc_nasa_gov_fits_rice_integer_fz_expects stdout ----
[INFO] [stdout] 
[INFO] [stdout] thread 'hdu::data::bintable::tile_compressed::tests::test_fits_rice_integer::_samples_fits_gsfc_nasa_gov_fits_rice_integer_fz_expects' (2221) panicked at src/hdu/data/bintable/tile_compressed/mod.rs:406:42:
[INFO] [stdout] called `Result::unwrap()` on an `Err` value: Os { code: 2, kind: NotFound, message: "No such file or directory" }
[INFO] [stdout] stack backtrace:
[INFO] [stdout]    0:     0x604d5934a087 - <<std[617be2ca0a6fd877]::sys::backtrace::BacktraceLock>::print::DisplayBacktrace as core[a373ad73a504971]::fmt::Display>::fmt
[INFO] [stdout]    1:     0x604d5905915a - core[a373ad73a504971]::fmt::write
[INFO] [stdout]    2:     0x604d5934963b - <alloc[2e1b2a31b91974c5]::vec::Vec<u8> as core[a373ad73a504971]::io::write::Write>::write_fmt
[INFO] [stdout]    3:     0x604d5934911f - std[617be2ca0a6fd877]::panicking::default_hook::{closure#0}
[INFO] [stdout]    4:     0x604d59348d4a - std[617be2ca0a6fd877]::panicking::default_hook
[INFO] [stdout]    5:     0x604d59348885 - std[617be2ca0a6fd877]::panicking::panic_with_hook
[INFO] [stdout]    6:     0x604d5936f901 - std[617be2ca0a6fd877]::panicking::panic_handler::{closure#0}
[INFO] [stdout]    7:     0x604d5936f8b9 - std[617be2ca0a6fd877]::sys::backtrace::__rust_end_short_backtrace::<std[617be2ca0a6fd877]::panicking::panic_handler::{closure#0}, !>
[INFO] [stdout]    8:     0x604d5936fdbc - __rustc[ea4f61d10b84890b]::rust_begin_unwind
[INFO] [stdout]    9:     0x604d59058feb - core[a373ad73a504971]::panicking::panic_fmt
[INFO] [stdout]   10:     0x604d5905d031 - core[a373ad73a504971]::result::unwrap_failed
[INFO] [stdout]   11:     0x604d590b7f69 - <fitsrs[b78745fb58cd6183]::hdu::data::bintable::tile_compressed::tests::test_fits_rice_integer::_samples_fits_gsfc_nasa_gov_fits_rice_integer_fz_expects::{closure#0} as core[a373ad73a504971]::ops::function::FnOnce<()>>::call_once
[INFO] [stdout]   12:     0x604d5938a35b - test[aada8e7e76ba119b]::__rust_begin_short_backtrace::<core[a373ad73a504971]::result::Result<(), alloc[2e1b2a31b91974c5]::string::String>, fn() -> core[a373ad73a504971]::result::Result<(), alloc[2e1b2a31b91974c5]::string::String>>
[INFO] [stdout]   13:     0x604d593857bf - test[aada8e7e76ba119b]::run_test::{closure#0}
[INFO] [stdout]   14:     0x604d5938523c - std[617be2ca0a6fd877]::sys::backtrace::__rust_begin_short_backtrace::<test[aada8e7e76ba119b]::run_test::{closure#1}, ()>
[INFO] [stdout]   15:     0x604d593a37ec - <std[617be2ca0a6fd877]::thread::lifecycle::spawn_unchecked<test[aada8e7e76ba119b]::run_test::{closure#1}, ()>::{closure#1} as core[a373ad73a504971]::ops::function::FnOnce<()>>::call_once::{shim:vtable#0}
[INFO] [stdout]   16:     0x604d59371604 - <std[617be2ca0a6fd877]::sys::thread::unix::Thread>::new::thread_start
[INFO] [stdout]   17:     0x70930049adfa - <unknown>
[INFO] [stdout]   18:     0x70930052e3d4 - clone
[INFO] [stdout]   19:                0x0 - <unknown>
[INFO] [stdout] 
[INFO] [stdout] ---- hdu::data::bintable::tile_compressed::tests::test_fits_without_dithering::_samples_fits_gsfc_nasa_gov_m13_gzip_fits_1000_0_expects stdout ----
[INFO] [stdout] 
[INFO] [stdout] thread 'hdu::data::bintable::tile_compressed::tests::test_fits_without_dithering::_samples_fits_gsfc_nasa_gov_m13_gzip_fits_1000_0_expects' (2222) panicked at src/hdu/data/bintable/tile_compressed/mod.rs:367:42:
[INFO] [stdout] called `Result::unwrap()` on an `Err` value: Os { code: 2, kind: NotFound, message: "No such file or directory" }
[INFO] [stdout] stack backtrace:
[INFO] [stdout]    0:     0x604d5934a087 - <<std[617be2ca0a6fd877]::sys::backtrace::BacktraceLock>::print::DisplayBacktrace as core[a373ad73a504971]::fmt::Display>::fmt
[INFO] [stdout]    1:     0x604d5905915a - core[a373ad73a504971]::fmt::write
[INFO] [stdout]    2:     0x604d5934963b - <alloc[2e1b2a31b91974c5]::vec::Vec<u8> as core[a373ad73a504971]::io::write::Write>::write_fmt
[INFO] [stdout]    3:     0x604d5934911f - std[617be2ca0a6fd877]::panicking::default_hook::{closure#0}
[INFO] [stdout]    4:     0x604d59348d4a - std[617be2ca0a6fd877]::panicking::default_hook
[INFO] [stdout]    5:     0x604d59348885 - std[617be2ca0a6fd877]::panicking::panic_with_hook
[INFO] [stdout]    6:     0x604d5936f901 - std[617be2ca0a6fd877]::panicking::panic_handler::{closure#0}
[INFO] [stdout]    7:     0x604d5936f8b9 - std[617be2ca0a6fd877]::sys::backtrace::__rust_end_short_backtrace::<std[617be2ca0a6fd877]::panicking::panic_handler::{closure#0}, !>
[INFO] [stdout]    8:     0x604d5936fdbc - __rustc[ea4f61d10b84890b]::rust_begin_unwind
[INFO] [stdout]    9:     0x604d59058feb - core[a373ad73a504971]::panicking::panic_fmt
[INFO] [stdout]   10:     0x604d5905d031 - core[a373ad73a504971]::result::unwrap_failed
[INFO] [stdout]   11:     0x604d590517ce - fitsrs[b78745fb58cd6183]::hdu::data::bintable::tile_compressed::tests::test_fits_without_dithering
[INFO] [stdout]   12:     0x604d590b81a5 - <fitsrs[b78745fb58cd6183]::hdu::data::bintable::tile_compressed::tests::test_fits_without_dithering::_samples_fits_gsfc_nasa_gov_m13_gzip_fits_1000_0_expects::{closure#0} as core[a373ad73a504971]::ops::function::FnOnce<()>>::call_once
[INFO] [stdout]   13:     0x604d5938a35b - test[aada8e7e76ba119b]::__rust_begin_short_backtrace::<core[a373ad73a504971]::result::Result<(), alloc[2e1b2a31b91974c5]::string::String>, fn() -> core[a373ad73a504971]::result::Result<(), alloc[2e1b2a31b91974c5]::string::String>>
[INFO] [stdout]   14:     0x604d593857bf - test[aada8e7e76ba119b]::run_test::{closure#0}
[INFO] [stdout]   15:     0x604d5938523c - std[617be2ca0a6fd877]::sys::backtrace::__rust_begin_short_backtrace::<test[aada8e7e76ba119b]::run_test::{closure#1}, ()>
[INFO] [stdout]   16:     0x604d593a37ec - <std[617be2ca0a6fd877]::thread::lifecycle::spawn_unchecked<test[aada8e7e76ba119b]::run_test::{closure#1}, ()>::{closure#1} as core[a373ad73a504971]::ops::function::FnOnce<()>>::call_once::{shim:vtable#0}
[INFO] [stdout]   17:     0x604d59371604 - <std[617be2ca0a6fd877]::sys::thread::unix::Thread>::new::thread_start
[INFO] [stdout]   18:     0x70930049adfa - <unknown>
[INFO] [stdout]   19:     0x70930052e3d4 - clone
[INFO] [stdout]   20:                0x0 - <unknown>
[INFO] [stdout] 
[INFO] [stdout] ---- hdu::data::bintable::tile_compressed::tests::test_fits_without_dithering::_samples_fits_gsfc_nasa_gov_m13_rice_fits_1000_0_expects stdout ----
[INFO] [stdout] 
[INFO] [stdout] thread 'hdu::data::bintable::tile_compressed::tests::test_fits_without_dithering::_samples_fits_gsfc_nasa_gov_m13_rice_fits_1000_0_expects' (2223) panicked at src/hdu/data/bintable/tile_compressed/mod.rs:367:42:
[INFO] [stdout] called `Result::unwrap()` on an `Err` value: Os { code: 2, kind: NotFound, message: "No such file or directory" }
[INFO] [stdout] stack backtrace:
[INFO] [stdout]    0:     0x604d5934a087 - <<std[617be2ca0a6fd877]::sys::backtrace::BacktraceLock>::print::DisplayBacktrace as core[a373ad73a504971]::fmt::Display>::fmt
[INFO] [stdout]    1:     0x604d5905915a - core[a373ad73a504971]::fmt::write
[INFO] [stdout]    2:     0x604d5934963b - <alloc[2e1b2a31b91974c5]::vec::Vec<u8> as core[a373ad73a504971]::io::write::Write>::write_fmt
[INFO] [stdout]    3:     0x604d5934911f - std[617be2ca0a6fd877]::panicking::default_hook::{closure#0}
[INFO] [stdout]    4:     0x604d59348d4a - std[617be2ca0a6fd877]::panicking::default_hook
[INFO] [stdout]    5:     0x604d59348885 - std[617be2ca0a6fd877]::panicking::panic_with_hook
[INFO] [stdout]    6:     0x604d5936f901 - std[617be2ca0a6fd877]::panicking::panic_handler::{closure#0}
[INFO] [stdout]    7:     0x604d5936f8b9 - std[617be2ca0a6fd877]::sys::backtrace::__rust_end_short_backtrace::<std[617be2ca0a6fd877]::panicking::panic_handler::{closure#0}, !>
[INFO] [stdout]    8:     0x604d5936fdbc - __rustc[ea4f61d10b84890b]::rust_begin_unwind
[INFO] [stdout]    9:     0x604d59058feb - core[a373ad73a504971]::panicking::panic_fmt
[INFO] [stdout]   10:     0x604d5905d031 - core[a373ad73a504971]::result::unwrap_failed
[INFO] [stdout]   11:     0x604d590517ce - fitsrs[b78745fb58cd6183]::hdu::data::bintable::tile_compressed::tests::test_fits_without_dithering
[INFO] [stdout]   12:     0x604d590b81d5 - <fitsrs[b78745fb58cd6183]::hdu::data::bintable::tile_compressed::tests::test_fits_without_dithering::_samples_fits_gsfc_nasa_gov_m13_rice_fits_1000_0_expects::{closure#0} as core[a373ad73a504971]::ops::function::FnOnce<()>>::call_once
[INFO] [stdout]   13:     0x604d5938a35b - test[aada8e7e76ba119b]::__rust_begin_short_backtrace::<core[a373ad73a504971]::result::Result<(), alloc[2e1b2a31b91974c5]::string::String>, fn() -> core[a373ad73a504971]::result::Result<(), alloc[2e1b2a31b91974c5]::string::String>>
[INFO] [stdout]   14:     0x604d593857bf - test[aada8e7e76ba119b]::run_test::{closure#0}
[INFO] [stdout]   15:     0x604d5938523c - std[617be2ca0a6fd877]::sys::backtrace::__rust_begin_short_backtrace::<test[aada8e7e76ba119b]::run_test::{closure#1}, ()>
[INFO] [stdout]   16:     0x604d593a37ec - <std[617be2ca0a6fd877]::thread::lifecycle::spawn_unchecked<test[aada8e7e76ba119b]::run_test::{closure#1}, ()>::{closure#1} as core[a373ad73a504971]::ops::function::FnOnce<()>>::call_once::{shim:vtable#0}
[INFO] [stdout]   17:     0x604d59371604 - <std[617be2ca0a6fd877]::sys::thread::unix::Thread>::new::thread_start
[INFO] [stdout]   18:     0x70930049adfa - <unknown>
[INFO] [stdout]   19:     0x70930052e3d4 - clone
[INFO] [stdout]   20:                0x0 - <unknown>
[INFO] [stdout] 
[INFO] [stdout] ---- hdu::header::extension::asciitable::tests::test_fits_asciitable_extension stdout ----
[INFO] [stdout] 
[INFO] [stdout] thread 'hdu::header::extension::asciitable::tests::test_fits_asciitable_extension' (2225) panicked at src/hdu/header/extension/asciitable.rs:274:38:
[INFO] [stdout] called `Result::unwrap()` on an `Err` value: Os { code: 2, kind: NotFound, message: "No such file or directory" }
[INFO] [stdout] stack backtrace:
[INFO] [stdout]    0:     0x604d5934a087 - <<std[617be2ca0a6fd877]::sys::backtrace::BacktraceLock>::print::DisplayBacktrace as core[a373ad73a504971]::fmt::Display>::fmt
[INFO] [stdout]    1:     0x604d5905915a - core[a373ad73a504971]::fmt::write
[INFO] [stdout]    2:     0x604d5934963b - <alloc[2e1b2a31b91974c5]::vec::Vec<u8> as core[a373ad73a504971]::io::write::Write>::write_fmt
[INFO] [stdout]    3:     0x604d5934911f - std[617be2ca0a6fd877]::panicking::default_hook::{closure#0}
[INFO] [stdout]    4:     0x604d59348d4a - std[617be2ca0a6fd877]::panicking::default_hook
[INFO] [stdout]    5:     0x604d59348885 - std[617be2ca0a6fd877]::panicking::panic_with_hook
[INFO] [stdout]    6:     0x604d5936f901 - std[617be2ca0a6fd877]::panicking::panic_handler::{closure#0}
[INFO] [stdout]    7:     0x604d5936f8b9 - std[617be2ca0a6fd877]::sys::backtrace::__rust_end_short_backtrace::<std[617be2ca0a6fd877]::panicking::panic_handler::{closure#0}, !>
[INFO] [stdout]    8:     0x604d5936fdbc - __rustc[ea4f61d10b84890b]::rust_begin_unwind
[INFO] [stdout]    9:     0x604d59058feb - core[a373ad73a504971]::panicking::panic_fmt
[INFO] [stdout]   10:     0x604d5905d031 - core[a373ad73a504971]::result::unwrap_failed
[INFO] [stdout]   11:     0x604d5909dd1d - fitsrs[b78745fb58cd6183]::hdu::header::extension::asciitable::tests::compare_ascii_ext
[INFO] [stdout]   12:     0x604d5909c6e4 - <fitsrs[b78745fb58cd6183]::hdu::header::extension::asciitable::tests::test_fits_asciitable_extension::{closure#0} as core[a373ad73a504971]::ops::function::FnOnce<()>>::call_once
[INFO] [stdout]   13:     0x604d5938a35b - test[aada8e7e76ba119b]::__rust_begin_short_backtrace::<core[a373ad73a504971]::result::Result<(), alloc[2e1b2a31b91974c5]::string::String>, fn() -> core[a373ad73a504971]::result::Result<(), alloc[2e1b2a31b91974c5]::string::String>>
[INFO] [stdout]   14:     0x604d593857bf - test[aada8e7e76ba119b]::run_test::{closure#0}
[INFO] [stdout]   15:     0x604d5938523c - std[617be2ca0a6fd877]::sys::backtrace::__rust_begin_short_backtrace::<test[aada8e7e76ba119b]::run_test::{closure#1}, ()>
[INFO] [stdout]   16:     0x604d593a37ec - <std[617be2ca0a6fd877]::thread::lifecycle::spawn_unchecked<test[aada8e7e76ba119b]::run_test::{closure#1}, ()>::{closure#1} as core[a373ad73a504971]::ops::function::FnOnce<()>>::call_once::{shim:vtable#0}
[INFO] [stdout]   17:     0x604d59371604 - <std[617be2ca0a6fd877]::sys::thread::unix::Thread>::new::thread_start
[INFO] [stdout]   18:     0x70930049adfa - <unknown>
[INFO] [stdout]   19:     0x70930052e3d4 - clone
[INFO] [stdout]   20:                0x0 - <unknown>
[INFO] [stdout] 
[INFO] [stdout] ---- tests::test_fits_count_hdu::_samples_fits_gsfc_nasa_gov_euve_fits_5_0_4_5760_14400_550080_1788480_3026880_4262400_4271040_4279680_4288320_0_524288_1228800_1228800_1228800_48_40_40_40_expects stdout ----
[INFO] [stdout] 
[INFO] [stdout] thread 'tests::test_fits_count_hdu::_samples_fits_gsfc_nasa_gov_euve_fits_5_0_4_5760_14400_550080_1788480_3026880_4262400_4271040_4279680_4288320_0_524288_1228800_1228800_1228800_48_40_40_40_expects' (2237) panicked at src/lib.rs:125:53:
[INFO] [stdout] called `Result::unwrap()` on an `Err` value: Io(NotFound)
[INFO] [stdout] stack backtrace:
[INFO] [stdout]    0:     0x604d5934a087 - <<std[617be2ca0a6fd877]::sys::backtrace::BacktraceLock>::print::DisplayBacktrace as core[a373ad73a504971]::fmt::Display>::fmt
[INFO] [stdout]    1:     0x604d5905915a - core[a373ad73a504971]::fmt::write
[INFO] [stdout]    2:     0x604d5934963b - <alloc[2e1b2a31b91974c5]::vec::Vec<u8> as core[a373ad73a504971]::io::write::Write>::write_fmt
[INFO] [stdout]    3:     0x604d5934911f - std[617be2ca0a6fd877]::panicking::default_hook::{closure#0}
[INFO] [stdout]    4:     0x604d59348d4a - std[617be2ca0a6fd877]::panicking::default_hook
[INFO] [stdout]    5:     0x604d59348885 - std[617be2ca0a6fd877]::panicking::panic_with_hook
[INFO] [stdout]    6:     0x604d5936f901 - std[617be2ca0a6fd877]::panicking::panic_handler::{closure#0}
[INFO] [stdout]    7:     0x604d5936f8b9 - std[617be2ca0a6fd877]::sys::backtrace::__rust_end_short_backtrace::<std[617be2ca0a6fd877]::panicking::panic_handler::{closure#0}, !>
[INFO] [stdout]    8:     0x604d5936fdbc - __rustc[ea4f61d10b84890b]::rust_begin_unwind
[INFO] [stdout]    9:     0x604d59058feb - core[a373ad73a504971]::panicking::panic_fmt
[INFO] [stdout]   10:     0x604d5905d031 - core[a373ad73a504971]::result::unwrap_failed
[INFO] [stdout]   11:     0x604d590ac0a3 - fitsrs[b78745fb58cd6183]::tests::test_fits_count_hdu
[INFO] [stdout]   12:     0x604d590b73c9 - <fitsrs[b78745fb58cd6183]::tests::test_fits_count_hdu::_samples_fits_gsfc_nasa_gov_euve_fits_5_0_4_5760_14400_550080_1788480_3026880_4262400_4271040_4279680_4288320_0_524288_1228800_1228800_1228800_48_40_40_40_expects::{closure#0} as core[a373ad73a504971]::ops::function::FnOnce<()>>::call_once
[INFO] [stdout]   13:     0x604d5938a35b - test[aada8e7e76ba119b]::__rust_begin_short_backtrace::<core[a373ad73a504971]::result::Result<(), alloc[2e1b2a31b91974c5]::string::String>, fn() -> core[a373ad73a504971]::result::Result<(), alloc[2e1b2a31b91974c5]::string::String>>
[INFO] [stdout]   14:     0x604d593857bf - test[aada8e7e76ba119b]::run_test::{closure#0}
[INFO] [stdout]   15:     0x604d5938523c - std[617be2ca0a6fd877]::sys::backtrace::__rust_begin_short_backtrace::<test[aada8e7e76ba119b]::run_test::{closure#1}, ()>
[INFO] [stdout]   16:     0x604d593a37ec - <std[617be2ca0a6fd877]::thread::lifecycle::spawn_unchecked<test[aada8e7e76ba119b]::run_test::{closure#1}, ()>::{closure#1} as core[a373ad73a504971]::ops::function::FnOnce<()>>::call_once::{shim:vtable#0}
[INFO] [stdout]   17:     0x604d59371604 - <std[617be2ca0a6fd877]::sys::thread::unix::Thread>::new::thread_start
[INFO] [stdout]   18:     0x70930049adfa - <unknown>
[INFO] [stdout]   19:     0x70930052e3d4 - clone
[INFO] [stdout]   20:                0x0 - <unknown>
[INFO] [stdout] 
[INFO] [stdout] ---- hdu::header::extension::bintable::tests::test_fits_bintable_extension stdout ----
[INFO] [stdout] 
[INFO] [stdout] thread 'hdu::header::extension::bintable::tests::test_fits_bintable_extension' (2226) panicked at src/hdu/header/extension/bintable.rs:801:46:
[INFO] [stdout] called `Result::unwrap()` on an `Err` value: Io(NotFound)
[INFO] [stdout] stack backtrace:
[INFO] [stdout]    0:     0x604d5934a087 - <<std[617be2ca0a6fd877]::sys::backtrace::BacktraceLock>::print::DisplayBacktrace as core[a373ad73a504971]::fmt::Display>::fmt
[INFO] [stdout]    1:     0x604d5905915a - core[a373ad73a504971]::fmt::write
[INFO] [stdout]    2:     0x604d5934963b - <alloc[2e1b2a31b91974c5]::vec::Vec<u8> as core[a373ad73a504971]::io::write::Write>::write_fmt
[INFO] [stdout]    3:     0x604d5934911f - std[617be2ca0a6fd877]::panicking::default_hook::{closure#0}
[INFO] [stdout]    4:     0x604d59348d4a - std[617be2ca0a6fd877]::panicking::default_hook
[INFO] [stdout]    5:     0x604d59348885 - std[617be2ca0a6fd877]::panicking::panic_with_hook
[INFO] [stdout]    6:     0x604d5936f901 - std[617be2ca0a6fd877]::panicking::panic_handler::{closure#0}
[INFO] [stdout]    7:     0x604d5936f8b9 - std[617be2ca0a6fd877]::sys::backtrace::__rust_end_short_backtrace::<std[617be2ca0a6fd877]::panicking::panic_handler::{closure#0}, !>
[INFO] [stdout]    8:     0x604d5936fdbc - __rustc[ea4f61d10b84890b]::rust_begin_unwind
[INFO] [stdout]    9:     0x604d59058feb - core[a373ad73a504971]::panicking::panic_fmt
[INFO] [stdout]   10:     0x604d5905d031 - core[a373ad73a504971]::result::unwrap_failed
[INFO] [stdout]   11:     0x604d5909b209 - <fitsrs[b78745fb58cd6183]::hdu::header::extension::bintable::tests::test_fits_bintable_extension::{closure#0} as core[a373ad73a504971]::ops::function::FnOnce<()>>::call_once
[INFO] [stdout]   12:     0x604d5938a35b - test[aada8e7e76ba119b]::__rust_begin_short_backtrace::<core[a373ad73a504971]::result::Result<(), alloc[2e1b2a31b91974c5]::string::String>, fn() -> core[a373ad73a504971]::result::Result<(), alloc[2e1b2a31b91974c5]::string::String>>
[INFO] [stdout]   13:     0x604d593857bf - test[aada8e7e76ba119b]::run_test::{closure#0}
[INFO] [stdout]   14:     0x604d5938523c - std[617be2ca0a6fd877]::sys::backtrace::__rust_begin_short_backtrace::<test[aada8e7e76ba119b]::run_test::{closure#1}, ()>
[INFO] [stdout]   15:     0x604d593a37ec - <std[617be2ca0a6fd877]::thread::lifecycle::spawn_unchecked<test[aada8e7e76ba119b]::run_test::{closure#1}, ()>::{closure#1} as core[a373ad73a504971]::ops::function::FnOnce<()>>::call_once::{shim:vtable#0}
[INFO] [stdout]   16:     0x604d59371604 - <std[617be2ca0a6fd877]::sys::thread::unix::Thread>::new::thread_start
[INFO] [stdout]   17:     0x70930049adfa - <unknown>
[INFO] [stdout]   18:     0x70930052e3d4 - clone
[INFO] [stdout]   19:                0x0 - <unknown>
[INFO] [stdout] 
[INFO] [stdout] ---- tests::test_fits_count_hdu::_samples_fits_gsfc_nasa_gov_hst_foc_fits_1_1_0_11520_4216320_4194304_312_expects stdout ----
[INFO] [stdout] 
[INFO] [stdout] thread 'tests::test_fits_count_hdu::_samples_fits_gsfc_nasa_gov_hst_foc_fits_1_1_0_11520_4216320_4194304_312_expects' (2239) panicked at src/lib.rs:125:53:
[INFO] [stdout] called `Result::unwrap()` on an `Err` value: Io(NotFound)
[INFO] [stdout] stack backtrace:
[INFO] [stdout]    0:     0x604d5934a087 - <<std[617be2ca0a6fd877]::sys::backtrace::BacktraceLock>::print::DisplayBacktrace as core[a373ad73a504971]::fmt::Display>::fmt
[INFO] [stdout]    1:     0x604d5905915a - core[a373ad73a504971]::fmt::write
[INFO] [stdout]    2:     0x604d5934963b - <alloc[2e1b2a31b91974c5]::vec::Vec<u8> as core[a373ad73a504971]::io::write::Write>::write_fmt
[INFO] [stdout]    3:     0x604d5934911f - std[617be2ca0a6fd877]::panicking::default_hook::{closure#0}
[INFO] [stdout]    4:     0x604d59348d4a - std[617be2ca0a6fd877]::panicking::default_hook
[INFO] [stdout]    5:     0x604d59348885 - std[617be2ca0a6fd877]::panicking::panic_with_hook
[INFO] [stdout]    6:     0x604d5936f901 - std[617be2ca0a6fd877]::panicking::panic_handler::{closure#0}
[INFO] [stdout]    7:     0x604d5936f8b9 - std[617be2ca0a6fd877]::sys::backtrace::__rust_end_short_backtrace::<std[617be2ca0a6fd877]::panicking::panic_handler::{closure#0}, !>
[INFO] [stdout]    8:     0x604d5936fdbc - __rustc[ea4f61d10b84890b]::rust_begin_unwind
[INFO] [stdout]    9:     0x604d59058feb - core[a373ad73a504971]::panicking::panic_fmt
[INFO] [stdout]   10:     0x604d5905d031 - core[a373ad73a504971]::result::unwrap_failed
[INFO] [stdout]   11:     0x604d590ac0a3 - fitsrs[b78745fb58cd6183]::tests::test_fits_count_hdu
[INFO] [stdout]   12:     0x604d590b7649 - <fitsrs[b78745fb58cd6183]::tests::test_fits_count_hdu::_samples_fits_gsfc_nasa_gov_hst_foc_fits_1_1_0_11520_4216320_4194304_312_expects::{closure#0} as core[a373ad73a504971]::ops::function::FnOnce<()>>::call_once
[INFO] [stdout]   13:     0x604d5938a35b - test[aada8e7e76ba119b]::__rust_begin_short_backtrace::<core[a373ad73a504971]::result::Result<(), alloc[2e1b2a31b91974c5]::string::String>, fn() -> core[a373ad73a504971]::result::Result<(), alloc[2e1b2a31b91974c5]::string::String>>
[INFO] [stdout]   14:     0x604d593857bf - test[aada8e7e76ba119b]::run_test::{closure#0}
[INFO] [stdout]   15:     0x604d5938523c - std[617be2ca0a6fd877]::sys::backtrace::__rust_begin_short_backtrace::<test[aada8e7e76ba119b]::run_test::{closure#1}, ()>
[INFO] [stdout]   16:     0x604d593a37ec - <std[617be2ca0a6fd877]::thread::lifecycle::spawn_unchecked<test[aada8e7e76ba119b]::run_test::{closure#1}, ()>::{closure#1} as core[a373ad73a504971]::ops::function::FnOnce<()>>::call_once::{shim:vtable#0}
[INFO] [stdout]   17:     0x604d59371604 - <std[617be2ca0a6fd877]::sys::thread::unix::Thread>::new::thread_start
[INFO] [stdout]   18:     0x70930049adfa - <unknown>
[INFO] [stdout]   19:     0x70930052e3d4 - clone
[INFO] [stdout]   20:                0x0 - <unknown>
[INFO] [stdout] 
[INFO] [stdout] ---- hdu::data::bintable::tile_compressed::tests::test_fits_without_dithering::_samples_fits_gsfc_nasa_gov_m13real_rice_fits_1000_0_expects stdout ----
[INFO] [stdout] 
[INFO] [stdout] thread 'hdu::data::bintable::tile_compressed::tests::test_fits_without_dithering::_samples_fits_gsfc_nasa_gov_m13real_rice_fits_1000_0_expects' (2224) panicked at src/hdu/data/bintable/tile_compressed/mod.rs:367:42:
[INFO] [stdout] called `Result::unwrap()` on an `Err` value: Os { code: 2, kind: NotFound, message: "No such file or directory" }
[INFO] [stdout] stack backtrace:
[INFO] [stdout]    0:     0x604d5934a087 - <<std[617be2ca0a6fd877]::sys::backtrace::BacktraceLock>::print::DisplayBacktrace as core[a373ad73a504971]::fmt::Display>::fmt
[INFO] [stdout]    1:     0x604d5905915a - core[a373ad73a504971]::fmt::write
[INFO] [stdout]    2:     0x604d5934963b - <alloc[2e1b2a31b91974c5]::vec::Vec<u8> as core[a373ad73a504971]::io::write::Write>::write_fmt
[INFO] [stdout]    3:     0x604d5934911f - std[617be2ca0a6fd877]::panicking::default_hook::{closure#0}
[INFO] [stdout]    4:     0x604d59348d4a - std[617be2ca0a6fd877]::panicking::default_hook
[INFO] [stdout]    5:     0x604d59348885 - std[617be2ca0a6fd877]::panicking::panic_with_hook
[INFO] [stdout]    6:     0x604d5936f901 - std[617be2ca0a6fd877]::panicking::panic_handler::{closure#0}
[INFO] [stdout]    7:     0x604d5936f8b9 - std[617be2ca0a6fd877]::sys::backtrace::__rust_end_short_backtrace::<std[617be2ca0a6fd877]::panicking::panic_handler::{closure#0}, !>
[INFO] [stdout]    8:     0x604d5936fdbc - __rustc[ea4f61d10b84890b]::rust_begin_unwind
[INFO] [stdout]    9:     0x604d59058feb - core[a373ad73a504971]::panicking::panic_fmt
[INFO] [stdout]   10:     0x604d5905d031 - core[a373ad73a504971]::result::unwrap_failed
[INFO] [stdout]   11:     0x604d590517ce - fitsrs[b78745fb58cd6183]::hdu::data::bintable::tile_compressed::tests::test_fits_without_dithering
[INFO] [stdout]   12:     0x604d590b8205 - <fitsrs[b78745fb58cd6183]::hdu::data::bintable::tile_compressed::tests::test_fits_without_dithering::_samples_fits_gsfc_nasa_gov_m13real_rice_fits_1000_0_expects::{closure#0} as core[a373ad73a504971]::ops::function::FnOnce<()>>::call_once
[INFO] [stdout]   13:     0x604d5938a35b - test[aada8e7e76ba119b]::__rust_begin_short_backtrace::<core[a373ad73a504971]::result::Result<(), alloc[2e1b2a31b91974c5]::string::String>, fn() -> core[a373ad73a504971]::result::Result<(), alloc[2e1b2a31b91974c5]::string::String>>
[INFO] [stdout]   14:     0x604d593857bf - test[aada8e7e76ba119b]::run_test::{closure#0}
[INFO] [stdout]   15:     0x604d5938523c - std[617be2ca0a6fd877]::sys::backtrace::__rust_begin_short_backtrace::<test[aada8e7e76ba119b]::run_test::{closure#1}, ()>
[INFO] [stdout]   16:     0x604d593a37ec - <std[617be2ca0a6fd877]::thread::lifecycle::spawn_unchecked<test[aada8e7e76ba119b]::run_test::{closure#1}, ()>::{closure#1} as core[a373ad73a504971]::ops::function::FnOnce<()>>::call_once::{shim:vtable#0}
[INFO] [stdout]   17:     0x604d59371604 - <std[617be2ca0a6fd877]::sys::thread::unix::Thread>::new::thread_start
[INFO] [stdout]   18:     0x70930049adfa - <unknown>
[INFO] [stdout]   19:     0x70930052e3d4 - clone
[INFO] [stdout]   20:                0x0 - <unknown>
[INFO] [stdout] 
[INFO] [stdout] ---- tests::test_fits_count_hdu::_samples_fits_gsfc_nasa_gov_hst_hrs_fits_1_1_0_20160_66240_32000_1648_expects stdout ----
[INFO] [stdout] 
[INFO] [stdout] thread 'tests::test_fits_count_hdu::_samples_fits_gsfc_nasa_gov_hst_hrs_fits_1_1_0_20160_66240_32000_1648_expects' (2241) panicked at src/lib.rs:125:53:
[INFO] [stdout] called `Result::unwrap()` on an `Err` value: Io(NotFound)
[INFO] [stdout] stack backtrace:
[INFO] [stdout]    0:     0x604d5934a087 - <<std[617be2ca0a6fd877]::sys::backtrace::BacktraceLock>::print::DisplayBacktrace as core[a373ad73a504971]::fmt::Display>::fmt
[INFO] [stdout]    1:     0x604d5905915a - core[a373ad73a504971]::fmt::write
[INFO] [stdout]    2:     0x604d5934963b - <alloc[2e1b2a31b91974c5]::vec::Vec<u8> as core[a373ad73a504971]::io::write::Write>::write_fmt
[INFO] [stdout]    3:     0x604d5934911f - std[617be2ca0a6fd877]::panicking::default_hook::{closure#0}
[INFO] [stdout]    4:     0x604d59348d4a - std[617be2ca0a6fd877]::panicking::default_hook
[INFO] [stdout]    5:     0x604d59348885 - std[617be2ca0a6fd877]::panicking::panic_with_hook
[INFO] [stdout]    6:     0x604d5936f901 - std[617be2ca0a6fd877]::panicking::panic_handler::{closure#0}
[INFO] [stdout]    7:     0x604d5936f8b9 - std[617be2ca0a6fd877]::sys::backtrace::__rust_end_short_backtrace::<std[617be2ca0a6fd877]::panicking::panic_handler::{closure#0}, !>
[INFO] [stdout]    8:     0x604d5936fdbc - __rustc[ea4f61d10b84890b]::rust_begin_unwind
[INFO] [stdout]    9:     0x604d59058feb - core[a373ad73a504971]::panicking::panic_fmt
[INFO] [stdout]   10:     0x604d5905d031 - core[a373ad73a504971]::result::unwrap_failed
[INFO] [stdout]   11:     0x604d590ac0a3 - fitsrs[b78745fb58cd6183]::tests::test_fits_count_hdu
[INFO] [stdout]   12:     0x604d590b75a9 - <fitsrs[b78745fb58cd6183]::tests::test_fits_count_hdu::_samples_fits_gsfc_nasa_gov_hst_hrs_fits_1_1_0_20160_66240_32000_1648_expects::{closure#0} as core[a373ad73a504971]::ops::function::FnOnce<()>>::call_once
[INFO] [stdout]   13:     0x604d5938a35b - test[aada8e7e76ba119b]::__rust_begin_short_backtrace::<core[a373ad73a504971]::result::Result<(), alloc[2e1b2a31b91974c5]::string::String>, fn() -> core[a373ad73a504971]::result::Result<(), alloc[2e1b2a31b91974c5]::string::String>>
[INFO] [stdout]   14:     0x604d593857bf - test[aada8e7e76ba119b]::run_test::{closure#0}
[INFO] [stdout]   15:     0x604d5938523c - std[617be2ca0a6fd877]::sys::backtrace::__rust_begin_short_backtrace::<test[aada8e7e76ba119b]::run_test::{closure#1}, ()>
[INFO] [stdout]   16:     0x604d593a37ec - <std[617be2ca0a6fd877]::thread::lifecycle::spawn_unchecked<test[aada8e7e76ba119b]::run_test::{closure#1}, ()>::{closure#1} as core[a373ad73a504971]::ops::function::FnOnce<()>>::call_once::{shim:vtable#0}
[INFO] [stdout]   17:     0x604d59371604 - <std[617be2ca0a6fd877]::sys::thread::unix::Thread>::new::thread_start
[INFO] [stdout]   18:     0x70930049adfa - <unknown>
[INFO] [stdout]   19:     0x70930052e3d4 - clone
[INFO] [stdout]   20:                0x0 - <unknown>
[INFO] [stdout] 
[INFO] [stdout] ---- tests::test_fits_bintable_corr stdout ----
[INFO] [stdout] 
[INFO] [stdout] thread 'tests::test_fits_bintable_corr' (2235) panicked at src/lib.rs:329:64:
[INFO] [stdout] called `Result::unwrap()` on an `Err` value: Os { code: 2, kind: NotFound, message: "No such file or directory" }
[INFO] [stdout] stack backtrace:
[INFO] [stdout]    0:     0x604d5934a087 - <<std[617be2ca0a6fd877]::sys::backtrace::BacktraceLock>::print::DisplayBacktrace as core[a373ad73a504971]::fmt::Display>::fmt
[INFO] [stdout]    1:     0x604d5905915a - core[a373ad73a504971]::fmt::write
[INFO] [stdout]    2:     0x604d5934963b - <alloc[2e1b2a31b91974c5]::vec::Vec<u8> as core[a373ad73a504971]::io::write::Write>::write_fmt
[INFO] [stdout]    3:     0x604d5934911f - std[617be2ca0a6fd877]::panicking::default_hook::{closure#0}
[INFO] [stdout]    4:     0x604d59348d4a - std[617be2ca0a6fd877]::panicking::default_hook
[INFO] [stdout]    5:     0x604d59348885 - std[617be2ca0a6fd877]::panicking::panic_with_hook
[INFO] [stdout]    6:     0x604d5936f901 - std[617be2ca0a6fd877]::panicking::panic_handler::{closure#0}
[INFO] [stdout]    7:     0x604d5936f8b9 - std[617be2ca0a6fd877]::sys::backtrace::__rust_end_short_backtrace::<std[617be2ca0a6fd877]::panicking::panic_handler::{closure#0}, !>
[INFO] [stdout]    8:     0x604d5936fdbc - __rustc[ea4f61d10b84890b]::rust_begin_unwind
[INFO] [stdout]    9:     0x604d59058feb - core[a373ad73a504971]::panicking::panic_fmt
[INFO] [stdout]   10:     0x604d5905d031 - core[a373ad73a504971]::result::unwrap_failed
[INFO] [stdout]   11:     0x604d590a619c - <fitsrs[b78745fb58cd6183]::tests::test_fits_bintable_corr::{closure#0} as core[a373ad73a504971]::ops::function::FnOnce<()>>::call_once
[INFO] [stdout]   12:     0x604d5938a35b - test[aada8e7e76ba119b]::__rust_begin_short_backtrace::<core[a373ad73a504971]::result::Result<(), alloc[2e1b2a31b91974c5]::string::String>, fn() -> core[a373ad73a504971]::result::Result<(), alloc[2e1b2a31b91974c5]::string::String>>
[INFO] [stdout]   13:     0x604d593857bf - test[aada8e7e76ba119b]::run_test::{closure#0}
[INFO] [stdout]   14:     0x604d5938523c - std[617be2ca0a6fd877]::sys::backtrace::__rust_begin_short_backtrace::<test[aada8e7e76ba119b]::run_test::{closure#1}, ()>
[INFO] [stdout]   15:     0x604d593a37ec - <std[617be2ca0a6fd877]::thread::lifecycle::spawn_unchecked<test[aada8e7e76ba119b]::run_test::{closure#1}, ()>::{closure#1} as core[a373ad73a504971]::ops::function::FnOnce<()>>::call_once::{shim:vtable#0}
[INFO] [stdout]   16:     0x604d59371604 - <std[617be2ca0a6fd877]::sys::thread::unix::Thread>::new::thread_start
[INFO] [stdout]   17:     0x70930049adfa - <unknown>
[INFO] [stdout]   18:     0x70930052e3d4 - clone
[INFO] [stdout]   19:                0x0 - <unknown>
[INFO] [stdout] 
[INFO] [stdout] ---- tests::test_fits_count_hdu::_samples_fits_gsfc_nasa_gov_astro_uit_fits_1_0_0_11520_524288_expects stdout ----
[INFO] [stdout] 
[INFO] [stdout] thread 'tests::test_fits_count_hdu::_samples_fits_gsfc_nasa_gov_astro_uit_fits_1_0_0_11520_524288_expects' (2236) panicked at src/lib.rs:125:53:
[INFO] [stdout] called `Result::unwrap()` on an `Err` value: Io(NotFound)
[INFO] [stdout] stack backtrace:
[INFO] [stdout]    0:     0x604d5934a087 - <<std[617be2ca0a6fd877]::sys::backtrace::BacktraceLock>::print::DisplayBacktrace as core[a373ad73a504971]::fmt::Display>::fmt
[INFO] [stdout]    1:     0x604d5905915a - core[a373ad73a504971]::fmt::write
[INFO] [stdout]    2:     0x604d5934963b - <alloc[2e1b2a31b91974c5]::vec::Vec<u8> as core[a373ad73a504971]::io::write::Write>::write_fmt
[INFO] [stdout]    3:     0x604d5934911f - std[617be2ca0a6fd877]::panicking::default_hook::{closure#0}
[INFO] [stdout]    4:     0x604d59348d4a - std[617be2ca0a6fd877]::panicking::default_hook
[INFO] [stdout]    5:     0x604d59348885 - std[617be2ca0a6fd877]::panicking::panic_with_hook
[INFO] [stdout]    6:     0x604d5936f901 - std[617be2ca0a6fd877]::panicking::panic_handler::{closure#0}
[INFO] [stdout]    7:     0x604d5936f8b9 - std[617be2ca0a6fd877]::sys::backtrace::__rust_end_short_backtrace::<std[617be2ca0a6fd877]::panicking::panic_handler::{closure#0}, !>
[INFO] [stdout]    8:     0x604d5936fdbc - __rustc[ea4f61d10b84890b]::rust_begin_unwind
[INFO] [stdout]    9:     0x604d59058feb - core[a373ad73a504971]::panicking::panic_fmt
[INFO] [stdout]   10:     0x604d5905d031 - core[a373ad73a504971]::result::unwrap_failed
[INFO] [stdout]   11:     0x604d590ac0a3 - fitsrs[b78745fb58cd6183]::tests::test_fits_count_hdu
[INFO] [stdout]   12:     0x604d590b7466 - <fitsrs[b78745fb58cd6183]::tests::test_fits_count_hdu::_samples_fits_gsfc_nasa_gov_astro_uit_fits_1_0_0_11520_524288_expects::{closure#0} as core[a373ad73a504971]::ops::function::FnOnce<()>>::call_once
[INFO] [stdout]   13:     0x604d5938a35b - test[aada8e7e76ba119b]::__rust_begin_short_backtrace::<core[a373ad73a504971]::result::Result<(), alloc[2e1b2a31b91974c5]::string::String>, fn() -> core[a373ad73a504971]::result::Result<(), alloc[2e1b2a31b91974c5]::string::String>>
[INFO] [stdout]   14:     0x604d593857bf - test[aada8e7e76ba119b]::run_test::{closure#0}
[INFO] [stdout]   15:     0x604d5938523c - std[617be2ca0a6fd877]::sys::backtrace::__rust_begin_short_backtrace::<test[aada8e7e76ba119b]::run_test::{closure#1}, ()>
[INFO] [stdout]   16:     0x604d593a37ec - <std[617be2ca0a6fd877]::thread::lifecycle::spawn_unchecked<test[aada8e7e76ba119b]::run_test::{closure#1}, ()>::{closure#1} as core[a373ad73a504971]::ops::function::FnOnce<()>>::call_once::{shim:vtable#0}
[INFO] [stdout]   17:     0x604d59371604 - <std[617be2ca0a6fd877]::sys::thread::unix::Thread>::new::thread_start
[INFO] [stdout]   18:     0x70930049adfa - <unknown>
[INFO] [stdout]   19:     0x70930052e3d4 - clone
[INFO] [stdout]   20:                0x0 - <unknown>
[INFO] [stdout] 
[INFO] [stdout] ---- tests::test_fits_count_hdu::_samples_fits_gsfc_nasa_gov_hst_fgs_fits_1_1_0_20160_2537280_2511264_693_expects stdout ----
[INFO] [stdout] 
[INFO] [stdout] thread 'tests::test_fits_count_hdu::_samples_fits_gsfc_nasa_gov_hst_fgs_fits_1_1_0_20160_2537280_2511264_693_expects' (2238) panicked at src/lib.rs:125:53:
[INFO] [stdout] called `Result::unwrap()` on an `Err` value: Io(NotFound)
[INFO] [stdout] stack backtrace:
[INFO] [stdout]    0:     0x604d5934a087 - <<std[617be2ca0a6fd877]::sys::backtrace::BacktraceLock>::print::DisplayBacktrace as core[a373ad73a504971]::fmt::Display>::fmt
[INFO] [stdout]    1:     0x604d5905915a - core[a373ad73a504971]::fmt::write
[INFO] [stdout]    2:     0x604d5934963b - <alloc[2e1b2a31b91974c5]::vec::Vec<u8> as core[a373ad73a504971]::io::write::Write>::write_fmt
[INFO] [stdout]    3:     0x604d5934911f - std[617be2ca0a6fd877]::panicking::default_hook::{closure#0}
[INFO] [stdout]    4:     0x604d59348d4a - std[617be2ca0a6fd877]::panicking::default_hook
[INFO] [stdout]    5:     0x604d59348885 - std[617be2ca0a6fd877]::panicking::panic_with_hook
[INFO] [stdout]    6:     0x604d5936f901 - std[617be2ca0a6fd877]::panicking::panic_handler::{closure#0}
[INFO] [stdout]    7:     0x604d5936f8b9 - std[617be2ca0a6fd877]::sys::backtrace::__rust_end_short_backtrace::<std[617be2ca0a6fd877]::panicking::panic_handler::{closure#0}, !>
[INFO] [stdout]    8:     0x604d5936fdbc - __rustc[ea4f61d10b84890b]::rust_begin_unwind
[INFO] [stdout]    9:     0x604d59058feb - core[a373ad73a504971]::panicking::panic_fmt
[INFO] [stdout]   10:     0x604d5905d031 - core[a373ad73a504971]::result::unwrap_failed
[INFO] [stdout]   11:     0x604d590ac0a3 - fitsrs[b78745fb58cd6183]::tests::test_fits_count_hdu
[INFO] [stdout]   12:     0x604d590b75f9 - <fitsrs[b78745fb58cd6183]::tests::test_fits_count_hdu::_samples_fits_gsfc_nasa_gov_hst_fgs_fits_1_1_0_20160_2537280_2511264_693_expects::{closure#0} as core[a373ad73a504971]::ops::function::FnOnce<()>>::call_once
[INFO] [stdout]   13:     0x604d5938a35b - test[aada8e7e76ba119b]::__rust_begin_short_backtrace::<core[a373ad73a504971]::result::Result<(), alloc[2e1b2a31b91974c5]::string::String>, fn() -> core[a373ad73a504971]::result::Result<(), alloc[2e1b2a31b91974c5]::string::String>>
[INFO] [stdout]   14:     0x604d593857bf - test[aada8e7e76ba119b]::run_test::{closure#0}
[INFO] [stdout]   15:     0x604d5938523c - std[617be2ca0a6fd877]::sys::backtrace::__rust_begin_short_backtrace::<test[aada8e7e76ba119b]::run_test::{closure#1}, ()>
[INFO] [stdout]   16:     0x604d593a37ec - <std[617be2ca0a6fd877]::thread::lifecycle::spawn_unchecked<test[aada8e7e76ba119b]::run_test::{closure#1}, ()>::{closure#1} as core[a373ad73a504971]::ops::function::FnOnce<()>>::call_once::{shim:vtable#0}
[INFO] [stdout]   17:     0x604d59371604 - <std[617be2ca0a6fd877]::sys::thread::unix::Thread>::new::thread_start
[INFO] [stdout]   18:     0x70930049adfa - <unknown>
[INFO] [stdout]   19:     0x70930052e3d4 - clone
[INFO] [stdout]   20:                0x0 - <unknown>
[INFO] [stdout] 
[INFO] [stdout] ---- hdu::header::tests::test_fits_keywords_iter stdout ----
[INFO] [stdout] 
[INFO] [stdout] thread 'hdu::header::tests::test_fits_keywords_iter' (2232) panicked at src/hdu/header/mod.rs:672:60:
[INFO] [stdout] called `Result::unwrap()` on an `Err` value: Os { code: 2, kind: NotFound, message: "No such file or directory" }
[INFO] [stdout] stack backtrace:
[INFO] [stdout]    0:     0x604d5934a087 - <<std[617be2ca0a6fd877]::sys::backtrace::BacktraceLock>::print::DisplayBacktrace as core[a373ad73a504971]::fmt::Display>::fmt
[INFO] [stdout]    1:     0x604d5905915a - core[a373ad73a504971]::fmt::write
[INFO] [stdout]    2:     0x604d5934963b - <alloc[2e1b2a31b91974c5]::vec::Vec<u8> as core[a373ad73a504971]::io::write::Write>::write_fmt
[INFO] [stdout]    3:     0x604d5934911f - std[617be2ca0a6fd877]::panicking::default_hook::{closure#0}
[INFO] [stdout]    4:     0x604d59348d4a - std[617be2ca0a6fd877]::panicking::default_hook
[INFO] [stdout]    5:     0x604d59348885 - std[617be2ca0a6fd877]::panicking::panic_with_hook
[INFO] [stdout]    6:     0x604d5936f901 - std[617be2ca0a6fd877]::panicking::panic_handler::{closure#0}
[INFO] [stdout]    7:     0x604d5936f8b9 - std[617be2ca0a6fd877]::sys::backtrace::__rust_end_short_backtrace::<std[617be2ca0a6fd877]::panicking::panic_handler::{closure#0}, !>
[INFO] [stdout]    8:     0x604d5936fdbc - __rustc[ea4f61d10b84890b]::rust_begin_unwind
[INFO] [stdout]    9:     0x604d59058feb - core[a373ad73a504971]::panicking::panic_fmt
[INFO] [stdout]   10:     0x604d5905d031 - core[a373ad73a504971]::result::unwrap_failed
[INFO] [stdout]   11:     0x604d59092487 - <fitsrs[b78745fb58cd6183]::hdu::header::tests::test_fits_keywords_iter::{closure#0} as core[a373ad73a504971]::ops::function::FnOnce<()>>::call_once
[INFO] [stdout]   12:     0x604d5938a35b - test[aada8e7e76ba119b]::__rust_begin_short_backtrace::<core[a373ad73a504971]::result::Result<(), alloc[2e1b2a31b91974c5]::string::String>, fn() -> core[a373ad73a504971]::result::Result<(), alloc[2e1b2a31b91974c5]::string::String>>
[INFO] [stdout]   13:     0x604d593857bf - test[aada8e7e76ba119b]::run_test::{closure#0}
[INFO] [stdout]   14:     0x604d5938523c - std[617be2ca0a6fd877]::sys::backtrace::__rust_begin_short_backtrace::<test[aada8e7e76ba119b]::run_test::{closure#1}, ()>
[INFO] [stdout]   15:     0x604d593a37ec - <std[617be2ca0a6fd877]::thread::lifecycle::spawn_unchecked<test[aada8e7e76ba119b]::run_test::{closure#1}, ()>::{closure#1} as core[a373ad73a504971]::ops::function::FnOnce<()>>::call_once::{shim:vtable#0}
[INFO] [stdout]   16:     0x604d59371604 - <std[617be2ca0a6fd877]::sys::thread::unix::Thread>::new::thread_start
[INFO] [stdout]   17:     0x70930049adfa - <unknown>
[INFO] [stdout]   18:     0x70930052e3d4 - clone
[INFO] [stdout]   19:                0x0 - <unknown>
[INFO] [stdout] 
[INFO] [stdout] ---- tests::test_fits_bintable stdout ----
[INFO] [stdout] 
[INFO] [stdout] thread 'tests::test_fits_bintable' (2234) panicked at src/lib.rs:310:66:
[INFO] [stdout] called `Result::unwrap()` on an `Err` value: Os { code: 2, kind: NotFound, message: "No such file or directory" }
[INFO] [stdout] stack backtrace:
[INFO] [stdout]    0:     0x604d5934a087 - <<std[617be2ca0a6fd877]::sys::backtrace::BacktraceLock>::print::DisplayBacktrace as core[a373ad73a504971]::fmt::Display>::fmt
[INFO] [stdout]    1:     0x604d5905915a - core[a373ad73a504971]::fmt::write
[INFO] [stdout]    2:     0x604d5934963b - <alloc[2e1b2a31b91974c5]::vec::Vec<u8> as core[a373ad73a504971]::io::write::Write>::write_fmt
[INFO] [stdout]    3:     0x604d5934911f - std[617be2ca0a6fd877]::panicking::default_hook::{closure#0}
[INFO] [stdout]    4:     0x604d59348d4a - std[617be2ca0a6fd877]::panicking::default_hook
[INFO] [stdout]    5:     0x604d59348885 - std[617be2ca0a6fd877]::panicking::panic_with_hook
[INFO] [stdout]    6:     0x604d5936f901 - std[617be2ca0a6fd877]::panicking::panic_handler::{closure#0}
[INFO] [stdout]    7:     0x604d5936f8b9 - std[617be2ca0a6fd877]::sys::backtrace::__rust_end_short_backtrace::<std[617be2ca0a6fd877]::panicking::panic_handler::{closure#0}, !>
[INFO] [stdout]    8:     0x604d5936fdbc - __rustc[ea4f61d10b84890b]::rust_begin_unwind
[INFO] [stdout]    9:     0x604d59058feb - core[a373ad73a504971]::panicking::panic_fmt
[INFO] [stdout]   10:     0x604d5905d031 - core[a373ad73a504971]::result::unwrap_failed
[INFO] [stdout]   11:     0x604d590a535a - <fitsrs[b78745fb58cd6183]::tests::test_fits_bintable::{closure#0} as core[a373ad73a504971]::ops::function::FnOnce<()>>::call_once
[INFO] [stdout]   12:     0x604d5938a35b - test[aada8e7e76ba119b]::__rust_begin_short_backtrace::<core[a373ad73a504971]::result::Result<(), alloc[2e1b2a31b91974c5]::string::String>, fn() -> core[a373ad73a504971]::result::Result<(), alloc[2e1b2a31b91974c5]::string::String>>
[INFO] [stdout]   13:     0x604d593857bf - test[aada8e7e76ba119b]::run_test::{closure#0}
[INFO] [stdout]   14:     0x604d5938523c - std[617be2ca0a6fd877]::sys::backtrace::__rust_begin_short_backtrace::<test[aada8e7e76ba119b]::run_test::{closure#1}, ()>
[INFO] [stdout]   15:     0x604d593a37ec - <std[617be2ca0a6fd877]::thread::lifecycle::spawn_unchecked<test[aada8e7e76ba119b]::run_test::{closure#1}, ()>::{closure#1} as core[a373ad73a504971]::ops::function::FnOnce<()>>::call_once::{shim:vtable#0}
[INFO] [stdout]   16:     0x604d59371604 - <std[617be2ca0a6fd877]::sys::thread::unix::Thread>::new::thread_start
[INFO] [stdout]   17:     0x70930049adfa - <unknown>
[INFO] [stdout]   18:     0x70930052e3d4 - clone
[INFO] [stdout]   19:                0x0 - <unknown>
[INFO] [stdout] 
[INFO] [stdout] ---- tests::test_fits_count_hdu::_samples_fits_gsfc_nasa_gov_hst_fos_fits_1_1_0_14400_40320_16512_672_expects stdout ----
[INFO] [stdout] 
[INFO] [stdout] thread 'tests::test_fits_count_hdu::_samples_fits_gsfc_nasa_gov_hst_fos_fits_1_1_0_14400_40320_16512_672_expects' (2240) panicked at src/lib.rs:125:53:
[INFO] [stdout] called `Result::unwrap()` on an `Err` value: Io(NotFound)
[INFO] [stdout] stack backtrace:
[INFO] [stdout]    0:     0x604d5934a087 - <<std[617be2ca0a6fd877]::sys::backtrace::BacktraceLock>::print::DisplayBacktrace as core[a373ad73a504971]::fmt::Display>::fmt
[INFO] [stdout]    1:     0x604d5905915a - core[a373ad73a504971]::fmt::write
[INFO] [stdout]    2:     0x604d5934963b - <alloc[2e1b2a31b91974c5]::vec::Vec<u8> as core[a373ad73a504971]::io::write::Write>::write_fmt
[INFO] [stdout]    3:     0x604d5934911f - std[617be2ca0a6fd877]::panicking::default_hook::{closure#0}
[INFO] [stdout]    4:     0x604d59348d4a - std[617be2ca0a6fd877]::panicking::default_hook
[INFO] [stdout]    5:     0x604d59348885 - std[617be2ca0a6fd877]::panicking::panic_with_hook
[INFO] [stdout]    6:     0x604d5936f901 - std[617be2ca0a6fd877]::panicking::panic_handler::{closure#0}
[INFO] [stdout]    7:     0x604d5936f8b9 - std[617be2ca0a6fd877]::sys::backtrace::__rust_end_short_backtrace::<std[617be2ca0a6fd877]::panicking::panic_handler::{closure#0}, !>
[INFO] [stdout]    8:     0x604d5936fdbc - __rustc[ea4f61d10b84890b]::rust_begin_unwind
[INFO] [stdout]    9:     0x604d59058feb - core[a373ad73a504971]::panicking::panic_fmt
[INFO] [stdout]   10:     0x604d5905d031 - core[a373ad73a504971]::result::unwrap_failed
[INFO] [stdout]   11:     0x604d590ac0a3 - fitsrs[b78745fb58cd6183]::tests::test_fits_count_hdu
[INFO] [stdout]   12:     0x604d590b7559 - <fitsrs[b78745fb58cd6183]::tests::test_fits_count_hdu::_samples_fits_gsfc_nasa_gov_hst_fos_fits_1_1_0_14400_40320_16512_672_expects::{closure#0} as core[a373ad73a504971]::ops::function::FnOnce<()>>::call_once
[INFO] [stdout]   13:     0x604d5938a35b - test[aada8e7e76ba119b]::__rust_begin_short_backtrace::<core[a373ad73a504971]::result::Result<(), alloc[2e1b2a31b91974c5]::string::String>, fn() -> core[a373ad73a504971]::result::Result<(), alloc[2e1b2a31b91974c5]::string::String>>
[INFO] [stdout]   14:     0x604d593857bf - test[aada8e7e76ba119b]::run_test::{closure#0}
[INFO] [stdout]   15:     0x604d5938523c - std[617be2ca0a6fd877]::sys::backtrace::__rust_begin_short_backtrace::<test[aada8e7e76ba119b]::run_test::{closure#1}, ()>
[INFO] [stdout]   16:     0x604d593a37ec - <std[617be2ca0a6fd877]::thread::lifecycle::spawn_unchecked<test[aada8e7e76ba119b]::run_test::{closure#1}, ()>::{closure#1} as core[a373ad73a504971]::ops::function::FnOnce<()>>::call_once::{shim:vtable#0}
[INFO] [stdout]   17:     0x604d59371604 - <std[617be2ca0a6fd877]::sys::thread::unix::Thread>::new::thread_start
[INFO] [stdout]   18:     0x70930049adfa - <unknown>
[INFO] [stdout]   19:     0x70930052e3d4 - clone
[INFO] [stdout]   20:                0x0 - <unknown>
[INFO] [stdout] 
[INFO] [stdout] ---- tests::test_fits_count_hdu::_samples_fits_gsfc_nasa_gov_hst_nicmos_fits_6_0_0_20160_31680_322560_613440_763200_912960_0_284040_284040_142020_142020_284040_expects stdout ----
[INFO] [stdout] 
[INFO] [stdout] thread 'tests::test_fits_count_hdu::_samples_fits_gsfc_nasa_gov_hst_nicmos_fits_6_0_0_20160_31680_322560_613440_763200_912960_0_284040_284040_142020_142020_284040_expects' (2242) panicked at src/lib.rs:125:53:
[INFO] [stdout] called `Result::unwrap()` on an `Err` value: Io(NotFound)
[INFO] [stdout] stack backtrace:
[INFO] [stdout]    0:     0x604d5934a087 - <<std[617be2ca0a6fd877]::sys::backtrace::BacktraceLock>::print::DisplayBacktrace as core[a373ad73a504971]::fmt::Display>::fmt
[INFO] [stdout]    1:     0x604d5905915a - core[a373ad73a504971]::fmt::write
[INFO] [stdout]    2:     0x604d5934963b - <alloc[2e1b2a31b91974c5]::vec::Vec<u8> as core[a373ad73a504971]::io::write::Write>::write_fmt
[INFO] [stdout]    3:     0x604d5934911f - std[617be2ca0a6fd877]::panicking::default_hook::{closure#0}
[INFO] [stdout]    4:     0x604d59348d4a - std[617be2ca0a6fd877]::panicking::default_hook
[INFO] [stdout]    5:     0x604d59348885 - std[617be2ca0a6fd877]::panicking::panic_with_hook
[INFO] [stdout]    6:     0x604d5936f901 - std[617be2ca0a6fd877]::panicking::panic_handler::{closure#0}
[INFO] [stdout]    7:     0x604d5936f8b9 - std[617be2ca0a6fd877]::sys::backtrace::__rust_end_short_backtrace::<std[617be2ca0a6fd877]::panicking::panic_handler::{closure#0}, !>
[INFO] [stdout]    8:     0x604d5936fdbc - __rustc[ea4f61d10b84890b]::rust_begin_unwind
[INFO] [stdout]    9:     0x604d59058feb - core[a373ad73a504971]::panicking::panic_fmt
[INFO] [stdout]   10:     0x604d5905d031 - core[a373ad73a504971]::result::unwrap_failed
[INFO] [stdout]   11:     0x604d590ac0a3 - fitsrs[b78745fb58cd6183]::tests::test_fits_count_hdu
[INFO] [stdout]   12:     0x604d590b7376 - <fitsrs[b78745fb58cd6183]::tests::test_fits_count_hdu::_samples_fits_gsfc_nasa_gov_hst_nicmos_fits_6_0_0_20160_31680_322560_613440_763200_912960_0_284040_284040_142020_142020_284040_expects::{closure#0} as core[a373ad73a504971]::ops::function::FnOnce<()>>::call_once
[INFO] [stdout]   13:     0x604d5938a35b - test[aada8e7e76ba119b]::__rust_begin_short_backtrace::<core[a373ad73a504971]::result::Result<(), alloc[2e1b2a31b91974c5]::string::String>, fn() -> core[a373ad73a504971]::result::Result<(), alloc[2e1b2a31b91974c5]::string::String>>
[INFO] [stdout]   14:     0x604d593857bf - test[aada8e7e76ba119b]::run_test::{closure#0}
[INFO] [stdout]   15:     0x604d5938523c - std[617be2ca0a6fd877]::sys::backtrace::__rust_begin_short_backtrace::<test[aada8e7e76ba119b]::run_test::{closure#1}, ()>
[INFO] [stdout]   16:     0x604d593a37ec - <std[617be2ca0a6fd877]::thread::lifecycle::spawn_unchecked<test[aada8e7e76ba119b]::run_test::{closure#1}, ()>::{closure#1} as core[a373ad73a504971]::ops::function::FnOnce<()>>::call_once::{shim:vtable#0}
[INFO] [stdout]   17:     0x604d59371604 - <std[617be2ca0a6fd877]::sys::thread::unix::Thread>::new::thread_start
[INFO] [stdout]   18:     0x70930049adfa - <unknown>
[INFO] [stdout]   19:     0x70930052e3d4 - clone
[INFO] [stdout]   20:                0x0 - <unknown>
[INFO] [stdout] 
[INFO] [stdout] ---- tests::test_fits_images_data_block_bufreader_async::_samples_vizier_new_url_fits_expects stdout ----
[INFO] [stdout] 
[INFO] [stdout] thread 'tests::test_fits_images_data_block_bufreader_async::_samples_vizier_new_url_fits_expects' (2256) panicked at src/lib.rs:507:42:
[INFO] [stdout] called `Result::unwrap()` on an `Err` value: Os { code: 2, kind: NotFound, message: "No such file or directory" }
[INFO] [stdout] stack backtrace:
[INFO] [stdout]    0:     0x604d5934a087 - <<std[617be2ca0a6fd877]::sys::backtrace::BacktraceLock>::print::DisplayBacktrace as core[a373ad73a504971]::fmt::Display>::fmt
[INFO] [stdout]    1:     0x604d5905915a - core[a373ad73a504971]::fmt::write
[INFO] [stdout]    2:     0x604d5934963b - <alloc[2e1b2a31b91974c5]::vec::Vec<u8> as core[a373ad73a504971]::io::write::Write>::write_fmt
[INFO] [stdout]    3:     0x604d5934911f - std[617be2ca0a6fd877]::panicking::default_hook::{closure#0}
[INFO] [stdout]    4:     0x604d59348d4a - std[617be2ca0a6fd877]::panicking::default_hook
[INFO] [stdout]    5:     0x604d59348885 - std[617be2ca0a6fd877]::panicking::panic_with_hook
[INFO] [stdout]    6:     0x604d5936f901 - std[617be2ca0a6fd877]::panicking::panic_handler::{closure#0}
[INFO] [stdout]    7:     0x604d5936f8b9 - std[617be2ca0a6fd877]::sys::backtrace::__rust_end_short_backtrace::<std[617be2ca0a6fd877]::panicking::panic_handler::{closure#0}, !>
[INFO] [stdout]    8:     0x604d5936fdbc - __rustc[ea4f61d10b84890b]::rust_begin_unwind
[INFO] [stdout]    9:     0x604d59058feb - core[a373ad73a504971]::panicking::panic_fmt
[INFO] [stdout]   10:     0x604d5905d031 - core[a373ad73a504971]::result::unwrap_failed
[INFO] [stdout]   11:     0x604d590bff71 - fitsrs[b78745fb58cd6183]::tests::test_fits_images_data_block_bufreader_async::{closure#0}
[INFO] [stdout]   12:     0x604d590bfcdf - fitsrs[b78745fb58cd6183]::tests::test_fits_images_data_block_bufreader_async::_samples_vizier_new_url_fits_expects::{closure#0}
[INFO] [stdout]   13:     0x604d590be50d - <tokio[1654cc456d048030]::runtime::runtime::Runtime>::block_on::<core[a373ad73a504971]::pin::Pin<&mut dyn core[a373ad73a504971]::future::future::Future<Output = ()>>>
[INFO] [stdout]   14:     0x604d590bd615 - <fitsrs[b78745fb58cd6183]::tests::test_fits_images_data_block_bufreader_async::_samples_vizier_new_url_fits_expects::{closure#0} as core[a373ad73a504971]::ops::function::FnOnce<()>>::call_once
[INFO] [stdout]   15:     0x604d5938a35b - test[aada8e7e76ba119b]::__rust_begin_short_backtrace::<core[a373ad73a504971]::result::Result<(), alloc[2e1b2a31b91974c5]::string::String>, fn() -> core[a373ad73a504971]::result::Result<(), alloc[2e1b2a31b91974c5]::string::String>>
[INFO] [stdout]   16:     0x604d593857bf - test[aada8e7e76ba119b]::run_test::{closure#0}
[INFO] [stdout]   17:     0x604d5938523c - std[617be2ca0a6fd877]::sys::backtrace::__rust_begin_short_backtrace::<test[aada8e7e76ba119b]::run_test::{closure#1}, ()>
[INFO] [stdout]   18:     0x604d593a37ec - <std[617be2ca0a6fd877]::thread::lifecycle::spawn_unchecked<test[aada8e7e76ba119b]::run_test::{closure#1}, ()>::{closure#1} as core[a373ad73a504971]::ops::function::FnOnce<()>>::call_once::{shim:vtable#0}
[INFO] [stdout]   19:     0x604d59371604 - <std[617be2ca0a6fd877]::sys::thread::unix::Thread>::new::thread_start
[INFO] [stdout]   20:     0x70930049adfa - <unknown>
[INFO] [stdout]   21:     0x70930052e3d4 - clone
[INFO] [stdout]   22:                0x0 - <unknown>
[INFO] [stdout] 
[INFO] [stdout] ---- tests::test_fits_i16 stdout ----
[INFO] [stdout] 
[INFO] [stdout] thread 'tests::test_fits_i16' (2248) panicked at src/lib.rs:184:65:
[INFO] [stdout] called `Result::unwrap()` on an `Err` value: Os { code: 2, kind: NotFound, message: "No such file or directory" }
[INFO] [stdout] stack backtrace:
[INFO] [stdout]    0:     0x604d5934a087 - <<std[617be2ca0a6fd877]::sys::backtrace::BacktraceLock>::print::DisplayBacktrace as core[a373ad73a504971]::fmt::Display>::fmt
[INFO] [stdout]    1:     0x604d5905915a - core[a373ad73a504971]::fmt::write
[INFO] [stdout]    2:     0x604d5934963b - <alloc[2e1b2a31b91974c5]::vec::Vec<u8> as core[a373ad73a504971]::io::write::Write>::write_fmt
[INFO] [stdout]    3:     0x604d5934911f - std[617be2ca0a6fd877]::panicking::default_hook::{closure#0}
[INFO] [stdout]    4:     0x604d59348d4a - std[617be2ca0a6fd877]::panicking::default_hook
[INFO] [stdout]    5:     0x604d59348885 - std[617be2ca0a6fd877]::panicking::panic_with_hook
[INFO] [stdout]    6:     0x604d5936f901 - std[617be2ca0a6fd877]::panicking::panic_handler::{closure#0}
[INFO] [stdout]    7:     0x604d5936f8b9 - std[617be2ca0a6fd877]::sys::backtrace::__rust_end_short_backtrace::<std[617be2ca0a6fd877]::panicking::panic_handler::{closure#0}, !>
[INFO] [stdout]    8:     0x604d5936fdbc - __rustc[ea4f61d10b84890b]::rust_begin_unwind
[INFO] [stdout]    9:     0x604d59058feb - core[a373ad73a504971]::panicking::panic_fmt
[INFO] [stdout]   10:     0x604d5905d031 - core[a373ad73a504971]::result::unwrap_failed
[INFO] [stdout]   11:     0x604d590a40d0 - <fitsrs[b78745fb58cd6183]::tests::test_fits_i16::{closure#0} as core[a373ad73a504971]::ops::function::FnOnce<()>>::call_once
[INFO] [stdout]   12:     0x604d5938a35b - test[aada8e7e76ba119b]::__rust_begin_short_backtrace::<core[a373ad73a504971]::result::Result<(), alloc[2e1b2a31b91974c5]::string::String>, fn() -> core[a373ad73a504971]::result::Result<(), alloc[2e1b2a31b91974c5]::string::String>>
[INFO] [stdout]   13:     0x604d593857bf - test[aada8e7e76ba119b]::run_test::{closure#0}
[INFO] [stdout]   14:     0x604d5938523c - std[617be2ca0a6fd877]::sys::backtrace::__rust_begin_short_backtrace::<test[aada8e7e76ba119b]::run_test::{closure#1}, ()>
[INFO] [stdout]   15:     0x604d593a37ec - <std[617be2ca0a6fd877]::thread::lifecycle::spawn_unchecked<test[aada8e7e76ba119b]::run_test::{closure#1}, ()>::{closure#1} as core[a373ad73a504971]::ops::function::FnOnce<()>>::call_once::{shim:vtable#0}
[INFO] [stdout]   16:     0x604d59371604 - <std[617be2ca0a6fd877]::sys::thread::unix::Thread>::new::thread_start
[INFO] [stdout]   17:     0x70930049adfa - <unknown>
[INFO] [stdout]   18:     0x70930052e3d4 - clone
[INFO] [stdout]   19:                0x0 - <unknown>
[INFO] [stdout] 
[INFO] [stdout] ---- tests::test_fits_image_borrowed stdout ----
[INFO] [stdout] 
[INFO] [stdout] thread 'tests::test_fits_image_borrowed' (2249) panicked at src/lib.rs:287:75:
[INFO] [stdout] called `Result::unwrap()` on an `Err` value: Os { code: 2, kind: NotFound, message: "No such file or directory" }
[INFO] [stdout] stack backtrace:
[INFO] [stdout]    0:     0x604d5934a087 - <<std[617be2ca0a6fd877]::sys::backtrace::BacktraceLock>::print::DisplayBacktrace as core[a373ad73a504971]::fmt::Display>::fmt
[INFO] [stdout]    1:     0x604d5905915a - core[a373ad73a504971]::fmt::write
[INFO] [stdout]    2:     0x604d5934963b - <alloc[2e1b2a31b91974c5]::vec::Vec<u8> as core[a373ad73a504971]::io::write::Write>::write_fmt
[INFO] [stdout]    3:     0x604d5934911f - std[617be2ca0a6fd877]::panicking::default_hook::{closure#0}
[INFO] [stdout]    4:     0x604d59348d4a - std[617be2ca0a6fd877]::panicking::default_hook
[INFO] [stdout]    5:     0x604d59348885 - std[617be2ca0a6fd877]::panicking::panic_with_hook
[INFO] [stdout]    6:     0x604d5936f901 - std[617be2ca0a6fd877]::panicking::panic_handler::{closure#0}
[INFO] [stdout]    7:     0x604d5936f8b9 - std[617be2ca0a6fd877]::sys::backtrace::__rust_end_short_backtrace::<std[617be2ca0a6fd877]::panicking::panic_handler::{closure#0}, !>
[INFO] [stdout]    8:     0x604d5936fdbc - __rustc[ea4f61d10b84890b]::rust_begin_unwind
[INFO] [stdout]    9:     0x604d59058feb - core[a373ad73a504971]::panicking::panic_fmt
[INFO] [stdout]   10:     0x604d5905d031 - core[a373ad73a504971]::result::unwrap_failed
[INFO] [stdout]   11:     0x604d590a66eb - <fitsrs[b78745fb58cd6183]::tests::test_fits_image_borrowed::{closure#0} as core[a373ad73a504971]::ops::function::FnOnce<()>>::call_once
[INFO] [stdout]   12:     0x604d5938a35b - test[aada8e7e76ba119b]::__rust_begin_short_backtrace::<core[a373ad73a504971]::result::Result<(), alloc[2e1b2a31b91974c5]::string::String>, fn() -> core[a373ad73a504971]::result::Result<(), alloc[2e1b2a31b91974c5]::string::String>>
[INFO] [stdout]   13:     0x604d593857bf - test[aada8e7e76ba119b]::run_test::{closure#0}
[INFO] [stdout]   14:     0x604d5938523c - std[617be2ca0a6fd877]::sys::backtrace::__rust_begin_short_backtrace::<test[aada8e7e76ba119b]::run_test::{closure#1}, ()>
[INFO] [stdout]   15:     0x604d593a37ec - <std[617be2ca0a6fd877]::thread::lifecycle::spawn_unchecked<test[aada8e7e76ba119b]::run_test::{closure#1}, ()>::{closure#1} as core[a373ad73a504971]::ops::function::FnOnce<()>>::call_once::{shim:vtable#0}
[INFO] [stdout]   16:     0x604d59371604 - <std[617be2ca0a6fd877]::sys::thread::unix::Thread>::new::thread_start
[INFO] [stdout]   17:     0x70930049adfa - <unknown>
[INFO] [stdout]   18:     0x70930052e3d4 - clone
[INFO] [stdout]   19:                0x0 - <unknown>
[INFO] [stdout] 
[INFO] [stdout] ---- tests::test_fits_image_mandatory_kw stdout ----
[INFO] [stdout] 
[INFO] [stdout] thread 'tests::test_fits_image_mandatory_kw' (2251) panicked at src/lib.rs:88:75:
[INFO] [stdout] called `Result::unwrap()` on an `Err` value: Os { code: 2, kind: NotFound, message: "No such file or directory" }
[INFO] [stdout] stack backtrace:
[INFO] [stdout]    0:     0x604d5934a087 - <<std[617be2ca0a6fd877]::sys::backtrace::BacktraceLock>::print::DisplayBacktrace as core[a373ad73a504971]::fmt::Display>::fmt
[INFO] [stdout]    1:     0x604d5905915a - core[a373ad73a504971]::fmt::write
[INFO] [stdout]    2:     0x604d5934963b - <alloc[2e1b2a31b91974c5]::vec::Vec<u8> as core[a373ad73a504971]::io::write::Write>::write_fmt
[INFO] [stdout]    3:     0x604d5934911f - std[617be2ca0a6fd877]::panicking::default_hook::{closure#0}
[INFO] [stdout]    4:     0x604d59348d4a - std[617be2ca0a6fd877]::panicking::default_hook
[INFO] [stdout]    5:     0x604d59348885 - std[617be2ca0a6fd877]::panicking::panic_with_hook
[INFO] [stdout]    6:     0x604d5936f901 - std[617be2ca0a6fd877]::panicking::panic_handler::{closure#0}
[INFO] [stdout]    7:     0x604d5936f8b9 - std[617be2ca0a6fd877]::sys::backtrace::__rust_end_short_backtrace::<std[617be2ca0a6fd877]::panicking::panic_handler::{closure#0}, !>
[INFO] [stdout]    8:     0x604d5936fdbc - __rustc[ea4f61d10b84890b]::rust_begin_unwind
[INFO] [stdout]    9:     0x604d59058feb - core[a373ad73a504971]::panicking::panic_fmt
[INFO] [stdout]   10:     0x604d5905d031 - core[a373ad73a504971]::result::unwrap_failed
[INFO] [stdout]   11:     0x604d590a756a - <fitsrs[b78745fb58cd6183]::tests::test_fits_image_mandatory_kw::{closure#0} as core[a373ad73a504971]::ops::function::FnOnce<()>>::call_once
[INFO] [stdout]   12:     0x604d5938a35b - test[aada8e7e76ba119b]::__rust_begin_short_backtrace::<core[a373ad73a504971]::result::Result<(), alloc[2e1b2a31b91974c5]::string::String>, fn() -> core[a373ad73a504971]::result::Result<(), alloc[2e1b2a31b91974c5]::string::String>>
[INFO] [stdout]   13:     0x604d593857bf - test[aada8e7e76ba119b]::run_test::{closure#0}
[INFO] [stdout]   14:     0x604d5938523c - std[617be2ca0a6fd877]::sys::backtrace::__rust_begin_short_backtrace::<test[aada8e7e76ba119b]::run_test::{closure#1}, ()>
[INFO] [stdout]   15:     0x604d593a37ec - <std[617be2ca0a6fd877]::thread::lifecycle::spawn_unchecked<test[aada8e7e76ba119b]::run_test::{closure#1}, ()>::{closure#1} as core[a373ad73a504971]::ops::function::FnOnce<()>>::call_once::{shim:vtable#0}
[INFO] [stdout]   16:     0x604d59371604 - <std[617be2ca0a6fd877]::sys::thread::unix::Thread>::new::thread_start
[INFO] [stdout]   17:     0x70930049adfa - <unknown>
[INFO] [stdout]   18:     0x70930052e3d4 - clone
[INFO] [stdout]   19:                0x0 - <unknown>
[INFO] [stdout] 
[INFO] [stdout] ---- tests::test_fits_images_data_block_bufreader_async::_samples_fits_gsfc_nasa_gov_euve_fits_expects stdout ----
[INFO] [stdout] 
[INFO] [stdout] thread 'tests::test_fits_images_data_block_bufreader_async::_samples_fits_gsfc_nasa_gov_euve_fits_expects' (2254) panicked at src/lib.rs:507:42:
[INFO] [stdout] called `Result::unwrap()` on an `Err` value: Os { code: 2, kind: NotFound, message: "No such file or directory" }
[INFO] [stdout] stack backtrace:
[INFO] [stdout]    0:     0x604d5934a087 - <<std[617be2ca0a6fd877]::sys::backtrace::BacktraceLock>::print::DisplayBacktrace as core[a373ad73a504971]::fmt::Display>::fmt
[INFO] [stdout]    1:     0x604d5905915a - core[a373ad73a504971]::fmt::write
[INFO] [stdout]    2:     0x604d5934963b - <alloc[2e1b2a31b91974c5]::vec::Vec<u8> as core[a373ad73a504971]::io::write::Write>::write_fmt
[INFO] [stdout]    3:     0x604d5934911f - std[617be2ca0a6fd877]::panicking::default_hook::{closure#0}
[INFO] [stdout]    4:     0x604d59348d4a - std[617be2ca0a6fd877]::panicking::default_hook
[INFO] [stdout]    5:     0x604d59348885 - std[617be2ca0a6fd877]::panicking::panic_with_hook
[INFO] [stdout]    6:     0x604d5936f901 - std[617be2ca0a6fd877]::panicking::panic_handler::{closure#0}
[INFO] [stdout]    7:     0x604d5936f8b9 - std[617be2ca0a6fd877]::sys::backtrace::__rust_end_short_backtrace::<std[617be2ca0a6fd877]::panicking::panic_handler::{closure#0}, !>
[INFO] [stdout]    8:     0x604d5936fdbc - __rustc[ea4f61d10b84890b]::rust_begin_unwind
[INFO] [stdout]    9:     0x604d59058feb - core[a373ad73a504971]::panicking::panic_fmt
[INFO] [stdout]   10:     0x604d5905d031 - core[a373ad73a504971]::result::unwrap_failed
[INFO] [stdout]   11:     0x604d590bff71 - fitsrs[b78745fb58cd6183]::tests::test_fits_images_data_block_bufreader_async::{closure#0}
[INFO] [stdout]   12:     0x604d590c2e5f - fitsrs[b78745fb58cd6183]::tests::test_fits_images_data_block_bufreader_async::_samples_fits_gsfc_nasa_gov_euve_fits_expects::{closure#0}
[INFO] [stdout]   13:     0x604d590be50d - <tokio[1654cc456d048030]::runtime::runtime::Runtime>::block_on::<core[a373ad73a504971]::pin::Pin<&mut dyn core[a373ad73a504971]::future::future::Future<Output = ()>>>
[INFO] [stdout]   14:     0x604d590c2d15 - <fitsrs[b78745fb58cd6183]::tests::test_fits_images_data_block_bufreader_async::_samples_fits_gsfc_nasa_gov_euve_fits_expects::{closure#0} as core[a373ad73a504971]::ops::function::FnOnce<()>>::call_once
[INFO] [stdout]   15:     0x604d5938a35b - test[aada8e7e76ba119b]::__rust_begin_short_backtrace::<core[a373ad73a504971]::result::Result<(), alloc[2e1b2a31b91974c5]::string::String>, fn() -> core[a373ad73a504971]::result::Result<(), alloc[2e1b2a31b91974c5]::string::String>>
[INFO] [stdout]   16:     0x604d593857bf - test[aada8e7e76ba119b]::run_test::{closure#0}
[INFO] [stdout]   17:     0x604d5938523c - std[617be2ca0a6fd877]::sys::backtrace::__rust_begin_short_backtrace::<test[aada8e7e76ba119b]::run_test::{closure#1}, ()>
[INFO] [stdout]   18:     0x604d593a37ec - <std[617be2ca0a6fd877]::thread::lifecycle::spawn_unchecked<test[aada8e7e76ba119b]::run_test::{closure#1}, ()>::{closure#1} as core[a373ad73a504971]::ops::function::FnOnce<()>>::call_once::{shim:vtable#0}
[INFO] [stdout]   19:     0x604d59371604 - <std[617be2ca0a6fd877]::sys::thread::unix::Thread>::new::thread_start
[INFO] [stdout]   20:     0x70930049adfa - <unknown>
[INFO] [stdout]   21:     0x70930052e3d4 - clone
[INFO] [stdout]   22:                0x0 - <unknown>
[INFO] [stdout] 
[INFO] [stdout] ---- tests::test_fits_images_data_block_bufreader_async::_samples_fits_gsfc_nasa_gov_hst_foc_fits_expects stdout ----
[INFO] [stdout] 
[INFO] [stdout] thread 'tests::test_fits_images_data_block_bufreader_async::_samples_fits_gsfc_nasa_gov_hst_foc_fits_expects' (2255) panicked at src/lib.rs:507:42:
[INFO] [stdout] called `Result::unwrap()` on an `Err` value: Os { code: 2, kind: NotFound, message: "No such file or directory" }
[INFO] [stdout] stack backtrace:
[INFO] [stdout]    0:     0x604d5934a087 - <<std[617be2ca0a6fd877]::sys::backtrace::BacktraceLock>::print::DisplayBacktrace as core[a373ad73a504971]::fmt::Display>::fmt
[INFO] [stdout]    1:     0x604d5905915a - core[a373ad73a504971]::fmt::write
[INFO] [stdout]    2:     0x604d5934963b - <alloc[2e1b2a31b91974c5]::vec::Vec<u8> as core[a373ad73a504971]::io::write::Write>::write_fmt
[INFO] [stdout]    3:     0x604d5934911f - std[617be2ca0a6fd877]::panicking::default_hook::{closure#0}
[INFO] [stdout]    4:     0x604d59348d4a - std[617be2ca0a6fd877]::panicking::default_hook
[INFO] [stdout]    5:     0x604d59348885 - std[617be2ca0a6fd877]::panicking::panic_with_hook
[INFO] [stdout]    6:     0x604d5936f901 - std[617be2ca0a6fd877]::panicking::panic_handler::{closure#0}
[INFO] [stdout]    7:     0x604d5936f8b9 - std[617be2ca0a6fd877]::sys::backtrace::__rust_end_short_backtrace::<std[617be2ca0a6fd877]::panicking::panic_handler::{closure#0}, !>
[INFO] [stdout]    8:     0x604d5936fdbc - __rustc[ea4f61d10b84890b]::rust_begin_unwind
[INFO] [stdout]    9:     0x604d59058feb - core[a373ad73a504971]::panicking::panic_fmt
[INFO] [stdout]   10:     0x604d5905d031 - core[a373ad73a504971]::result::unwrap_failed
[INFO] [stdout]   11:     0x604d590bff71 - fitsrs[b78745fb58cd6183]::tests::test_fits_images_data_block_bufreader_async::{closure#0}
[INFO] [stdout]   12:     0x604d590c318f - fitsrs[b78745fb58cd6183]::tests::test_fits_images_data_block_bufreader_async::_samples_fits_gsfc_nasa_gov_hst_foc_fits_expects::{closure#0}
[INFO] [stdout]   13:     0x604d590be50d - <tokio[1654cc456d048030]::runtime::runtime::Runtime>::block_on::<core[a373ad73a504971]::pin::Pin<&mut dyn core[a373ad73a504971]::future::future::Future<Output = ()>>>
[INFO] [stdout]   14:     0x604d590c3045 - <fitsrs[b78745fb58cd6183]::tests::test_fits_images_data_block_bufreader_async::_samples_fits_gsfc_nasa_gov_hst_foc_fits_expects::{closure#0} as core[a373ad73a504971]::ops::function::FnOnce<()>>::call_once
[INFO] [stdout]   15:     0x604d5938a35b - test[aada8e7e76ba119b]::__rust_begin_short_backtrace::<core[a373ad73a504971]::result::Result<(), alloc[2e1b2a31b91974c5]::string::String>, fn() -> core[a373ad73a504971]::result::Result<(), alloc[2e1b2a31b91974c5]::string::String>>
[INFO] [stdout]   16:     0x604d593857bf - test[aada8e7e76ba119b]::run_test::{closure#0}
[INFO] [stdout]   17:     0x604d5938523c - std[617be2ca0a6fd877]::sys::backtrace::__rust_begin_short_backtrace::<test[aada8e7e76ba119b]::run_test::{closure#1}, ()>
[INFO] [stdout]   18:     0x604d593a37ec - <std[617be2ca0a6fd877]::thread::lifecycle::spawn_unchecked<test[aada8e7e76ba119b]::run_test::{closure#1}, ()>::{closure#1} as core[a373ad73a504971]::ops::function::FnOnce<()>>::call_once::{shim:vtable#0}
[INFO] [stdout]   19:     0x604d59371604 - <std[617be2ca0a6fd877]::sys::thread::unix::Thread>::new::thread_start
[INFO] [stdout]   20:     0x70930049adfa - <unknown>
[INFO] [stdout]   21:     0x70930052e3d4 - clone
[INFO] [stdout]   22:                0x0 - <unknown>
[INFO] [stdout] 
[INFO] [stdout] ---- tests::test_fits_not_fitting_in_memory stdout ----
[INFO] [stdout] 
[INFO] [stdout] thread 'tests::test_fits_not_fitting_in_memory' (2257) panicked at src/lib.rs:254:68:
[INFO] [stdout] called `Result::unwrap()` on an `Err` value: Os { code: 2, kind: NotFound, message: "No such file or directory" }
[INFO] [stdout] stack backtrace:
[INFO] [stdout]    0:     0x604d5934a087 - <<std[617be2ca0a6fd877]::sys::backtrace::BacktraceLock>::print::DisplayBacktrace as core[a373ad73a504971]::fmt::Display>::fmt
[INFO] [stdout]    1:     0x604d5905915a - core[a373ad73a504971]::fmt::write
[INFO] [stdout]    2:     0x604d5934963b - <alloc[2e1b2a31b91974c5]::vec::Vec<u8> as core[a373ad73a504971]::io::write::Write>::write_fmt
[INFO] [stdout]    3:     0x604d5934911f - std[617be2ca0a6fd877]::panicking::default_hook::{closure#0}
[INFO] [stdout]    4:     0x604d59348d4a - std[617be2ca0a6fd877]::panicking::default_hook
[INFO] [stdout]    5:     0x604d59348885 - std[617be2ca0a6fd877]::panicking::panic_with_hook
[INFO] [stdout]    6:     0x604d5936f901 - std[617be2ca0a6fd877]::panicking::panic_handler::{closure#0}
[INFO] [stdout]    7:     0x604d5936f8b9 - std[617be2ca0a6fd877]::sys::backtrace::__rust_end_short_backtrace::<std[617be2ca0a6fd877]::panicking::panic_handler::{closure#0}, !>
[INFO] [stdout]    8:     0x604d5936fdbc - __rustc[ea4f61d10b84890b]::rust_begin_unwind
[INFO] [stdout]    9:     0x604d59058feb - core[a373ad73a504971]::panicking::panic_fmt
[INFO] [stdout]   10:     0x604d5905d031 - core[a373ad73a504971]::result::unwrap_failed
[INFO] [stdout]   11:     0x604d590aa505 - <fitsrs[b78745fb58cd6183]::tests::test_fits_not_fitting_in_memory::{closure#0} as core[a373ad73a504971]::ops::function::FnOnce<()>>::call_once
[INFO] [stdout]   12:     0x604d5938a35b - test[aada8e7e76ba119b]::__rust_begin_short_backtrace::<core[a373ad73a504971]::result::Result<(), alloc[2e1b2a31b91974c5]::string::String>, fn() -> core[a373ad73a504971]::result::Result<(), alloc[2e1b2a31b91974c5]::string::String>>
[INFO] [stderr] error: test failed, to rerun pass `--lib`
[INFO] [stdout]   13:     0x604d593857bf - test[aada8e7e76ba119b]::run_test::{closure#0}
[INFO] [stdout]   14:     0x604d5938523c - std[617be2ca0a6fd877]::sys::backtrace::__rust_begin_short_backtrace::<test[aada8e7e76ba119b]::run_test::{closure#1}, ()>
[INFO] [stdout]   15:     0x604d593a37ec - <std[617be2ca0a6fd877]::thread::lifecycle::spawn_unchecked<test[aada8e7e76ba119b]::run_test::{closure#1}, ()>::{closure#1} as core[a373ad73a504971]::ops::function::FnOnce<()>>::call_once::{shim:vtable#0}
[INFO] [stdout]   16:     0x604d59371604 - <std[617be2ca0a6fd877]::sys::thread::unix::Thread>::new::thread_start
[INFO] [stdout]   17:     0x70930049adfa - <unknown>
[INFO] [stdout]   18:     0x70930052e3d4 - clone
[INFO] [stdout]   19:                0x0 - <unknown>
[INFO] [stdout] 
[INFO] [stdout] ---- tests::test_fits_count_hdu::_samples_fits_gsfc_nasa_gov_hst_wfpc_ii_fits_1_1_0_23040_694080_640000_3184_expects stdout ----
[INFO] [stdout] 
[INFO] [stdout] thread 'tests::test_fits_count_hdu::_samples_fits_gsfc_nasa_gov_hst_wfpc_ii_fits_1_1_0_23040_694080_640000_3184_expects' (2244) panicked at src/lib.rs:125:53:
[INFO] [stdout] called `Result::unwrap()` on an `Err` value: Io(NotFound)
[INFO] [stdout] stack backtrace:
[INFO] [stdout]    0:     0x604d5934a087 - <<std[617be2ca0a6fd877]::sys::backtrace::BacktraceLock>::print::DisplayBacktrace as core[a373ad73a504971]::fmt::Display>::fmt
[INFO] [stdout]    1:     0x604d5905915a - core[a373ad73a504971]::fmt::write
[INFO] [stdout]    2:     0x604d5934963b - <alloc[2e1b2a31b91974c5]::vec::Vec<u8> as core[a373ad73a504971]::io::write::Write>::write_fmt
[INFO] [stdout]    3:     0x604d5934911f - std[617be2ca0a6fd877]::panicking::default_hook::{closure#0}
[INFO] [stdout]    4:     0x604d59348d4a - std[617be2ca0a6fd877]::panicking::default_hook
[INFO] [stdout]    5:     0x604d59348885 - std[617be2ca0a6fd877]::panicking::panic_with_hook
[INFO] [stdout]    6:     0x604d5936f901 - std[617be2ca0a6fd877]::panicking::panic_handler::{closure#0}
[INFO] [stdout]    7:     0x604d5936f8b9 - std[617be2ca0a6fd877]::sys::backtrace::__rust_end_short_backtrace::<std[617be2ca0a6fd877]::panicking::panic_handler::{closure#0}, !>
[INFO] [stdout]    8:     0x604d5936fdbc - __rustc[ea4f61d10b84890b]::rust_begin_unwind
[INFO] [stdout]    9:     0x604d59058feb - core[a373ad73a504971]::panicking::panic_fmt
[INFO] [stdout]   10:     0x604d5905d031 - core[a373ad73a504971]::result::unwrap_failed
[INFO] [stdout]   11:     0x604d590ac0a3 - fitsrs[b78745fb58cd6183]::tests::test_fits_count_hdu
[INFO] [stdout]   12:     0x604d590b7699 - <fitsrs[b78745fb58cd6183]::tests::test_fits_count_hdu::_samples_fits_gsfc_nasa_gov_hst_wfpc_ii_fits_1_1_0_23040_694080_640000_3184_expects::{closure#0} as core[a373ad73a504971]::ops::function::FnOnce<()>>::call_once
[INFO] [stdout]   13:     0x604d5938a35b - test[aada8e7e76ba119b]::__rust_begin_short_backtrace::<core[a373ad73a504971]::result::Result<(), alloc[2e1b2a31b91974c5]::string::String>, fn() -> core[a373ad73a504971]::result::Result<(), alloc[2e1b2a31b91974c5]::string::String>>
[INFO] [stdout]   14:     0x604d593857bf - test[aada8e7e76ba119b]::run_test::{closure#0}
[INFO] [stdout]   15:     0x604d5938523c - std[617be2ca0a6fd877]::sys::backtrace::__rust_begin_short_backtrace::<test[aada8e7e76ba119b]::run_test::{closure#1}, ()>
[INFO] [stdout]   16:     0x604d593a37ec - <std[617be2ca0a6fd877]::thread::lifecycle::spawn_unchecked<test[aada8e7e76ba119b]::run_test::{closure#1}, ()>::{closure#1} as core[a373ad73a504971]::ops::function::FnOnce<()>>::call_once::{shim:vtable#0}
[INFO] [stdout]   17:     0x604d59371604 - <std[617be2ca0a6fd877]::sys::thread::unix::Thread>::new::thread_start
[INFO] [stdout]   18:     0x70930049adfa - <unknown>
[INFO] [stdout]   19:     0x70930052e3d4 - clone
[INFO] [stdout]   20:                0x0 - <unknown>
[INFO] [stdout] 
[INFO] [stdout] ---- tests::test_fits_count_hdu::_samples_fits_gsfc_nasa_gov_iue_lwp_fits_1_0_1_28800_34560_0_11535_expects stdout ----
[INFO] [stdout] 
[INFO] [stdout] thread 'tests::test_fits_count_hdu::_samples_fits_gsfc_nasa_gov_iue_lwp_fits_1_0_1_28800_34560_0_11535_expects' (2245) panicked at src/lib.rs:125:53:
[INFO] [stdout] called `Result::unwrap()` on an `Err` value: Io(NotFound)
[INFO] [stdout] stack backtrace:
[INFO] [stdout]    0:     0x604d5934a087 - <<std[617be2ca0a6fd877]::sys::backtrace::BacktraceLock>::print::DisplayBacktrace as core[a373ad73a504971]::fmt::Display>::fmt
[INFO] [stdout]    1:     0x604d5905915a - core[a373ad73a504971]::fmt::write
[INFO] [stdout]    2:     0x604d5934963b - <alloc[2e1b2a31b91974c5]::vec::Vec<u8> as core[a373ad73a504971]::io::write::Write>::write_fmt
[INFO] [stdout]    3:     0x604d5934911f - std[617be2ca0a6fd877]::panicking::default_hook::{closure#0}
[INFO] [stdout]    4:     0x604d59348d4a - std[617be2ca0a6fd877]::panicking::default_hook
[INFO] [stdout]    5:     0x604d59348885 - std[617be2ca0a6fd877]::panicking::panic_with_hook
[INFO] [stdout]    6:     0x604d5936f901 - std[617be2ca0a6fd877]::panicking::panic_handler::{closure#0}
[INFO] [stdout]    7:     0x604d5936f8b9 - std[617be2ca0a6fd877]::sys::backtrace::__rust_end_short_backtrace::<std[617be2ca0a6fd877]::panicking::panic_handler::{closure#0}, !>
[INFO] [stdout]    8:     0x604d5936fdbc - __rustc[ea4f61d10b84890b]::rust_begin_unwind
[INFO] [stdout]    9:     0x604d59058feb - core[a373ad73a504971]::panicking::panic_fmt
[INFO] [stdout]   10:     0x604d5905d031 - core[a373ad73a504971]::result::unwrap_failed
[INFO] [stdout]   11:     0x604d590ac0a3 - fitsrs[b78745fb58cd6183]::tests::test_fits_count_hdu
[INFO] [stdout]   12:     0x604d590b7509 - <fitsrs[b78745fb58cd6183]::tests::test_fits_count_hdu::_samples_fits_gsfc_nasa_gov_iue_lwp_fits_1_0_1_28800_34560_0_11535_expects::{closure#0} as core[a373ad73a504971]::ops::function::FnOnce<()>>::call_once
[INFO] [stdout]   13:     0x604d5938a35b - test[aada8e7e76ba119b]::__rust_begin_short_backtrace::<core[a373ad73a504971]::result::Result<(), alloc[2e1b2a31b91974c5]::string::String>, fn() -> core[a373ad73a504971]::result::Result<(), alloc[2e1b2a31b91974c5]::string::String>>
[INFO] [stdout]   14:     0x604d593857bf - test[aada8e7e76ba119b]::run_test::{closure#0}
[INFO] [stdout]   15:     0x604d5938523c - std[617be2ca0a6fd877]::sys::backtrace::__rust_begin_short_backtrace::<test[aada8e7e76ba119b]::run_test::{closure#1}, ()>
[INFO] [stdout]   16:     0x604d593a37ec - <std[617be2ca0a6fd877]::thread::lifecycle::spawn_unchecked<test[aada8e7e76ba119b]::run_test::{closure#1}, ()>::{closure#1} as core[a373ad73a504971]::ops::function::FnOnce<()>>::call_once::{shim:vtable#0}
[INFO] [stdout]   17:     0x604d59371604 - <std[617be2ca0a6fd877]::sys::thread::unix::Thread>::new::thread_start
[INFO] [stdout]   18:     0x70930049adfa - <unknown>
[INFO] [stdout]   19:     0x70930052e3d4 - clone
[INFO] [stdout]   20:                0x0 - <unknown>
[INFO] [stdout] 
[INFO] [stdout] ---- tests::test_fits_count_hdu::_samples_fits_gsfc_nasa_gov_hst_wfpc_ii_bis_fits_1_0_0_23040_40000_expects stdout ----
[INFO] [stdout] 
[INFO] [stdout] thread 'tests::test_fits_count_hdu::_samples_fits_gsfc_nasa_gov_hst_wfpc_ii_bis_fits_1_0_0_23040_40000_expects' (2243) panicked at src/lib.rs:125:53:
[INFO] [stdout] called `Result::unwrap()` on an `Err` value: Io(NotFound)
[INFO] [stdout] stack backtrace:
[INFO] [stdout]    0:     0x604d5934a087 - <<std[617be2ca0a6fd877]::sys::backtrace::BacktraceLock>::print::DisplayBacktrace as core[a373ad73a504971]::fmt::Display>::fmt
[INFO] [stdout]    1:     0x604d5905915a - core[a373ad73a504971]::fmt::write
[INFO] [stdout]    2:     0x604d5934963b - <alloc[2e1b2a31b91974c5]::vec::Vec<u8> as core[a373ad73a504971]::io::write::Write>::write_fmt
[INFO] [stdout]    3:     0x604d5934911f - std[617be2ca0a6fd877]::panicking::default_hook::{closure#0}
[INFO] [stdout]    4:     0x604d59348d4a - std[617be2ca0a6fd877]::panicking::default_hook
[INFO] [stdout]    5:     0x604d59348885 - std[617be2ca0a6fd877]::panicking::panic_with_hook
[INFO] [stdout]    6:     0x604d5936f901 - std[617be2ca0a6fd877]::panicking::panic_handler::{closure#0}
[INFO] [stdout]    7:     0x604d5936f8b9 - std[617be2ca0a6fd877]::sys::backtrace::__rust_end_short_backtrace::<std[617be2ca0a6fd877]::panicking::panic_handler::{closure#0}, !>
[INFO] [stdout]    8:     0x604d5936fdbc - __rustc[ea4f61d10b84890b]::rust_begin_unwind
[INFO] [stdout]    9:     0x604d59058feb - core[a373ad73a504971]::panicking::panic_fmt
[INFO] [stdout]   10:     0x604d5905d031 - core[a373ad73a504971]::result::unwrap_failed
[INFO] [stdout]   11:     0x604d590ac0a3 - fitsrs[b78745fb58cd6183]::tests::test_fits_count_hdu
[INFO] [stdout]   12:     0x604d590b74b6 - <fitsrs[b78745fb58cd6183]::tests::test_fits_count_hdu::_samples_fits_gsfc_nasa_gov_hst_wfpc_ii_bis_fits_1_0_0_23040_40000_expects::{closure#0} as core[a373ad73a504971]::ops::function::FnOnce<()>>::call_once
[INFO] [stdout]   13:     0x604d5938a35b - test[aada8e7e76ba119b]::__rust_begin_short_backtrace::<core[a373ad73a504971]::result::Result<(), alloc[2e1b2a31b91974c5]::string::String>, fn() -> core[a373ad73a504971]::result::Result<(), alloc[2e1b2a31b91974c5]::string::String>>
[INFO] [stdout]   14:     0x604d593857bf - test[aada8e7e76ba119b]::run_test::{closure#0}
[INFO] [stdout]   15:     0x604d5938523c - std[617be2ca0a6fd877]::sys::backtrace::__rust_begin_short_backtrace::<test[aada8e7e76ba119b]::run_test::{closure#1}, ()>
[INFO] [stdout]   16:     0x604d593a37ec - <std[617be2ca0a6fd877]::thread::lifecycle::spawn_unchecked<test[aada8e7e76ba119b]::run_test::{closure#1}, ()>::{closure#1} as core[a373ad73a504971]::ops::function::FnOnce<()>>::call_once::{shim:vtable#0}
[INFO] [stdout]   17:     0x604d59371604 - <std[617be2ca0a6fd877]::sys::thread::unix::Thread>::new::thread_start
[INFO] [stdout]   18:     0x70930049adfa - <unknown>
[INFO] [stdout]   19:     0x70930052e3d4 - clone
[INFO] [stdout]   20:                0x0 - <unknown>
[INFO] [stdout] 
[INFO] [stdout] ---- tests::test_fits_count_hdu::_samples_misc_ngc5457k_fits_1_0_0_14400_65116872_expects stdout ----
[INFO] [stdout] 
[INFO] [stdout] thread 'tests::test_fits_count_hdu::_samples_misc_ngc5457k_fits_1_0_0_14400_65116872_expects' (2246) panicked at src/lib.rs:125:53:
[INFO] [stdout] called `Result::unwrap()` on an `Err` value: Io(NotFound)
[INFO] [stdout] stack backtrace:
[INFO] [stdout]    0:     0x604d5934a087 - <<std[617be2ca0a6fd877]::sys::backtrace::BacktraceLock>::print::DisplayBacktrace as core[a373ad73a504971]::fmt::Display>::fmt
[INFO] [stdout]    1:     0x604d5905915a - core[a373ad73a504971]::fmt::write
[INFO] [stdout]    2:     0x604d5934963b - <alloc[2e1b2a31b91974c5]::vec::Vec<u8> as core[a373ad73a504971]::io::write::Write>::write_fmt
[INFO] [stdout]    3:     0x604d5934911f - std[617be2ca0a6fd877]::panicking::default_hook::{closure#0}
[INFO] [stdout]    4:     0x604d59348d4a - std[617be2ca0a6fd877]::panicking::default_hook
[INFO] [stdout]    5:     0x604d59348885 - std[617be2ca0a6fd877]::panicking::panic_with_hook
[INFO] [stdout]    6:     0x604d5936f901 - std[617be2ca0a6fd877]::panicking::panic_handler::{closure#0}
[INFO] [stdout]    7:     0x604d5936f8b9 - std[617be2ca0a6fd877]::sys::backtrace::__rust_end_short_backtrace::<std[617be2ca0a6fd877]::panicking::panic_handler::{closure#0}, !>
[INFO] [stdout]    8:     0x604d5936fdbc - __rustc[ea4f61d10b84890b]::rust_begin_unwind
[INFO] [stdout]    9:     0x604d59058feb - core[a373ad73a504971]::panicking::panic_fmt
[INFO] [stdout]   10:     0x604d5905d031 - core[a373ad73a504971]::result::unwrap_failed
[INFO] [stdout]   11:     0x604d590ac0a3 - fitsrs[b78745fb58cd6183]::tests::test_fits_count_hdu
[INFO] [stdout]   12:     0x604d590b7416 - <fitsrs[b78745fb58cd6183]::tests::test_fits_count_hdu::_samples_misc_ngc5457k_fits_1_0_0_14400_65116872_expects::{closure#0} as core[a373ad73a504971]::ops::function::FnOnce<()>>::call_once
[INFO] [stdout]   13:     0x604d5938a35b - test[aada8e7e76ba119b]::__rust_begin_short_backtrace::<core[a373ad73a504971]::result::Result<(), alloc[2e1b2a31b91974c5]::string::String>, fn() -> core[a373ad73a504971]::result::Result<(), alloc[2e1b2a31b91974c5]::string::String>>
[INFO] [stdout]   14:     0x604d593857bf - test[aada8e7e76ba119b]::run_test::{closure#0}
[INFO] [stdout]   15:     0x604d5938523c - std[617be2ca0a6fd877]::sys::backtrace::__rust_begin_short_backtrace::<test[aada8e7e76ba119b]::run_test::{closure#1}, ()>
[INFO] [stdout]   16:     0x604d593a37ec - <std[617be2ca0a6fd877]::thread::lifecycle::spawn_unchecked<test[aada8e7e76ba119b]::run_test::{closure#1}, ()>::{closure#1} as core[a373ad73a504971]::ops::function::FnOnce<()>>::call_once::{shim:vtable#0}
[INFO] [stdout]   17:     0x604d59371604 - <std[617be2ca0a6fd877]::sys::thread::unix::Thread>::new::thread_start
[INFO] [stdout]   18:     0x70930049adfa - <unknown>
[INFO] [stdout]   19:     0x70930052e3d4 - clone
[INFO] [stdout]   20:                0x0 - <unknown>
[INFO] [stdout] 
[INFO] [stdout] ---- tests::test_fits_euve stdout ----
[INFO] [stdout] 
[INFO] [stdout] thread 'tests::test_fits_euve' (2247) panicked at src/lib.rs:551:68:
[INFO] [stdout] called `Result::unwrap()` on an `Err` value: Os { code: 2, kind: NotFound, message: "No such file or directory" }
[INFO] [stdout] stack backtrace:
[INFO] [stdout]    0:     0x604d5934a087 - <<std[617be2ca0a6fd877]::sys::backtrace::BacktraceLock>::print::DisplayBacktrace as core[a373ad73a504971]::fmt::Display>::fmt
[INFO] [stdout]    1:     0x604d5905915a - core[a373ad73a504971]::fmt::write
[INFO] [stdout]    2:     0x604d5934963b - <alloc[2e1b2a31b91974c5]::vec::Vec<u8> as core[a373ad73a504971]::io::write::Write>::write_fmt
[INFO] [stdout]    3:     0x604d5934911f - std[617be2ca0a6fd877]::panicking::default_hook::{closure#0}
[INFO] [stdout]    4:     0x604d59348d4a - std[617be2ca0a6fd877]::panicking::default_hook
[INFO] [stdout]    5:     0x604d59348885 - std[617be2ca0a6fd877]::panicking::panic_with_hook
[INFO] [stdout]    6:     0x604d5936f901 - std[617be2ca0a6fd877]::panicking::panic_handler::{closure#0}
[INFO] [stdout]    7:     0x604d5936f8b9 - std[617be2ca0a6fd877]::sys::backtrace::__rust_end_short_backtrace::<std[617be2ca0a6fd877]::panicking::panic_handler::{closure#0}, !>
[INFO] [stdout]    8:     0x604d5936fdbc - __rustc[ea4f61d10b84890b]::rust_begin_unwind
[INFO] [stdout]    9:     0x604d59058feb - core[a373ad73a504971]::panicking::panic_fmt
[INFO] [stdout]   10:     0x604d5905d031 - core[a373ad73a504971]::result::unwrap_failed
[INFO] [stdout]   11:     0x604d590a4f26 - <fitsrs[b78745fb58cd6183]::tests::test_fits_euve::{closure#0} as core[a373ad73a504971]::ops::function::FnOnce<()>>::call_once
[INFO] [stdout]   12:     0x604d5938a35b - test[aada8e7e76ba119b]::__rust_begin_short_backtrace::<core[a373ad73a504971]::result::Result<(), alloc[2e1b2a31b91974c5]::string::String>, fn() -> core[a373ad73a504971]::result::Result<(), alloc[2e1b2a31b91974c5]::string::String>>
[INFO] [stdout]   13:     0x604d593857bf - test[aada8e7e76ba119b]::run_test::{closure#0}
[INFO] [stdout]   14:     0x604d5938523c - std[617be2ca0a6fd877]::sys::backtrace::__rust_begin_short_backtrace::<test[aada8e7e76ba119b]::run_test::{closure#1}, ()>
[INFO] [stdout]   15:     0x604d593a37ec - <std[617be2ca0a6fd877]::thread::lifecycle::spawn_unchecked<test[aada8e7e76ba119b]::run_test::{closure#1}, ()>::{closure#1} as core[a373ad73a504971]::ops::function::FnOnce<()>>::call_once::{shim:vtable#0}
[INFO] [stdout]   16:     0x604d59371604 - <std[617be2ca0a6fd877]::sys::thread::unix::Thread>::new::thread_start
[INFO] [stdout]   17:     0x70930049adfa - <unknown>
[INFO] [stdout]   18:     0x70930052e3d4 - clone
[INFO] [stdout]   19:                0x0 - <unknown>
[INFO] [stdout] 
[INFO] [stdout] ---- tests::test_fits_images_data_block stdout ----
[INFO] [stdout] 
[INFO] [stdout] thread 'tests::test_fits_images_data_block' (2252) panicked at src/lib.rs:388:72:
[INFO] [stdout] called `Result::unwrap()` on an `Err` value: Os { code: 2, kind: NotFound, message: "No such file or directory" }
[INFO] [stdout] stack backtrace:
[INFO] [stdout]    0:     0x604d5934a087 - <<std[617be2ca0a6fd877]::sys::backtrace::BacktraceLock>::print::DisplayBacktrace as core[a373ad73a504971]::fmt::Display>::fmt
[INFO] [stdout]    1:     0x604d5905915a - core[a373ad73a504971]::fmt::write
[INFO] [stdout]    2:     0x604d5934963b - <alloc[2e1b2a31b91974c5]::vec::Vec<u8> as core[a373ad73a504971]::io::write::Write>::write_fmt
[INFO] [stdout]    3:     0x604d5934911f - std[617be2ca0a6fd877]::panicking::default_hook::{closure#0}
[INFO] [stdout]    4:     0x604d59348d4a - std[617be2ca0a6fd877]::panicking::default_hook
[INFO] [stdout]    5:     0x604d59348885 - std[617be2ca0a6fd877]::panicking::panic_with_hook
[INFO] [stdout]    6:     0x604d5936f901 - std[617be2ca0a6fd877]::panicking::panic_handler::{closure#0}
[INFO] [stdout]    7:     0x604d5936f8b9 - std[617be2ca0a6fd877]::sys::backtrace::__rust_end_short_backtrace::<std[617be2ca0a6fd877]::panicking::panic_handler::{closure#0}, !>
[INFO] [stdout]    8:     0x604d5936fdbc - __rustc[ea4f61d10b84890b]::rust_begin_unwind
[INFO] [stdout]    9:     0x604d59058feb - core[a373ad73a504971]::panicking::panic_fmt
[INFO] [stdout]   10:     0x604d5905d031 - core[a373ad73a504971]::result::unwrap_failed
[INFO] [stdout]   11:     0x604d590a71bc - <fitsrs[b78745fb58cd6183]::tests::test_fits_images_data_block::{closure#0} as core[a373ad73a504971]::ops::function::FnOnce<()>>::call_once
[INFO] [stdout]   12:     0x604d5938a35b - test[aada8e7e76ba119b]::__rust_begin_short_backtrace::<core[a373ad73a504971]::result::Result<(), alloc[2e1b2a31b91974c5]::string::String>, fn() -> core[a373ad73a504971]::result::Result<(), alloc[2e1b2a31b91974c5]::string::String>>
[INFO] [stdout]   13:     0x604d593857bf - test[aada8e7e76ba119b]::run_test::{closure#0}
[INFO] [stdout]   14:     0x604d5938523c - std[617be2ca0a6fd877]::sys::backtrace::__rust_begin_short_backtrace::<test[aada8e7e76ba119b]::run_test::{closure#1}, ()>
[INFO] [stdout]   15:     0x604d593a37ec - <std[617be2ca0a6fd877]::thread::lifecycle::spawn_unchecked<test[aada8e7e76ba119b]::run_test::{closure#1}, ()>::{closure#1} as core[a373ad73a504971]::ops::function::FnOnce<()>>::call_once::{shim:vtable#0}
[INFO] [stdout]   16:     0x604d59371604 - <std[617be2ca0a6fd877]::sys::thread::unix::Thread>::new::thread_start
[INFO] [stdout]   17:     0x70930049adfa - <unknown>
[INFO] [stdout]   18:     0x70930052e3d4 - clone
[INFO] [stdout]   19:                0x0 - <unknown>
[INFO] [stdout] 
[INFO] [stdout] ---- tests::test_fits_opening::_samples_fits_gsfc_nasa_gov_euve_fits_false_expects stdout ----
[INFO] [stdout] 
[INFO] [stdout] thread 'tests::test_fits_opening::_samples_fits_gsfc_nasa_gov_euve_fits_false_expects' (2261) panicked at src/lib.rs:238:49:
[INFO] [stdout] Can find fits file: Io(NotFound)
[INFO] [stdout] stack backtrace:
[INFO] [stdout]    0:     0x604d5934a087 - <<std[617be2ca0a6fd877]::sys::backtrace::BacktraceLock>::print::DisplayBacktrace as core[a373ad73a504971]::fmt::Display>::fmt
[INFO] [stdout]    1:     0x604d5905915a - core[a373ad73a504971]::fmt::write
[INFO] [stdout]    2:     0x604d5934963b - <alloc[2e1b2a31b91974c5]::vec::Vec<u8> as core[a373ad73a504971]::io::write::Write>::write_fmt
[INFO] [stdout]    3:     0x604d5934911f - std[617be2ca0a6fd877]::panicking::default_hook::{closure#0}
[INFO] [stdout]    4:     0x604d59348d4a - std[617be2ca0a6fd877]::panicking::default_hook
[INFO] [stdout]    5:     0x604d59348885 - std[617be2ca0a6fd877]::panicking::panic_with_hook
[INFO] [stdout]    6:     0x604d5936f901 - std[617be2ca0a6fd877]::panicking::panic_handler::{closure#0}
[INFO] [stdout]    7:     0x604d5936f8b9 - std[617be2ca0a6fd877]::sys::backtrace::__rust_end_short_backtrace::<std[617be2ca0a6fd877]::panicking::panic_handler::{closure#0}, !>
[INFO] [stdout]    8:     0x604d5936fdbc - __rustc[ea4f61d10b84890b]::rust_begin_unwind
[INFO] [stdout]    9:     0x604d59058feb - core[a373ad73a504971]::panicking::panic_fmt
[INFO] [stdout]   10:     0x604d5905d031 - core[a373ad73a504971]::result::unwrap_failed
[INFO] [stdout]   11:     0x604d590aba00 - fitsrs[b78745fb58cd6183]::tests::test_fits_opening
[INFO] [stdout]   12:     0x604d590b70e7 - <fitsrs[b78745fb58cd6183]::tests::test_fits_opening::_samples_fits_gsfc_nasa_gov_euve_fits_false_expects::{closure#0} as core[a373ad73a504971]::ops::function::FnOnce<()>>::call_once
[INFO] [stdout]   13:     0x604d5938a35b - test[aada8e7e76ba119b]::__rust_begin_short_backtrace::<core[a373ad73a504971]::result::Result<(), alloc[2e1b2a31b91974c5]::string::String>, fn() -> core[a373ad73a504971]::result::Result<(), alloc[2e1b2a31b91974c5]::string::String>>
[INFO] [stdout]   14:     0x604d593857bf - test[aada8e7e76ba119b]::run_test::{closure#0}
[INFO] [stdout]   15:     0x604d5938523c - std[617be2ca0a6fd877]::sys::backtrace::__rust_begin_short_backtrace::<test[aada8e7e76ba119b]::run_test::{closure#1}, ()>
[INFO] [stdout]   16:     0x604d593a37ec - <std[617be2ca0a6fd877]::thread::lifecycle::spawn_unchecked<test[aada8e7e76ba119b]::run_test::{closure#1}, ()>::{closure#1} as core[a373ad73a504971]::ops::function::FnOnce<()>>::call_once::{shim:vtable#0}
[INFO] [stdout]   17:     0x604d59371604 - <std[617be2ca0a6fd877]::sys::thread::unix::Thread>::new::thread_start
[INFO] [stdout]   18:     0x70930049adfa - <unknown>
[INFO] [stdout]   19:     0x70930052e3d4 - clone
[INFO] [stdout]   20:                0x0 - <unknown>
[INFO] [stdout] 
[INFO] [stdout] ---- tests::test_fits_images_data_block_bufreader stdout ----
[INFO] [stdout] 
[INFO] [stdout] thread 'tests::test_fits_images_data_block_bufreader' (2253) panicked at src/lib.rs:435:68:
[INFO] [stdout] called `Result::unwrap()` on an `Err` value: Os { code: 2, kind: NotFound, message: "No such file or directory" }
[INFO] [stdout] stack backtrace:
[INFO] [stdout]    0:     0x604d5934a087 - <<std[617be2ca0a6fd877]::sys::backtrace::BacktraceLock>::print::DisplayBacktrace as core[a373ad73a504971]::fmt::Display>::fmt
[INFO] [stdout]    1:     0x604d5905915a - core[a373ad73a504971]::fmt::write
[INFO] [stdout]    2:     0x604d5934963b - <alloc[2e1b2a31b91974c5]::vec::Vec<u8> as core[a373ad73a504971]::io::write::Write>::write_fmt
[INFO] [stdout]    3:     0x604d5934911f - std[617be2ca0a6fd877]::panicking::default_hook::{closure#0}
[INFO] [stdout]    4:     0x604d59348d4a - std[617be2ca0a6fd877]::panicking::default_hook
[INFO] [stdout]    5:     0x604d59348885 - std[617be2ca0a6fd877]::panicking::panic_with_hook
[INFO] [stdout]    6:     0x604d5936f901 - std[617be2ca0a6fd877]::panicking::panic_handler::{closure#0}
[INFO] [stdout]    7:     0x604d5936f8b9 - std[617be2ca0a6fd877]::sys::backtrace::__rust_end_short_backtrace::<std[617be2ca0a6fd877]::panicking::panic_handler::{closure#0}, !>
[INFO] [stdout]    8:     0x604d5936fdbc - __rustc[ea4f61d10b84890b]::rust_begin_unwind
[INFO] [stdout]    9:     0x604d59058feb - core[a373ad73a504971]::panicking::panic_fmt
[INFO] [stdout]   10:     0x604d5905d031 - core[a373ad73a504971]::result::unwrap_failed
[INFO] [stdout]   11:     0x604d590ab3da - <fitsrs[b78745fb58cd6183]::tests::test_fits_images_data_block_bufreader::{closure#0} as core[a373ad73a504971]::ops::function::FnOnce<()>>::call_once
[INFO] [stdout]   12:     0x604d5938a35b - test[aada8e7e76ba119b]::__rust_begin_short_backtrace::<core[a373ad73a504971]::result::Result<(), alloc[2e1b2a31b91974c5]::string::String>, fn() -> core[a373ad73a504971]::result::Result<(), alloc[2e1b2a31b91974c5]::string::String>>
[INFO] [stdout]   13:     0x604d593857bf - test[aada8e7e76ba119b]::run_test::{closure#0}
[INFO] [stdout]   14:     0x604d5938523c - std[617be2ca0a6fd877]::sys::backtrace::__rust_begin_short_backtrace::<test[aada8e7e76ba119b]::run_test::{closure#1}, ()>
[INFO] [stdout]   15:     0x604d593a37ec - <std[617be2ca0a6fd877]::thread::lifecycle::spawn_unchecked<test[aada8e7e76ba119b]::run_test::{closure#1}, ()>::{closure#1} as core[a373ad73a504971]::ops::function::FnOnce<()>>::call_once::{shim:vtable#0}
[INFO] [stdout]   16:     0x604d59371604 - <std[617be2ca0a6fd877]::sys::thread::unix::Thread>::new::thread_start
[INFO] [stdout]   17:     0x70930049adfa - <unknown>
[INFO] [stdout]   18:     0x70930052e3d4 - clone
[INFO] [stdout]   19:                0x0 - <unknown>
[INFO] [stdout] 
[INFO] [stdout] ---- tests::test_fits_opening::_samples_fits_gsfc_nasa_gov_hst_fgs_fits_false_expects stdout ----
[INFO] [stdout] 
[INFO] [stdout] thread 'tests::test_fits_opening::_samples_fits_gsfc_nasa_gov_hst_fgs_fits_false_expects' (2262) panicked at src/lib.rs:238:49:
[INFO] [stdout] Can find fits file: Io(NotFound)
[INFO] [stdout] stack backtrace:
[INFO] [stdout]    0:     0x604d5934a087 - <<std[617be2ca0a6fd877]::sys::backtrace::BacktraceLock>::print::DisplayBacktrace as core[a373ad73a504971]::fmt::Display>::fmt
[INFO] [stdout]    1:     0x604d5905915a - core[a373ad73a504971]::fmt::write
[INFO] [stdout]    2:     0x604d5934963b - <alloc[2e1b2a31b91974c5]::vec::Vec<u8> as core[a373ad73a504971]::io::write::Write>::write_fmt
[INFO] [stdout]    3:     0x604d5934911f - std[617be2ca0a6fd877]::panicking::default_hook::{closure#0}
[INFO] [stdout]    4:     0x604d59348d4a - std[617be2ca0a6fd877]::panicking::default_hook
[INFO] [stdout]    5:     0x604d59348885 - std[617be2ca0a6fd877]::panicking::panic_with_hook
[INFO] [stdout]    6:     0x604d5936f901 - std[617be2ca0a6fd877]::panicking::panic_handler::{closure#0}
[INFO] [stdout]    7:     0x604d5936f8b9 - std[617be2ca0a6fd877]::sys::backtrace::__rust_end_short_backtrace::<std[617be2ca0a6fd877]::panicking::panic_handler::{closure#0}, !>
[INFO] [stdout]    8:     0x604d5936fdbc - __rustc[ea4f61d10b84890b]::rust_begin_unwind
[INFO] [stdout]    9:     0x604d59058feb - core[a373ad73a504971]::panicking::panic_fmt
[INFO] [stdout]   10:     0x604d5905d031 - core[a373ad73a504971]::result::unwrap_failed
[INFO] [stdout]   11:     0x604d590aba00 - fitsrs[b78745fb58cd6183]::tests::test_fits_opening
[INFO] [stdout]   12:     0x604d590b7117 - <fitsrs[b78745fb58cd6183]::tests::test_fits_opening::_samples_fits_gsfc_nasa_gov_hst_fgs_fits_false_expects::{closure#0} as core[a373ad73a504971]::ops::function::FnOnce<()>>::call_once
[INFO] [stdout]   13:     0x604d5938a35b - test[aada8e7e76ba119b]::__rust_begin_short_backtrace::<core[a373ad73a504971]::result::Result<(), alloc[2e1b2a31b91974c5]::string::String>, fn() -> core[a373ad73a504971]::result::Result<(), alloc[2e1b2a31b91974c5]::string::String>>
[INFO] [stdout]   14:     0x604d593857bf - test[aada8e7e76ba119b]::run_test::{closure#0}
[INFO] [stdout]   15:     0x604d5938523c - std[617be2ca0a6fd877]::sys::backtrace::__rust_begin_short_backtrace::<test[aada8e7e76ba119b]::run_test::{closure#1}, ()>
[INFO] [stdout]   16:     0x604d593a37ec - <std[617be2ca0a6fd877]::thread::lifecycle::spawn_unchecked<test[aada8e7e76ba119b]::run_test::{closure#1}, ()>::{closure#1} as core[a373ad73a504971]::ops::function::FnOnce<()>>::call_once::{shim:vtable#0}
[INFO] [stdout]   17:     0x604d59371604 - <std[617be2ca0a6fd877]::sys::thread::unix::Thread>::new::thread_start
[INFO] [stdout]   18:     0x70930049adfa - <unknown>
[INFO] [stdout]   19:     0x70930052e3d4 - clone
[INFO] [stdout]   20:                0x0 - <unknown>
[INFO] [stdout] 
[INFO] [stdout] ---- tests::test_fits_open_external_gzipped_file::_samples_misc_sn2923fxja_fits_5415_0_6386_0_expects stdout ----
[INFO] [stdout] 
[INFO] [stdout] thread 'tests::test_fits_open_external_gzipped_file::_samples_misc_sn2923fxja_fits_5415_0_6386_0_expects' (2258) panicked at src/lib.rs:355:53:
[INFO] [stdout] called `Result::unwrap()` on an `Err` value: Io(NotFound)
[INFO] [stdout] stack backtrace:
[INFO] [stdout]    0:     0x604d5934a087 - <<std[617be2ca0a6fd877]::sys::backtrace::BacktraceLock>::print::DisplayBacktrace as core[a373ad73a504971]::fmt::Display>::fmt
[INFO] [stdout]    1:     0x604d5905915a - core[a373ad73a504971]::fmt::write
[INFO] [stdout]    2:     0x604d5934963b - <alloc[2e1b2a31b91974c5]::vec::Vec<u8> as core[a373ad73a504971]::io::write::Write>::write_fmt
[INFO] [stdout]    3:     0x604d5934911f - std[617be2ca0a6fd877]::panicking::default_hook::{closure#0}
[INFO] [stdout]    4:     0x604d59348d4a - std[617be2ca0a6fd877]::panicking::default_hook
[INFO] [stdout]    5:     0x604d59348885 - std[617be2ca0a6fd877]::panicking::panic_with_hook
[INFO] [stdout]    6:     0x604d5936f901 - std[617be2ca0a6fd877]::panicking::panic_handler::{closure#0}
[INFO] [stdout]    7:     0x604d5936f8b9 - std[617be2ca0a6fd877]::sys::backtrace::__rust_end_short_backtrace::<std[617be2ca0a6fd877]::panicking::panic_handler::{closure#0}, !>
[INFO] [stdout]    8:     0x604d5936fdbc - __rustc[ea4f61d10b84890b]::rust_begin_unwind
[INFO] [stdout]    9:     0x604d59058feb - core[a373ad73a504971]::panicking::panic_fmt
[INFO] [stdout]   10:     0x604d5905d031 - core[a373ad73a504971]::result::unwrap_failed
[INFO] [stdout]   11:     0x604d590acbfe - fitsrs[b78745fb58cd6183]::tests::test_fits_open_external_gzipped_file
[INFO] [stdout]   12:     0x604d590b76c5 - <fitsrs[b78745fb58cd6183]::tests::test_fits_open_external_gzipped_file::_samples_misc_sn2923fxja_fits_5415_0_6386_0_expects::{closure#0} as core[a373ad73a504971]::ops::function::FnOnce<()>>::call_once
[INFO] [stdout]   13:     0x604d5938a35b - test[aada8e7e76ba119b]::__rust_begin_short_backtrace::<core[a373ad73a504971]::result::Result<(), alloc[2e1b2a31b91974c5]::string::String>, fn() -> core[a373ad73a504971]::result::Result<(), alloc[2e1b2a31b91974c5]::string::String>>
[INFO] [stdout]   14:     0x604d593857bf - test[aada8e7e76ba119b]::run_test::{closure#0}
[INFO] [stdout]   15:     0x604d5938523c - std[617be2ca0a6fd877]::sys::backtrace::__rust_begin_short_backtrace::<test[aada8e7e76ba119b]::run_test::{closure#1}, ()>
[INFO] [stdout]   16:     0x604d593a37ec - <std[617be2ca0a6fd877]::thread::lifecycle::spawn_unchecked<test[aada8e7e76ba119b]::run_test::{closure#1}, ()>::{closure#1} as core[a373ad73a504971]::ops::function::FnOnce<()>>::call_once::{shim:vtable#0}
[INFO] [stdout]   17:     0x604d59371604 - <std[617be2ca0a6fd877]::sys::thread::unix::Thread>::new::thread_start
[INFO] [stdout]   18:     0x70930049adfa - <unknown>
[INFO] [stdout]   19:     0x70930052e3d4 - clone
[INFO] [stdout]   20:                0x0 - <unknown>
[INFO] [stdout] 
[INFO] [stdout] ---- tests::test_fits_open_external_gzipped_file::_samples_misc_sn2923fxja_fits_gz_5415_0_6386_0_expects stdout ----
[INFO] [stdout] 
[INFO] [stdout] thread 'tests::test_fits_open_external_gzipped_file::_samples_misc_sn2923fxja_fits_gz_5415_0_6386_0_expects' (2259) panicked at src/lib.rs:355:53:
[INFO] [stdout] called `Result::unwrap()` on an `Err` value: Io(NotFound)
[INFO] [stdout] stack backtrace:
[INFO] [stdout]    0:     0x604d5934a087 - <<std[617be2ca0a6fd877]::sys::backtrace::BacktraceLock>::print::DisplayBacktrace as core[a373ad73a504971]::fmt::Display>::fmt
[INFO] [stdout]    1:     0x604d5905915a - core[a373ad73a504971]::fmt::write
[INFO] [stdout]    2:     0x604d5934963b - <alloc[2e1b2a31b91974c5]::vec::Vec<u8> as core[a373ad73a504971]::io::write::Write>::write_fmt
[INFO] [stdout]    3:     0x604d5934911f - std[617be2ca0a6fd877]::panicking::default_hook::{closure#0}
[INFO] [stdout]    4:     0x604d59348d4a - std[617be2ca0a6fd877]::panicking::default_hook
[INFO] [stdout]    5:     0x604d59348885 - std[617be2ca0a6fd877]::panicking::panic_with_hook
[INFO] [stdout]    6:     0x604d5936f901 - std[617be2ca0a6fd877]::panicking::panic_handler::{closure#0}
[INFO] [stdout]    7:     0x604d5936f8b9 - std[617be2ca0a6fd877]::sys::backtrace::__rust_end_short_backtrace::<std[617be2ca0a6fd877]::panicking::panic_handler::{closure#0}, !>
[INFO] [stdout]    8:     0x604d5936fdbc - __rustc[ea4f61d10b84890b]::rust_begin_unwind
[INFO] [stdout]    9:     0x604d59058feb - core[a373ad73a504971]::panicking::panic_fmt
[INFO] [stdout]   10:     0x604d5905d031 - core[a373ad73a504971]::result::unwrap_failed
[INFO] [stdout]   11:     0x604d590acbfe - fitsrs[b78745fb58cd6183]::tests::test_fits_open_external_gzipped_file
[INFO] [stdout]   12:     0x604d590b76f5 - <fitsrs[b78745fb58cd6183]::tests::test_fits_open_external_gzipped_file::_samples_misc_sn2923fxja_fits_gz_5415_0_6386_0_expects::{closure#0} as core[a373ad73a504971]::ops::function::FnOnce<()>>::call_once
[INFO] [stdout]   13:     0x604d5938a35b - test[aada8e7e76ba119b]::__rust_begin_short_backtrace::<core[a373ad73a504971]::result::Result<(), alloc[2e1b2a31b91974c5]::string::String>, fn() -> core[a373ad73a504971]::result::Result<(), alloc[2e1b2a31b91974c5]::string::String>>
[INFO] [stdout]   14:     0x604d593857bf - test[aada8e7e76ba119b]::run_test::{closure#0}
[INFO] [stdout]   15:     0x604d5938523c - std[617be2ca0a6fd877]::sys::backtrace::__rust_begin_short_backtrace::<test[aada8e7e76ba119b]::run_test::{closure#1}, ()>
[INFO] [stdout]   16:     0x604d593a37ec - <std[617be2ca0a6fd877]::thread::lifecycle::spawn_unchecked<test[aada8e7e76ba119b]::run_test::{closure#1}, ()>::{closure#1} as core[a373ad73a504971]::ops::function::FnOnce<()>>::call_once::{shim:vtable#0}
[INFO] [stdout]   17:     0x604d59371604 - <std[617be2ca0a6fd877]::sys::thread::unix::Thread>::new::thread_start
[INFO] [stdout]   18:     0x70930049adfa - <unknown>
[INFO] [stdout]   19:     0x70930052e3d4 - clone
[INFO] [stdout]   20:                0x0 - <unknown>
[INFO] [stdout] 
[INFO] [stdout] ---- tests::test_fits_opening::_samples_fits_gsfc_nasa_gov_astro_uit_fits_true_expects stdout ----
[INFO] [stdout] 
[INFO] [stdout] thread 'tests::test_fits_opening::_samples_fits_gsfc_nasa_gov_astro_uit_fits_true_expects' (2260) panicked at src/lib.rs:238:49:
[INFO] [stdout] Can find fits file: Io(NotFound)
[INFO] [stdout] stack backtrace:
[INFO] [stdout]    0:     0x604d5934a087 - <<std[617be2ca0a6fd877]::sys::backtrace::BacktraceLock>::print::DisplayBacktrace as core[a373ad73a504971]::fmt::Display>::fmt
[INFO] [stdout]    1:     0x604d5905915a - core[a373ad73a504971]::fmt::write
[INFO] [stdout]    2:     0x604d5934963b - <alloc[2e1b2a31b91974c5]::vec::Vec<u8> as core[a373ad73a504971]::io::write::Write>::write_fmt
[INFO] [stdout]    3:     0x604d5934911f - std[617be2ca0a6fd877]::panicking::default_hook::{closure#0}
[INFO] [stdout]    4:     0x604d59348d4a - std[617be2ca0a6fd877]::panicking::default_hook
[INFO] [stdout]    5:     0x604d59348885 - std[617be2ca0a6fd877]::panicking::panic_with_hook
[INFO] [stdout]    6:     0x604d5936f901 - std[617be2ca0a6fd877]::panicking::panic_handler::{closure#0}
[INFO] [stdout]    7:     0x604d5936f8b9 - std[617be2ca0a6fd877]::sys::backtrace::__rust_end_short_backtrace::<std[617be2ca0a6fd877]::panicking::panic_handler::{closure#0}, !>
[INFO] [stdout]    8:     0x604d5936fdbc - __rustc[ea4f61d10b84890b]::rust_begin_unwind
[INFO] [stdout]    9:     0x604d59058feb - core[a373ad73a504971]::panicking::panic_fmt
[INFO] [stdout]   10:     0x604d5905d031 - core[a373ad73a504971]::result::unwrap_failed
[INFO] [stdout]   11:     0x604d590aba00 - fitsrs[b78745fb58cd6183]::tests::test_fits_opening
[INFO] [stdout]   12:     0x604d590b726a - <fitsrs[b78745fb58cd6183]::tests::test_fits_opening::_samples_fits_gsfc_nasa_gov_astro_uit_fits_true_expects::{closure#0} as core[a373ad73a504971]::ops::function::FnOnce<()>>::call_once
[INFO] [stdout]   13:     0x604d5938a35b - test[aada8e7e76ba119b]::__rust_begin_short_backtrace::<core[a373ad73a504971]::result::Result<(), alloc[2e1b2a31b91974c5]::string::String>, fn() -> core[a373ad73a504971]::result::Result<(), alloc[2e1b2a31b91974c5]::string::String>>
[INFO] [stdout]   14:     0x604d593857bf - test[aada8e7e76ba119b]::run_test::{closure#0}
[INFO] [stdout]   15:     0x604d5938523c - std[617be2ca0a6fd877]::sys::backtrace::__rust_begin_short_backtrace::<test[aada8e7e76ba119b]::run_test::{closure#1}, ()>
[INFO] [stdout]   16:     0x604d593a37ec - <std[617be2ca0a6fd877]::thread::lifecycle::spawn_unchecked<test[aada8e7e76ba119b]::run_test::{closure#1}, ()>::{closure#1} as core[a373ad73a504971]::ops::function::FnOnce<()>>::call_once::{shim:vtable#0}
[INFO] [stdout]   17:     0x604d59371604 - <std[617be2ca0a6fd877]::sys::thread::unix::Thread>::new::thread_start
[INFO] [stdout]   18:     0x70930049adfa - <unknown>
[INFO] [stdout]   19:     0x70930052e3d4 - clone
[INFO] [stdout]   20:                0x0 - <unknown>
[INFO] [stdout] 
[INFO] [stdout] ---- tests::test_fits_image_f32 stdout ----
[INFO] [stdout] 
[INFO] [stdout] thread 'tests::test_fits_image_f32' (2250) panicked at src/lib.rs:158:75:
[INFO] [stdout] called `Result::unwrap()` on an `Err` value: Os { code: 2, kind: NotFound, message: "No such file or directory" }
[INFO] [stdout] stack backtrace:
[INFO] [stdout]    0:     0x604d5934a087 - <<std[617be2ca0a6fd877]::sys::backtrace::BacktraceLock>::print::DisplayBacktrace as core[a373ad73a504971]::fmt::Display>::fmt
[INFO] [stdout]    1:     0x604d5905915a - core[a373ad73a504971]::fmt::write
[INFO] [stdout]    2:     0x604d5934963b - <alloc[2e1b2a31b91974c5]::vec::Vec<u8> as core[a373ad73a504971]::io::write::Write>::write_fmt
[INFO] [stdout]    3:     0x604d5934911f - std[617be2ca0a6fd877]::panicking::default_hook::{closure#0}
[INFO] [stdout]    4:     0x604d59348d4a - std[617be2ca0a6fd877]::panicking::default_hook
[INFO] [stdout]    5:     0x604d59348885 - std[617be2ca0a6fd877]::panicking::panic_with_hook
[INFO] [stdout]    6:     0x604d5936f901 - std[617be2ca0a6fd877]::panicking::panic_handler::{closure#0}
[INFO] [stdout]    7:     0x604d5936f8b9 - std[617be2ca0a6fd877]::sys::backtrace::__rust_end_short_backtrace::<std[617be2ca0a6fd877]::panicking::panic_handler::{closure#0}, !>
[INFO] [stdout]    8:     0x604d5936fdbc - __rustc[ea4f61d10b84890b]::rust_begin_unwind
[INFO] [stdout]    9:     0x604d59058feb - core[a373ad73a504971]::panicking::panic_fmt
[INFO] [stdout]   10:     0x604d5905d031 - core[a373ad73a504971]::result::unwrap_failed
[INFO] [stdout]   11:     0x604d590a579c - <fitsrs[b78745fb58cd6183]::tests::test_fits_image_f32::{closure#0} as core[a373ad73a504971]::ops::function::FnOnce<()>>::call_once
[INFO] [stdout]   12:     0x604d5938a35b - test[aada8e7e76ba119b]::__rust_begin_short_backtrace::<core[a373ad73a504971]::result::Result<(), alloc[2e1b2a31b91974c5]::string::String>, fn() -> core[a373ad73a504971]::result::Result<(), alloc[2e1b2a31b91974c5]::string::String>>
[INFO] [stdout]   13:     0x604d593857bf - test[aada8e7e76ba119b]::run_test::{closure#0}
[INFO] [stdout]   14:     0x604d5938523c - std[617be2ca0a6fd877]::sys::backtrace::__rust_begin_short_backtrace::<test[aada8e7e76ba119b]::run_test::{closure#1}, ()>
[INFO] [stdout]   15:     0x604d593a37ec - <std[617be2ca0a6fd877]::thread::lifecycle::spawn_unchecked<test[aada8e7e76ba119b]::run_test::{closure#1}, ()>::{closure#1} as core[a373ad73a504971]::ops::function::FnOnce<()>>::call_once::{shim:vtable#0}
[INFO] [stdout]   16:     0x604d59371604 - <std[617be2ca0a6fd877]::sys::thread::unix::Thread>::new::thread_start
[INFO] [stdout]   17:     0x70930049adfa - <unknown>
[INFO] [stdout]   18:     0x70930052e3d4 - clone
[INFO] [stdout]   19:                0x0 - <unknown>
[INFO] [stdout] 
[INFO] [stdout] ---- tests::test_fits_opening::_samples_fits_gsfc_nasa_gov_hst_foc_fits_false_expects stdout ----
[INFO] [stdout] 
[INFO] [stdout] thread 'tests::test_fits_opening::_samples_fits_gsfc_nasa_gov_hst_foc_fits_false_expects' (2263) panicked at src/lib.rs:238:49:
[INFO] [stdout] Can find fits file: Io(NotFound)
[INFO] [stdout] stack backtrace:
[INFO] [stdout]    0:     0x604d5934a087 - <<std[617be2ca0a6fd877]::sys::backtrace::BacktraceLock>::print::DisplayBacktrace as core[a373ad73a504971]::fmt::Display>::fmt
[INFO] [stdout]    1:     0x604d5905915a - core[a373ad73a504971]::fmt::write
[INFO] [stdout]    2:     0x604d5934963b - <alloc[2e1b2a31b91974c5]::vec::Vec<u8> as core[a373ad73a504971]::io::write::Write>::write_fmt
[INFO] [stdout]    3:     0x604d5934911f - std[617be2ca0a6fd877]::panicking::default_hook::{closure#0}
[INFO] [stdout]    4:     0x604d59348d4a - std[617be2ca0a6fd877]::panicking::default_hook
[INFO] [stdout]    5:     0x604d59348885 - std[617be2ca0a6fd877]::panicking::panic_with_hook
[INFO] [stdout]    6:     0x604d5936f901 - std[617be2ca0a6fd877]::panicking::panic_handler::{closure#0}
[INFO] [stdout]    7:     0x604d5936f8b9 - std[617be2ca0a6fd877]::sys::backtrace::__rust_end_short_backtrace::<std[617be2ca0a6fd877]::panicking::panic_handler::{closure#0}, !>
[INFO] [stdout]    8:     0x604d5936fdbc - __rustc[ea4f61d10b84890b]::rust_begin_unwind
[INFO] [stdout]    9:     0x604d59058feb - core[a373ad73a504971]::panicking::panic_fmt
[INFO] [stdout]   10:     0x604d5905d031 - core[a373ad73a504971]::result::unwrap_failed
[INFO] [stdout]   11:     0x604d590aba00 - fitsrs[b78745fb58cd6183]::tests::test_fits_opening
[INFO] [stdout]   12:     0x604d590b7147 - <fitsrs[b78745fb58cd6183]::tests::test_fits_opening::_samples_fits_gsfc_nasa_gov_hst_foc_fits_false_expects::{closure#0} as core[a373ad73a504971]::ops::function::FnOnce<()>>::call_once
[INFO] [stdout]   13:     0x604d5938a35b - test[aada8e7e76ba119b]::__rust_begin_short_backtrace::<core[a373ad73a504971]::result::Result<(), alloc[2e1b2a31b91974c5]::string::String>, fn() -> core[a373ad73a504971]::result::Result<(), alloc[2e1b2a31b91974c5]::string::String>>
[INFO] [stdout]   14:     0x604d593857bf - test[aada8e7e76ba119b]::run_test::{closure#0}
[INFO] [stdout]   15:     0x604d5938523c - std[617be2ca0a6fd877]::sys::backtrace::__rust_begin_short_backtrace::<test[aada8e7e76ba119b]::run_test::{closure#1}, ()>
[INFO] [stdout]   16:     0x604d593a37ec - <std[617be2ca0a6fd877]::thread::lifecycle::spawn_unchecked<test[aada8e7e76ba119b]::run_test::{closure#1}, ()>::{closure#1} as core[a373ad73a504971]::ops::function::FnOnce<()>>::call_once::{shim:vtable#0}
[INFO] [stdout]   17:     0x604d59371604 - <std[617be2ca0a6fd877]::sys::thread::unix::Thread>::new::thread_start
[INFO] [stdout]   18:     0x70930049adfa - <unknown>
[INFO] [stdout]   19:     0x70930052e3d4 - clone
[INFO] [stdout]   20:                0x0 - <unknown>
[INFO] [stdout] 
[INFO] [stdout] ---- tests::test_fits_opening::_samples_fits_gsfc_nasa_gov_hst_wfpc_ii_bis_fits_false_expects stdout ----
[INFO] [stdout] 
[INFO] [stdout] thread 'tests::test_fits_opening::_samples_fits_gsfc_nasa_gov_hst_wfpc_ii_bis_fits_false_expects' (2267) panicked at src/lib.rs:238:49:
[INFO] [stdout] Can find fits file: Io(NotFound)
[INFO] [stdout] stack backtrace:
[INFO] [stdout]    0:     0x604d5934a087 - <<std[617be2ca0a6fd877]::sys::backtrace::BacktraceLock>::print::DisplayBacktrace as core[a373ad73a504971]::fmt::Display>::fmt
[INFO] [stdout]    1:     0x604d5905915a - core[a373ad73a504971]::fmt::write
[INFO] [stdout]    2:     0x604d5934963b - <alloc[2e1b2a31b91974c5]::vec::Vec<u8> as core[a373ad73a504971]::io::write::Write>::write_fmt
[INFO] [stdout]    3:     0x604d5934911f - std[617be2ca0a6fd877]::panicking::default_hook::{closure#0}
[INFO] [stdout]    4:     0x604d59348d4a - std[617be2ca0a6fd877]::panicking::default_hook
[INFO] [stdout]    5:     0x604d59348885 - std[617be2ca0a6fd877]::panicking::panic_with_hook
[INFO] [stdout]    6:     0x604d5936f901 - std[617be2ca0a6fd877]::panicking::panic_handler::{closure#0}
[INFO] [stdout]    7:     0x604d5936f8b9 - std[617be2ca0a6fd877]::sys::backtrace::__rust_end_short_backtrace::<std[617be2ca0a6fd877]::panicking::panic_handler::{closure#0}, !>
[INFO] [stdout]    8:     0x604d5936fdbc - __rustc[ea4f61d10b84890b]::rust_begin_unwind
[INFO] [stdout]    9:     0x604d59058feb - core[a373ad73a504971]::panicking::panic_fmt
[INFO] [stdout]   10:     0x604d5905d031 - core[a373ad73a504971]::result::unwrap_failed
[INFO] [stdout]   11:     0x604d590aba00 - fitsrs[b78745fb58cd6183]::tests::test_fits_opening
[INFO] [stdout]   12:     0x604d590b72f7 - <fitsrs[b78745fb58cd6183]::tests::test_fits_opening::_samples_fits_gsfc_nasa_gov_hst_wfpc_ii_bis_fits_false_expects::{closure#0} as core[a373ad73a504971]::ops::function::FnOnce<()>>::call_once
[INFO] [stdout]   13:     0x604d5938a35b - test[aada8e7e76ba119b]::__rust_begin_short_backtrace::<core[a373ad73a504971]::result::Result<(), alloc[2e1b2a31b91974c5]::string::String>, fn() -> core[a373ad73a504971]::result::Result<(), alloc[2e1b2a31b91974c5]::string::String>>
[INFO] [stdout]   14:     0x604d593857bf - test[aada8e7e76ba119b]::run_test::{closure#0}
[INFO] [stdout]   15:     0x604d5938523c - std[617be2ca0a6fd877]::sys::backtrace::__rust_begin_short_backtrace::<test[aada8e7e76ba119b]::run_test::{closure#1}, ()>
[INFO] [stdout]   16:     0x604d593a37ec - <std[617be2ca0a6fd877]::thread::lifecycle::spawn_unchecked<test[aada8e7e76ba119b]::run_test::{closure#1}, ()>::{closure#1} as core[a373ad73a504971]::ops::function::FnOnce<()>>::call_once::{shim:vtable#0}
[INFO] [stdout]   17:     0x604d59371604 - <std[617be2ca0a6fd877]::sys::thread::unix::Thread>::new::thread_start
[INFO] [stdout]   18:     0x70930049adfa - <unknown>
[INFO] [stdout]   19:     0x70930052e3d4 - clone
[INFO] [stdout]   20:                0x0 - <unknown>
[INFO] [stdout] 
[INFO] [stdout] ---- tests::test_fits_opening::_samples_fits_gsfc_nasa_gov_hst_wfpc_ii_fits_false_expects stdout ----
[INFO] [stdout] 
[INFO] [stdout] thread 'tests::test_fits_opening::_samples_fits_gsfc_nasa_gov_hst_wfpc_ii_fits_false_expects' (2268) panicked at src/lib.rs:238:49:
[INFO] [stdout] Can find fits file: Io(NotFound)
[INFO] [stdout] stack backtrace:
[INFO] [stdout]    0:     0x604d5934a087 - <<std[617be2ca0a6fd877]::sys::backtrace::BacktraceLock>::print::DisplayBacktrace as core[a373ad73a504971]::fmt::Display>::fmt
[INFO] [stdout]    1:     0x604d5905915a - core[a373ad73a504971]::fmt::write
[INFO] [stdout]    2:     0x604d5934963b - <alloc[2e1b2a31b91974c5]::vec::Vec<u8> as core[a373ad73a504971]::io::write::Write>::write_fmt
[INFO] [stdout]    3:     0x604d5934911f - std[617be2ca0a6fd877]::panicking::default_hook::{closure#0}
[INFO] [stdout]    4:     0x604d59348d4a - std[617be2ca0a6fd877]::panicking::default_hook
[INFO] [stdout]    5:     0x604d59348885 - std[617be2ca0a6fd877]::panicking::panic_with_hook
[INFO] [stdout]    6:     0x604d5936f901 - std[617be2ca0a6fd877]::panicking::panic_handler::{closure#0}
[INFO] [stdout]    7:     0x604d5936f8b9 - std[617be2ca0a6fd877]::sys::backtrace::__rust_end_short_backtrace::<std[617be2ca0a6fd877]::panicking::panic_handler::{closure#0}, !>
[INFO] [stdout]    8:     0x604d5936fdbc - __rustc[ea4f61d10b84890b]::rust_begin_unwind
[INFO] [stdout]    9:     0x604d59058feb - core[a373ad73a504971]::panicking::panic_fmt
[INFO] [stdout]   10:     0x604d5905d031 - core[a373ad73a504971]::result::unwrap_failed
[INFO] [stdout]   11:     0x604d590aba00 - fitsrs[b78745fb58cd6183]::tests::test_fits_opening
[INFO] [stdout]   12:     0x604d590b72c7 - <fitsrs[b78745fb58cd6183]::tests::test_fits_opening::_samples_fits_gsfc_nasa_gov_hst_wfpc_ii_fits_false_expects::{closure#0} as core[a373ad73a504971]::ops::function::FnOnce<()>>::call_once
[INFO] [stdout]   13:     0x604d5938a35b - test[aada8e7e76ba119b]::__rust_begin_short_backtrace::<core[a373ad73a504971]::result::Result<(), alloc[2e1b2a31b91974c5]::string::String>, fn() -> core[a373ad73a504971]::result::Result<(), alloc[2e1b2a31b91974c5]::string::String>>
[INFO] [stdout]   14:     0x604d593857bf - test[aada8e7e76ba119b]::run_test::{closure#0}
[INFO] [stdout]   15:     0x604d5938523c - std[617be2ca0a6fd877]::sys::backtrace::__rust_begin_short_backtrace::<test[aada8e7e76ba119b]::run_test::{closure#1}, ()>
[INFO] [stdout]   16:     0x604d593a37ec - <std[617be2ca0a6fd877]::thread::lifecycle::spawn_unchecked<test[aada8e7e76ba119b]::run_test::{closure#1}, ()>::{closure#1} as core[a373ad73a504971]::ops::function::FnOnce<()>>::call_once::{shim:vtable#0}
[INFO] [stdout]   17:     0x604d59371604 - <std[617be2ca0a6fd877]::sys::thread::unix::Thread>::new::thread_start
[INFO] [stdout]   18:     0x70930049adfa - <unknown>
[INFO] [stdout]   19:     0x70930052e3d4 - clone
[INFO] [stdout]   20:                0x0 - <unknown>
[INFO] [stdout] 
[INFO] [stdout] ---- tests::test_fits_opening::_samples_fits_gsfc_nasa_gov_iue_lwp_fits_false_expects stdout ----
[INFO] [stdout] 
[INFO] [stdout] thread 'tests::test_fits_opening::_samples_fits_gsfc_nasa_gov_iue_lwp_fits_false_expects' (2269) panicked at src/lib.rs:238:49:
[INFO] [stdout] Can find fits file: Io(NotFound)
[INFO] [stdout] stack backtrace:
[INFO] [stdout]    0:     0x604d5934a087 - <<std[617be2ca0a6fd877]::sys::backtrace::BacktraceLock>::print::DisplayBacktrace as core[a373ad73a504971]::fmt::Display>::fmt
[INFO] [stdout]    1:     0x604d5905915a - core[a373ad73a504971]::fmt::write
[INFO] [stdout]    2:     0x604d5934963b - <alloc[2e1b2a31b91974c5]::vec::Vec<u8> as core[a373ad73a504971]::io::write::Write>::write_fmt
[INFO] [stdout]    3:     0x604d5934911f - std[617be2ca0a6fd877]::panicking::default_hook::{closure#0}
[INFO] [stdout]    4:     0x604d59348d4a - std[617be2ca0a6fd877]::panicking::default_hook
[INFO] [stdout]    5:     0x604d59348885 - std[617be2ca0a6fd877]::panicking::panic_with_hook
[INFO] [stdout]    6:     0x604d5936f901 - std[617be2ca0a6fd877]::panicking::panic_handler::{closure#0}
[INFO] [stdout]    7:     0x604d5936f8b9 - std[617be2ca0a6fd877]::sys::backtrace::__rust_end_short_backtrace::<std[617be2ca0a6fd877]::panicking::panic_handler::{closure#0}, !>
[INFO] [stdout]    8:     0x604d5936fdbc - __rustc[ea4f61d10b84890b]::rust_begin_unwind
[INFO] [stdout]    9:     0x604d59058feb - core[a373ad73a504971]::panicking::panic_fmt
[INFO] [stdout]   10:     0x604d5905d031 - core[a373ad73a504971]::result::unwrap_failed
[INFO] [stdout]   11:     0x604d590aba00 - fitsrs[b78745fb58cd6183]::tests::test_fits_opening
[INFO] [stdout]   12:     0x604d590b71d7 - <fitsrs[b78745fb58cd6183]::tests::test_fits_opening::_samples_fits_gsfc_nasa_gov_iue_lwp_fits_false_expects::{closure#0} as core[a373ad73a504971]::ops::function::FnOnce<()>>::call_once
[INFO] [stdout]   13:     0x604d5938a35b - test[aada8e7e76ba119b]::__rust_begin_short_backtrace::<core[a373ad73a504971]::result::Result<(), alloc[2e1b2a31b91974c5]::string::String>, fn() -> core[a373ad73a504971]::result::Result<(), alloc[2e1b2a31b91974c5]::string::String>>
[INFO] [stdout]   14:     0x604d593857bf - test[aada8e7e76ba119b]::run_test::{closure#0}
[INFO] [stdout]   15:     0x604d5938523c - std[617be2ca0a6fd877]::sys::backtrace::__rust_begin_short_backtrace::<test[aada8e7e76ba119b]::run_test::{closure#1}, ()>
[INFO] [stdout]   16:     0x604d593a37ec - <std[617be2ca0a6fd877]::thread::lifecycle::spawn_unchecked<test[aada8e7e76ba119b]::run_test::{closure#1}, ()>::{closure#1} as core[a373ad73a504971]::ops::function::FnOnce<()>>::call_once::{shim:vtable#0}
[INFO] [stdout]   17:     0x604d59371604 - <std[617be2ca0a6fd877]::sys::thread::unix::Thread>::new::thread_start
[INFO] [stdout]   18:     0x70930049adfa - <unknown>
[INFO] [stdout]   19:     0x70930052e3d4 - clone
[INFO] [stdout]   20:                0x0 - <unknown>
[INFO] [stdout] 
[INFO] [stdout] ---- tests::test_fits_opening::_samples_hipsgen_npix132_fits_false_expects stdout ----
[INFO] [stdout] 
[INFO] [stdout] thread 'tests::test_fits_opening::_samples_hipsgen_npix132_fits_false_expects' (2272) panicked at src/lib.rs:238:49:
[INFO] [stdout] Can find fits file: Io(NotFound)
[INFO] [stdout] stack backtrace:
[INFO] [stdout]    0:     0x604d5934a087 - <<std[617be2ca0a6fd877]::sys::backtrace::BacktraceLock>::print::DisplayBacktrace as core[a373ad73a504971]::fmt::Display>::fmt
[INFO] [stdout]    1:     0x604d5905915a - core[a373ad73a504971]::fmt::write
[INFO] [stdout]    2:     0x604d5934963b - <alloc[2e1b2a31b91974c5]::vec::Vec<u8> as core[a373ad73a504971]::io::write::Write>::write_fmt
[INFO] [stdout]    3:     0x604d5934911f - std[617be2ca0a6fd877]::panicking::default_hook::{closure#0}
[INFO] [stdout]    4:     0x604d59348d4a - std[617be2ca0a6fd877]::panicking::default_hook
[INFO] [stdout]    5:     0x604d59348885 - std[617be2ca0a6fd877]::panicking::panic_with_hook
[INFO] [stdout]    6:     0x604d5936f901 - std[617be2ca0a6fd877]::panicking::panic_handler::{closure#0}
[INFO] [stdout]    7:     0x604d5936f8b9 - std[617be2ca0a6fd877]::sys::backtrace::__rust_end_short_backtrace::<std[617be2ca0a6fd877]::panicking::panic_handler::{closure#0}, !>
[INFO] [stdout]    8:     0x604d5936fdbc - __rustc[ea4f61d10b84890b]::rust_begin_unwind
[INFO] [stdout]    9:     0x604d59058feb - core[a373ad73a504971]::panicking::panic_fmt
[INFO] [stdout]   10:     0x604d5905d031 - core[a373ad73a504971]::result::unwrap_failed
[INFO] [stdout]   11:     0x604d590aba00 - fitsrs[b78745fb58cd6183]::tests::test_fits_opening
[INFO] [stdout]   12:     0x604d590b6ed7 - <fitsrs[b78745fb58cd6183]::tests::test_fits_opening::_samples_hipsgen_npix132_fits_false_expects::{closure#0} as core[a373ad73a504971]::ops::function::FnOnce<()>>::call_once
[INFO] [stdout]   13:     0x604d5938a35b - test[aada8e7e76ba119b]::__rust_begin_short_backtrace::<core[a373ad73a504971]::result::Result<(), alloc[2e1b2a31b91974c5]::string::String>, fn() -> core[a373ad73a504971]::result::Result<(), alloc[2e1b2a31b91974c5]::string::String>>
[INFO] [stdout]   14:     0x604d593857bf - test[aada8e7e76ba119b]::run_test::{closure#0}
[INFO] [stdout]   15:     0x604d5938523c - std[617be2ca0a6fd877]::sys::backtrace::__rust_begin_short_backtrace::<test[aada8e7e76ba119b]::run_test::{closure#1}, ()>
[INFO] [stdout]   16:     0x604d593a37ec - <std[617be2ca0a6fd877]::thread::lifecycle::spawn_unchecked<test[aada8e7e76ba119b]::run_test::{closure#1}, ()>::{closure#1} as core[a373ad73a504971]::ops::function::FnOnce<()>>::call_once::{shim:vtable#0}
[INFO] [stdout]   17:     0x604d59371604 - <std[617be2ca0a6fd877]::sys::thread::unix::Thread>::new::thread_start
[INFO] [stdout]   18:     0x70930049adfa - <unknown>
[INFO] [stdout]   19:     0x70930052e3d4 - clone
[INFO] [stdout]   20:                0x0 - <unknown>
[INFO] [stdout] 
[INFO] [stdout] ---- tests::test_fits_opening::_samples_hipsgen_npix133_fits_false_expects stdout ----
[INFO] [stdout] 
[INFO] [stdout] thread 'tests::test_fits_opening::_samples_hipsgen_npix133_fits_false_expects' (2273) panicked at src/lib.rs:238:49:
[INFO] [stdout] Can find fits file: Io(NotFound)
[INFO] [stdout] stack backtrace:
[INFO] [stdout]    0:     0x604d5934a087 - <<std[617be2ca0a6fd877]::sys::backtrace::BacktraceLock>::print::DisplayBacktrace as core[a373ad73a504971]::fmt::Display>::fmt
[INFO] [stdout]    1:     0x604d5905915a - core[a373ad73a504971]::fmt::write
[INFO] [stdout]    2:     0x604d5934963b - <alloc[2e1b2a31b91974c5]::vec::Vec<u8> as core[a373ad73a504971]::io::write::Write>::write_fmt
[INFO] [stdout]    3:     0x604d5934911f - std[617be2ca0a6fd877]::panicking::default_hook::{closure#0}
[INFO] [stdout]    4:     0x604d59348d4a - std[617be2ca0a6fd877]::panicking::default_hook
[INFO] [stdout]    5:     0x604d59348885 - std[617be2ca0a6fd877]::panicking::panic_with_hook
[INFO] [stdout]    6:     0x604d5936f901 - std[617be2ca0a6fd877]::panicking::panic_handler::{closure#0}
[INFO] [stdout]    7:     0x604d5936f8b9 - std[617be2ca0a6fd877]::sys::backtrace::__rust_end_short_backtrace::<std[617be2ca0a6fd877]::panicking::panic_handler::{closure#0}, !>
[INFO] [stdout]    8:     0x604d5936fdbc - __rustc[ea4f61d10b84890b]::rust_begin_unwind
[INFO] [stdout]    9:     0x604d59058feb - core[a373ad73a504971]::panicking::panic_fmt
[INFO] [stdout]   10:     0x604d5905d031 - core[a373ad73a504971]::result::unwrap_failed
[INFO] [stdout]   11:     0x604d590aba00 - fitsrs[b78745fb58cd6183]::tests::test_fits_opening
[INFO] [stdout]   12:     0x604d590b6f07 - <fitsrs[b78745fb58cd6183]::tests::test_fits_opening::_samples_hipsgen_npix133_fits_false_expects::{closure#0} as core[a373ad73a504971]::ops::function::FnOnce<()>>::call_once
[INFO] [stdout]   13:     0x604d5938a35b - test[aada8e7e76ba119b]::__rust_begin_short_backtrace::<core[a373ad73a504971]::result::Result<(), alloc[2e1b2a31b91974c5]::string::String>, fn() -> core[a373ad73a504971]::result::Result<(), alloc[2e1b2a31b91974c5]::string::String>>
[INFO] [stdout]   14:     0x604d593857bf - test[aada8e7e76ba119b]::run_test::{closure#0}
[INFO] [stdout]   15:     0x604d5938523c - std[617be2ca0a6fd877]::sys::backtrace::__rust_begin_short_backtrace::<test[aada8e7e76ba119b]::run_test::{closure#1}, ()>
[INFO] [stdout]   16:     0x604d593a37ec - <std[617be2ca0a6fd877]::thread::lifecycle::spawn_unchecked<test[aada8e7e76ba119b]::run_test::{closure#1}, ()>::{closure#1} as core[a373ad73a504971]::ops::function::FnOnce<()>>::call_once::{shim:vtable#0}
[INFO] [stdout]   17:     0x604d59371604 - <std[617be2ca0a6fd877]::sys::thread::unix::Thread>::new::thread_start
[INFO] [stdout]   18:     0x70930049adfa - <unknown>
[INFO] [stdout]   19:     0x70930052e3d4 - clone
[INFO] [stdout]   20:                0x0 - <unknown>
[INFO] [stdout] 
[INFO] [stdout] ---- tests::test_fits_opening::_samples_hipsgen_npix134_fits_false_expects stdout ----
[INFO] [stdout] 
[INFO] [stdout] thread 'tests::test_fits_opening::_samples_hipsgen_npix134_fits_false_expects' (2274) panicked at src/lib.rs:238:49:
[INFO] [stdout] Can find fits file: Io(NotFound)
[INFO] [stdout] stack backtrace:
[INFO] [stdout]    0:     0x604d5934a087 - <<std[617be2ca0a6fd877]::sys::backtrace::BacktraceLock>::print::DisplayBacktrace as core[a373ad73a504971]::fmt::Display>::fmt
[INFO] [stdout]    1:     0x604d5905915a - core[a373ad73a504971]::fmt::write
[INFO] [stdout]    2:     0x604d5934963b - <alloc[2e1b2a31b91974c5]::vec::Vec<u8> as core[a373ad73a504971]::io::write::Write>::write_fmt
[INFO] [stdout]    3:     0x604d5934911f - std[617be2ca0a6fd877]::panicking::default_hook::{closure#0}
[INFO] [stdout]    4:     0x604d59348d4a - std[617be2ca0a6fd877]::panicking::default_hook
[INFO] [stdout]    5:     0x604d59348885 - std[617be2ca0a6fd877]::panicking::panic_with_hook
[INFO] [stdout]    6:     0x604d5936f901 - std[617be2ca0a6fd877]::panicking::panic_handler::{closure#0}
[INFO] [stdout]    7:     0x604d5936f8b9 - std[617be2ca0a6fd877]::sys::backtrace::__rust_end_short_backtrace::<std[617be2ca0a6fd877]::panicking::panic_handler::{closure#0}, !>
[INFO] [stdout]    8:     0x604d5936fdbc - __rustc[ea4f61d10b84890b]::rust_begin_unwind
[INFO] [stdout]    9:     0x604d59058feb - core[a373ad73a504971]::panicking::panic_fmt
[INFO] [stdout]   10:     0x604d5905d031 - core[a373ad73a504971]::result::unwrap_failed
[INFO] [stdout]   11:     0x604d590aba00 - fitsrs[b78745fb58cd6183]::tests::test_fits_opening
[INFO] [stdout]   12:     0x604d590b6f37 - <fitsrs[b78745fb58cd6183]::tests::test_fits_opening::_samples_hipsgen_npix134_fits_false_expects::{closure#0} as core[a373ad73a504971]::ops::function::FnOnce<()>>::call_once
[INFO] [stdout]   13:     0x604d5938a35b - test[aada8e7e76ba119b]::__rust_begin_short_backtrace::<core[a373ad73a504971]::result::Result<(), alloc[2e1b2a31b91974c5]::string::String>, fn() -> core[a373ad73a504971]::result::Result<(), alloc[2e1b2a31b91974c5]::string::String>>
[INFO] [stdout]   14:     0x604d593857bf - test[aada8e7e76ba119b]::run_test::{closure#0}
[INFO] [stdout]   15:     0x604d5938523c - std[617be2ca0a6fd877]::sys::backtrace::__rust_begin_short_backtrace::<test[aada8e7e76ba119b]::run_test::{closure#1}, ()>
[INFO] [stdout]   16:     0x604d593a37ec - <std[617be2ca0a6fd877]::thread::lifecycle::spawn_unchecked<test[aada8e7e76ba119b]::run_test::{closure#1}, ()>::{closure#1} as core[a373ad73a504971]::ops::function::FnOnce<()>>::call_once::{shim:vtable#0}
[INFO] [stdout]   17:     0x604d59371604 - <std[617be2ca0a6fd877]::sys::thread::unix::Thread>::new::thread_start
[INFO] [stdout]   18:     0x70930049adfa - <unknown>
[INFO] [stdout]   19:     0x70930052e3d4 - clone
[INFO] [stdout]   20:                0x0 - <unknown>
[INFO] [stdout] 
[INFO] [stdout] ---- tests::test_fits_opening::_samples_hipsgen_npix140_fits_false_expects stdout ----
[INFO] [stdout] 
[INFO] [stdout] thread 'tests::test_fits_opening::_samples_hipsgen_npix140_fits_false_expects' (2275) panicked at src/lib.rs:238:49:
[INFO] [stdout] Can find fits file: Io(NotFound)
[INFO] [stdout] stack backtrace:
[INFO] [stdout]    0:     0x604d5934a087 - <<std[617be2ca0a6fd877]::sys::backtrace::BacktraceLock>::print::DisplayBacktrace as core[a373ad73a504971]::fmt::Display>::fmt
[INFO] [stdout]    1:     0x604d5905915a - core[a373ad73a504971]::fmt::write
[INFO] [stdout]    2:     0x604d5934963b - <alloc[2e1b2a31b91974c5]::vec::Vec<u8> as core[a373ad73a504971]::io::write::Write>::write_fmt
[INFO] [stdout]    3:     0x604d5934911f - std[617be2ca0a6fd877]::panicking::default_hook::{closure#0}
[INFO] [stdout]    4:     0x604d59348d4a - std[617be2ca0a6fd877]::panicking::default_hook
[INFO] [stdout]    5:     0x604d59348885 - std[617be2ca0a6fd877]::panicking::panic_with_hook
[INFO] [stdout]    6:     0x604d5936f901 - std[617be2ca0a6fd877]::panicking::panic_handler::{closure#0}
[INFO] [stdout]    7:     0x604d5936f8b9 - std[617be2ca0a6fd877]::sys::backtrace::__rust_end_short_backtrace::<std[617be2ca0a6fd877]::panicking::panic_handler::{closure#0}, !>
[INFO] [stdout]    8:     0x604d5936fdbc - __rustc[ea4f61d10b84890b]::rust_begin_unwind
[INFO] [stdout]    9:     0x604d59058feb - core[a373ad73a504971]::panicking::panic_fmt
[INFO] [stdout]   10:     0x604d5905d031 - core[a373ad73a504971]::result::unwrap_failed
[INFO] [stdout]   11:     0x604d590aba00 - fitsrs[b78745fb58cd6183]::tests::test_fits_opening
[INFO] [stdout]   12:     0x604d590b6f67 - <fitsrs[b78745fb58cd6183]::tests::test_fits_opening::_samples_hipsgen_npix140_fits_false_expects::{closure#0} as core[a373ad73a504971]::ops::function::FnOnce<()>>::call_once
[INFO] [stdout]   13:     0x604d5938a35b - test[aada8e7e76ba119b]::__rust_begin_short_backtrace::<core[a373ad73a504971]::result::Result<(), alloc[2e1b2a31b91974c5]::string::String>, fn() -> core[a373ad73a504971]::result::Result<(), alloc[2e1b2a31b91974c5]::string::String>>
[INFO] [stdout]   14:     0x604d593857bf - test[aada8e7e76ba119b]::run_test::{closure#0}
[INFO] [stdout]   15:     0x604d5938523c - std[617be2ca0a6fd877]::sys::backtrace::__rust_begin_short_backtrace::<test[aada8e7e76ba119b]::run_test::{closure#1}, ()>
[INFO] [stdout]   16:     0x604d593a37ec - <std[617be2ca0a6fd877]::thread::lifecycle::spawn_unchecked<test[aada8e7e76ba119b]::run_test::{closure#1}, ()>::{closure#1} as core[a373ad73a504971]::ops::function::FnOnce<()>>::call_once::{shim:vtable#0}
[INFO] [stdout]   17:     0x604d59371604 - <std[617be2ca0a6fd877]::sys::thread::unix::Thread>::new::thread_start
[INFO] [stdout]   18:     0x70930049adfa - <unknown>
[INFO] [stdout]   19:     0x70930052e3d4 - clone
[INFO] [stdout]   20:                0x0 - <unknown>
[INFO] [stdout] 
[INFO] [stdout] ---- tests::test_fits_opening::_samples_hips2fits_allsky_panstarrs_fits_false_expects stdout ----
[INFO] [stdout] 
[INFO] [stdout] thread 'tests::test_fits_opening::_samples_hips2fits_allsky_panstarrs_fits_false_expects' (2270) panicked at src/lib.rs:238:49:
[INFO] [stdout] Can find fits file: Io(NotFound)
[INFO] [stdout] stack backtrace:
[INFO] [stdout]    0:     0x604d5934a087 - <<std[617be2ca0a6fd877]::sys::backtrace::BacktraceLock>::print::DisplayBacktrace as core[a373ad73a504971]::fmt::Display>::fmt
[INFO] [stdout]    1:     0x604d5905915a - core[a373ad73a504971]::fmt::write
[INFO] [stdout]    2:     0x604d5934963b - <alloc[2e1b2a31b91974c5]::vec::Vec<u8> as core[a373ad73a504971]::io::write::Write>::write_fmt
[INFO] [stdout]    3:     0x604d5934911f - std[617be2ca0a6fd877]::panicking::default_hook::{closure#0}
[INFO] [stdout]    4:     0x604d59348d4a - std[617be2ca0a6fd877]::panicking::default_hook
[INFO] [stdout]    5:     0x604d59348885 - std[617be2ca0a6fd877]::panicking::panic_with_hook
[INFO] [stdout]    6:     0x604d5936f901 - std[617be2ca0a6fd877]::panicking::panic_handler::{closure#0}
[INFO] [stdout]    7:     0x604d5936f8b9 - std[617be2ca0a6fd877]::sys::backtrace::__rust_end_short_backtrace::<std[617be2ca0a6fd877]::panicking::panic_handler::{closure#0}, !>
[INFO] [stdout]    8:     0x604d5936fdbc - __rustc[ea4f61d10b84890b]::rust_begin_unwind
[INFO] [stdout]    9:     0x604d59058feb - core[a373ad73a504971]::panicking::panic_fmt
[INFO] [stdout]   10:     0x604d5905d031 - core[a373ad73a504971]::result::unwrap_failed
[INFO] [stdout]   11:     0x604d590aba00 - fitsrs[b78745fb58cd6183]::tests::test_fits_opening
[INFO] [stdout]   12:     0x604d590b7207 - <fitsrs[b78745fb58cd6183]::tests::test_fits_opening::_samples_hips2fits_allsky_panstarrs_fits_false_expects::{closure#0} as core[a373ad73a504971]::ops::function::FnOnce<()>>::call_once
[INFO] [stdout]   13:     0x604d5938a35b - test[aada8e7e76ba119b]::__rust_begin_short_backtrace::<core[a373ad73a504971]::result::Result<(), alloc[2e1b2a31b91974c5]::string::String>, fn() -> core[a373ad73a504971]::result::Result<(), alloc[2e1b2a31b91974c5]::string::String>>
[INFO] [stdout]   14:     0x604d593857bf - test[aada8e7e76ba119b]::run_test::{closure#0}
[INFO] [stdout]   15:     0x604d5938523c - std[617be2ca0a6fd877]::sys::backtrace::__rust_begin_short_backtrace::<test[aada8e7e76ba119b]::run_test::{closure#1}, ()>
[INFO] [stdout]   16:     0x604d593a37ec - <std[617be2ca0a6fd877]::thread::lifecycle::spawn_unchecked<test[aada8e7e76ba119b]::run_test::{closure#1}, ()>::{closure#1} as core[a373ad73a504971]::ops::function::FnOnce<()>>::call_once::{shim:vtable#0}
[INFO] [stdout]   17:     0x604d59371604 - <std[617be2ca0a6fd877]::sys::thread::unix::Thread>::new::thread_start
[INFO] [stdout]   18:     0x70930049adfa - <unknown>
[INFO] [stdout]   19:     0x70930052e3d4 - clone
[INFO] [stdout]   20:                0x0 - <unknown>
[INFO] [stdout] 
[INFO] [stdout] ---- tests::test_fits_opening::_samples_hipsgen_npix208_fits_false_expects stdout ----
[INFO] [stdout] 
[INFO] [stdout] thread 'tests::test_fits_opening::_samples_hipsgen_npix208_fits_false_expects' (2276) panicked at src/lib.rs:238:49:
[INFO] [stdout] Can find fits file: Io(NotFound)
[INFO] [stdout] stack backtrace:
[INFO] [stdout]    0:     0x604d5934a087 - <<std[617be2ca0a6fd877]::sys::backtrace::BacktraceLock>::print::DisplayBacktrace as core[a373ad73a504971]::fmt::Display>::fmt
[INFO] [stdout]    1:     0x604d5905915a - core[a373ad73a504971]::fmt::write
[INFO] [stdout]    2:     0x604d5934963b - <alloc[2e1b2a31b91974c5]::vec::Vec<u8> as core[a373ad73a504971]::io::write::Write>::write_fmt
[INFO] [stdout]    3:     0x604d5934911f - std[617be2ca0a6fd877]::panicking::default_hook::{closure#0}
[INFO] [stdout]    4:     0x604d59348d4a - std[617be2ca0a6fd877]::panicking::default_hook
[INFO] [stdout]    5:     0x604d59348885 - std[617be2ca0a6fd877]::panicking::panic_with_hook
[INFO] [stdout]    6:     0x604d5936f901 - std[617be2ca0a6fd877]::panicking::panic_handler::{closure#0}
[INFO] [stdout]    7:     0x604d5936f8b9 - std[617be2ca0a6fd877]::sys::backtrace::__rust_end_short_backtrace::<std[617be2ca0a6fd877]::panicking::panic_handler::{closure#0}, !>
[INFO] [stdout]    8:     0x604d5936fdbc - __rustc[ea4f61d10b84890b]::rust_begin_unwind
[INFO] [stdout]    9:     0x604d59058feb - core[a373ad73a504971]::panicking::panic_fmt
[INFO] [stdout]   10:     0x604d5905d031 - core[a373ad73a504971]::result::unwrap_failed
[INFO] [stdout]   11:     0x604d590aba00 - fitsrs[b78745fb58cd6183]::tests::test_fits_opening
[INFO] [stdout]   12:     0x604d590b6f97 - <fitsrs[b78745fb58cd6183]::tests::test_fits_opening::_samples_hipsgen_npix208_fits_false_expects::{closure#0} as core[a373ad73a504971]::ops::function::FnOnce<()>>::call_once
[INFO] [stdout]   13:     0x604d5938a35b - test[aada8e7e76ba119b]::__rust_begin_short_backtrace::<core[a373ad73a504971]::result::Result<(), alloc[2e1b2a31b91974c5]::string::String>, fn() -> core[a373ad73a504971]::result::Result<(), alloc[2e1b2a31b91974c5]::string::String>>
[INFO] [stdout]   14:     0x604d593857bf - test[aada8e7e76ba119b]::run_test::{closure#0}
[INFO] [stdout]   15:     0x604d5938523c - std[617be2ca0a6fd877]::sys::backtrace::__rust_begin_short_backtrace::<test[aada8e7e76ba119b]::run_test::{closure#1}, ()>
[INFO] [stdout]   16:     0x604d593a37ec - <std[617be2ca0a6fd877]::thread::lifecycle::spawn_unchecked<test[aada8e7e76ba119b]::run_test::{closure#1}, ()>::{closure#1} as core[a373ad73a504971]::ops::function::FnOnce<()>>::call_once::{shim:vtable#0}
[INFO] [stdout]   17:     0x604d59371604 - <std[617be2ca0a6fd877]::sys::thread::unix::Thread>::new::thread_start
[INFO] [stdout]   18:     0x70930049adfa - <unknown>
[INFO] [stdout]   19:     0x70930052e3d4 - clone
[INFO] [stdout]   20:                0x0 - <unknown>
[INFO] [stdout] 
[INFO] [stdout] ---- tests::test_fits_opening::_samples_hipsgen_npix691539_fits_false_expects stdout ----
[INFO] [stdout] 
[INFO] [stdout] thread 'tests::test_fits_opening::_samples_hipsgen_npix691539_fits_false_expects' (2279) panicked at src/lib.rs:238:49:
[INFO] [stdout] Can find fits file: Io(NotFound)
[INFO] [stdout] stack backtrace:
[INFO] [stdout]    0:     0x604d5934a087 - <<std[617be2ca0a6fd877]::sys::backtrace::BacktraceLock>::print::DisplayBacktrace as core[a373ad73a504971]::fmt::Display>::fmt
[INFO] [stdout]    1:     0x604d5905915a - core[a373ad73a504971]::fmt::write
[INFO] [stdout]    2:     0x604d5934963b - <alloc[2e1b2a31b91974c5]::vec::Vec<u8> as core[a373ad73a504971]::io::write::Write>::write_fmt
[INFO] [stdout]    3:     0x604d5934911f - std[617be2ca0a6fd877]::panicking::default_hook::{closure#0}
[INFO] [stdout]    4:     0x604d59348d4a - std[617be2ca0a6fd877]::panicking::default_hook
[INFO] [stdout]    5:     0x604d59348885 - std[617be2ca0a6fd877]::panicking::panic_with_hook
[INFO] [stdout]    6:     0x604d5936f901 - std[617be2ca0a6fd877]::panicking::panic_handler::{closure#0}
[INFO] [stdout]    7:     0x604d5936f8b9 - std[617be2ca0a6fd877]::sys::backtrace::__rust_end_short_backtrace::<std[617be2ca0a6fd877]::panicking::panic_handler::{closure#0}, !>
[INFO] [stdout]    8:     0x604d5936fdbc - __rustc[ea4f61d10b84890b]::rust_begin_unwind
[INFO] [stdout]    9:     0x604d59058feb - core[a373ad73a504971]::panicking::panic_fmt
[INFO] [stdout]   10:     0x604d5905d031 - core[a373ad73a504971]::result::unwrap_failed
[INFO] [stdout]   11:     0x604d590aba00 - fitsrs[b78745fb58cd6183]::tests::test_fits_opening
[INFO] [stdout]   12:     0x604d590b7087 - <fitsrs[b78745fb58cd6183]::tests::test_fits_opening::_samples_hipsgen_npix691539_fits_false_expects::{closure#0} as core[a373ad73a504971]::ops::function::FnOnce<()>>::call_once
[INFO] [stdout]   13:     0x604d5938a35b - test[aada8e7e76ba119b]::__rust_begin_short_backtrace::<core[a373ad73a504971]::result::Result<(), alloc[2e1b2a31b91974c5]::string::String>, fn() -> core[a373ad73a504971]::result::Result<(), alloc[2e1b2a31b91974c5]::string::String>>
[INFO] [stdout]   14:     0x604d593857bf - test[aada8e7e76ba119b]::run_test::{closure#0}
[INFO] [stdout]   15:     0x604d5938523c - std[617be2ca0a6fd877]::sys::backtrace::__rust_begin_short_backtrace::<test[aada8e7e76ba119b]::run_test::{closure#1}, ()>
[INFO] [stdout]   16:     0x604d593a37ec - <std[617be2ca0a6fd877]::thread::lifecycle::spawn_unchecked<test[aada8e7e76ba119b]::run_test::{closure#1}, ()>::{closure#1} as core[a373ad73a504971]::ops::function::FnOnce<()>>::call_once::{shim:vtable#0}
[INFO] [stdout]   17:     0x604d59371604 - <std[617be2ca0a6fd877]::sys::thread::unix::Thread>::new::thread_start
[INFO] [stdout]   18:     0x70930049adfa - <unknown>
[INFO] [stdout]   19:     0x70930052e3d4 - clone
[INFO] [stdout]   20:                0x0 - <unknown>
[INFO] [stdout] 
[INFO] [stdout] ---- tests::test_fits_opening::_samples_hipsgen_npix282_fits_false_expects stdout ----
[INFO] [stdout] 
[INFO] [stdout] thread 'tests::test_fits_opening::_samples_hipsgen_npix282_fits_false_expects' (2277) panicked at src/lib.rs:238:49:
[INFO] [stdout] Can find fits file: Io(NotFound)
[INFO] [stdout] stack backtrace:
[INFO] [stdout]    0:     0x604d5934a087 - <<std[617be2ca0a6fd877]::sys::backtrace::BacktraceLock>::print::DisplayBacktrace as core[a373ad73a504971]::fmt::Display>::fmt
[INFO] [stdout]    1:     0x604d5905915a - core[a373ad73a504971]::fmt::write
[INFO] [stdout]    2:     0x604d5934963b - <alloc[2e1b2a31b91974c5]::vec::Vec<u8> as core[a373ad73a504971]::io::write::Write>::write_fmt
[INFO] [stdout]    3:     0x604d5934911f - std[617be2ca0a6fd877]::panicking::default_hook::{closure#0}
[INFO] [stdout]    4:     0x604d59348d4a - std[617be2ca0a6fd877]::panicking::default_hook
[INFO] [stdout]    5:     0x604d59348885 - std[617be2ca0a6fd877]::panicking::panic_with_hook
[INFO] [stdout]    6:     0x604d5936f901 - std[617be2ca0a6fd877]::panicking::panic_handler::{closure#0}
[INFO] [stdout]    7:     0x604d5936f8b9 - std[617be2ca0a6fd877]::sys::backtrace::__rust_end_short_backtrace::<std[617be2ca0a6fd877]::panicking::panic_handler::{closure#0}, !>
[INFO] [stdout]    8:     0x604d5936fdbc - __rustc[ea4f61d10b84890b]::rust_begin_unwind
[INFO] [stdout]    9:     0x604d59058feb - core[a373ad73a504971]::panicking::panic_fmt
[INFO] [stdout]   10:     0x604d5905d031 - core[a373ad73a504971]::result::unwrap_failed
[INFO] [stdout]   11:     0x604d590aba00 - fitsrs[b78745fb58cd6183]::tests::test_fits_opening
[INFO] [stdout]   12:     0x604d590b6fc7 - <fitsrs[b78745fb58cd6183]::tests::test_fits_opening::_samples_hipsgen_npix282_fits_false_expects::{closure#0} as core[a373ad73a504971]::ops::function::FnOnce<()>>::call_once
[INFO] [stdout]   13:     0x604d5938a35b - test[aada8e7e76ba119b]::__rust_begin_short_backtrace::<core[a373ad73a504971]::result::Result<(), alloc[2e1b2a31b91974c5]::string::String>, fn() -> core[a373ad73a504971]::result::Result<(), alloc[2e1b2a31b91974c5]::string::String>>
[INFO] [stdout]   14:     0x604d593857bf - test[aada8e7e76ba119b]::run_test::{closure#0}
[INFO] [stdout]   15:     0x604d5938523c - std[617be2ca0a6fd877]::sys::backtrace::__rust_begin_short_backtrace::<test[aada8e7e76ba119b]::run_test::{closure#1}, ()>
[INFO] [stdout]   16:     0x604d593a37ec - <std[617be2ca0a6fd877]::thread::lifecycle::spawn_unchecked<test[aada8e7e76ba119b]::run_test::{closure#1}, ()>::{closure#1} as core[a373ad73a504971]::ops::function::FnOnce<()>>::call_once::{shim:vtable#0}
[INFO] [stdout]   17:     0x604d59371604 - <std[617be2ca0a6fd877]::sys::thread::unix::Thread>::new::thread_start
[INFO] [stdout]   18:     0x70930049adfa - <unknown>
[INFO] [stdout]   19:     0x70930052e3d4 - clone
[INFO] [stdout]   20:                0x0 - <unknown>
[INFO] [stdout] 
[INFO] [stdout] ---- tests::test_fits_opening::_samples_hipsgen_npix8_fits_false_expects stdout ----
[INFO] [stdout] 
[INFO] [stdout] thread 'tests::test_fits_opening::_samples_hipsgen_npix8_fits_false_expects' (2280) panicked at src/lib.rs:238:49:
[INFO] [stdout] Can find fits file: Io(NotFound)
[INFO] [stdout] stack backtrace:
[INFO] [stdout]    0:     0x604d5934a087 - <<std[617be2ca0a6fd877]::sys::backtrace::BacktraceLock>::print::DisplayBacktrace as core[a373ad73a504971]::fmt::Display>::fmt
[INFO] [stdout]    1:     0x604d5905915a - core[a373ad73a504971]::fmt::write
[INFO] [stdout]    2:     0x604d5934963b - <alloc[2e1b2a31b91974c5]::vec::Vec<u8> as core[a373ad73a504971]::io::write::Write>::write_fmt
[INFO] [stdout]    3:     0x604d5934911f - std[617be2ca0a6fd877]::panicking::default_hook::{closure#0}
[INFO] [stdout]    4:     0x604d59348d4a - std[617be2ca0a6fd877]::panicking::default_hook
[INFO] [stdout]    5:     0x604d59348885 - std[617be2ca0a6fd877]::panicking::panic_with_hook
[INFO] [stdout]    6:     0x604d5936f901 - std[617be2ca0a6fd877]::panicking::panic_handler::{closure#0}
[INFO] [stdout]    7:     0x604d5936f8b9 - std[617be2ca0a6fd877]::sys::backtrace::__rust_end_short_backtrace::<std[617be2ca0a6fd877]::panicking::panic_handler::{closure#0}, !>
[INFO] [stdout]    8:     0x604d5936fdbc - __rustc[ea4f61d10b84890b]::rust_begin_unwind
[INFO] [stdout]    9:     0x604d59058feb - core[a373ad73a504971]::panicking::panic_fmt
[INFO] [stdout]   10:     0x604d5905d031 - core[a373ad73a504971]::result::unwrap_failed
[INFO] [stdout]   11:     0x604d590aba00 - fitsrs[b78745fb58cd6183]::tests::test_fits_opening
[INFO] [stdout]   12:     0x604d590b6e77 - <fitsrs[b78745fb58cd6183]::tests::test_fits_opening::_samples_hipsgen_npix8_fits_false_expects::{closure#0} as core[a373ad73a504971]::ops::function::FnOnce<()>>::call_once
[INFO] [stdout]   13:     0x604d5938a35b - test[aada8e7e76ba119b]::__rust_begin_short_backtrace::<core[a373ad73a504971]::result::Result<(), alloc[2e1b2a31b91974c5]::string::String>, fn() -> core[a373ad73a504971]::result::Result<(), alloc[2e1b2a31b91974c5]::string::String>>
[INFO] [stdout]   14:     0x604d593857bf - test[aada8e7e76ba119b]::run_test::{closure#0}
[INFO] [stdout]   15:     0x604d5938523c - std[617be2ca0a6fd877]::sys::backtrace::__rust_begin_short_backtrace::<test[aada8e7e76ba119b]::run_test::{closure#1}, ()>
[INFO] [stdout]   16:     0x604d593a37ec - <std[617be2ca0a6fd877]::thread::lifecycle::spawn_unchecked<test[aada8e7e76ba119b]::run_test::{closure#1}, ()>::{closure#1} as core[a373ad73a504971]::ops::function::FnOnce<()>>::call_once::{shim:vtable#0}
[INFO] [stdout]   17:     0x604d59371604 - <std[617be2ca0a6fd877]::sys::thread::unix::Thread>::new::thread_start
[INFO] [stdout]   18:     0x70930049adfa - <unknown>
[INFO] [stdout]   19:     0x70930052e3d4 - clone
[INFO] [stdout]   20:                0x0 - <unknown>
[INFO] [stdout] 
[INFO] [stdout] ---- tests::test_fits_opening::_samples_hipsgen_npix4906_fits_false_expects stdout ----
[INFO] [stdout] 
[INFO] [stdout] thread 'tests::test_fits_opening::_samples_hipsgen_npix4906_fits_false_expects' (2278) panicked at src/lib.rs:238:49:
[INFO] [stdout] Can find fits file: Io(NotFound)
[INFO] [stdout] stack backtrace:
[INFO] [stdout]    0:     0x604d5934a087 - <<std[617be2ca0a6fd877]::sys::backtrace::BacktraceLock>::print::DisplayBacktrace as core[a373ad73a504971]::fmt::Display>::fmt
[INFO] [stdout]    1:     0x604d5905915a - core[a373ad73a504971]::fmt::write
[INFO] [stdout]    2:     0x604d5934963b - <alloc[2e1b2a31b91974c5]::vec::Vec<u8> as core[a373ad73a504971]::io::write::Write>::write_fmt
[INFO] [stdout]    3:     0x604d5934911f - std[617be2ca0a6fd877]::panicking::default_hook::{closure#0}
[INFO] [stdout]    4:     0x604d59348d4a - std[617be2ca0a6fd877]::panicking::default_hook
[INFO] [stdout]    5:     0x604d59348885 - std[617be2ca0a6fd877]::panicking::panic_with_hook
[INFO] [stdout]    6:     0x604d5936f901 - std[617be2ca0a6fd877]::panicking::panic_handler::{closure#0}
[INFO] [stdout]    7:     0x604d5936f8b9 - std[617be2ca0a6fd877]::sys::backtrace::__rust_end_short_backtrace::<std[617be2ca0a6fd877]::panicking::panic_handler::{closure#0}, !>
[INFO] [stdout]    8:     0x604d5936fdbc - __rustc[ea4f61d10b84890b]::rust_begin_unwind
[INFO] [stdout]    9:     0x604d59058feb - core[a373ad73a504971]::panicking::panic_fmt
[INFO] [stdout]   10:     0x604d5905d031 - core[a373ad73a504971]::result::unwrap_failed
[INFO] [stdout]   11:     0x604d590aba00 - fitsrs[b78745fb58cd6183]::tests::test_fits_opening
[INFO] [stdout]   12:     0x604d590b7027 - <fitsrs[b78745fb58cd6183]::tests::test_fits_opening::_samples_hipsgen_npix4906_fits_false_expects::{closure#0} as core[a373ad73a504971]::ops::function::FnOnce<()>>::call_once
[INFO] [stdout]   13:     0x604d5938a35b - test[aada8e7e76ba119b]::__rust_begin_short_backtrace::<core[a373ad73a504971]::result::Result<(), alloc[2e1b2a31b91974c5]::string::String>, fn() -> core[a373ad73a504971]::result::Result<(), alloc[2e1b2a31b91974c5]::string::String>>
[INFO] [stdout]   14:     0x604d593857bf - test[aada8e7e76ba119b]::run_test::{closure#0}
[INFO] [stdout]   15:     0x604d5938523c - std[617be2ca0a6fd877]::sys::backtrace::__rust_begin_short_backtrace::<test[aada8e7e76ba119b]::run_test::{closure#1}, ()>
[INFO] [stdout]   16:     0x604d593a37ec - <std[617be2ca0a6fd877]::thread::lifecycle::spawn_unchecked<test[aada8e7e76ba119b]::run_test::{closure#1}, ()>::{closure#1} as core[a373ad73a504971]::ops::function::FnOnce<()>>::call_once::{shim:vtable#0}
[INFO] [stdout]   17:     0x604d59371604 - <std[617be2ca0a6fd877]::sys::thread::unix::Thread>::new::thread_start
[INFO] [stdout]   18:     0x70930049adfa - <unknown>
[INFO] [stdout]   19:     0x70930052e3d4 - clone
[INFO] [stdout]   20:                0x0 - <unknown>
[INFO] [stdout] 
[INFO] [stdout] ---- tests::test_fits_opening::_samples_fits_gsfc_nasa_gov_hst_hrs_fits_false_expects stdout ----
[INFO] [stdout] 
[INFO] [stdout] thread 'tests::test_fits_opening::_samples_fits_gsfc_nasa_gov_hst_hrs_fits_false_expects' (2265) panicked at src/lib.rs:238:49:
[INFO] [stdout] Can find fits file: Io(NotFound)
[INFO] [stdout] stack backtrace:
[INFO] [stdout]    0:     0x604d5934a087 - <<std[617be2ca0a6fd877]::sys::backtrace::BacktraceLock>::print::DisplayBacktrace as core[a373ad73a504971]::fmt::Display>::fmt
[INFO] [stdout]    1:     0x604d5905915a - core[a373ad73a504971]::fmt::write
[INFO] [stdout]    2:     0x604d5934963b - <alloc[2e1b2a31b91974c5]::vec::Vec<u8> as core[a373ad73a504971]::io::write::Write>::write_fmt
[INFO] [stdout]    3:     0x604d5934911f - std[617be2ca0a6fd877]::panicking::default_hook::{closure#0}
[INFO] [stdout]    4:     0x604d59348d4a - std[617be2ca0a6fd877]::panicking::default_hook
[INFO] [stdout]    5:     0x604d59348885 - std[617be2ca0a6fd877]::panicking::panic_with_hook
[INFO] [stdout]    6:     0x604d5936f901 - std[617be2ca0a6fd877]::panicking::panic_handler::{closure#0}
[INFO] [stdout]    7:     0x604d5936f8b9 - std[617be2ca0a6fd877]::sys::backtrace::__rust_end_short_backtrace::<std[617be2ca0a6fd877]::panicking::panic_handler::{closure#0}, !>
[INFO] [stdout]    8:     0x604d5936fdbc - __rustc[ea4f61d10b84890b]::rust_begin_unwind
[INFO] [stdout]    9:     0x604d59058feb - core[a373ad73a504971]::panicking::panic_fmt
[INFO] [stdout]   10:     0x604d5905d031 - core[a373ad73a504971]::result::unwrap_failed
[INFO] [stdout]   11:     0x604d590aba00 - fitsrs[b78745fb58cd6183]::tests::test_fits_opening
[INFO] [stdout]   12:     0x604d590b71a7 - <fitsrs[b78745fb58cd6183]::tests::test_fits_opening::_samples_fits_gsfc_nasa_gov_hst_hrs_fits_false_expects::{closure#0} as core[a373ad73a504971]::ops::function::FnOnce<()>>::call_once
[INFO] [stdout]   13:     0x604d5938a35b - test[aada8e7e76ba119b]::__rust_begin_short_backtrace::<core[a373ad73a504971]::result::Result<(), alloc[2e1b2a31b91974c5]::string::String>, fn() -> core[a373ad73a504971]::result::Result<(), alloc[2e1b2a31b91974c5]::string::String>>
[INFO] [stdout]   14:     0x604d593857bf - test[aada8e7e76ba119b]::run_test::{closure#0}
[INFO] [stdout]   15:     0x604d5938523c - std[617be2ca0a6fd877]::sys::backtrace::__rust_begin_short_backtrace::<test[aada8e7e76ba119b]::run_test::{closure#1}, ()>
[INFO] [stdout]   16:     0x604d593a37ec - <std[617be2ca0a6fd877]::thread::lifecycle::spawn_unchecked<test[aada8e7e76ba119b]::run_test::{closure#1}, ()>::{closure#1} as core[a373ad73a504971]::ops::function::FnOnce<()>>::call_once::{shim:vtable#0}
[INFO] [stdout]   17:     0x604d59371604 - <std[617be2ca0a6fd877]::sys::thread::unix::Thread>::new::thread_start
[INFO] [stdout]   18:     0x70930049adfa - <unknown>
[INFO] [stdout]   19:     0x70930052e3d4 - clone
[INFO] [stdout]   20:                0x0 - <unknown>
[INFO] [stdout] 
[INFO] [stdout] ---- tests::test_fits_opening::_samples_fits_gsfc_nasa_gov_hst_nicmos_fits_false_expects stdout ----
[INFO] [stdout] 
[INFO] [stdout] thread 'tests::test_fits_opening::_samples_fits_gsfc_nasa_gov_hst_nicmos_fits_false_expects' (2266) panicked at src/lib.rs:238:49:
[INFO] [stdout] Can find fits file: Io(NotFound)
[INFO] [stdout] stack backtrace:
[INFO] [stdout]    0:     0x604d5934a087 - <<std[617be2ca0a6fd877]::sys::backtrace::BacktraceLock>::print::DisplayBacktrace as core[a373ad73a504971]::fmt::Display>::fmt
[INFO] [stdout]    1:     0x604d5905915a - core[a373ad73a504971]::fmt::write
[INFO] [stdout]    2:     0x604d5934963b - <alloc[2e1b2a31b91974c5]::vec::Vec<u8> as core[a373ad73a504971]::io::write::Write>::write_fmt
[INFO] [stdout]    3:     0x604d5934911f - std[617be2ca0a6fd877]::panicking::default_hook::{closure#0}
[INFO] [stdout]    4:     0x604d59348d4a - std[617be2ca0a6fd877]::panicking::default_hook
[INFO] [stdout]    5:     0x604d59348885 - std[617be2ca0a6fd877]::panicking::panic_with_hook
[INFO] [stdout]    6:     0x604d5936f901 - std[617be2ca0a6fd877]::panicking::panic_handler::{closure#0}
[INFO] [stdout]    7:     0x604d5936f8b9 - std[617be2ca0a6fd877]::sys::backtrace::__rust_end_short_backtrace::<std[617be2ca0a6fd877]::panicking::panic_handler::{closure#0}, !>
[INFO] [stdout]    8:     0x604d5936fdbc - __rustc[ea4f61d10b84890b]::rust_begin_unwind
[INFO] [stdout]    9:     0x604d59058feb - core[a373ad73a504971]::panicking::panic_fmt
[INFO] [stdout]   10:     0x604d5905d031 - core[a373ad73a504971]::result::unwrap_failed
[INFO] [stdout]   11:     0x604d590aba00 - fitsrs[b78745fb58cd6183]::tests::test_fits_opening
[INFO] [stdout]   12:     0x604d590b7297 - <fitsrs[b78745fb58cd6183]::tests::test_fits_opening::_samples_fits_gsfc_nasa_gov_hst_nicmos_fits_false_expects::{closure#0} as core[a373ad73a504971]::ops::function::FnOnce<()>>::call_once
[INFO] [stdout]   13:     0x604d5938a35b - test[aada8e7e76ba119b]::__rust_begin_short_backtrace::<core[a373ad73a504971]::result::Result<(), alloc[2e1b2a31b91974c5]::string::String>, fn() -> core[a373ad73a504971]::result::Result<(), alloc[2e1b2a31b91974c5]::string::String>>
[INFO] [stdout]   14:     0x604d593857bf - test[aada8e7e76ba119b]::run_test::{closure#0}
[INFO] [stdout]   15:     0x604d5938523c - std[617be2ca0a6fd877]::sys::backtrace::__rust_begin_short_backtrace::<test[aada8e7e76ba119b]::run_test::{closure#1}, ()>
[INFO] [stdout]   16:     0x604d593a37ec - <std[617be2ca0a6fd877]::thread::lifecycle::spawn_unchecked<test[aada8e7e76ba119b]::run_test::{closure#1}, ()>::{closure#1} as core[a373ad73a504971]::ops::function::FnOnce<()>>::call_once::{shim:vtable#0}
[INFO] [stdout]   17:     0x604d59371604 - <std[617be2ca0a6fd877]::sys::thread::unix::Thread>::new::thread_start
[INFO] [stdout]   18:     0x70930049adfa - <unknown>
[INFO] [stdout]   19:     0x70930052e3d4 - clone
[INFO] [stdout]   20:                0x0 - <unknown>
[INFO] [stdout] 
[INFO] [stdout] ---- tests::test_fits_opening::_samples_hips2fits_cutout_cds_p_hst_phat_f475w_fits_false_expects stdout ----
[INFO] [stdout] 
[INFO] [stdout] thread 'tests::test_fits_opening::_samples_hips2fits_cutout_cds_p_hst_phat_f475w_fits_false_expects' (2271) panicked at src/lib.rs:238:49:
[INFO] [stdout] Can find fits file: Io(NotFound)
[INFO] [stdout] stack backtrace:
[INFO] [stdout]    0:     0x604d5934a087 - <<std[617be2ca0a6fd877]::sys::backtrace::BacktraceLock>::print::DisplayBacktrace as core[a373ad73a504971]::fmt::Display>::fmt
[INFO] [stdout]    1:     0x604d5905915a - core[a373ad73a504971]::fmt::write
[INFO] [stdout]    2:     0x604d5934963b - <alloc[2e1b2a31b91974c5]::vec::Vec<u8> as core[a373ad73a504971]::io::write::Write>::write_fmt
[INFO] [stdout]    3:     0x604d5934911f - std[617be2ca0a6fd877]::panicking::default_hook::{closure#0}
[INFO] [stdout]    4:     0x604d59348d4a - std[617be2ca0a6fd877]::panicking::default_hook
[INFO] [stdout]    5:     0x604d59348885 - std[617be2ca0a6fd877]::panicking::panic_with_hook
[INFO] [stdout]    6:     0x604d5936f901 - std[617be2ca0a6fd877]::panicking::panic_handler::{closure#0}
[INFO] [stdout]    7:     0x604d5936f8b9 - std[617be2ca0a6fd877]::sys::backtrace::__rust_end_short_backtrace::<std[617be2ca0a6fd877]::panicking::panic_handler::{closure#0}, !>
[INFO] [stdout]    8:     0x604d5936fdbc - __rustc[ea4f61d10b84890b]::rust_begin_unwind
[INFO] [stdout]    9:     0x604d59058feb - core[a373ad73a504971]::panicking::panic_fmt
[INFO] [stdout]   10:     0x604d5905d031 - core[a373ad73a504971]::result::unwrap_failed
[INFO] [stdout]   11:     0x604d590aba00 - fitsrs[b78745fb58cd6183]::tests::test_fits_opening
[INFO] [stdout]   12:     0x604d590b7327 - <fitsrs[b78745fb58cd6183]::tests::test_fits_opening::_samples_hips2fits_cutout_cds_p_hst_phat_f475w_fits_false_expects::{closure#0} as core[a373ad73a504971]::ops::function::FnOnce<()>>::call_once
[INFO] [stdout]   13:     0x604d5938a35b - test[aada8e7e76ba119b]::__rust_begin_short_backtrace::<core[a373ad73a504971]::result::Result<(), alloc[2e1b2a31b91974c5]::string::String>, fn() -> core[a373ad73a504971]::result::Result<(), alloc[2e1b2a31b91974c5]::string::String>>
[INFO] [stdout]   14:     0x604d593857bf - test[aada8e7e76ba119b]::run_test::{closure#0}
[INFO] [stdout]   15:     0x604d5938523c - std[617be2ca0a6fd877]::sys::backtrace::__rust_begin_short_backtrace::<test[aada8e7e76ba119b]::run_test::{closure#1}, ()>
[INFO] [stdout]   16:     0x604d593a37ec - <std[617be2ca0a6fd877]::thread::lifecycle::spawn_unchecked<test[aada8e7e76ba119b]::run_test::{closure#1}, ()>::{closure#1} as core[a373ad73a504971]::ops::function::FnOnce<()>>::call_once::{shim:vtable#0}
[INFO] [stdout]   17:     0x604d59371604 - <std[617be2ca0a6fd877]::sys::thread::unix::Thread>::new::thread_start
[INFO] [stdout]   18:     0x70930049adfa - <unknown>
[INFO] [stdout]   19:     0x70930052e3d4 - clone
[INFO] [stdout]   20:                0x0 - <unknown>
[INFO] [stdout] 
[INFO] [stdout] ---- tests::test_fits_opening::_samples_misc_skv1678175163788_fits_false_expects stdout ----
[INFO] [stdout] 
[INFO] [stdout] thread 'tests::test_fits_opening::_samples_misc_skv1678175163788_fits_false_expects' (2285) panicked at src/lib.rs:238:49:
[INFO] [stdout] Can find fits file: Io(NotFound)
[INFO] [stdout] stack backtrace:
[INFO] [stdout]    0:     0x604d5934a087 - <<std[617be2ca0a6fd877]::sys::backtrace::BacktraceLock>::print::DisplayBacktrace as core[a373ad73a504971]::fmt::Display>::fmt
[INFO] [stdout]    1:     0x604d5905915a - core[a373ad73a504971]::fmt::write
[INFO] [stdout]    2:     0x604d5934963b - <alloc[2e1b2a31b91974c5]::vec::Vec<u8> as core[a373ad73a504971]::io::write::Write>::write_fmt
[INFO] [stdout]    3:     0x604d5934911f - std[617be2ca0a6fd877]::panicking::default_hook::{closure#0}
[INFO] [stdout]    4:     0x604d59348d4a - std[617be2ca0a6fd877]::panicking::default_hook
[INFO] [stdout]    5:     0x604d59348885 - std[617be2ca0a6fd877]::panicking::panic_with_hook
[INFO] [stdout]    6:     0x604d5936f901 - std[617be2ca0a6fd877]::panicking::panic_handler::{closure#0}
[INFO] [stdout]    7:     0x604d5936f8b9 - std[617be2ca0a6fd877]::sys::backtrace::__rust_end_short_backtrace::<std[617be2ca0a6fd877]::panicking::panic_handler::{closure#0}, !>
[INFO] [stdout]    8:     0x604d5936fdbc - __rustc[ea4f61d10b84890b]::rust_begin_unwind
[INFO] [stdout]    9:     0x604d59058feb - core[a373ad73a504971]::panicking::panic_fmt
[INFO] [stdout]   10:     0x604d5905d031 - core[a373ad73a504971]::result::unwrap_failed
[INFO] [stdout]   11:     0x604d590aba00 - fitsrs[b78745fb58cd6183]::tests::test_fits_opening
[INFO] [stdout]   12:     0x604d590b70b7 - <fitsrs[b78745fb58cd6183]::tests::test_fits_opening::_samples_misc_skv1678175163788_fits_false_expects::{closure#0} as core[a373ad73a504971]::ops::function::FnOnce<()>>::call_once
[INFO] [stdout]   13:     0x604d5938a35b - test[aada8e7e76ba119b]::__rust_begin_short_backtrace::<core[a373ad73a504971]::result::Result<(), alloc[2e1b2a31b91974c5]::string::String>, fn() -> core[a373ad73a504971]::result::Result<(), alloc[2e1b2a31b91974c5]::string::String>>
[INFO] [stdout]   14:     0x604d593857bf - test[aada8e7e76ba119b]::run_test::{closure#0}
[INFO] [stdout]   15:     0x604d5938523c - std[617be2ca0a6fd877]::sys::backtrace::__rust_begin_short_backtrace::<test[aada8e7e76ba119b]::run_test::{closure#1}, ()>
[INFO] [stdout]   16:     0x604d593a37ec - <std[617be2ca0a6fd877]::thread::lifecycle::spawn_unchecked<test[aada8e7e76ba119b]::run_test::{closure#1}, ()>::{closure#1} as core[a373ad73a504971]::ops::function::FnOnce<()>>::call_once::{shim:vtable#0}
[INFO] [stdout]   17:     0x604d59371604 - <std[617be2ca0a6fd877]::sys::thread::unix::Thread>::new::thread_start
[INFO] [stdout]   18:     0x70930049adfa - <unknown>
[INFO] [stdout]   19:     0x70930052e3d4 - clone
[INFO] [stdout]   20:                0x0 - <unknown>
[INFO] [stdout] 
[INFO] [stdout] ---- tests::test_fits_opening::_samples_vizier_nvssj235137_362632r_fits_false_expects stdout ----
[INFO] [stdout] 
[INFO] [stdout] thread 'tests::test_fits_opening::_samples_vizier_nvssj235137_362632r_fits_false_expects' (2287) panicked at src/lib.rs:238:49:
[INFO] [stdout] Can find fits file: Io(NotFound)
[INFO] [stdout] stack backtrace:
[INFO] [stdout]    0:     0x604d5934a087 - <<std[617be2ca0a6fd877]::sys::backtrace::BacktraceLock>::print::DisplayBacktrace as core[a373ad73a504971]::fmt::Display>::fmt
[INFO] [stdout]    1:     0x604d5905915a - core[a373ad73a504971]::fmt::write
[INFO] [stdout]    2:     0x604d5934963b - <alloc[2e1b2a31b91974c5]::vec::Vec<u8> as core[a373ad73a504971]::io::write::Write>::write_fmt
[INFO] [stdout]    3:     0x604d5934911f - std[617be2ca0a6fd877]::panicking::default_hook::{closure#0}
[INFO] [stdout]    4:     0x604d59348d4a - std[617be2ca0a6fd877]::panicking::default_hook
[INFO] [stdout]    5:     0x604d59348885 - std[617be2ca0a6fd877]::panicking::panic_with_hook
[INFO] [stdout]    6:     0x604d5936f901 - std[617be2ca0a6fd877]::panicking::panic_handler::{closure#0}
[INFO] [stdout]    7:     0x604d5936f8b9 - std[617be2ca0a6fd877]::sys::backtrace::__rust_end_short_backtrace::<std[617be2ca0a6fd877]::panicking::panic_handler::{closure#0}, !>
[INFO] [stdout]    8:     0x604d5936fdbc - __rustc[ea4f61d10b84890b]::rust_begin_unwind
[INFO] [stdout]    9:     0x604d59058feb - core[a373ad73a504971]::panicking::panic_fmt
[INFO] [stdout]   10:     0x604d5905d031 - core[a373ad73a504971]::result::unwrap_failed
[INFO] [stdout]   11:     0x604d590aba00 - fitsrs[b78745fb58cd6183]::tests::test_fits_opening
[INFO] [stdout]   12:     0x604d590b7237 - <fitsrs[b78745fb58cd6183]::tests::test_fits_opening::_samples_vizier_nvssj235137_362632r_fits_false_expects::{closure#0} as core[a373ad73a504971]::ops::function::FnOnce<()>>::call_once
[INFO] [stdout]   13:     0x604d5938a35b - test[aada8e7e76ba119b]::__rust_begin_short_backtrace::<core[a373ad73a504971]::result::Result<(), alloc[2e1b2a31b91974c5]::string::String>, fn() -> core[a373ad73a504971]::result::Result<(), alloc[2e1b2a31b91974c5]::string::String>>
[INFO] [stdout]   14:     0x604d593857bf - test[aada8e7e76ba119b]::run_test::{closure#0}
[INFO] [stdout]   15:     0x604d5938523c - std[617be2ca0a6fd877]::sys::backtrace::__rust_begin_short_backtrace::<test[aada8e7e76ba119b]::run_test::{closure#1}, ()>
[INFO] [stdout]   16:     0x604d593a37ec - <std[617be2ca0a6fd877]::thread::lifecycle::spawn_unchecked<test[aada8e7e76ba119b]::run_test::{closure#1}, ()>::{closure#1} as core[a373ad73a504971]::ops::function::FnOnce<()>>::call_once::{shim:vtable#0}
[INFO] [stdout]   17:     0x604d59371604 - <std[617be2ca0a6fd877]::sys::thread::unix::Thread>::new::thread_start
[INFO] [stdout]   18:     0x70930049adfa - <unknown>
[INFO] [stdout]   19:     0x70930052e3d4 - clone
[INFO] [stdout]   20:                0x0 - <unknown>
[INFO] [stdout] 
[INFO] [stdout] ---- tests::test_fits_opening::_samples_vizier_var_358_r_fits_false_expects stdout ----
[INFO] [stdout] 
[INFO] [stdout] thread 'tests::test_fits_opening::_samples_vizier_var_358_r_fits_false_expects' (2288) panicked at src/lib.rs:238:49:
[INFO] [stdout] Can find fits file: Io(NotFound)
[INFO] [stdout] stack backtrace:
[INFO] [stdout]    0:     0x604d5934a087 - <<std[617be2ca0a6fd877]::sys::backtrace::BacktraceLock>::print::DisplayBacktrace as core[a373ad73a504971]::fmt::Display>::fmt
[INFO] [stdout]    1:     0x604d5905915a - core[a373ad73a504971]::fmt::write
[INFO] [stdout]    2:     0x604d5934963b - <alloc[2e1b2a31b91974c5]::vec::Vec<u8> as core[a373ad73a504971]::io::write::Write>::write_fmt
[INFO] [stdout]    3:     0x604d5934911f - std[617be2ca0a6fd877]::panicking::default_hook::{closure#0}
[INFO] [stdout]    4:     0x604d59348d4a - std[617be2ca0a6fd877]::panicking::default_hook
[INFO] [stdout]    5:     0x604d59348885 - std[617be2ca0a6fd877]::panicking::panic_with_hook
[INFO] [stdout]    6:     0x604d5936f901 - std[617be2ca0a6fd877]::panicking::panic_handler::{closure#0}
[INFO] [stdout]    7:     0x604d5936f8b9 - std[617be2ca0a6fd877]::sys::backtrace::__rust_end_short_backtrace::<std[617be2ca0a6fd877]::panicking::panic_handler::{closure#0}, !>
[INFO] [stdout]    8:     0x604d5936fdbc - __rustc[ea4f61d10b84890b]::rust_begin_unwind
[INFO] [stdout]    9:     0x604d59058feb - core[a373ad73a504971]::panicking::panic_fmt
[INFO] [stdout]   10:     0x604d5905d031 - core[a373ad73a504971]::result::unwrap_failed
[INFO] [stdout]   11:     0x604d590aba00 - fitsrs[b78745fb58cd6183]::tests::test_fits_opening
[INFO] [stdout]   12:     0x604d590b7057 - <fitsrs[b78745fb58cd6183]::tests::test_fits_opening::_samples_vizier_var_358_r_fits_false_expects::{closure#0} as core[a373ad73a504971]::ops::function::FnOnce<()>>::call_once
[INFO] [stdout]   13:     0x604d5938a35b - test[aada8e7e76ba119b]::__rust_begin_short_backtrace::<core[a373ad73a504971]::result::Result<(), alloc[2e1b2a31b91974c5]::string::String>, fn() -> core[a373ad73a504971]::result::Result<(), alloc[2e1b2a31b91974c5]::string::String>>
[INFO] [stdout]   14:     0x604d593857bf - test[aada8e7e76ba119b]::run_test::{closure#0}
[INFO] [stdout]   15:     0x604d5938523c - std[617be2ca0a6fd877]::sys::backtrace::__rust_begin_short_backtrace::<test[aada8e7e76ba119b]::run_test::{closure#1}, ()>
[INFO] [stdout]   16:     0x604d593a37ec - <std[617be2ca0a6fd877]::thread::lifecycle::spawn_unchecked<test[aada8e7e76ba119b]::run_test::{closure#1}, ()>::{closure#1} as core[a373ad73a504971]::ops::function::FnOnce<()>>::call_once::{shim:vtable#0}
[INFO] [stdout]   17:     0x604d59371604 - <std[617be2ca0a6fd877]::sys::thread::unix::Thread>::new::thread_start
[INFO] [stdout]   18:     0x70930049adfa - <unknown>
[INFO] [stdout]   19:     0x70930052e3d4 - clone
[INFO] [stdout]   20:                0x0 - <unknown>
[INFO] [stdout] 
[INFO] [stdout] ---- tests::test_fits_opening::_samples_hipsgen_npix9_fits_false_expects stdout ----
[INFO] [stdout] 
[INFO] [stdout] thread 'tests::test_fits_opening::_samples_hipsgen_npix9_fits_false_expects' (2281) panicked at src/lib.rs:238:49:
[INFO] [stdout] Can find fits file: Io(NotFound)
[INFO] [stdout] stack backtrace:
[INFO] [stdout]    0:     0x604d5934a087 - <<std[617be2ca0a6fd877]::sys::backtrace::BacktraceLock>::print::DisplayBacktrace as core[a373ad73a504971]::fmt::Display>::fmt
[INFO] [stdout]    1:     0x604d5905915a - core[a373ad73a504971]::fmt::write
[INFO] [stdout]    2:     0x604d5934963b - <alloc[2e1b2a31b91974c5]::vec::Vec<u8> as core[a373ad73a504971]::io::write::Write>::write_fmt
[INFO] [stdout]    3:     0x604d5934911f - std[617be2ca0a6fd877]::panicking::default_hook::{closure#0}
[INFO] [stdout]    4:     0x604d59348d4a - std[617be2ca0a6fd877]::panicking::default_hook
[INFO] [stdout]    5:     0x604d59348885 - std[617be2ca0a6fd877]::panicking::panic_with_hook
[INFO] [stdout]    6:     0x604d5936f901 - std[617be2ca0a6fd877]::panicking::panic_handler::{closure#0}
[INFO] [stdout]    7:     0x604d5936f8b9 - std[617be2ca0a6fd877]::sys::backtrace::__rust_end_short_backtrace::<std[617be2ca0a6fd877]::panicking::panic_handler::{closure#0}, !>
[INFO] [stdout]    8:     0x604d5936fdbc - __rustc[ea4f61d10b84890b]::rust_begin_unwind
[INFO] [stdout]    9:     0x604d59058feb - core[a373ad73a504971]::panicking::panic_fmt
[INFO] [stdout]   10:     0x604d5905d031 - core[a373ad73a504971]::result::unwrap_failed
[INFO] [stdout]   11:     0x604d590aba00 - fitsrs[b78745fb58cd6183]::tests::test_fits_opening
[INFO] [stdout]   12:     0x604d590b6ea7 - <fitsrs[b78745fb58cd6183]::tests::test_fits_opening::_samples_hipsgen_npix9_fits_false_expects::{closure#0} as core[a373ad73a504971]::ops::function::FnOnce<()>>::call_once
[INFO] [stdout]   13:     0x604d5938a35b - test[aada8e7e76ba119b]::__rust_begin_short_backtrace::<core[a373ad73a504971]::result::Result<(), alloc[2e1b2a31b91974c5]::string::String>, fn() -> core[a373ad73a504971]::result::Result<(), alloc[2e1b2a31b91974c5]::string::String>>
[INFO] [stdout]   14:     0x604d593857bf - test[aada8e7e76ba119b]::run_test::{closure#0}
[INFO] [stdout]   15:     0x604d5938523c - std[617be2ca0a6fd877]::sys::backtrace::__rust_begin_short_backtrace::<test[aada8e7e76ba119b]::run_test::{closure#1}, ()>
[INFO] [stdout]   16:     0x604d593a37ec - <std[617be2ca0a6fd877]::thread::lifecycle::spawn_unchecked<test[aada8e7e76ba119b]::run_test::{closure#1}, ()>::{closure#1} as core[a373ad73a504971]::ops::function::FnOnce<()>>::call_once::{shim:vtable#0}
[INFO] [stdout]   17:     0x604d59371604 - <std[617be2ca0a6fd877]::sys::thread::unix::Thread>::new::thread_start
[INFO] [stdout]   18:     0x70930049adfa - <unknown>
[INFO] [stdout]   19:     0x70930052e3d4 - clone
[INFO] [stdout]   20:                0x0 - <unknown>
[INFO] [stdout] 
[INFO] [stdout] ---- tests::test_fits_opening::_samples_misc_bonn_fits_false_expects stdout ----
[INFO] [stdout] 
[INFO] [stdout] thread 'tests::test_fits_opening::_samples_misc_bonn_fits_false_expects' (2282) panicked at src/lib.rs:238:49:
[INFO] [stdout] Can find fits file: Io(NotFound)
[INFO] [stdout] stack backtrace:
[INFO] [stdout]    0:     0x604d5934a087 - <<std[617be2ca0a6fd877]::sys::backtrace::BacktraceLock>::print::DisplayBacktrace as core[a373ad73a504971]::fmt::Display>::fmt
[INFO] [stdout]    1:     0x604d5905915a - core[a373ad73a504971]::fmt::write
[INFO] [stdout]    2:     0x604d5934963b - <alloc[2e1b2a31b91974c5]::vec::Vec<u8> as core[a373ad73a504971]::io::write::Write>::write_fmt
[INFO] [stdout]    3:     0x604d5934911f - std[617be2ca0a6fd877]::panicking::default_hook::{closure#0}
[INFO] [stdout]    4:     0x604d59348d4a - std[617be2ca0a6fd877]::panicking::default_hook
[INFO] [stdout]    5:     0x604d59348885 - std[617be2ca0a6fd877]::panicking::panic_with_hook
[INFO] [stdout]    6:     0x604d5936f901 - std[617be2ca0a6fd877]::panicking::panic_handler::{closure#0}
[INFO] [stdout]    7:     0x604d5936f8b9 - std[617be2ca0a6fd877]::sys::backtrace::__rust_end_short_backtrace::<std[617be2ca0a6fd877]::panicking::panic_handler::{closure#0}, !>
[INFO] [stdout]    8:     0x604d5936fdbc - __rustc[ea4f61d10b84890b]::rust_begin_unwind
[INFO] [stdout]    9:     0x604d59058feb - core[a373ad73a504971]::panicking::panic_fmt
[INFO] [stdout]   10:     0x604d5905d031 - core[a373ad73a504971]::result::unwrap_failed
[INFO] [stdout]   11:     0x604d590aba00 - fitsrs[b78745fb58cd6183]::tests::test_fits_opening
[INFO] [stdout]   12:     0x604d590b6e17 - <fitsrs[b78745fb58cd6183]::tests::test_fits_opening::_samples_misc_bonn_fits_false_expects::{closure#0} as core[a373ad73a504971]::ops::function::FnOnce<()>>::call_once
[INFO] [stdout]   13:     0x604d5938a35b - test[aada8e7e76ba119b]::__rust_begin_short_backtrace::<core[a373ad73a504971]::result::Result<(), alloc[2e1b2a31b91974c5]::string::String>, fn() -> core[a373ad73a504971]::result::Result<(), alloc[2e1b2a31b91974c5]::string::String>>
[INFO] [stdout]   14:     0x604d593857bf - test[aada8e7e76ba119b]::run_test::{closure#0}
[INFO] [stdout]   15:     0x604d5938523c - std[617be2ca0a6fd877]::sys::backtrace::__rust_begin_short_backtrace::<test[aada8e7e76ba119b]::run_test::{closure#1}, ()>
[INFO] [stdout]   16:     0x604d593a37ec - <std[617be2ca0a6fd877]::thread::lifecycle::spawn_unchecked<test[aada8e7e76ba119b]::run_test::{closure#1}, ()>::{closure#1} as core[a373ad73a504971]::ops::function::FnOnce<()>>::call_once::{shim:vtable#0}
[INFO] [stdout]   17:     0x604d59371604 - <std[617be2ca0a6fd877]::sys::thread::unix::Thread>::new::thread_start
[INFO] [stdout]   18:     0x70930049adfa - <unknown>
[INFO] [stdout]   19:     0x70930052e3d4 - clone
[INFO] [stdout]   20:                0x0 - <unknown>
[INFO] [stdout] 
[INFO] [stdout] ---- tests::test_fits_opening::_samples_misc_euc_mer_mosaic_vis_flag_tile100158585_1ec1c5_20221211t132329_822037z_00_00_fits_false_expects stdout ----
[INFO] [stdout] 
[INFO] [stdout] thread 'tests::test_fits_opening::_samples_misc_euc_mer_mosaic_vis_flag_tile100158585_1ec1c5_20221211t132329_822037z_00_00_fits_false_expects' (2283) panicked at src/lib.rs:238:49:
[INFO] [stdout] Can find fits file: Io(NotFound)
[INFO] [stdout] stack backtrace:
[INFO] [stdout]    0:     0x604d5934a087 - <<std[617be2ca0a6fd877]::sys::backtrace::BacktraceLock>::print::DisplayBacktrace as core[a373ad73a504971]::fmt::Display>::fmt
[INFO] [stdout]    1:     0x604d5905915a - core[a373ad73a504971]::fmt::write
[INFO] [stdout]    2:     0x604d5934963b - <alloc[2e1b2a31b91974c5]::vec::Vec<u8> as core[a373ad73a504971]::io::write::Write>::write_fmt
[INFO] [stdout]    3:     0x604d5934911f - std[617be2ca0a6fd877]::panicking::default_hook::{closure#0}
[INFO] [stdout]    4:     0x604d59348d4a - std[617be2ca0a6fd877]::panicking::default_hook
[INFO] [stdout]    5:     0x604d59348885 - std[617be2ca0a6fd877]::panicking::panic_with_hook
[INFO] [stdout]    6:     0x604d5936f901 - std[617be2ca0a6fd877]::panicking::panic_handler::{closure#0}
[INFO] [stdout]    7:     0x604d5936f8b9 - std[617be2ca0a6fd877]::sys::backtrace::__rust_end_short_backtrace::<std[617be2ca0a6fd877]::panicking::panic_handler::{closure#0}, !>
[INFO] [stdout]    8:     0x604d5936fdbc - __rustc[ea4f61d10b84890b]::rust_begin_unwind
[INFO] [stdout]    9:     0x604d59058feb - core[a373ad73a504971]::panicking::panic_fmt
[INFO] [stdout]   10:     0x604d5905d031 - core[a373ad73a504971]::result::unwrap_failed
[INFO] [stdout]   11:     0x604d590aba00 - fitsrs[b78745fb58cd6183]::tests::test_fits_opening
[INFO] [stdout]   12:     0x604d590b6de7 - <fitsrs[b78745fb58cd6183]::tests::test_fits_opening::_samples_misc_euc_mer_mosaic_vis_flag_tile100158585_1ec1c5_20221211t132329_822037z_00_00_fits_false_expects::{closure#0} as core[a373ad73a504971]::ops::function::FnOnce<()>>::call_once
[INFO] [stdout]   13:     0x604d5938a35b - test[aada8e7e76ba119b]::__rust_begin_short_backtrace::<core[a373ad73a504971]::result::Result<(), alloc[2e1b2a31b91974c5]::string::String>, fn() -> core[a373ad73a504971]::result::Result<(), alloc[2e1b2a31b91974c5]::string::String>>
[INFO] [stdout]   14:     0x604d593857bf - test[aada8e7e76ba119b]::run_test::{closure#0}
[INFO] [stdout]   15:     0x604d5938523c - std[617be2ca0a6fd877]::sys::backtrace::__rust_begin_short_backtrace::<test[aada8e7e76ba119b]::run_test::{closure#1}, ()>
[INFO] [stdout]   16:     0x604d593a37ec - <std[617be2ca0a6fd877]::thread::lifecycle::spawn_unchecked<test[aada8e7e76ba119b]::run_test::{closure#1}, ()>::{closure#1} as core[a373ad73a504971]::ops::function::FnOnce<()>>::call_once::{shim:vtable#0}
[INFO] [stdout]   17:     0x604d59371604 - <std[617be2ca0a6fd877]::sys::thread::unix::Thread>::new::thread_start
[INFO] [stdout]   18:     0x70930049adfa - <unknown>
[INFO] [stdout]   19:     0x70930052e3d4 - clone
[INFO] [stdout]   20:                0x0 - <unknown>
[INFO] [stdout] 
[INFO] [stdout] ---- tests::test_fits_opening::_samples_misc_p122_49_fits_false_expects stdout ----
[INFO] [stdout] 
[INFO] [stdout] thread 'tests::test_fits_opening::_samples_misc_p122_49_fits_false_expects' (2284) panicked at src/lib.rs:238:49:
[INFO] [stdout] Can find fits file: Io(NotFound)
[INFO] [stdout] stack backtrace:
[INFO] [stdout]    0:     0x604d5934a087 - <<std[617be2ca0a6fd877]::sys::backtrace::BacktraceLock>::print::DisplayBacktrace as core[a373ad73a504971]::fmt::Display>::fmt
[INFO] [stdout]    1:     0x604d5905915a - core[a373ad73a504971]::fmt::write
[INFO] [stdout]    2:     0x604d5934963b - <alloc[2e1b2a31b91974c5]::vec::Vec<u8> as core[a373ad73a504971]::io::write::Write>::write_fmt
[INFO] [stdout]    3:     0x604d5934911f - std[617be2ca0a6fd877]::panicking::default_hook::{closure#0}
[INFO] [stdout]    4:     0x604d59348d4a - std[617be2ca0a6fd877]::panicking::default_hook
[INFO] [stdout]    5:     0x604d59348885 - std[617be2ca0a6fd877]::panicking::panic_with_hook
[INFO] [stdout]    6:     0x604d5936f901 - std[617be2ca0a6fd877]::panicking::panic_handler::{closure#0}
[INFO] [stdout]    7:     0x604d5936f8b9 - std[617be2ca0a6fd877]::sys::backtrace::__rust_end_short_backtrace::<std[617be2ca0a6fd877]::panicking::panic_handler::{closure#0}, !>
[INFO] [stdout]    8:     0x604d5936fdbc - __rustc[ea4f61d10b84890b]::rust_begin_unwind
[INFO] [stdout]    9:     0x604d59058feb - core[a373ad73a504971]::panicking::panic_fmt
[INFO] [stdout]   10:     0x604d5905d031 - core[a373ad73a504971]::result::unwrap_failed
[INFO] [stdout]   11:     0x604d590aba00 - fitsrs[b78745fb58cd6183]::tests::test_fits_opening
[INFO] [stdout]   12:     0x604d590b6e47 - <fitsrs[b78745fb58cd6183]::tests::test_fits_opening::_samples_misc_p122_49_fits_false_expects::{closure#0} as core[a373ad73a504971]::ops::function::FnOnce<()>>::call_once
[INFO] [stdout]   13:     0x604d5938a35b - test[aada8e7e76ba119b]::__rust_begin_short_backtrace::<core[a373ad73a504971]::result::Result<(), alloc[2e1b2a31b91974c5]::string::String>, fn() -> core[a373ad73a504971]::result::Result<(), alloc[2e1b2a31b91974c5]::string::String>>
[INFO] [stdout]   14:     0x604d593857bf - test[aada8e7e76ba119b]::run_test::{closure#0}
[INFO] [stdout]   15:     0x604d5938523c - std[617be2ca0a6fd877]::sys::backtrace::__rust_begin_short_backtrace::<test[aada8e7e76ba119b]::run_test::{closure#1}, ()>
[INFO] [stdout]   16:     0x604d593a37ec - <std[617be2ca0a6fd877]::thread::lifecycle::spawn_unchecked<test[aada8e7e76ba119b]::run_test::{closure#1}, ()>::{closure#1} as core[a373ad73a504971]::ops::function::FnOnce<()>>::call_once::{shim:vtable#0}
[INFO] [stdout]   17:     0x604d59371604 - <std[617be2ca0a6fd877]::sys::thread::unix::Thread>::new::thread_start
[INFO] [stdout]   18:     0x70930049adfa - <unknown>
[INFO] [stdout]   19:     0x70930052e3d4 - clone
[INFO] [stdout]   20:                0x0 - <unknown>
[INFO] [stdout] 
[INFO] [stdout] ---- tests::test_fits_opening::_samples_misc_sn2923fxja_fits_false_expects stdout ----
[INFO] [stdout] 
[INFO] [stdout] thread 'tests::test_fits_opening::_samples_misc_sn2923fxja_fits_false_expects' (2286) panicked at src/lib.rs:238:49:
[INFO] [stdout] Can find fits file: Io(NotFound)
[INFO] [stdout] stack backtrace:
[INFO] [stdout]    0:     0x604d5934a087 - <<std[617be2ca0a6fd877]::sys::backtrace::BacktraceLock>::print::DisplayBacktrace as core[a373ad73a504971]::fmt::Display>::fmt
[INFO] [stdout]    1:     0x604d5905915a - core[a373ad73a504971]::fmt::write
[INFO] [stdout]    2:     0x604d5934963b - <alloc[2e1b2a31b91974c5]::vec::Vec<u8> as core[a373ad73a504971]::io::write::Write>::write_fmt
[INFO] [stdout]    3:     0x604d5934911f - std[617be2ca0a6fd877]::panicking::default_hook::{closure#0}
[INFO] [stdout]    4:     0x604d59348d4a - std[617be2ca0a6fd877]::panicking::default_hook
[INFO] [stdout]    5:     0x604d59348885 - std[617be2ca0a6fd877]::panicking::panic_with_hook
[INFO] [stdout]    6:     0x604d5936f901 - std[617be2ca0a6fd877]::panicking::panic_handler::{closure#0}
[INFO] [stdout]    7:     0x604d5936f8b9 - std[617be2ca0a6fd877]::sys::backtrace::__rust_end_short_backtrace::<std[617be2ca0a6fd877]::panicking::panic_handler::{closure#0}, !>
[INFO] [stdout]    8:     0x604d5936fdbc - __rustc[ea4f61d10b84890b]::rust_begin_unwind
[INFO] [stdout]    9:     0x604d59058feb - core[a373ad73a504971]::panicking::panic_fmt
[INFO] [stdout]   10:     0x604d5905d031 - core[a373ad73a504971]::result::unwrap_failed
[INFO] [stdout]   11:     0x604d590aba00 - fitsrs[b78745fb58cd6183]::tests::test_fits_opening
[INFO] [stdout]   12:     0x604d590b6ff7 - <fitsrs[b78745fb58cd6183]::tests::test_fits_opening::_samples_misc_sn2923fxja_fits_false_expects::{closure#0} as core[a373ad73a504971]::ops::function::FnOnce<()>>::call_once
[INFO] [stdout]   13:     0x604d5938a35b - test[aada8e7e76ba119b]::__rust_begin_short_backtrace::<core[a373ad73a504971]::result::Result<(), alloc[2e1b2a31b91974c5]::string::String>, fn() -> core[a373ad73a504971]::result::Result<(), alloc[2e1b2a31b91974c5]::string::String>>
[INFO] [stdout]   14:     0x604d593857bf - test[aada8e7e76ba119b]::run_test::{closure#0}
[INFO] [stdout]   15:     0x604d5938523c - std[617be2ca0a6fd877]::sys::backtrace::__rust_begin_short_backtrace::<test[aada8e7e76ba119b]::run_test::{closure#1}, ()>
[INFO] [stdout]   16:     0x604d593a37ec - <std[617be2ca0a6fd877]::thread::lifecycle::spawn_unchecked<test[aada8e7e76ba119b]::run_test::{closure#1}, ()>::{closure#1} as core[a373ad73a504971]::ops::function::FnOnce<()>>::call_once::{shim:vtable#0}
[INFO] [stdout]   17:     0x604d59371604 - <std[617be2ca0a6fd877]::sys::thread::unix::Thread>::new::thread_start
[INFO] [stdout]   18:     0x70930049adfa - <unknown>
[INFO] [stdout]   19:     0x70930052e3d4 - clone
[INFO] [stdout]   20:                0x0 - <unknown>
[INFO] [stdout] 
[INFO] [stdout] ---- tests::test_fits_opening::_samples_fits_gsfc_nasa_gov_hst_fos_fits_false_expects stdout ----
[INFO] [stdout] 
[INFO] [stdout] thread 'tests::test_fits_opening::_samples_fits_gsfc_nasa_gov_hst_fos_fits_false_expects' (2264) panicked at src/lib.rs:238:49:
[INFO] [stdout] Can find fits file: Io(NotFound)
[INFO] [stdout] stack backtrace:
[INFO] [stdout]    0:     0x604d5934a087 - <<std[617be2ca0a6fd877]::sys::backtrace::BacktraceLock>::print::DisplayBacktrace as core[a373ad73a504971]::fmt::Display>::fmt
[INFO] [stdout]    1:     0x604d5905915a - core[a373ad73a504971]::fmt::write
[INFO] [stdout]    2:     0x604d5934963b - <alloc[2e1b2a31b91974c5]::vec::Vec<u8> as core[a373ad73a504971]::io::write::Write>::write_fmt
[INFO] [stdout]    3:     0x604d5934911f - std[617be2ca0a6fd877]::panicking::default_hook::{closure#0}
[INFO] [stdout]    4:     0x604d59348d4a - std[617be2ca0a6fd877]::panicking::default_hook
[INFO] [stdout]    5:     0x604d59348885 - std[617be2ca0a6fd877]::panicking::panic_with_hook
[INFO] [stdout]    6:     0x604d5936f901 - std[617be2ca0a6fd877]::panicking::panic_handler::{closure#0}
[INFO] [stdout]    7:     0x604d5936f8b9 - std[617be2ca0a6fd877]::sys::backtrace::__rust_end_short_backtrace::<std[617be2ca0a6fd877]::panicking::panic_handler::{closure#0}, !>
[INFO] [stdout]    8:     0x604d5936fdbc - __rustc[ea4f61d10b84890b]::rust_begin_unwind
[INFO] [stdout]    9:     0x604d59058feb - core[a373ad73a504971]::panicking::panic_fmt
[INFO] [stdout]   10:     0x604d5905d031 - core[a373ad73a504971]::result::unwrap_failed
[INFO] [stdout]   11:     0x604d590aba00 - fitsrs[b78745fb58cd6183]::tests::test_fits_opening
[INFO] [stdout]   12:     0x604d590b7177 - <fitsrs[b78745fb58cd6183]::tests::test_fits_opening::_samples_fits_gsfc_nasa_gov_hst_fos_fits_false_expects::{closure#0} as core[a373ad73a504971]::ops::function::FnOnce<()>>::call_once
[INFO] [stdout]   13:     0x604d5938a35b - test[aada8e7e76ba119b]::__rust_begin_short_backtrace::<core[a373ad73a504971]::result::Result<(), alloc[2e1b2a31b91974c5]::string::String>, fn() -> core[a373ad73a504971]::result::Result<(), alloc[2e1b2a31b91974c5]::string::String>>
[INFO] [stdout]   14:     0x604d593857bf - test[aada8e7e76ba119b]::run_test::{closure#0}
[INFO] [stdout]   15:     0x604d5938523c - std[617be2ca0a6fd877]::sys::backtrace::__rust_begin_short_backtrace::<test[aada8e7e76ba119b]::run_test::{closure#1}, ()>
[INFO] [stdout]   16:     0x604d593a37ec - <std[617be2ca0a6fd877]::thread::lifecycle::spawn_unchecked<test[aada8e7e76ba119b]::run_test::{closure#1}, ()>::{closure#1} as core[a373ad73a504971]::ops::function::FnOnce<()>>::call_once::{shim:vtable#0}
[INFO] [stdout]   17:     0x604d59371604 - <std[617be2ca0a6fd877]::sys::thread::unix::Thread>::new::thread_start
[INFO] [stdout]   18:     0x70930049adfa - <unknown>
[INFO] [stdout]   19:     0x70930052e3d4 - clone
[INFO] [stdout]   20:                0x0 - <unknown>
[INFO] [stdout] 
[INFO] [stdout] 
[INFO] [stdout] failures:
[INFO] [stdout]     hdu::data::bintable::tile_compressed::tests::test_fits_f32_with_dithering::_samples_fits_gsfc_nasa_gov_fits_rice_dither2_method_fz_expects
[INFO] [stdout]     hdu::data::bintable::tile_compressed::tests::test_fits_f32_with_dithering::_samples_fits_gsfc_nasa_gov_fits_rice_one_fits_expects
[INFO] [stdout]     hdu::data::bintable::tile_compressed::tests::test_fits_rice_integer::_samples_fits_gsfc_nasa_gov_fits_rice_integer_fz_expects
[INFO] [stdout]     hdu::data::bintable::tile_compressed::tests::test_fits_without_dithering::_samples_fits_gsfc_nasa_gov_m13_gzip_fits_1000_0_expects
[INFO] [stdout]     hdu::data::bintable::tile_compressed::tests::test_fits_without_dithering::_samples_fits_gsfc_nasa_gov_m13_rice_fits_1000_0_expects
[INFO] [stdout]     hdu::data::bintable::tile_compressed::tests::test_fits_without_dithering::_samples_fits_gsfc_nasa_gov_m13real_rice_fits_1000_0_expects
[INFO] [stdout]     hdu::header::extension::asciitable::tests::test_fits_asciitable_extension
[INFO] [stdout]     hdu::header::extension::bintable::tests::test_fits_bintable_extension
[INFO] [stdout]     hdu::header::tests::test_fits_keywords_iter
[INFO] [stdout]     tests::test_fits_bintable
[INFO] [stdout]     tests::test_fits_bintable_corr
[INFO] [stdout]     tests::test_fits_count_hdu::_samples_fits_gsfc_nasa_gov_astro_uit_fits_1_0_0_11520_524288_expects
[INFO] [stdout]     tests::test_fits_count_hdu::_samples_fits_gsfc_nasa_gov_euve_fits_5_0_4_5760_14400_550080_1788480_3026880_4262400_4271040_4279680_4288320_0_524288_1228800_1228800_1228800_48_40_40_40_expects
[INFO] [stdout]     tests::test_fits_count_hdu::_samples_fits_gsfc_nasa_gov_hst_fgs_fits_1_1_0_20160_2537280_2511264_693_expects
[INFO] [stdout]     tests::test_fits_count_hdu::_samples_fits_gsfc_nasa_gov_hst_foc_fits_1_1_0_11520_4216320_4194304_312_expects
[INFO] [stdout]     tests::test_fits_count_hdu::_samples_fits_gsfc_nasa_gov_hst_fos_fits_1_1_0_14400_40320_16512_672_expects
[INFO] [stdout]     tests::test_fits_count_hdu::_samples_fits_gsfc_nasa_gov_hst_hrs_fits_1_1_0_20160_66240_32000_1648_expects
[INFO] [stdout]     tests::test_fits_count_hdu::_samples_fits_gsfc_nasa_gov_hst_nicmos_fits_6_0_0_20160_31680_322560_613440_763200_912960_0_284040_284040_142020_142020_284040_expects
[INFO] [stdout]     tests::test_fits_count_hdu::_samples_fits_gsfc_nasa_gov_hst_wfpc_ii_bis_fits_1_0_0_23040_40000_expects
[INFO] [stdout]     tests::test_fits_count_hdu::_samples_fits_gsfc_nasa_gov_hst_wfpc_ii_fits_1_1_0_23040_694080_640000_3184_expects
[INFO] [stdout]     tests::test_fits_count_hdu::_samples_fits_gsfc_nasa_gov_iue_lwp_fits_1_0_1_28800_34560_0_11535_expects
[INFO] [stdout]     tests::test_fits_count_hdu::_samples_misc_ngc5457k_fits_1_0_0_14400_65116872_expects
[INFO] [stdout]     tests::test_fits_euve
[INFO] [stdout]     tests::test_fits_i16
[INFO] [stdout]     tests::test_fits_image_borrowed
[INFO] [stdout]     tests::test_fits_image_f32
[INFO] [stdout]     tests::test_fits_image_mandatory_kw
[INFO] [stdout]     tests::test_fits_images_data_block
[INFO] [stdout]     tests::test_fits_images_data_block_bufreader
[INFO] [stdout]     tests::test_fits_images_data_block_bufreader_async::_samples_fits_gsfc_nasa_gov_euve_fits_expects
[INFO] [stdout]     tests::test_fits_images_data_block_bufreader_async::_samples_fits_gsfc_nasa_gov_hst_foc_fits_expects
[INFO] [stdout]     tests::test_fits_images_data_block_bufreader_async::_samples_vizier_new_url_fits_expects
[INFO] [stdout]     tests::test_fits_not_fitting_in_memory
[INFO] [stdout]     tests::test_fits_open_external_gzipped_file::_samples_misc_sn2923fxja_fits_5415_0_6386_0_expects
[INFO] [stdout]     tests::test_fits_open_external_gzipped_file::_samples_misc_sn2923fxja_fits_gz_5415_0_6386_0_expects
[INFO] [stdout]     tests::test_fits_opening::_samples_fits_gsfc_nasa_gov_astro_uit_fits_true_expects
[INFO] [stdout]     tests::test_fits_opening::_samples_fits_gsfc_nasa_gov_euve_fits_false_expects
[INFO] [stdout]     tests::test_fits_opening::_samples_fits_gsfc_nasa_gov_hst_fgs_fits_false_expects
[INFO] [stdout]     tests::test_fits_opening::_samples_fits_gsfc_nasa_gov_hst_foc_fits_false_expects
[INFO] [stdout]     tests::test_fits_opening::_samples_fits_gsfc_nasa_gov_hst_fos_fits_false_expects
[INFO] [stdout]     tests::test_fits_opening::_samples_fits_gsfc_nasa_gov_hst_hrs_fits_false_expects
[INFO] [stdout]     tests::test_fits_opening::_samples_fits_gsfc_nasa_gov_hst_nicmos_fits_false_expects
[INFO] [stdout]     tests::test_fits_opening::_samples_fits_gsfc_nasa_gov_hst_wfpc_ii_bis_fits_false_expects
[INFO] [stdout]     tests::test_fits_opening::_samples_fits_gsfc_nasa_gov_hst_wfpc_ii_fits_false_expects
[INFO] [stdout]     tests::test_fits_opening::_samples_fits_gsfc_nasa_gov_iue_lwp_fits_false_expects
[INFO] [stdout]     tests::test_fits_opening::_samples_hips2fits_allsky_panstarrs_fits_false_expects
[INFO] [stdout]     tests::test_fits_opening::_samples_hips2fits_cutout_cds_p_hst_phat_f475w_fits_false_expects
[INFO] [stdout]     tests::test_fits_opening::_samples_hipsgen_npix132_fits_false_expects
[INFO] [stdout]     tests::test_fits_opening::_samples_hipsgen_npix133_fits_false_expects
[INFO] [stdout]     tests::test_fits_opening::_samples_hipsgen_npix134_fits_false_expects
[INFO] [stdout]     tests::test_fits_opening::_samples_hipsgen_npix140_fits_false_expects
[INFO] [stdout]     tests::test_fits_opening::_samples_hipsgen_npix208_fits_false_expects
[INFO] [stdout]     tests::test_fits_opening::_samples_hipsgen_npix282_fits_false_expects
[INFO] [stdout]     tests::test_fits_opening::_samples_hipsgen_npix4906_fits_false_expects
[INFO] [stdout]     tests::test_fits_opening::_samples_hipsgen_npix691539_fits_false_expects
[INFO] [stdout]     tests::test_fits_opening::_samples_hipsgen_npix8_fits_false_expects
[INFO] [stdout]     tests::test_fits_opening::_samples_hipsgen_npix9_fits_false_expects
[INFO] [stdout]     tests::test_fits_opening::_samples_misc_bonn_fits_false_expects
[INFO] [stdout]     tests::test_fits_opening::_samples_misc_euc_mer_mosaic_vis_flag_tile100158585_1ec1c5_20221211t132329_822037z_00_00_fits_false_expects
[INFO] [stdout]     tests::test_fits_opening::_samples_misc_p122_49_fits_false_expects
[INFO] [stdout]     tests::test_fits_opening::_samples_misc_skv1678175163788_fits_false_expects
[INFO] [stdout]     tests::test_fits_opening::_samples_misc_sn2923fxja_fits_false_expects
[INFO] [stdout]     tests::test_fits_opening::_samples_vizier_nvssj235137_362632r_fits_false_expects
[INFO] [stdout]     tests::test_fits_opening::_samples_vizier_var_358_r_fits_false_expects
[INFO] [stdout] 
[INFO] [stdout] test result: FAILED. 21 passed; 64 failed; 0 ignored; 0 measured; 0 filtered out; finished in 0.15s
[INFO] [stdout] 
[INFO] running `Command { std: "docker" "inspect" "8fbce0e5abbe31e8ead79636aa365cce9d8e28e4ea684ad4b2d0697d69db9c75", kill_on_drop: false }`
[INFO] running `Command { std: "docker" "rm" "-f" "8fbce0e5abbe31e8ead79636aa365cce9d8e28e4ea684ad4b2d0697d69db9c75", kill_on_drop: false }`
[INFO] [stdout] 8fbce0e5abbe31e8ead79636aa365cce9d8e28e4ea684ad4b2d0697d69db9c75
