[INFO] fetching crate fishhook 0.3.0...
[INFO] testing fishhook-0.3.0 against 1.100.0-beta.1+cargoflags=--release for beta-release-1.100-2
[INFO] extracting crate fishhook 0.3.0 into /workspace/builds/worker-0-tc2/source
[INFO] started tweaking crates.io crate fishhook 0.3.0
[INFO] finished tweaking crates.io crate fishhook 0.3.0
[INFO] tweaked toml for crates.io crate fishhook 0.3.0 written to /workspace/builds/worker-0-tc2/source/Cargo.toml
[INFO] validating manifest of crates.io crate fishhook 0.3.0 on toolchain 1.100.0-beta.1
[INFO] running `Command { std: CARGO_HOME="/workspace/cargo-home" RUSTUP_HOME="/workspace/rustup-home" "/workspace/cargo-home/bin/cargo" "+1.100.0-beta.1" "metadata" "--manifest-path" "Cargo.toml" "--no-deps", kill_on_drop: false }`
[INFO] crate crates.io crate fishhook 0.3.0 already has a lockfile, it will not be regenerated
[INFO] running `Command { std: CARGO_HOME="/workspace/cargo-home" RUSTUP_HOME="/workspace/rustup-home" "/workspace/cargo-home/bin/cargo" "+1.100.0-beta.1" "fetch" "--manifest-path" "Cargo.toml", kill_on_drop: false }`
[INFO] [stderr] warning: `package.homepage` is redundant with `package.repository`
[INFO] [stderr]   --> Cargo.toml:17:12
[INFO] [stderr]    |
[INFO] [stderr] 17 | homepage = "https://github.com/blkmlk/fishhook-rs"
[INFO] [stderr]    |            ^^^^^^^^^^^^^^^^^^^^^^^^^^^^^^^^^^^^^^^
[INFO] [stderr] ...
[INFO] [stderr] 22 | repository = "https://github.com/blkmlk/fishhook-rs"
[INFO] [stderr]    |              ---------------------------------------
[INFO] [stderr]    |
[INFO] [stderr]    = note: `cargo::redundant_homepage` is set to `warn` by default
[INFO] [stderr] help: consider removing `package.homepage`
[INFO] [stderr] warning: `fishhook` (manifest) generated 1 warning
[INFO] running `Command { std: "docker" "create" "-v" "/var/lib/crater-agent-workspace/builds/worker-0-tc2/source:/opt/rustwide/workdir:ro,Z" "-v" "/var/lib/crater-agent-workspace/builds/worker-0-tc2/target:/opt/rustwide/target:rw,Z" "-v" "/var/lib/crater-agent-workspace/cargo-home:/opt/rustwide/cargo-home:ro,Z" "-v" "/var/lib/crater-agent-workspace/rustup-home:/opt/rustwide/rustup-home:ro,Z" "-m" "1610612736" "--network" "none" "ghcr.io/rust-lang/crates-build-env/linux@sha256:77db811e55d90add9212f6832c23229e3de5f1c1f9905e8cb07319ea15df73ac" "sleep" "infinity", kill_on_drop: false }`
[INFO] [stdout] 6cd6f66cf65d63911349a40d4396656788e3141ce4c08a914a73548729392658
[INFO] running `Command { std: "docker" "start" "6cd6f66cf65d63911349a40d4396656788e3141ce4c08a914a73548729392658", kill_on_drop: false }`
[INFO] running `Command { std: "docker" "inspect" "6cd6f66cf65d63911349a40d4396656788e3141ce4c08a914a73548729392658", kill_on_drop: false }`
[INFO] running `Command { std: "docker" "exec" "-e" "SOURCE_DIR=/opt/rustwide/workdir" "-e" "CARGO_HOME=/opt/rustwide/cargo-home" "-e" "RUSTUP_HOME=/opt/rustwide/rustup-home" "-e" "CARGO_TARGET_DIR=/opt/rustwide/target" "-w" "/opt/rustwide/workdir" "--user" "0:0" "6cd6f66cf65d63911349a40d4396656788e3141ce4c08a914a73548729392658" "/opt/rustwide/cargo-home/bin/cargo" "+1.100.0-beta.1" "metadata" "--no-deps" "--format-version=1", kill_on_drop: false }`
[INFO] running `Command { std: "docker" "inspect" "6cd6f66cf65d63911349a40d4396656788e3141ce4c08a914a73548729392658", kill_on_drop: false }`
[INFO] running `Command { std: "docker" "exec" "-e" "SOURCE_DIR=/opt/rustwide/workdir" "-e" "CARGO_HOME=/opt/rustwide/cargo-home" "-e" "RUSTUP_HOME=/opt/rustwide/rustup-home" "-e" "CARGO_TARGET_DIR=/opt/rustwide/target" "-e" "CARGO_INCREMENTAL=0" "-e" "RUST_BACKTRACE=full" "-e" "RUSTFLAGS=--cap-lints=warn" "-e" "RUSTDOCFLAGS=--cap-lints=warn" "-w" "/opt/rustwide/workdir" "--user" "0:0" "6cd6f66cf65d63911349a40d4396656788e3141ce4c08a914a73548729392658" "/opt/rustwide/cargo-home/bin/cargo" "+1.100.0-beta.1" "build" "--frozen" "--message-format=json" "--release", kill_on_drop: false }`
[INFO] [stderr] warning: `package.homepage` is redundant with `package.repository`
[INFO] [stderr]   --> Cargo.toml:17:12
[INFO] [stderr]    |
[INFO] [stderr] 17 | homepage = "https://github.com/blkmlk/fishhook-rs"
[INFO] [stderr]    |            ^^^^^^^^^^^^^^^^^^^^^^^^^^^^^^^^^^^^^^^
[INFO] [stderr] ...
[INFO] [stderr] 22 | repository = "https://github.com/blkmlk/fishhook-rs"
[INFO] [stderr]    |              ---------------------------------------
[INFO] [stderr]    |
[INFO] [stderr]    = note: `cargo::redundant_homepage` is set to `warn` by default
[INFO] [stderr] help: consider removing `package.homepage`
[INFO] [stderr] warning: `fishhook` (manifest) generated 1 warning
[INFO] [stderr]    Compiling libc v0.2.162
[INFO] [stderr]    Compiling elf v0.8.0
[INFO] [stderr]    Compiling fishhook v0.3.0 (/opt/rustwide/workdir)
[INFO] [stderr]     Finished `release` profile [optimized] target(s) in 1.49s
[INFO] running `Command { std: "docker" "inspect" "6cd6f66cf65d63911349a40d4396656788e3141ce4c08a914a73548729392658", kill_on_drop: false }`
[INFO] running `Command { std: "docker" "exec" "-e" "SOURCE_DIR=/opt/rustwide/workdir" "-e" "CARGO_HOME=/opt/rustwide/cargo-home" "-e" "RUSTUP_HOME=/opt/rustwide/rustup-home" "-e" "CARGO_TARGET_DIR=/opt/rustwide/target" "-e" "CARGO_INCREMENTAL=0" "-e" "RUST_BACKTRACE=full" "-e" "RUSTFLAGS=--cap-lints=warn" "-e" "RUSTDOCFLAGS=--cap-lints=warn" "-w" "/opt/rustwide/workdir" "--user" "0:0" "6cd6f66cf65d63911349a40d4396656788e3141ce4c08a914a73548729392658" "/opt/rustwide/cargo-home/bin/cargo" "+1.100.0-beta.1" "test" "--frozen" "--no-run" "--message-format=json" "--release", kill_on_drop: false }`
[INFO] [stderr] warning: `package.homepage` is redundant with `package.repository`
[INFO] [stderr]   --> Cargo.toml:17:12
[INFO] [stderr]    |
[INFO] [stderr] 17 | homepage = "https://github.com/blkmlk/fishhook-rs"
[INFO] [stderr]    |            ^^^^^^^^^^^^^^^^^^^^^^^^^^^^^^^^^^^^^^^
[INFO] [stderr] ...
[INFO] [stderr] 22 | repository = "https://github.com/blkmlk/fishhook-rs"
[INFO] [stderr]    |              ---------------------------------------
[INFO] [stderr]    |
[INFO] [stderr]    = note: `cargo::redundant_homepage` is set to `warn` by default
[INFO] [stderr] help: consider removing `package.homepage`
[INFO] [stderr] warning: `fishhook` (manifest) generated 1 warning
[INFO] [stderr]    Compiling fishhook v0.3.0 (/opt/rustwide/workdir)
[INFO] [stderr]     Finished `release` profile [optimized] target(s) in 0.28s
[INFO] running `Command { std: "docker" "inspect" "6cd6f66cf65d63911349a40d4396656788e3141ce4c08a914a73548729392658", kill_on_drop: false }`
[INFO] running `Command { std: "docker" "exec" "-e" "SOURCE_DIR=/opt/rustwide/workdir" "-e" "CARGO_HOME=/opt/rustwide/cargo-home" "-e" "RUSTUP_HOME=/opt/rustwide/rustup-home" "-e" "CARGO_TARGET_DIR=/opt/rustwide/target" "-e" "CARGO_INCREMENTAL=0" "-e" "RUST_BACKTRACE=full" "-e" "RUSTFLAGS=--cap-lints=warn" "-e" "RUSTDOCFLAGS=--cap-lints=warn" "-w" "/opt/rustwide/workdir" "--user" "0:0" "6cd6f66cf65d63911349a40d4396656788e3141ce4c08a914a73548729392658" "/opt/rustwide/cargo-home/bin/cargo" "+1.100.0-beta.1" "test" "--frozen" "--release", kill_on_drop: false }`
[INFO] [stderr] warning: `package.homepage` is redundant with `package.repository`
[INFO] [stderr]   --> Cargo.toml:17:12
[INFO] [stderr]    |
[INFO] [stderr] 17 | homepage = "https://github.com/blkmlk/fishhook-rs"
[INFO] [stderr]    |            ^^^^^^^^^^^^^^^^^^^^^^^^^^^^^^^^^^^^^^^
[INFO] [stderr] ...
[INFO] [stderr] 22 | repository = "https://github.com/blkmlk/fishhook-rs"
[INFO] [stderr]    |              ---------------------------------------
[INFO] [stderr]    |
[INFO] [stderr]    = note: `cargo::redundant_homepage` is set to `warn` by default
[INFO] [stderr] help: consider removing `package.homepage`
[INFO] [stderr] warning: `fishhook` (manifest) generated 1 warning
[INFO] [stderr]     Finished `release` profile [optimized] target(s) in 0.01s
[INFO] [stderr]      Running unittests src/lib.rs (/opt/rustwide/target/release/build/fishhook/da44ba914a0a7388/out/fishhook-da44ba914a0a7388)
[INFO] [stdout] 
[INFO] [stderr]    Doc-tests fishhook
[INFO] [stdout] running 0 tests
[INFO] [stdout] 
[INFO] [stdout] test result: ok. 0 passed; 0 failed; 0 ignored; 0 measured; 0 filtered out; finished in 0.00s
[INFO] [stdout] 
[INFO] [stdout] 
[INFO] [stdout] running 1 test
[INFO] [stdout] test src/lib.rs - (line 20) ... FAILED
[INFO] [stdout] 
[INFO] [stdout] failures:
[INFO] [stdout] 
[INFO] [stdout] ---- src/lib.rs - (line 20) stdout ----
[INFO] [stdout] error[E0433]: cannot find module or crate `ctor` in this scope
[INFO] [stdout]   --> src/lib.rs:24:3
[INFO] [stdout]    |
[INFO] [stdout] 24 | #[ctor::ctor]
[INFO] [stdout]    |   ^^^^ use of unresolved module or unlinked crate `ctor`
[INFO] [stdout] 
[INFO] [stdout] error[E0425]: cannot find value `my_malloc` in this scope
[INFO] [stdout]   --> src/lib.rs:30:26
[INFO] [stdout]    |
[INFO] [stdout] 30 |                function: my_malloc as *const () as usize,
[INFO] [stderr] error: doctest failed, to rerun pass `--doc`
[INFO] [stdout]    |                          ^^^^^^^^^ not found in this scope
[INFO] [stdout] 
[INFO] [stdout] error[E0425]: cannot find value `my_calloc` in this scope
[INFO] [stdout]   --> src/lib.rs:34:26
[INFO] [stdout]    |
[INFO] [stdout] 34 |                function: my_calloc as *const () as usize,
[INFO] [stdout]    |                          ^^^^^^^^^ not found in this scope
[INFO] [stdout] 
[INFO] [stdout] error[E0425]: cannot find value `my_realloc` in this scope
[INFO] [stdout]   --> src/lib.rs:38:26
[INFO] [stdout]    |
[INFO] [stdout] 38 |                function: my_realloc as *const () as usize,
[INFO] [stdout]    |                          ^^^^^^^^^^ not found in this scope
[INFO] [stdout] 
[INFO] [stdout] error[E0425]: cannot find value `my_free` in this scope
[INFO] [stdout]   --> src/lib.rs:42:26
[INFO] [stdout]    |
[INFO] [stdout] 42 |                function: my_free as *const () as usize,
[INFO] [stdout]    |                          ^^^^^^^ not found in this scope
[INFO] [stdout] 
[INFO] [stdout] error: aborting due to 5 previous errors
[INFO] [stdout] 
[INFO] [stdout] Some errors have detailed explanations: E0425, E0433.
[INFO] [stdout] For more information about an error, try `rustc --explain E0425`.
[INFO] [stdout] Couldn't compile the test.
[INFO] [stdout] 
[INFO] [stdout] failures:
[INFO] [stdout]     src/lib.rs - (line 20)
[INFO] [stdout] 
[INFO] [stdout] test result: FAILED. 0 passed; 1 failed; 0 ignored; 0 measured; 0 filtered out; finished in 0.11s
[INFO] [stdout] 
[INFO] running `Command { std: "docker" "inspect" "6cd6f66cf65d63911349a40d4396656788e3141ce4c08a914a73548729392658", kill_on_drop: false }`
[INFO] running `Command { std: "docker" "rm" "-f" "6cd6f66cf65d63911349a40d4396656788e3141ce4c08a914a73548729392658", kill_on_drop: false }`
[INFO] [stdout] 6cd6f66cf65d63911349a40d4396656788e3141ce4c08a914a73548729392658
