[INFO] fetching crate fishbowl-image 0.2.1...
[INFO] testing fishbowl-image-0.2.1 against 1.100.0-beta.1+cargoflags=--release for beta-release-1.100-2
[INFO] extracting crate fishbowl-image 0.2.1 into /workspace/builds/worker-1-tc2/source
[INFO] started tweaking crates.io crate fishbowl-image 0.2.1
[INFO] finished tweaking crates.io crate fishbowl-image 0.2.1
[INFO] tweaked toml for crates.io crate fishbowl-image 0.2.1 written to /workspace/builds/worker-1-tc2/source/Cargo.toml
[INFO] validating manifest of crates.io crate fishbowl-image 0.2.1 on toolchain 1.100.0-beta.1
[INFO] running `Command { std: CARGO_HOME="/workspace/cargo-home" RUSTUP_HOME="/workspace/rustup-home" "/workspace/cargo-home/bin/cargo" "+1.100.0-beta.1" "metadata" "--manifest-path" "Cargo.toml" "--no-deps", kill_on_drop: false }`
[INFO] crate crates.io crate fishbowl-image 0.2.1 already has a lockfile, it will not be regenerated
[INFO] running `Command { std: CARGO_HOME="/workspace/cargo-home" RUSTUP_HOME="/workspace/rustup-home" "/workspace/cargo-home/bin/cargo" "+1.100.0-beta.1" "fetch" "--manifest-path" "Cargo.toml", kill_on_drop: false }`
[INFO] running `Command { std: "docker" "create" "-v" "/var/lib/crater-agent-workspace/builds/worker-1-tc2/source:/opt/rustwide/workdir:ro,Z" "-v" "/var/lib/crater-agent-workspace/builds/worker-1-tc2/target:/opt/rustwide/target:rw,Z" "-v" "/var/lib/crater-agent-workspace/cargo-home:/opt/rustwide/cargo-home:ro,Z" "-v" "/var/lib/crater-agent-workspace/rustup-home:/opt/rustwide/rustup-home:ro,Z" "-m" "1610612736" "--network" "none" "ghcr.io/rust-lang/crates-build-env/linux@sha256:77db811e55d90add9212f6832c23229e3de5f1c1f9905e8cb07319ea15df73ac" "sleep" "infinity", kill_on_drop: false }`
[INFO] [stdout] c663cbdbed7a5d1bfc3536200f9c60e86df52fd7b90b32666535d9054b61d3c0
[INFO] running `Command { std: "docker" "start" "c663cbdbed7a5d1bfc3536200f9c60e86df52fd7b90b32666535d9054b61d3c0", kill_on_drop: false }`
[INFO] running `Command { std: "docker" "inspect" "c663cbdbed7a5d1bfc3536200f9c60e86df52fd7b90b32666535d9054b61d3c0", kill_on_drop: false }`
[INFO] running `Command { std: "docker" "exec" "-e" "SOURCE_DIR=/opt/rustwide/workdir" "-e" "CARGO_HOME=/opt/rustwide/cargo-home" "-e" "RUSTUP_HOME=/opt/rustwide/rustup-home" "-e" "CARGO_TARGET_DIR=/opt/rustwide/target" "-w" "/opt/rustwide/workdir" "--user" "0:0" "c663cbdbed7a5d1bfc3536200f9c60e86df52fd7b90b32666535d9054b61d3c0" "/opt/rustwide/cargo-home/bin/cargo" "+1.100.0-beta.1" "metadata" "--no-deps" "--format-version=1", kill_on_drop: false }`
[INFO] running `Command { std: "docker" "inspect" "c663cbdbed7a5d1bfc3536200f9c60e86df52fd7b90b32666535d9054b61d3c0", kill_on_drop: false }`
[INFO] running `Command { std: "docker" "exec" "-e" "SOURCE_DIR=/opt/rustwide/workdir" "-e" "CARGO_HOME=/opt/rustwide/cargo-home" "-e" "RUSTUP_HOME=/opt/rustwide/rustup-home" "-e" "CARGO_TARGET_DIR=/opt/rustwide/target" "-e" "CARGO_INCREMENTAL=0" "-e" "RUST_BACKTRACE=full" "-e" "RUSTFLAGS=--cap-lints=warn" "-e" "RUSTDOCFLAGS=--cap-lints=warn" "-w" "/opt/rustwide/workdir" "--user" "0:0" "c663cbdbed7a5d1bfc3536200f9c60e86df52fd7b90b32666535d9054b61d3c0" "/opt/rustwide/cargo-home/bin/cargo" "+1.100.0-beta.1" "build" "--frozen" "--message-format=json" "--release", kill_on_drop: false }`
[INFO] [stderr]    Compiling utf8parse v0.2.2
[INFO] [stderr]    Compiling rustc-hash v2.1.3
[INFO] [stderr]    Compiling anstyle-query v1.1.5
[INFO] [stderr]    Compiling anstyle v1.0.14
[INFO] [stderr]    Compiling serde v1.0.229
[INFO] [stderr]    Compiling winnow v1.0.4
[INFO] [stderr]    Compiling colorchoice v1.0.5
[INFO] [stderr]    Compiling syn v3.0.4
[INFO] [stderr]    Compiling syn v2.0.119
[INFO] [stderr]    Compiling glob v0.3.4
[INFO] [stderr]    Compiling generic-array v0.14.7
[INFO] [stderr]    Compiling is_terminal_polyfill v1.70.2
[INFO] [stderr]    Compiling socket2 v0.6.5
[INFO] [stderr]    Compiling mio v1.2.3
[INFO] [stderr]    Compiling clap_lex v1.1.0
[INFO] [stderr]    Compiling jiff-core v0.1.0
[INFO] [stderr]    Compiling anstyle-parse v1.0.0
[INFO] [stderr]    Compiling serde_json v1.0.151
[INFO] [stderr]    Compiling sysinfo v0.39.6
[INFO] [stderr]    Compiling toml_datetime v0.7.5+spec-1.1.0
[INFO] [stderr]    Compiling serde_spanned v1.1.1
[INFO] [stderr]    Compiling anstream v1.0.0
[INFO] [stderr]    Compiling toml_writer v1.1.2+spec-1.1.0
[INFO] [stderr]    Compiling winnow v0.7.15
[INFO] [stderr]    Compiling toml_parser v1.1.3+spec-1.1.0
[INFO] [stderr]    Compiling clap_builder v4.6.6
[INFO] [stderr]    Compiling block-buffer v0.10.4
[INFO] [stderr]    Compiling crypto-common v0.1.7
[INFO] [stderr]    Compiling digest v0.10.7
[INFO] [stderr]    Compiling basic-toml v0.1.10
[INFO] [stderr]    Compiling sha2 v0.10.9
[INFO] [stderr]    Compiling jiff v0.2.35
[INFO] [stderr]    Compiling serde_derive v1.0.229
[INFO] [stderr]    Compiling tokio-macros v2.7.2
[INFO] [stderr]    Compiling thiserror-impl v2.0.20
[INFO] [stderr]    Compiling clap_derive v4.6.4
[INFO] [stderr]    Compiling toml v0.9.12+spec-1.1.0
[INFO] [stderr]    Compiling tokio v1.53.1
[INFO] [stderr]    Compiling clap v4.6.6
[INFO] [stderr]    Compiling thiserror v2.0.20
[INFO] [stderr]    Compiling askama_parser v0.16.0
[INFO] [stderr]    Compiling tracing-attributes v0.1.31
[INFO] [stderr]    Compiling tracing v0.1.44
[INFO] [stderr]    Compiling askama_derive v0.16.0
[INFO] [stderr]    Compiling fishbowl-runtime v0.2.1
[INFO] [stderr]    Compiling askama_macros v0.16.0
[INFO] [stderr]    Compiling askama v0.16.0
[INFO] [stderr]    Compiling fishbowl-image v0.2.1 (/opt/rustwide/workdir)
[INFO] [stderr]     Finished `release` profile [optimized] target(s) in 49.07s
[INFO] running `Command { std: "docker" "inspect" "c663cbdbed7a5d1bfc3536200f9c60e86df52fd7b90b32666535d9054b61d3c0", kill_on_drop: false }`
[INFO] running `Command { std: "docker" "exec" "-e" "SOURCE_DIR=/opt/rustwide/workdir" "-e" "CARGO_HOME=/opt/rustwide/cargo-home" "-e" "RUSTUP_HOME=/opt/rustwide/rustup-home" "-e" "CARGO_TARGET_DIR=/opt/rustwide/target" "-e" "CARGO_INCREMENTAL=0" "-e" "RUST_BACKTRACE=full" "-e" "RUSTFLAGS=--cap-lints=warn" "-e" "RUSTDOCFLAGS=--cap-lints=warn" "-w" "/opt/rustwide/workdir" "--user" "0:0" "c663cbdbed7a5d1bfc3536200f9c60e86df52fd7b90b32666535d9054b61d3c0" "/opt/rustwide/cargo-home/bin/cargo" "+1.100.0-beta.1" "test" "--frozen" "--no-run" "--message-format=json" "--release", kill_on_drop: false }`
[INFO] [stderr]    Compiling rustix v1.1.4
[INFO] [stderr]    Compiling tempfile v3.27.0
[INFO] [stderr]    Compiling fishbowl-image v0.2.1 (/opt/rustwide/workdir)
[INFO] [stderr]     Finished `release` profile [optimized] target(s) in 9.20s
[INFO] running `Command { std: "docker" "inspect" "c663cbdbed7a5d1bfc3536200f9c60e86df52fd7b90b32666535d9054b61d3c0", kill_on_drop: false }`
[INFO] running `Command { std: "docker" "exec" "-e" "SOURCE_DIR=/opt/rustwide/workdir" "-e" "CARGO_HOME=/opt/rustwide/cargo-home" "-e" "RUSTUP_HOME=/opt/rustwide/rustup-home" "-e" "CARGO_TARGET_DIR=/opt/rustwide/target" "-e" "CARGO_INCREMENTAL=0" "-e" "RUST_BACKTRACE=full" "-e" "RUSTFLAGS=--cap-lints=warn" "-e" "RUSTDOCFLAGS=--cap-lints=warn" "-w" "/opt/rustwide/workdir" "--user" "0:0" "c663cbdbed7a5d1bfc3536200f9c60e86df52fd7b90b32666535d9054b61d3c0" "/opt/rustwide/cargo-home/bin/cargo" "+1.100.0-beta.1" "test" "--frozen" "--release", kill_on_drop: false }`
[INFO] [stderr]     Finished `release` profile [optimized] target(s) in 0.13s
[INFO] [stderr]      Running unittests src/lib.rs (/opt/rustwide/target/release/build/fishbowl-image/f78a5c620a813abf/out/fishbowl_image-f78a5c620a813abf)
[INFO] [stdout] 
[INFO] [stdout] running 35 tests
[INFO] [stdout] test digest::tests::the_tag_is_a_fixed_prefix_of_the_hex_digest ... ok
[INFO] [stdout] test digest::tests::a_file_renamed_changes_the_digest ... ok
[INFO] [stdout] test render::tests::nothing_but_the_gateway_and_loopback_is_accepted_on_the_way_out ... ok
[INFO] [stdout] test digest::tests::a_byte_moving_between_files_changes_the_digest ... ok
[INFO] [stdout] test guest::tests::a_host_crates_sources_do_not_shape_the_image_but_its_manifest_does ... ok
[INFO] [stdout] test render::tests::a_native_image_keeps_the_packaged_sshd ... ok
[INFO] [stdout] test render::tests::only_the_gateway_account_can_execute_the_binary_that_carries_a_capability ... ok
[INFO] [stdout] test render::tests::a_translated_image_compiles_an_sshd_that_can_enter_its_own_sandbox ... ok
[INFO] [stdout] test render::tests::redirected_traffic_is_accepted_only_at_the_gateway_ports ... ok
[INFO] [stdout] test render::tests::sshd_permits_only_remote_stream_local_forwarding ... ok
[INFO] [stdout] test render::tests::the_agents_working_directory_is_a_link_into_the_sandbox_rather_than_a_mount ... ok
[INFO] [stdout] test render::tests::a_sample_and_a_borrowed_token_never_share_a_uid ... ok
[INFO] [stdout] test render::tests::a_sample_is_started_as_the_account_that_owns_nothing ... ok
[INFO] [stdout] test render::tests::the_first_run_questions_are_answered_for_the_directory_the_agent_opens_in ... ok
[INFO] [stdout] test render::tests::the_compiled_sshd_replaces_every_binary_of_the_privilege_separation_chain ... ok
[INFO] [stdout] test render::tests::the_gateway_uid_is_the_only_uid_exempt_from_redirection ... ok
[INFO] [stdout] test digest::tests::the_same_context_staged_twice_has_one_digest ... ok
[INFO] [stdout] test render::tests::the_entrypoint_drops_net_admin_before_running_anything_untrusted ... ok
[INFO] [stdout] test render::tests::the_headless_profile_adds_the_kali_metapackage ... ok
[INFO] [stdout] test render::tests::a_socket_left_by_a_killed_attachment_does_not_block_the_next_one ... ok
[INFO] [stdout] test render::tests::the_only_variables_accepted_over_ssh_are_the_locale_and_the_researchers_own_key ... ok
[INFO] [stdout] test render::tests::the_host_public_key_is_installed_by_root_before_sshd_starts ... ok
[INFO] [stdout] test render::tests::the_researcher_gets_the_whole_machine_and_a_sample_gets_no_way_out ... ok
[INFO] [stdout] test digest::tests::a_changed_byte_anywhere_changes_the_digest ... ok
[INFO] [stdout] test render::tests::what_the_agent_holds_is_out_of_the_samples_reach ... ok
[INFO] [stdout] test render::tests::the_answers_are_installed_where_the_agent_reads_them ... ok
[INFO] [stdout] test stage::tests::every_copy_source_the_dockerfile_names_is_staged ... FAILED
[INFO] [stdout] test render::tests::the_authority_is_installed_before_the_gateway_starts_serving ... ok
[INFO] [stdout] test render::tests::the_courier_is_built_from_the_same_tree_and_installed_for_the_researcher ... ok
[INFO] [stdout] test render::tests::devins_first_run_questions_are_answered_and_its_binary_is_installed ... ok
[INFO] [stderr] error: test failed, to rerun pass `--lib`
[INFO] [stdout] test guest::tests::the_image_is_shaped_by_the_guest_programs_and_what_they_are_made_of ... FAILED
[INFO] [stdout] test digest::tests::a_file_the_filter_leaves_out_changes_nothing ... ok
[INFO] [stdout] test openssh::tests::only_a_translated_image_compiles_its_own_sshd ... ok
[INFO] [stdout] test render::tests::every_output_chain_defaults_to_drop ... ok
[INFO] [stdout] test render::tests::the_credential_lands_somewhere_only_the_researcher_account_can_reach ... ok
[INFO] [stdout] 
[INFO] [stdout] failures:
[INFO] [stdout] 
[INFO] [stdout] ---- stage::tests::every_copy_source_the_dockerfile_names_is_staged stdout ----
[INFO] [stdout] 
[INFO] [stdout] thread 'stage::tests::every_copy_source_the_dockerfile_names_is_staged' (1161) panicked at src/stage.rs:297:10:
[INFO] [stdout] called `Result::unwrap()` on an `Err` value: Guest(Read { path: "/opt/rustwide/workdir/../../Cargo.toml", source: Os { code: 2, kind: NotFound, message: "No such file or directory" } })
[INFO] [stdout] stack backtrace:
[INFO] [stdout]    0:     0x5c0ca1210a01 - <<std[617be2ca0a6fd877]::sys::backtrace::BacktraceLock>::print::DisplayBacktrace as core[a373ad73a504971]::fmt::Display>::fmt
[INFO] [stdout]    1:     0x5c0ca122665a - core[a373ad73a504971]::fmt::write
[INFO] [stdout]    2:     0x5c0ca121505c - <alloc[2e1b2a31b91974c5]::vec::Vec<u8> as core[a373ad73a504971]::io::write::Write>::write_fmt
[INFO] [stdout]    3:     0x5c0ca11e9436 - std[617be2ca0a6fd877]::panicking::default_hook::{closure#0}
[INFO] [stdout]    4:     0x5c0ca1207049 - std[617be2ca0a6fd877]::panicking::default_hook
[INFO] [stdout]    5:     0x5c0ca1179930 - test[aada8e7e76ba119b]::test_main_inner::{closure#0}
[INFO] [stdout]    6:     0x5c0ca1207202 - std[617be2ca0a6fd877]::panicking::panic_with_hook
[INFO] [stdout]    7:     0x5c0ca11e94e2 - std[617be2ca0a6fd877]::panicking::panic_handler::{closure#0}
[INFO] [stdout]    8:     0x5c0ca11e1e49 - std[617be2ca0a6fd877]::sys::backtrace::__rust_end_short_backtrace::<std[617be2ca0a6fd877]::panicking::panic_handler::{closure#0}, !>
[INFO] [stdout]    9:     0x5c0ca11ea1dd - __rustc[ea4f61d10b84890b]::rust_begin_unwind
[INFO] [stdout]   10:     0x5c0ca1226dfc - core[a373ad73a504971]::panicking::panic_fmt
[INFO] [stdout]   11:     0x5c0ca1226bd2 - core[a373ad73a504971]::result::unwrap_failed
[INFO] [stdout]   12:     0x5c0ca1123496 - fishbowl_image[736ce85bea9afafa]::stage::tests::every_copy_source_the_dockerfile_names_is_staged::{closure#0}
[INFO] [stdout]   13:     0x5c0ca112fa73 - <tokio[46c5851844c77d7f]::runtime::scheduler::current_thread::Context>::enter::<core[a373ad73a504971]::task::poll::Poll<()>, <tokio[46c5851844c77d7f]::runtime::scheduler::current_thread::CoreGuard>::block_on<core[a373ad73a504971]::pin::Pin<&mut core[a373ad73a504971]::pin::Pin<&mut dyn core[a373ad73a504971]::future::future::Future<Output = ()>>>>::{closure#0}::{closure#0}>
[INFO] [stdout]   14:     0x5c0ca113d68c - <tokio[46c5851844c77d7f]::runtime::context::scoped::Scoped<tokio[46c5851844c77d7f]::runtime::scheduler::Context>>::set::<<tokio[46c5851844c77d7f]::runtime::scheduler::current_thread::CoreGuard>::enter<<tokio[46c5851844c77d7f]::runtime::scheduler::current_thread::CoreGuard>::block_on<core[a373ad73a504971]::pin::Pin<&mut core[a373ad73a504971]::pin::Pin<&mut dyn core[a373ad73a504971]::future::future::Future<Output = ()>>>>::{closure#0}, core[a373ad73a504971]::option::Option<()>>::{closure#0}, (alloc[2e1b2a31b91974c5]::boxed::Box<tokio[46c5851844c77d7f]::runtime::scheduler::current_thread::Core>, core[a373ad73a504971]::option::Option<()>)>
[INFO] [stdout]   15:     0x5c0ca112fc17 - <tokio[46c5851844c77d7f]::runtime::scheduler::current_thread::CoreGuard>::block_on::<core[a373ad73a504971]::pin::Pin<&mut core[a373ad73a504971]::pin::Pin<&mut dyn core[a373ad73a504971]::future::future::Future<Output = ()>>>>
[INFO] [stdout]   16:     0x5c0ca1144a9d - tokio[46c5851844c77d7f]::runtime::context::runtime::enter_runtime::<<tokio[46c5851844c77d7f]::runtime::scheduler::current_thread::CurrentThread>::block_on<core[a373ad73a504971]::pin::Pin<&mut dyn core[a373ad73a504971]::future::future::Future<Output = ()>>>::{closure#0}, ()>
[INFO] [stdout]   17:     0x5c0ca112f955 - <tokio[46c5851844c77d7f]::runtime::runtime::Runtime>::block_on::<core[a373ad73a504971]::pin::Pin<&mut dyn core[a373ad73a504971]::future::future::Future<Output = ()>>>
[INFO] [stdout]   18:     0x5c0ca11239ce - <fishbowl_image[736ce85bea9afafa]::stage::tests::every_copy_source_the_dockerfile_names_is_staged::{closure#0} as core[a373ad73a504971]::ops::function::FnOnce<()>>::call_once
[INFO] [stdout]   19:     0x5c0ca116cd7b - test[aada8e7e76ba119b]::__rust_begin_short_backtrace::<core[a373ad73a504971]::result::Result<(), alloc[2e1b2a31b91974c5]::string::String>, fn() -> core[a373ad73a504971]::result::Result<(), alloc[2e1b2a31b91974c5]::string::String>>
[INFO] [stdout]   20:     0x5c0ca1179f55 - test[aada8e7e76ba119b]::run_test::{closure#0}
[INFO] [stdout]   21:     0x5c0ca1173844 - std[617be2ca0a6fd877]::sys::backtrace::__rust_begin_short_backtrace::<test[aada8e7e76ba119b]::run_test::{closure#1}, ()>
[INFO] [stdout]   22:     0x5c0ca117cfe2 - <std[617be2ca0a6fd877]::thread::lifecycle::spawn_unchecked<test[aada8e7e76ba119b]::run_test::{closure#1}, ()>::{closure#1} as core[a373ad73a504971]::ops::function::FnOnce<()>>::call_once::{shim:vtable#0}
[INFO] [stdout]   23:     0x5c0ca120f94f - <std[617be2ca0a6fd877]::sys::thread::unix::Thread>::new::thread_start
[INFO] [stdout]   24:     0x7f4355100dfa - <unknown>
[INFO] [stdout]   25:     0x7f43551943d4 - clone
[INFO] [stdout]   26:                0x0 - <unknown>
[INFO] [stdout] 
[INFO] [stdout] ---- guest::tests::the_image_is_shaped_by_the_guest_programs_and_what_they_are_made_of stdout ----
[INFO] [stdout] 
[INFO] [stdout] thread 'guest::tests::the_image_is_shaped_by_the_guest_programs_and_what_they_are_made_of' (1134) panicked at src/guest.rs:185:52:
[INFO] [stdout] called `Result::unwrap()` on an `Err` value: Read { path: "/opt/Cargo.toml", source: Os { code: 2, kind: NotFound, message: "No such file or directory" } }
[INFO] [stdout] stack backtrace:
[INFO] [stdout]    0:     0x5c0ca1210a01 - <<std[617be2ca0a6fd877]::sys::backtrace::BacktraceLock>::print::DisplayBacktrace as core[a373ad73a504971]::fmt::Display>::fmt
[INFO] [stdout]    1:     0x5c0ca122665a - core[a373ad73a504971]::fmt::write
[INFO] [stdout]    2:     0x5c0ca121505c - <alloc[2e1b2a31b91974c5]::vec::Vec<u8> as core[a373ad73a504971]::io::write::Write>::write_fmt
[INFO] [stdout]    3:     0x5c0ca11e9436 - std[617be2ca0a6fd877]::panicking::default_hook::{closure#0}
[INFO] [stdout]    4:     0x5c0ca1207049 - std[617be2ca0a6fd877]::panicking::default_hook
[INFO] [stdout]    5:     0x5c0ca1179930 - test[aada8e7e76ba119b]::test_main_inner::{closure#0}
[INFO] [stdout]    6:     0x5c0ca1207202 - std[617be2ca0a6fd877]::panicking::panic_with_hook
[INFO] [stdout]    7:     0x5c0ca11e94e2 - std[617be2ca0a6fd877]::panicking::panic_handler::{closure#0}
[INFO] [stdout]    8:     0x5c0ca11e1e49 - std[617be2ca0a6fd877]::sys::backtrace::__rust_end_short_backtrace::<std[617be2ca0a6fd877]::panicking::panic_handler::{closure#0}, !>
[INFO] [stdout]    9:     0x5c0ca11ea1dd - __rustc[ea4f61d10b84890b]::rust_begin_unwind
[INFO] [stdout]   10:     0x5c0ca1226dfc - core[a373ad73a504971]::panicking::panic_fmt
[INFO] [stdout]   11:     0x5c0ca1226bd2 - core[a373ad73a504971]::result::unwrap_failed
[INFO] [stdout]   12:     0x5c0ca113a813 - <fishbowl_image[736ce85bea9afafa]::guest::tests::the_image_is_shaped_by_the_guest_programs_and_what_they_are_made_of::{closure#0} as core[a373ad73a504971]::ops::function::FnOnce<()>>::call_once
[INFO] [stdout]   13:     0x5c0ca116cd7b - test[aada8e7e76ba119b]::__rust_begin_short_backtrace::<core[a373ad73a504971]::result::Result<(), alloc[2e1b2a31b91974c5]::string::String>, fn() -> core[a373ad73a504971]::result::Result<(), alloc[2e1b2a31b91974c5]::string::String>>
[INFO] [stdout]   14:     0x5c0ca1179f55 - test[aada8e7e76ba119b]::run_test::{closure#0}
[INFO] [stdout]   15:     0x5c0ca1173844 - std[617be2ca0a6fd877]::sys::backtrace::__rust_begin_short_backtrace::<test[aada8e7e76ba119b]::run_test::{closure#1}, ()>
[INFO] [stdout]   16:     0x5c0ca117cfe2 - <std[617be2ca0a6fd877]::thread::lifecycle::spawn_unchecked<test[aada8e7e76ba119b]::run_test::{closure#1}, ()>::{closure#1} as core[a373ad73a504971]::ops::function::FnOnce<()>>::call_once::{shim:vtable#0}
[INFO] [stdout]   17:     0x5c0ca120f94f - <std[617be2ca0a6fd877]::sys::thread::unix::Thread>::new::thread_start
[INFO] [stdout]   18:     0x7f4355100dfa - <unknown>
[INFO] [stdout]   19:     0x7f43551943d4 - clone
[INFO] [stdout]   20:                0x0 - <unknown>
[INFO] [stdout] 
[INFO] [stdout] 
[INFO] [stdout] failures:
[INFO] [stdout]     guest::tests::the_image_is_shaped_by_the_guest_programs_and_what_they_are_made_of
[INFO] [stdout]     stage::tests::every_copy_source_the_dockerfile_names_is_staged
[INFO] [stdout] 
[INFO] [stdout] test result: FAILED. 33 passed; 2 failed; 0 ignored; 0 measured; 0 filtered out; finished in 0.01s
[INFO] [stdout] 
[INFO] running `Command { std: "docker" "inspect" "c663cbdbed7a5d1bfc3536200f9c60e86df52fd7b90b32666535d9054b61d3c0", kill_on_drop: false }`
[INFO] running `Command { std: "docker" "rm" "-f" "c663cbdbed7a5d1bfc3536200f9c60e86df52fd7b90b32666535d9054b61d3c0", kill_on_drop: false }`
[INFO] [stdout] c663cbdbed7a5d1bfc3536200f9c60e86df52fd7b90b32666535d9054b61d3c0
