[INFO] fetching crate firm_netter 0.1.17...
[INFO] testing firm_netter-0.1.17 against 1.100.0-beta.1+cargoflags=--release for beta-release-1.100-2
[INFO] extracting crate firm_netter 0.1.17 into /workspace/builds/worker-2-tc2/source
[INFO] started tweaking crates.io crate firm_netter 0.1.17
[INFO] finished tweaking crates.io crate firm_netter 0.1.17
[INFO] tweaked toml for crates.io crate firm_netter 0.1.17 written to /workspace/builds/worker-2-tc2/source/Cargo.toml
[INFO] validating manifest of crates.io crate firm_netter 0.1.17 on toolchain 1.100.0-beta.1
[INFO] running `Command { std: CARGO_HOME="/workspace/cargo-home" RUSTUP_HOME="/workspace/rustup-home" "/workspace/cargo-home/bin/cargo" "+1.100.0-beta.1" "metadata" "--manifest-path" "Cargo.toml" "--no-deps", kill_on_drop: false }`
[INFO] crate crates.io crate firm_netter 0.1.17 already has a lockfile, it will not be regenerated
[INFO] running `Command { std: CARGO_HOME="/workspace/cargo-home" RUSTUP_HOME="/workspace/rustup-home" "/workspace/cargo-home/bin/cargo" "+1.100.0-beta.1" "fetch" "--manifest-path" "Cargo.toml", kill_on_drop: false }`
[INFO] running `Command { std: "docker" "create" "-v" "/var/lib/crater-agent-workspace/builds/worker-2-tc2/source:/opt/rustwide/workdir:ro,Z" "-v" "/var/lib/crater-agent-workspace/builds/worker-2-tc2/target:/opt/rustwide/target:rw,Z" "-v" "/var/lib/crater-agent-workspace/cargo-home:/opt/rustwide/cargo-home:ro,Z" "-v" "/var/lib/crater-agent-workspace/rustup-home:/opt/rustwide/rustup-home:ro,Z" "-m" "1610612736" "--network" "none" "ghcr.io/rust-lang/crates-build-env/linux@sha256:77db811e55d90add9212f6832c23229e3de5f1c1f9905e8cb07319ea15df73ac" "sleep" "infinity", kill_on_drop: false }`
[INFO] [stdout] 258cbbb037c3b771a7cfaf399d0bb6d0bcbf05f5931ec3a8500bd7123bb0c12b
[INFO] running `Command { std: "docker" "start" "258cbbb037c3b771a7cfaf399d0bb6d0bcbf05f5931ec3a8500bd7123bb0c12b", kill_on_drop: false }`
[INFO] running `Command { std: "docker" "inspect" "258cbbb037c3b771a7cfaf399d0bb6d0bcbf05f5931ec3a8500bd7123bb0c12b", kill_on_drop: false }`
[INFO] running `Command { std: "docker" "exec" "-e" "SOURCE_DIR=/opt/rustwide/workdir" "-e" "CARGO_HOME=/opt/rustwide/cargo-home" "-e" "RUSTUP_HOME=/opt/rustwide/rustup-home" "-e" "CARGO_TARGET_DIR=/opt/rustwide/target" "-w" "/opt/rustwide/workdir" "--user" "0:0" "258cbbb037c3b771a7cfaf399d0bb6d0bcbf05f5931ec3a8500bd7123bb0c12b" "/opt/rustwide/cargo-home/bin/cargo" "+1.100.0-beta.1" "metadata" "--no-deps" "--format-version=1", kill_on_drop: false }`
[INFO] running `Command { std: "docker" "inspect" "258cbbb037c3b771a7cfaf399d0bb6d0bcbf05f5931ec3a8500bd7123bb0c12b", kill_on_drop: false }`
[INFO] running `Command { std: "docker" "exec" "-e" "SOURCE_DIR=/opt/rustwide/workdir" "-e" "CARGO_HOME=/opt/rustwide/cargo-home" "-e" "RUSTUP_HOME=/opt/rustwide/rustup-home" "-e" "CARGO_TARGET_DIR=/opt/rustwide/target" "-e" "CARGO_INCREMENTAL=0" "-e" "RUST_BACKTRACE=full" "-e" "RUSTFLAGS=--cap-lints=warn" "-e" "RUSTDOCFLAGS=--cap-lints=warn" "-w" "/opt/rustwide/workdir" "--user" "0:0" "258cbbb037c3b771a7cfaf399d0bb6d0bcbf05f5931ec3a8500bd7123bb0c12b" "/opt/rustwide/cargo-home/bin/cargo" "+1.100.0-beta.1" "build" "--frozen" "--message-format=json" "--release", kill_on_drop: false }`
[INFO] [stderr]    Compiling proc-macro2 v1.0.95
[INFO] [stderr]    Compiling unicode-ident v1.0.18
[INFO] [stderr]    Compiling libc v0.2.174
[INFO] [stderr]    Compiling serde v1.0.219
[INFO] [stderr]    Compiling stable_deref_trait v1.2.0
[INFO] [stderr]    Compiling bytes v1.10.1
[INFO] [stderr]    Compiling pin-project-lite v0.2.16
[INFO] [stderr]    Compiling shlex v1.3.0
[INFO] [stderr]    Compiling futures-core v0.3.31
[INFO] [stderr]    Compiling itoa v1.0.15
[INFO] [stderr]    Compiling memchr v2.7.5
[INFO] [stderr]    Compiling futures-sink v0.3.31
[INFO] [stderr]    Compiling once_cell v1.21.3
[INFO] [stderr]    Compiling vcpkg v0.2.15
[INFO] [stderr]    Compiling pkg-config v0.3.32
[INFO] [stderr]    Compiling crossbeam-utils v0.8.21
[INFO] [stderr]    Compiling fnv v1.0.7
[INFO] [stderr]    Compiling writeable v0.6.1
[INFO] [stderr]    Compiling cc v1.2.30
[INFO] [stderr]    Compiling serde_json v1.0.141
[INFO] [stderr]    Compiling slab v0.4.10
[INFO] [stderr]    Compiling smallvec v1.15.1
[INFO] [stderr]    Compiling litemap v0.8.0
[INFO] [stderr]    Compiling pin-utils v0.1.0
[INFO] [stderr]    Compiling futures-task v0.3.31
[INFO] [stderr]    Compiling typenum v1.18.0
[INFO] [stderr]    Compiling cfg-if v1.0.1
[INFO] [stderr]    Compiling utf8parse v0.2.2
[INFO] [stderr]    Compiling icu_properties_data v2.0.1
[INFO] [stderr]    Compiling futures-io v0.3.31
[INFO] [stderr]    Compiling icu_normalizer_data v2.0.0
[INFO] [stderr]    Compiling anstyle-parse v0.2.7
[INFO] [stderr]    Compiling tracing-core v0.1.34
[INFO] [stderr]    Compiling percent-encoding v2.3.1
[INFO] [stderr]    Compiling openssl v0.10.73
[INFO] [stderr]    Compiling hashbrown v0.15.4
[INFO] [stderr]    Compiling equivalent v1.0.2
[INFO] [stderr]    Compiling foreign-types-shared v0.1.1
[INFO] [stderr]    Compiling httparse v1.10.1
[INFO] [stderr]    Compiling is_terminal_polyfill v1.70.1
[INFO] [stderr]    Compiling bitflags v2.9.1
[INFO] [stderr]    Compiling rustix v1.0.8
[INFO] [stderr]    Compiling colorchoice v1.0.4
[INFO] [stderr]    Compiling anstyle-query v1.1.3
[INFO] [stderr]    Compiling anstyle v1.0.11
[INFO] [stderr]    Compiling getrandom v0.3.3
[INFO] [stderr]    Compiling futures-util v0.3.31
[INFO] [stderr]    Compiling foreign-types v0.3.2
[INFO] [stderr]    Compiling quote v1.0.40
[INFO] [stderr]    Compiling tracing v0.1.41
[INFO] [stderr]    Compiling anstream v0.6.19
[INFO] [stderr]    Compiling strsim v0.11.1
[INFO] [stderr]    Compiling openssl-src v300.5.1+3.5.1
[INFO] [stderr]    Compiling http v1.3.1
[INFO] [stderr]    Compiling syn v2.0.104
[INFO] [stderr]    Compiling indexmap v2.10.0
[INFO] [stderr]    Compiling try-lock v0.2.5
[INFO] [stderr]    Compiling winnow v0.7.12
[INFO] [stderr]    Compiling toml_write v0.1.2
[INFO] [stderr]    Compiling linux-raw-sys v0.9.4
[INFO] [stderr]    Compiling native-tls v0.2.14
[INFO] [stderr]    Compiling mio v1.0.4
[INFO] [stderr]    Compiling socket2 v0.5.10
[INFO] [stderr]    Compiling clap_lex v0.7.5
[INFO] [stderr]    Compiling tower-service v0.3.3
[INFO] [stderr]    Compiling atomic-waker v1.1.2
[INFO] [stderr]    Compiling want v0.3.1
[INFO] [stderr]    Compiling crossbeam-epoch v0.9.18
[INFO] [stderr]    Compiling clap_builder v4.5.41
[INFO] [stderr]    Compiling futures-channel v0.3.31
[INFO] [stderr]    Compiling hybrid-array v0.3.1
[INFO] [stderr]    Compiling openssl-sys v0.9.109
[INFO] [stderr]    Compiling tokio v1.46.1
[INFO] [stderr]    Compiling http-body v1.0.1
[INFO] [stderr]    Compiling ryu v1.0.20
[INFO] [stderr]    Compiling fastrand v2.3.0
[INFO] [stderr]    Compiling log v0.4.27
[INFO] [stderr]    Compiling openssl-probe v0.1.6
[INFO] [stderr]    Compiling cbindgen v0.29.0
[INFO] [stderr]    Compiling crossbeam-deque v0.8.6
[INFO] [stderr]    Compiling form_urlencoded v1.2.1
[INFO] [stderr]    Compiling sync_wrapper v1.0.2
[INFO] [stderr]    Compiling utf8_iter v1.0.4
[INFO] [stderr]    Compiling rayon-core v1.12.1
[INFO] [stderr]    Compiling ipnet v2.11.0
[INFO] [stderr]    Compiling heck v0.5.0
[INFO] [stderr]    Compiling tower-layer v0.3.3
[INFO] [stderr]    Compiling base64 v0.22.1
[INFO] [stderr]    Compiling http-body-util v0.1.3
[INFO] [stderr]    Compiling aho-corasick v1.1.3
[INFO] [stderr]    Compiling crypto-common v0.2.0-rc.3
[INFO] [stderr]    Compiling block-buffer v0.11.0-rc.4
[INFO] [stderr]    Compiling thiserror v2.0.12
[INFO] [stderr]    Compiling regex-syntax v0.8.5
[INFO] [stderr]    Compiling const-oid v0.10.1
[INFO] [stderr]    Compiling zeroize v1.8.1
[INFO] [stderr]    Compiling iri-string v0.7.8
[INFO] [stderr]    Compiling rustls-pki-types v1.12.0
[INFO] [stderr]    Compiling crossbeam-queue v0.3.12
[INFO] [stderr]    Compiling crossbeam-channel v0.5.15
[INFO] [stderr]    Compiling encoding_rs v0.8.35
[INFO] [stderr]    Compiling digest v0.11.0-rc.0
[INFO] [stderr]    Compiling mime v0.3.17
[INFO] [stderr]    Compiling cpufeatures v0.2.17
[INFO] [stderr]    Compiling either v1.15.0
[INFO] [stderr]    Compiling rayon v1.10.0
[INFO] [stderr]    Compiling sha2 v0.11.0-rc.0
[INFO] [stderr]    Compiling crossbeam v0.8.4
[INFO] [stderr]    Compiling memmap2 v0.9.7
[INFO] [stderr]    Compiling hex v0.4.3
[INFO] [stderr]    Compiling tempfile v3.20.0
[INFO] [stderr]    Compiling clap v4.5.41
[INFO] [stderr]    Compiling regex-automata v0.4.9
[INFO] [stderr]    Compiling synstructure v0.13.2
[INFO] [stderr]    Compiling serde_derive v1.0.219
[INFO] [stderr]    Compiling zerovec-derive v0.11.1
[INFO] [stderr]    Compiling displaydoc v0.2.5
[INFO] [stderr]    Compiling openssl-macros v0.1.1
[INFO] [stderr]    Compiling thiserror-impl v2.0.12
[INFO] [stderr]    Compiling zerofrom-derive v0.1.6
[INFO] [stderr]    Compiling yoke-derive v0.8.0
[INFO] [stderr]    Compiling regex v1.11.1
[INFO] [stderr]    Compiling zerofrom v0.1.6
[INFO] [stderr]    Compiling yoke v0.8.0
[INFO] [stderr]    Compiling zerovec v0.11.2
[INFO] [stderr]    Compiling zerotrie v0.2.2
[INFO] [stderr]    Compiling tokio-util v0.7.15
[INFO] [stderr]    Compiling tower v0.5.2
[INFO] [stderr]    Compiling tower-http v0.6.6
[INFO] [stderr]    Compiling h2 v0.4.11
[INFO] [stderr]    Compiling tinystr v0.8.1
[INFO] [stderr]    Compiling potential_utf v0.1.2
[INFO] [stderr]    Compiling icu_collections v2.0.0
[INFO] [stderr]    Compiling icu_locale_core v2.0.0
[INFO] [stderr]    Compiling icu_provider v2.0.0
[INFO] [stderr]    Compiling icu_properties v2.0.1
[INFO] [stderr]    Compiling icu_normalizer v2.0.0
[INFO] [stderr]    Compiling idna_adapter v1.2.1
[INFO] [stderr]    Compiling idna v1.0.3
[INFO] [stderr]    Compiling url v2.5.4
[INFO] [stderr]    Compiling hyper v1.6.0
[INFO] [stderr]    Compiling hyper-util v0.1.15
[INFO] [stderr]    Compiling toml_datetime v0.6.11
[INFO] [stderr]    Compiling serde_spanned v0.6.9
[INFO] [stderr]    Compiling toml_edit v0.22.27
[INFO] [stderr]    Compiling serde_urlencoded v0.7.1
[INFO] [stderr]    Compiling toml v0.8.23
[INFO] [stderr]    Compiling firm_netter v0.1.17 (/opt/rustwide/workdir)
[INFO] [stderr]    Compiling tokio-native-tls v0.3.1
[INFO] [stderr]    Compiling hyper-tls v0.6.0
[INFO] [stderr]    Compiling reqwest v0.12.22
[INFO] [stderr]     Finished `release` profile [optimized] target(s) in 3m 53s
[INFO] running `Command { std: "docker" "inspect" "258cbbb037c3b771a7cfaf399d0bb6d0bcbf05f5931ec3a8500bd7123bb0c12b", kill_on_drop: false }`
[INFO] running `Command { std: "docker" "exec" "-e" "SOURCE_DIR=/opt/rustwide/workdir" "-e" "CARGO_HOME=/opt/rustwide/cargo-home" "-e" "RUSTUP_HOME=/opt/rustwide/rustup-home" "-e" "CARGO_TARGET_DIR=/opt/rustwide/target" "-e" "CARGO_INCREMENTAL=0" "-e" "RUST_BACKTRACE=full" "-e" "RUSTFLAGS=--cap-lints=warn" "-e" "RUSTDOCFLAGS=--cap-lints=warn" "-w" "/opt/rustwide/workdir" "--user" "0:0" "258cbbb037c3b771a7cfaf399d0bb6d0bcbf05f5931ec3a8500bd7123bb0c12b" "/opt/rustwide/cargo-home/bin/cargo" "+1.100.0-beta.1" "test" "--frozen" "--no-run" "--message-format=json" "--release", kill_on_drop: false }`
[INFO] [stderr]    Compiling stable_deref_trait v1.2.0
[INFO] [stderr]    Compiling bytes v1.10.1
[INFO] [stderr]    Compiling pin-project-lite v0.2.16
[INFO] [stderr]    Compiling futures-core v0.3.31
[INFO] [stderr]    Compiling itoa v1.0.15
[INFO] [stderr]    Compiling memchr v2.7.5
[INFO] [stderr]    Compiling futures-sink v0.3.31
[INFO] [stderr]    Compiling once_cell v1.21.3
[INFO] [stderr]    Compiling fnv v1.0.7
[INFO] [stderr]    Compiling slab v0.4.10
[INFO] [stderr]    Compiling libc v0.2.174
[INFO] [stderr]    Compiling writeable v0.6.1
[INFO] [stderr]    Compiling smallvec v1.15.1
[INFO] [stderr]    Compiling litemap v0.8.0
[INFO] [stderr]    Compiling zerofrom v0.1.6
[INFO] [stderr]    Compiling crossbeam-utils v0.8.21
[INFO] [stderr]    Compiling cfg-if v1.0.1
[INFO] [stderr]    Compiling futures-io v0.3.31
[INFO] [stderr]    Compiling pin-utils v0.1.0
[INFO] [stderr]    Compiling futures-task v0.3.31
[INFO] [stderr]    Compiling equivalent v1.0.2
[INFO] [stderr]    Compiling tracing-core v0.1.34
[INFO] [stderr]    Compiling foreign-types-shared v0.1.1
[INFO] [stderr]    Compiling hashbrown v0.15.4
[INFO] [stderr]    Compiling bitflags v2.9.1
[INFO] [stderr]    Compiling percent-encoding v2.3.1
[INFO] [stderr]    Compiling yoke v0.8.0
[INFO] [stderr]    Compiling foreign-types v0.3.2
[INFO] [stderr]    Compiling typenum v1.18.0
[INFO] [stderr]    Compiling icu_normalizer_data v2.0.0
[INFO] [stderr]    Compiling icu_properties_data v2.0.1
[INFO] [stderr]    Compiling try-lock v0.2.5
[INFO] [stderr]    Compiling tower-service v0.3.3
[INFO] [stderr]    Compiling atomic-waker v1.1.2
[INFO] [stderr]    Compiling httparse v1.10.1
[INFO] [stderr]    Compiling futures-channel v0.3.31
[INFO] [stderr]    Compiling log v0.4.27
[INFO] [stderr]    Compiling want v0.3.1
[INFO] [stderr]    Compiling openssl-probe v0.1.6
[INFO] [stderr]    Compiling serde v1.0.219
[INFO] [stderr]    Compiling crossbeam-epoch v0.9.18
[INFO] [stderr]    Compiling form_urlencoded v1.2.1
[INFO] [stderr]    Compiling sync_wrapper v1.0.2
[INFO] [stderr]    Compiling ipnet v2.11.0
[INFO] [stderr]    Compiling ryu v1.0.20
[INFO] [stderr]    Compiling utf8_iter v1.0.4
[INFO] [stderr]    Compiling base64 v0.22.1
[INFO] [stderr]    Compiling futures-util v0.3.31
[INFO] [stderr]    Compiling zerovec v0.11.2
[INFO] [stderr]    Compiling zerotrie v0.2.2
[INFO] [stderr]    Compiling crossbeam-deque v0.8.6
[INFO] [stderr]    Compiling tower-layer v0.3.3
[INFO] [stderr]    Compiling aho-corasick v1.1.3
[INFO] [stderr]    Compiling regex-syntax v0.8.5
[INFO] [stderr]    Compiling indexmap v2.10.0
[INFO] [stderr]    Compiling tracing v0.1.41
[INFO] [stderr]    Compiling zeroize v1.8.1
[INFO] [stderr]    Compiling const-oid v0.10.1
[INFO] [stderr]    Compiling iri-string v0.7.8
[INFO] [stderr]    Compiling rustls-pki-types v1.12.0
[INFO] [stderr]    Compiling rayon-core v1.12.1
[INFO] [stderr]    Compiling crossbeam-queue v0.3.12
[INFO] [stderr]    Compiling crossbeam-channel v0.5.15
[INFO] [stderr]    Compiling encoding_rs v0.8.35
[INFO] [stderr]    Compiling cpufeatures v0.2.17
[INFO] [stderr]    Compiling either v1.15.0
[INFO] [stderr]    Compiling mime v0.3.17
[INFO] [stderr]    Compiling thiserror v2.0.12
[INFO] [stderr]    Compiling hex v0.4.3
[INFO] [stderr]    Compiling socket2 v0.5.10
[INFO] [stderr]    Compiling mio v1.0.4
[INFO] [stderr]    Compiling http v1.3.1
[INFO] [stderr]    Compiling openssl-sys v0.9.109
[INFO] [stderr]    Compiling hybrid-array v0.3.1
[INFO] [stderr]    Compiling rayon v1.10.0
[INFO] [stderr]    Compiling crossbeam v0.8.4
[INFO] [stderr]    Compiling memmap2 v0.9.7
[INFO] [stderr]    Compiling tokio v1.46.1
[INFO] [stderr]    Compiling tinystr v0.8.1
[INFO] [stderr]    Compiling potential_utf v0.1.2
[INFO] [stderr]    Compiling icu_collections v2.0.0
[INFO] [stderr]    Compiling icu_locale_core v2.0.0
[INFO] [stderr]    Compiling crypto-common v0.2.0-rc.3
[INFO] [stderr]    Compiling block-buffer v0.11.0-rc.4
[INFO] [stderr]    Compiling http-body v1.0.1
[INFO] [stderr]    Compiling http-body-util v0.1.3
[INFO] [stderr]    Compiling serde_json v1.0.141
[INFO] [stderr]    Compiling serde_urlencoded v0.7.1
[INFO] [stderr]    Compiling openssl v0.10.73
[INFO] [stderr]    Compiling regex-automata v0.4.9
[INFO] [stderr]    Compiling digest v0.11.0-rc.0
[INFO] [stderr]    Compiling icu_provider v2.0.0
[INFO] [stderr]    Compiling sha2 v0.11.0-rc.0
[INFO] [stderr]    Compiling icu_properties v2.0.1
[INFO] [stderr]    Compiling icu_normalizer v2.0.0
[INFO] [stderr]    Compiling idna_adapter v1.2.1
[INFO] [stderr]    Compiling idna v1.0.3
[INFO] [stderr]    Compiling url v2.5.4
[INFO] [stderr]    Compiling native-tls v0.2.14
[INFO] [stderr]    Compiling regex v1.11.1
[INFO] [stderr]    Compiling tokio-util v0.7.15
[INFO] [stderr]    Compiling tower v0.5.2
[INFO] [stderr]    Compiling tokio-native-tls v0.3.1
[INFO] [stderr]    Compiling tower-http v0.6.6
[INFO] [stderr]    Compiling h2 v0.4.11
[INFO] [stderr]    Compiling hyper v1.6.0
[INFO] [stderr]    Compiling hyper-util v0.1.15
[INFO] [stderr]    Compiling hyper-tls v0.6.0
[INFO] [stderr]    Compiling reqwest v0.12.22
[INFO] [stderr]    Compiling firm_netter v0.1.17 (/opt/rustwide/workdir)
[INFO] [stderr]     Finished `release` profile [optimized] target(s) in 1m 28s
[INFO] running `Command { std: "docker" "inspect" "258cbbb037c3b771a7cfaf399d0bb6d0bcbf05f5931ec3a8500bd7123bb0c12b", kill_on_drop: false }`
[INFO] running `Command { std: "docker" "exec" "-e" "SOURCE_DIR=/opt/rustwide/workdir" "-e" "CARGO_HOME=/opt/rustwide/cargo-home" "-e" "RUSTUP_HOME=/opt/rustwide/rustup-home" "-e" "CARGO_TARGET_DIR=/opt/rustwide/target" "-e" "CARGO_INCREMENTAL=0" "-e" "RUST_BACKTRACE=full" "-e" "RUSTFLAGS=--cap-lints=warn" "-e" "RUSTDOCFLAGS=--cap-lints=warn" "-w" "/opt/rustwide/workdir" "--user" "0:0" "258cbbb037c3b771a7cfaf399d0bb6d0bcbf05f5931ec3a8500bd7123bb0c12b" "/opt/rustwide/cargo-home/bin/cargo" "+1.100.0-beta.1" "test" "--frozen" "--release", kill_on_drop: false }`
[INFO] [stderr]     Finished `release` profile [optimized] target(s) in 0.32s
[INFO] [stderr]      Running unittests src/lib.rs (/opt/rustwide/target/release/build/firm_netter/bcd9c1906a2c5c7a/out/firm_netter-bcd9c1906a2c5c7a)
[INFO] [stdout] 
[INFO] [stdout] running 6 tests
[INFO] [stdout] test safe::safe::tests::test_invalid_key_length ... ok
[INFO] [stdout] test safe::safe::tests::test_gcm_encryption_decryption ... FAILED
[INFO] [stdout] test safe::safe::tests::test_cbc_192_fixed_iv ... FAILED
[INFO] [stdout] test safe::safe::tests::test_cbc_192_random_iv ... FAILED
[INFO] [stdout] test devices_id::devices_id::main ... ok
[INFO] [stdout] test web::web::test_download_file ... FAILED
[INFO] [stdout] 
[INFO] [stdout] failures:
[INFO] [stdout] 
[INFO] [stdout] ---- safe::safe::tests::test_gcm_encryption_decryption stdout ----
[INFO] [stdout] 
[INFO] [stdout] thread 'safe::safe::tests::test_gcm_encryption_decryption' (13204) panicked at /opt/rustwide/cargo-home/registry/src/index.crates.io-1949cf8c6b5b557f/openssl-0.10.73/src/cipher_ctx.rs:560:13:
[INFO] [stdout] Output buffer size should be at least 11 bytes.
[INFO] [stdout] stack backtrace:
[INFO] [stdout]    0:     0x653cd6ac2047 - <unknown>
[INFO] [stdout]    1:     0x653cd69d4a64 - <unknown>
[INFO] [stdout]    2:     0x653cd6ac160b - <unknown>
[INFO] [stdout]    3:     0x653cd6ac1209 - <unknown>
[INFO] [stdout]    4:     0x653cd6ac0e8a - <unknown>
[INFO] [stdout]    5:     0x653cd6ac09bb - <unknown>
[INFO] [stdout]    6:     0x653cd6ae6801 - <unknown>
[INFO] [stdout]    7:     0x653cd6ae67b9 - <unknown>
[INFO] [stdout]    8:     0x653cd6ae6cac - <unknown>
[INFO] [stdout]    9:     0x653cd69d48fb - <unknown>
[INFO] [stdout]   10:     0x653cd6a1917a - <unknown>
[INFO] [stderr] error: test failed, to rerun pass `--lib`
[INFO] [stdout]   11:     0x653cd69afb60 - <unknown>
[INFO] [stdout]   12:     0x653cd69b2fbc - <unknown>
[INFO] [stdout]   13:     0x653cd6b00eab - <unknown>
[INFO] [stdout]   14:     0x653cd6afd106 - <unknown>
[INFO] [stdout]   15:     0x653cd6afc92c - <unknown>
[INFO] [stdout]   16:     0x653cd6b18c5c - <unknown>
[INFO] [stdout]   17:     0x653cd6ae8788 - <unknown>
[INFO] [stdout]   18:     0x77e3840d5dfa - <unknown>
[INFO] [stdout]   19:     0x77e3841693d4 - clone
[INFO] [stdout]   20:                0x0 - <unknown>
[INFO] [stdout] 
[INFO] [stdout] ---- safe::safe::tests::test_cbc_192_fixed_iv stdout ----
[INFO] [stdout] 
[INFO] [stdout] thread 'safe::safe::tests::test_cbc_192_fixed_iv' (13202) panicked at /opt/rustwide/cargo-home/registry/src/index.crates.io-1949cf8c6b5b557f/openssl-0.10.73/src/cipher_ctx.rs:560:13:
[INFO] [stdout] Output buffer size should be at least 29 bytes.
[INFO] [stdout] stack backtrace:
[INFO] [stdout]    0:     0x653cd6ac2047 - <unknown>
[INFO] [stdout]    1:     0x653cd69d4a64 - <unknown>
[INFO] [stdout]    2:     0x653cd6ac160b - <unknown>
[INFO] [stdout]    3:     0x653cd6ac1209 - <unknown>
[INFO] [stdout]    4:     0x653cd6ac0e8a - <unknown>
[INFO] [stdout]    5:     0x653cd6ac09bb - <unknown>
[INFO] [stdout]    6:     0x653cd6ae6801 - <unknown>
[INFO] [stdout]    7:     0x653cd6ae67b9 - <unknown>
[INFO] [stdout]    8:     0x653cd6ae6cac - <unknown>
[INFO] [stdout]    9:     0x653cd69d48fb - <unknown>
[INFO] [stdout]   10:     0x653cd6a1917a - <unknown>
[INFO] [stdout]   11:     0x653cd69af551 - <unknown>
[INFO] [stdout]   12:     0x653cd69b2ba4 - <unknown>
[INFO] [stdout]   13:     0x653cd6b00eab - <unknown>
[INFO] [stdout]   14:     0x653cd6afd106 - <unknown>
[INFO] [stdout]   15:     0x653cd6afc92c - <unknown>
[INFO] [stdout]   16:     0x653cd6b18c5c - <unknown>
[INFO] [stdout]   17:     0x653cd6ae8788 - <unknown>
[INFO] [stdout]   18:     0x77e3840d5dfa - <unknown>
[INFO] [stdout]   19:     0x77e3841693d4 - clone
[INFO] [stdout]   20:                0x0 - <unknown>
[INFO] [stdout] 
[INFO] [stdout] ---- safe::safe::tests::test_cbc_192_random_iv stdout ----
[INFO] [stdout] 
[INFO] [stdout] thread 'safe::safe::tests::test_cbc_192_random_iv' (13203) panicked at /opt/rustwide/cargo-home/registry/src/index.crates.io-1949cf8c6b5b557f/openssl-0.10.73/src/cipher_ctx.rs:560:13:
[INFO] [stdout] Output buffer size should be at least 30 bytes.
[INFO] [stdout] stack backtrace:
[INFO] [stdout]    0:     0x653cd6ac2047 - <unknown>
[INFO] [stdout]    1:     0x653cd69d4a64 - <unknown>
[INFO] [stdout]    2:     0x653cd6ac160b - <unknown>
[INFO] [stdout]    3:     0x653cd6ac1209 - <unknown>
[INFO] [stdout]    4:     0x653cd6ac0e8a - <unknown>
[INFO] [stdout]    5:     0x653cd6ac09bb - <unknown>
[INFO] [stdout]    6:     0x653cd6ae6801 - <unknown>
[INFO] [stdout]    7:     0x653cd6ae67b9 - <unknown>
[INFO] [stdout]    8:     0x653cd6ae6cac - <unknown>
[INFO] [stdout]    9:     0x653cd69d48fb - <unknown>
[INFO] [stdout]   10:     0x653cd6a1917a - <unknown>
[INFO] [stdout]   11:     0x653cd69af551 - <unknown>
[INFO] [stdout]   12:     0x653cd69b2d7c - <unknown>
[INFO] [stdout]   13:     0x653cd6b00eab - <unknown>
[INFO] [stdout]   14:     0x653cd6afd106 - <unknown>
[INFO] [stdout]   15:     0x653cd6afc92c - <unknown>
[INFO] [stdout]   16:     0x653cd6b18c5c - <unknown>
[INFO] [stdout]   17:     0x653cd6ae8788 - <unknown>
[INFO] [stdout]   18:     0x77e3840d5dfa - <unknown>
[INFO] [stdout]   19:     0x77e3841693d4 - clone
[INFO] [stdout]   20:                0x0 - <unknown>
[INFO] [stdout] 
[INFO] [stdout] ---- web::web::test_download_file stdout ----
[INFO] [stdout] 
[INFO] [stdout] thread 'web::web::test_download_file' (13206) panicked at src/web.rs:1453:53:
[INFO] [stdout] called `Result::unwrap()` on an `Err` value: RequestError(reqwest::Error { kind: Request, url: "http://api.1wxyun.com/?type=1", source: hyper_util::client::legacy::Error(Connect, ConnectError("dns error", Custom { kind: Uncategorized, error: "failed to lookup address information: Temporary failure in name resolution" })) })
[INFO] [stdout] stack backtrace:
[INFO] [stdout]    0:     0x653cd6ac2047 - <unknown>
[INFO] [stdout]    1:     0x653cd69d4a64 - <unknown>
[INFO] [stdout]    2:     0x653cd6ac160b - <unknown>
[INFO] [stdout]    3:     0x653cd6ac1209 - <unknown>
[INFO] [stdout]    4:     0x653cd6ac0e8a - <unknown>
[INFO] [stdout]    5:     0x653cd6ac09bb - <unknown>
[INFO] [stdout]    6:     0x653cd6ae6801 - <unknown>
[INFO] [stdout]    7:     0x653cd6ae67b9 - <unknown>
[INFO] [stdout]    8:     0x653cd6ae6cac - <unknown>
[INFO] [stdout]    9:     0x653cd69d48fb - <unknown>
[INFO] [stdout]   10:     0x653cd69d9231 - <unknown>
[INFO] [stdout]   11:     0x653cd69b29e3 - <unknown>
[INFO] [stdout]   12:     0x653cd6b00eab - <unknown>
[INFO] [stdout]   13:     0x653cd6afd106 - <unknown>
[INFO] [stdout]   14:     0x653cd6afc92c - <unknown>
[INFO] [stdout]   15:     0x653cd6b18c5c - <unknown>
[INFO] [stdout]   16:     0x653cd6ae8788 - <unknown>
[INFO] [stdout]   17:     0x77e3840d5dfa - <unknown>
[INFO] [stdout]   18:     0x77e3841693d4 - clone
[INFO] [stdout]   19:                0x0 - <unknown>
[INFO] [stdout] 
[INFO] [stdout] 
[INFO] [stdout] failures:
[INFO] [stdout]     safe::safe::tests::test_cbc_192_fixed_iv
[INFO] [stdout]     safe::safe::tests::test_cbc_192_random_iv
[INFO] [stdout]     safe::safe::tests::test_gcm_encryption_decryption
[INFO] [stdout]     web::web::test_download_file
[INFO] [stdout] 
[INFO] [stdout] test result: FAILED. 2 passed; 4 failed; 0 ignored; 0 measured; 0 filtered out; finished in 0.08s
[INFO] [stdout] 
[INFO] running `Command { std: "docker" "inspect" "258cbbb037c3b771a7cfaf399d0bb6d0bcbf05f5931ec3a8500bd7123bb0c12b", kill_on_drop: false }`
[INFO] running `Command { std: "docker" "rm" "-f" "258cbbb037c3b771a7cfaf399d0bb6d0bcbf05f5931ec3a8500bd7123bb0c12b", kill_on_drop: false }`
[INFO] [stdout] 258cbbb037c3b771a7cfaf399d0bb6d0bcbf05f5931ec3a8500bd7123bb0c12b
