[INFO] fetching crate firewood-fwdctl 0.3.1...
[INFO] testing firewood-fwdctl-0.3.1 against 1.99.0-beta.8+cargoflags=--release for beta-release-1.100-2
[INFO] extracting crate firewood-fwdctl 0.3.1 into /workspace/builds/worker-7-tc1/source
[INFO] started tweaking crates.io crate firewood-fwdctl 0.3.1
[INFO] removed 0 missing tests
[INFO] finished tweaking crates.io crate firewood-fwdctl 0.3.1
[INFO] tweaked toml for crates.io crate firewood-fwdctl 0.3.1 written to /workspace/builds/worker-7-tc1/source/Cargo.toml
[INFO] validating manifest of crates.io crate firewood-fwdctl 0.3.1 on toolchain 1.99.0-beta.8
[INFO] running `Command { std: CARGO_HOME="/workspace/cargo-home" RUSTUP_HOME="/workspace/rustup-home" "/workspace/cargo-home/bin/cargo" "+1.99.0-beta.8" "metadata" "--manifest-path" "Cargo.toml" "--no-deps", kill_on_drop: false }`
[INFO] crate crates.io crate firewood-fwdctl 0.3.1 already has a lockfile, it will not be regenerated
[INFO] running `Command { std: CARGO_HOME="/workspace/cargo-home" RUSTUP_HOME="/workspace/rustup-home" "/workspace/cargo-home/bin/cargo" "+1.99.0-beta.8" "fetch" "--manifest-path" "Cargo.toml", kill_on_drop: false }`
[INFO] [stderr]     Updating crates.io index
[INFO] [stderr]  Downloading crates ...
[INFO] [stderr]   Downloaded rlp v0.6.1
[INFO] [stderr]   Downloaded triomphe v0.1.15
[INFO] [stderr]   Downloaded firewood-storage v0.3.1
[INFO] [stderr]   Downloaded small_ctor v0.1.2
[INFO] [stderr]   Downloaded enum-as-inner v0.7.0
[INFO] [stderr]   Downloaded integer-encoding v4.1.0
[INFO] [stderr]   Downloaded varint-rs v2.2.0
[INFO] [stderr]   Downloaded compare v0.0.6
[INFO] [stderr]   Downloaded interval-heap v0.0.5
[INFO] [stderr]   Downloaded std-semaphore v0.1.0
[INFO] [stderr]   Downloaded path-absolutize v3.1.1
[INFO] [stderr]   Downloaded double-ended-peekable v0.1.0
[INFO] [stderr]   Downloaded firewood-metrics v0.3.0
[INFO] [stderr]   Downloaded stable_try_trait_v2 v1.75.1
[INFO] [stderr]   Downloaded firewood-macros v0.2.0
[INFO] [stderr]   Downloaded fastrace-macro v0.7.17
[INFO] [stderr]   Downloaded bitfield-macros v0.19.4
[INFO] [stderr]   Downloaded path-dedot v3.1.1
[INFO] [stderr]   Downloaded lender-derive v0.1.3
[INFO] [stderr]   Downloaded fastrace v0.7.17
[INFO] [stderr]   Downloaded fastant v0.1.11
[INFO] [stderr]   Downloaded lru v0.16.3
[INFO] [stderr]   Downloaded byteview v0.6.1
[INFO] [stderr]   Downloaded bitfield v0.19.4
[INFO] [stderr]   Downloaded rtrb v0.3.3
[INFO] [stderr]   Downloaded typed-builder v0.23.2
[INFO] [stderr]   Downloaded maybe-dangling v0.1.2
[INFO] [stderr]   Downloaded value-log v1.9.0
[INFO] [stderr]   Downloaded lru-mem v0.3.0
[INFO] [stderr]   Downloaded firewood-replay v0.3.1
[INFO] [stderr]   Downloaded typed-builder-macro v0.23.2
[INFO] [stderr]   Downloaded lz4_flex v0.11.6
[INFO] [stderr]   Downloaded quick_cache v0.6.21
[INFO] [stderr]   Downloaded portable-atomic-util v0.2.6
[INFO] [stderr]   Downloaded num-format v0.4.4
[INFO] [stderr]   Downloaded metrics-util v0.20.1
[INFO] [stderr]   Downloaded jiff-static v0.2.23
[INFO] [stderr]   Downloaded fjall v2.11.2
[INFO] [stderr]   Downloaded lsm-tree v2.10.4
[INFO] [stderr]   Downloaded firewood v0.3.1
[INFO] [stderr]   Downloaded lender v0.6.2
[INFO] [stderr]   Downloaded jiff v0.2.23
[INFO] [stderr]   Downloaded aquamarine v0.6.0
[INFO] [stderr]   Downloaded aws-sdk-ssm v1.108.0
[INFO] [stderr]   Downloaded assert_cmd v2.2.0
[INFO] [stderr]   Downloaded basic-toml v0.1.10
[INFO] [stderr]   Downloaded askama_macros v0.15.4
[INFO] [stderr]   Downloaded askama_derive v0.15.4
[INFO] [stderr]   Downloaded askama v0.15.4
[INFO] [stderr]   Downloaded askama_parser v0.15.4
[INFO] [stderr]   Downloaded aws-sdk-ec2 v1.220.0
[INFO] running `Command { std: "docker" "create" "-v" "/var/lib/crater-agent-workspace/builds/worker-7-tc1/source:/opt/rustwide/workdir:ro,Z" "-v" "/var/lib/crater-agent-workspace/builds/worker-7-tc1/target:/opt/rustwide/target:rw,Z" "-v" "/var/lib/crater-agent-workspace/cargo-home:/opt/rustwide/cargo-home:ro,Z" "-v" "/var/lib/crater-agent-workspace/rustup-home:/opt/rustwide/rustup-home:ro,Z" "-m" "1610612736" "--network" "none" "ghcr.io/rust-lang/crates-build-env/linux@sha256:77db811e55d90add9212f6832c23229e3de5f1c1f9905e8cb07319ea15df73ac" "sleep" "infinity", kill_on_drop: false }`
[INFO] [stdout] 8fd0498ad9089ba4bf6fd863963808fc947f206a7a3059b63164d042d2491352
[INFO] running `Command { std: "docker" "start" "8fd0498ad9089ba4bf6fd863963808fc947f206a7a3059b63164d042d2491352", kill_on_drop: false }`
[INFO] running `Command { std: "docker" "inspect" "8fd0498ad9089ba4bf6fd863963808fc947f206a7a3059b63164d042d2491352", kill_on_drop: false }`
[INFO] running `Command { std: "docker" "exec" "-e" "SOURCE_DIR=/opt/rustwide/workdir" "-e" "CARGO_HOME=/opt/rustwide/cargo-home" "-e" "RUSTUP_HOME=/opt/rustwide/rustup-home" "-e" "CARGO_TARGET_DIR=/opt/rustwide/target" "-w" "/opt/rustwide/workdir" "--user" "0:0" "8fd0498ad9089ba4bf6fd863963808fc947f206a7a3059b63164d042d2491352" "/opt/rustwide/cargo-home/bin/cargo" "+1.99.0-beta.8" "metadata" "--no-deps" "--format-version=1", kill_on_drop: false }`
[INFO] running `Command { std: "docker" "inspect" "8fd0498ad9089ba4bf6fd863963808fc947f206a7a3059b63164d042d2491352", kill_on_drop: false }`
[INFO] running `Command { std: "docker" "exec" "-e" "SOURCE_DIR=/opt/rustwide/workdir" "-e" "CARGO_HOME=/opt/rustwide/cargo-home" "-e" "RUSTUP_HOME=/opt/rustwide/rustup-home" "-e" "CARGO_TARGET_DIR=/opt/rustwide/target" "-e" "CARGO_INCREMENTAL=0" "-e" "RUST_BACKTRACE=full" "-e" "RUSTFLAGS=--cap-lints=warn" "-e" "RUSTDOCFLAGS=--cap-lints=warn" "-w" "/opt/rustwide/workdir" "--user" "0:0" "8fd0498ad9089ba4bf6fd863963808fc947f206a7a3059b63164d042d2491352" "/opt/rustwide/cargo-home/bin/cargo" "+1.99.0-beta.8" "build" "--frozen" "--message-format=json" "--release", kill_on_drop: false }`
[INFO] [stderr]    Compiling libc v0.2.183
[INFO] [stderr]    Compiling zerocopy v0.8.47
[INFO] [stderr]    Compiling serde_core v1.0.228
[INFO] [stderr]    Compiling ahash v0.8.12
[INFO] [stderr]    Compiling smallvec v1.15.1
[INFO] [stderr]    Compiling bitflags v2.11.0
[INFO] [stderr]    Compiling foldhash v0.2.0
[INFO] [stderr]    Compiling proc-macro-error-attr2 v2.0.0
[INFO] [stderr]    Compiling crossbeam-epoch v0.9.18
[INFO] [stderr]    Compiling path-dedot v3.1.1
[INFO] [stderr]    Compiling compare v0.0.6
[INFO] [stderr]    Compiling serde v1.0.228
[INFO] [stderr]    Compiling byteview v0.6.1
[INFO] [stderr]    Compiling xxhash-rust v0.8.15
[INFO] [stderr]    Compiling varint-rs v2.2.0
[INFO] [stderr]    Compiling rustc-hash v2.1.1
[INFO] [stderr]    Compiling hashbrown v0.16.1
[INFO] [stderr]    Compiling interval-heap v0.0.5
[INFO] [stderr]    Compiling path-absolutize v3.1.1
[INFO] [stderr]    Compiling rustix v1.1.4
[INFO] [stderr]    Compiling portable-atomic v1.13.1
[INFO] [stderr]    Compiling num-traits v0.2.19
[INFO] [stderr]    Compiling enum_dispatch v0.3.13
[INFO] [stderr]    Compiling darling_core v0.23.0
[INFO] [stderr]    Compiling proc-macro-error2 v2.0.1
[INFO] [stderr]    Compiling include_dir_macros v0.7.4
[INFO] [stderr]    Compiling guardian v1.3.0
[INFO] [stderr]    Compiling web-time v1.1.0
[INFO] [stderr]    Compiling lz4_flex v0.11.6
[INFO] [stderr]    Compiling self_cell v1.2.2
[INFO] [stderr]    Compiling crossbeam-skiplist v0.1.3
[INFO] [stderr]    Compiling small_ctor v0.1.2
[INFO] [stderr]    Compiling double-ended-peekable v0.1.0
[INFO] [stderr]    Compiling crossbeam-deque v0.8.6
[INFO] [stderr]    Compiling include_dir v0.7.4
[INFO] [stderr]    Compiling winnow v0.7.15
[INFO] [stderr]    Compiling itertools v0.10.5
[INFO] [stderr]    Compiling fastrace-macro v0.7.17
[INFO] [stderr]    Compiling fastant v0.1.11
[INFO] [stderr]    Compiling digest v0.10.7
[INFO] [stderr]    Compiling bitfield-macros v0.19.4
[INFO] [stderr]    Compiling git-version-macro v0.3.9
[INFO] [stderr]    Compiling regex-syntax v0.8.10
[INFO] [stderr]    Compiling rtrb v0.3.3
[INFO] [stderr]    Compiling std-semaphore v0.1.0
[INFO] [stderr]    Compiling unit-prefix v0.5.2
[INFO] [stderr]    Compiling sha2 v0.10.9
[INFO] [stderr]    Compiling git-version v0.3.9
[INFO] [stderr]    Compiling bitfield v0.19.4
[INFO] [stderr]    Compiling rayon-core v1.13.0
[INFO] [stderr]    Compiling enum-as-inner v0.7.0
[INFO] [stderr]    Compiling parking_lot_core v0.9.12
[INFO] [stderr]    Compiling getrandom v0.3.4
[INFO] [stderr]    Compiling getrandom v0.4.2
[INFO] [stderr]    Compiling quick_cache v0.6.21
[INFO] [stderr]    Compiling console v0.16.3
[INFO] [stderr]    Compiling rand_core v0.9.5
[INFO] [stderr]    Compiling parking_lot v0.12.5
[INFO] [stderr]    Compiling lru v0.16.3
[INFO] [stderr]    Compiling bytemuck_derive v1.10.2
[INFO] [stderr]    Compiling lender-derive v0.1.3
[INFO] [stderr]    Compiling indicatif v0.18.4
[INFO] [stderr]    Compiling typed-builder-macro v0.23.2
[INFO] [stderr]    Compiling derive-where v1.6.1
[INFO] [stderr]    Compiling maybe-dangling v0.1.2
[INFO] [stderr]    Compiling aquamarine v0.6.0
[INFO] [stderr]    Compiling bytemuck v1.25.0
[INFO] [stderr]    Compiling either v1.15.0
[INFO] [stderr]    Compiling tempfile v3.27.0
[INFO] [stderr]    Compiling nonzero_ext v0.3.0
[INFO] [stderr]    Compiling weak-table v0.3.2
[INFO] [stderr]    Compiling bumpalo v3.20.2
[INFO] [stderr]    Compiling stable_try_trait_v2 v1.75.1
[INFO] [stderr]    Compiling value-log v1.9.0
[INFO] [stderr]    Compiling integer-encoding v4.1.0
[INFO] [stderr]    Compiling aliasable v0.1.3
[INFO] [stderr]    Compiling lsm-tree v2.10.4
[INFO] [stderr]    Compiling fallible-iterator v0.3.0
[INFO] [stderr]    Compiling regex-automata v0.4.14
[INFO] [stderr]    Compiling rayon v1.11.0
[INFO] [stderr]    Compiling rmp v0.8.15
[INFO] [stderr]    Compiling firewood-macros v0.2.0
[INFO] [stderr]    Compiling basic-toml v0.1.10
[INFO] [stderr]    Compiling askama_parser v0.15.4
[INFO] [stderr]    Compiling lender v0.6.2
[INFO] [stderr]    Compiling typed-builder v0.23.2
[INFO] [stderr]    Compiling clap_builder v4.6.0
[INFO] [stderr]    Compiling anstream v0.6.21
[INFO] [stderr]    Compiling serde_bytes v0.11.19
[INFO] [stderr]    Compiling clap_derive v4.6.0
[INFO] [stderr]    Compiling csv-core v0.1.13
[INFO] [stderr]    Compiling percent-encoding v2.3.2
[INFO] [stderr]    Compiling arrayvec v0.7.6
[INFO] [stderr]    Compiling jiff v0.2.23
[INFO] [stderr]    Compiling triomphe v0.1.15
[INFO] [stderr]    Compiling rmp-serde v1.3.1
[INFO] [stderr]    Compiling darling_macro v0.23.0
[INFO] [stderr]    Compiling firewood-fwdctl v0.3.1 (/opt/rustwide/workdir)
[INFO] [stderr]    Compiling csv v1.4.0
[INFO] [stderr]    Compiling num-format v0.4.4
[INFO] [stderr]    Compiling darling v0.23.0
[INFO] [stderr]    Compiling serde_with_macros v3.18.0
[INFO] [stderr]    Compiling ppv-lite86 v0.2.21
[INFO] [stderr]    Compiling hashbrown v0.14.5
[INFO] [stderr]    Compiling metrics v0.24.3
[INFO] [stderr]    Compiling rand_chacha v0.9.0
[INFO] [stderr]    Compiling firewood-metrics v0.3.0
[INFO] [stderr]    Compiling serde_with v3.18.0
[INFO] [stderr]    Compiling rand v0.9.2
[INFO] [stderr]    Compiling dashmap v6.1.0
[INFO] [stderr]    Compiling lru-mem v0.3.0
[INFO] [stderr]    Compiling regex v1.12.3
[INFO] [stderr]    Compiling fjall v2.11.2
[INFO] [stderr]    Compiling env_filter v1.0.0
[INFO] [stderr]    Compiling fastrace v0.7.17
[INFO] [stderr]    Compiling clap v4.6.0
[INFO] [stderr]    Compiling askama_derive v0.15.4
[INFO] [stderr]    Compiling env_logger v0.11.9
[INFO] [stderr]    Compiling firewood-storage v0.3.1
[INFO] [stderr]    Compiling firewood v0.3.1
[INFO] [stderr]    Compiling askama_macros v0.15.4
[INFO] [stderr]    Compiling askama v0.15.4
[INFO] [stderr]    Compiling firewood-replay v0.3.1
[INFO] [stderr]     Finished `release` profile [optimized] target(s) in 1m 27s
[INFO] [stderr] warning: the following packages contain code that will be rejected by a future version of Rust: proc-macro-error2 v2.0.1
[INFO] [stderr] note: to see what the problems were, use the option `--future-incompat-report`, or run `cargo report future-incompatibilities --id 2`
[INFO] running `Command { std: "docker" "inspect" "8fd0498ad9089ba4bf6fd863963808fc947f206a7a3059b63164d042d2491352", kill_on_drop: false }`
[INFO] running `Command { std: "docker" "exec" "-e" "SOURCE_DIR=/opt/rustwide/workdir" "-e" "CARGO_HOME=/opt/rustwide/cargo-home" "-e" "RUSTUP_HOME=/opt/rustwide/rustup-home" "-e" "CARGO_TARGET_DIR=/opt/rustwide/target" "-e" "CARGO_INCREMENTAL=0" "-e" "RUST_BACKTRACE=full" "-e" "RUSTFLAGS=--cap-lints=warn" "-e" "RUSTDOCFLAGS=--cap-lints=warn" "-w" "/opt/rustwide/workdir" "--user" "0:0" "8fd0498ad9089ba4bf6fd863963808fc947f206a7a3059b63164d042d2491352" "/opt/rustwide/cargo-home/bin/cargo" "+1.99.0-beta.8" "test" "--frozen" "--no-run" "--message-format=json" "--release", kill_on_drop: false }`
[INFO] [stderr]    Compiling rand_core v0.10.0
[INFO] [stderr]    Compiling getrandom v0.4.2
[INFO] [stderr]    Compiling regex-automata v0.4.14
[INFO] [stderr]    Compiling nibble_vec v0.1.0
[INFO] [stderr]    Compiling raw-cpuid v11.6.0
[INFO] [stderr]    Compiling endian-type v0.1.2
[INFO] [stderr]    Compiling rand_xoshiro v0.7.0
[INFO] [stderr]    Compiling ordered-float v5.1.0
[INFO] [stderr]    Compiling indexmap v2.13.0
[INFO] [stderr]    Compiling sketches-ddsketch v0.3.1
[INFO] [stderr]    Compiling predicates-core v1.0.10
[INFO] [stderr]    Compiling float-cmp v0.10.0
[INFO] [stderr]    Compiling normalize-line-endings v0.3.0
[INFO] [stderr]    Compiling termtree v0.5.1
[INFO] [stderr]    Compiling difflib v0.4.0
[INFO] [stderr]    Compiling assert_cmd v2.2.0
[INFO] [stderr]    Compiling radix_trie v0.2.1
[INFO] [stderr]    Compiling firewood-fwdctl v0.3.1 (/opt/rustwide/workdir)
[INFO] [stderr]    Compiling chacha20 v0.10.0
[INFO] [stderr]    Compiling wait-timeout v0.2.1
[INFO] [stderr]    Compiling predicates-tree v1.0.13
[INFO] [stderr]    Compiling tempfile v3.27.0
[INFO] [stderr]    Compiling rand v0.10.0
[INFO] [stderr]    Compiling value-log v1.9.0
[INFO] [stderr]    Compiling lsm-tree v2.10.4
[INFO] [stderr]    Compiling quanta v0.12.6
[INFO] [stderr]    Compiling metrics-util v0.20.1
[INFO] [stderr]    Compiling fjall v2.11.2
[INFO] [stderr]    Compiling regex v1.12.3
[INFO] [stderr]    Compiling bstr v1.12.1
[INFO] [stderr]    Compiling env_filter v1.0.0
[INFO] [stderr]    Compiling predicates v3.1.4
[INFO] [stderr]    Compiling env_logger v0.11.9
[INFO] [stderr]    Compiling firewood-storage v0.3.1
[INFO] [stderr]    Compiling firewood v0.3.1
[INFO] [stderr]    Compiling firewood-replay v0.3.1
[INFO] [stderr]     Finished `release` profile [optimized] target(s) in 49.95s
[INFO] [stderr] warning: the following packages contain code that will be rejected by a future version of Rust: proc-macro-error2 v2.0.1
[INFO] [stderr] note: to see what the problems were, use the option `--future-incompat-report`, or run `cargo report future-incompatibilities --id 2`
[INFO] running `Command { std: "docker" "inspect" "8fd0498ad9089ba4bf6fd863963808fc947f206a7a3059b63164d042d2491352", kill_on_drop: false }`
[INFO] running `Command { std: "docker" "exec" "-e" "SOURCE_DIR=/opt/rustwide/workdir" "-e" "CARGO_HOME=/opt/rustwide/cargo-home" "-e" "RUSTUP_HOME=/opt/rustwide/rustup-home" "-e" "CARGO_TARGET_DIR=/opt/rustwide/target" "-e" "CARGO_INCREMENTAL=0" "-e" "RUST_BACKTRACE=full" "-e" "RUSTFLAGS=--cap-lints=warn" "-e" "RUSTDOCFLAGS=--cap-lints=warn" "-w" "/opt/rustwide/workdir" "--user" "0:0" "8fd0498ad9089ba4bf6fd863963808fc947f206a7a3059b63164d042d2491352" "/opt/rustwide/cargo-home/bin/cargo" "+1.99.0-beta.8" "test" "--frozen" "--release", kill_on_drop: false }`
[INFO] [stderr]    Compiling firewood-fwdctl v0.3.1 (/opt/rustwide/workdir)
[INFO] [stderr]     Finished `release` profile [optimized] target(s) in 8.10s
[INFO] [stderr] warning: the following packages contain code that will be rejected by a future version of Rust: proc-macro-error2 v2.0.1
[INFO] [stderr] note: to see what the problems were, use the option `--future-incompat-report`, or run `cargo report future-incompatibilities --id 2`
[INFO] [stderr]      Running unittests src/main.rs (/opt/rustwide/target/release/deps/fwdctl-51f503b0f66c7987)
[INFO] [stderr]      Running tests/cli.rs (/opt/rustwide/target/release/deps/cli-992c2d2ac9e38516)
[INFO] [stdout] 
[INFO] [stdout] running 0 tests
[INFO] [stdout] 
[INFO] [stdout] test result: ok. 0 passed; 0 failed; 0 ignored; 0 measured; 0 filtered out; finished in 0.00s
[INFO] [stdout] 
[INFO] [stdout] 
[INFO] [stdout] running 13 tests
[INFO] [stdout] test fwdctl_prints_version ... ok
[INFO] [stdout] test fwdctl_creates_database ... ok
[INFO] [stdout] test fwdctl_get_successful ... ok
[INFO] [stdout] test fwdctl_dump ... ok
[INFO] [stdout] test fwdctl_check_empty_db ... ok
[INFO] [stdout] test fwdctl_dump_with_file_name ... FAILED
[INFO] [stdout] test fwdctl_insert_successful ... ok
[INFO] [stdout] test fwdctl_root_hash ... ok
[INFO] [stdout] test fwdctl_delete_successful ... ok
[INFO] [stdout] test test_slow_fwdctl_dump_with_hex ... ok
[INFO] [stdout] test test_slow_fwdctl_check_db_with_data ... ok
[INFO] [stdout] test test_slow_fwdctl_dump_with_csv_and_json ... FAILED
[INFO] [stdout] test test_slow_fwdctl_dump_with_start_stop_and_max ... ok
[INFO] [stdout] 
[INFO] [stdout] failures:
[INFO] [stdout] 
[INFO] [stdout] ---- fwdctl_dump_with_file_name stdout ----
[INFO] [stdout] 
[INFO] [stdout] thread 'fwdctl_dump_with_file_name' (3212) panicked at /rustc/dfb0accb7f508ae8be965d8629557221c889dd98/library/core/src/ops/function.rs:250:5:
[INFO] [stdout] Unexpected failure.
[INFO] [stdout] code=101
[INFO] [stdout] stderr=``````
[INFO] [stdout] 
[INFO] [stdout] thread \'main\' (3312) panicked at src/dump.rs:158:42:
[INFO] [stdout] Error creating output handler: Os { code: 30, kind: ReadOnlyFilesystem, message: \"Read-only file system\" }
[INFO] [stdout] stack backtrace:
[INFO] [stdout]    0:     0x5b334aece011 - <<std[70759c8f55707aa4]::sys::backtrace::BacktraceLock>::print::DisplayBacktrace as core[df12db4294e9bfd3]::fmt::Display>::fmt
[INFO] [stdout]    1:     0x5b334aee668a - core[df12db4294e9bfd3]::fmt::write
[INFO] [stdout]    2:     0x5b334aed4c1c - <std[70759c8f55707aa4]::sys::stdio::unix::Stderr as core[df12db4294e9bfd3]::io::write::Write>::write_fmt
[INFO] [stdout]    3:     0x5b334aeaf1f6 - std[70759c8f55707aa4]::panicking::default_hook::{closure#0}
[INFO] [stdout]    4:     0x5b334aec54a1 - std[70759c8f55707aa4]::panicking::default_hook
[INFO] [stdout]    5:     0x5b334aec57cb - std[70759c8f55707aa4]::panicking::panic_with_hook
[INFO] [stdout]    6:     0x5b334aeaf2a2 - std[70759c8f55707aa4]::panicking::panic_handler::{closure#0}
[INFO] [stdout]    7:     0x5b334aea7e29 - std[70759c8f55707aa4]::sys::backtrace::__rust_end_short_backtrace::<std[70759c8f55707aa4]::panicking::panic_handler::{closure#0}, !>
[INFO] [stdout]    8:     0x5b334aeaff7d - __rustc[8fa7c3cbc660c2b3]::rust_begin_unwind
[INFO] [stdout]    9:     0x5b334aee6e6c - core[df12db4294e9bfd3]::panicking::panic_fmt
[INFO] [stdout]   10:     0x5b334aee6c42 - core[df12db4294e9bfd3]::result::unwrap_failed
[INFO] [stdout]   11:     0x5b334abfbe0d - fwdctl[e6dc50c910f86078]::dump::run
[INFO] [stdout]   12:     0x5b334ac47ecb - fwdctl[e6dc50c910f86078]::main
[INFO] [stdout]   13:     0x5b334ac22996 - std[70759c8f55707aa4]::sys::backtrace::__rust_begin_short_backtrace::<fn() -> core[df12db4294e9bfd3]::result::Result<(), firewood[e79bf4df22326f86]::api::Error>, core[df12db4294e9bfd3]::result::Result<(), firewood[e79bf4df22326f86]::api::Error>>
[INFO] [stdout]   14:     0x5b334ac166d5 - std[70759c8f55707aa4]::rt::lang_start::<core[df12db4294e9bfd3]::result::Result<(), firewood[e79bf4df22326f86]::api::Error>>::{closure#0}
[INFO] [stdout]   15:     0x5b334aec4969 - std[70759c8f55707aa4]::rt::lang_start_internal
[INFO] [stdout]   16:     0x5b334ac4d5a5 - main
[INFO] [stdout]   17:     0x7dfbf61c9601 - <unknown>
[INFO] [stdout]   18:     0x7dfbf61c9718 - __libc_start_main
[INFO] [stdout]   19:     0x5b334abd4795 - _start
[INFO] [stdout]   20:                0x0 - <unknown>
[INFO] [stdout] ```
[INFO] [stdout] ```
[INFO] [stdout] command=`"/opt/rustwide/target/release/fwdctl" "dump" "--db" "/tmp/.tmpXZdQko" "--output-format" "csv" "--output-file-name" "test"`
[INFO] [stdout] code=101
[INFO] [stdout] stdout="Dumping to test.csv\n"
[INFO] [stdout] stderr=```
[INFO] [stdout] 
[INFO] [stdout] thread \'main\' (3312) panicked at src/dump.rs:158:42:
[INFO] [stdout] Error creating output handler: Os { code: 30, kind: ReadOnlyFilesystem, message: \"Read-only file system\" }
[INFO] [stdout] stack backtrace:
[INFO] [stdout]    0:     0x5b334aece011 - <<std[70759c8f55707aa4]::sys::backtrace::BacktraceLock>::print::DisplayBacktrace as core[df12db4294e9bfd3]::fmt::Display>::fmt
[INFO] [stdout]    1:     0x5b334aee668a - core[df12db4294e9bfd3]::fmt::write
[INFO] [stdout]    2:     0x5b334aed4c1c - <std[70759c8f55707aa4]::sys::stdio::unix::Stderr as core[df12db4294e9bfd3]::io::write::Write>::write_fmt
[INFO] [stdout]    3:     0x5b334aeaf1f6 - std[70759c8f55707aa4]::panicking::default_hook::{closure#0}
[INFO] [stdout]    4:     0x5b334aec54a1 - std[70759c8f55707aa4]::panicking::default_hook
[INFO] [stdout]    5:     0x5b334aec57cb - std[70759c8f55707aa4]::panicking::panic_with_hook
[INFO] [stdout]    6:     0x5b334aeaf2a2 - std[70759c8f55707aa4]::panicking::panic_handler::{closure#0}
[INFO] [stdout]    7:     0x5b334aea7e29 - std[70759c8f55707aa4]::sys::backtrace::__rust_end_short_backtrace::<std[70759c8f55707aa4]::panicking::panic_handler::{closure#0}, !>
[INFO] [stdout]    8:     0x5b334aeaff7d - __rustc[8fa7c3cbc660c2b3]::rust_begin_unwind
[INFO] [stdout]    9:     0x5b334aee6e6c - core[df12db4294e9bfd3]::panicking::panic_fmt
[INFO] [stdout]   10:     0x5b334aee6c42 - core[df12db4294e9bfd3]::result::unwrap_failed
[INFO] [stdout]   11:     0x5b334abfbe0d - fwdctl[e6dc50c910f86078]::dump::run
[INFO] [stdout]   12:     0x5b334ac47ecb - fwdctl[e6dc50c910f86078]::main
[INFO] [stdout]   13:     0x5b334ac22996 - std[70759c8f55707aa4]::sys::backtrace::__rust_begin_short_backtrace::<fn() -> core[df12db4294e9bfd3]::result::Result<(), firewood[e79bf4df22326f86]::api::Error>, core[df12db4294e9bfd3]::result::Result<(), firewood[e79bf4df22326f86]::api::Error>>
[INFO] [stdout]   14:     0x5b334ac166d5 - std[70759c8f55707aa4]::rt::lang_start::<core[df12db4294e9bfd3]::result::Result<(), firewood[e79bf4df22326f86]::api::Error>>::{closure#0}
[INFO] [stdout]   15:     0x5b334aec4969 - std[70759c8f55707aa4]::rt::lang_start_internal
[INFO] [stdout]   16:     0x5b334ac4d5a5 - main
[INFO] [stdout]   17:     0x7dfbf61c9601 - <unknown>
[INFO] [stdout]   18:     0x7dfbf61c9718 - __libc_start_main
[INFO] [stdout]   19:     0x5b334abd4795 - _start
[INFO] [stdout]   20:                0x0 - <unknown>
[INFO] [stdout] ```
[INFO] [stdout] 
[INFO] [stdout] 
[INFO] [stdout] stack backtrace:
[INFO] [stdout]    0:     0x603148578921 - <<std[70759c8f55707aa4]::sys::backtrace::BacktraceLock>::print::DisplayBacktrace as core[df12db4294e9bfd3]::fmt::Display>::fmt
[INFO] [stdout]    1:     0x60314858eeea - core[df12db4294e9bfd3]::fmt::write
[INFO] [stdout]    2:     0x60314857e40c - <alloc[2182bb758b4b3781]::vec::Vec<u8> as core[df12db4294e9bfd3]::io::write::Write>::write_fmt
[INFO] [stdout]    3:     0x603148553126 - std[70759c8f55707aa4]::panicking::default_hook::{closure#0}
[INFO] [stdout]    4:     0x6031485703e9 - std[70759c8f55707aa4]::panicking::default_hook
[INFO] [stdout]    5:     0x603148507a20 - test[9d35eded1c95d3be]::test_main_inner::<test[9d35eded1c95d3be]::test_main_static::{closure#0}>::{closure#0}
[INFO] [stdout]    6:     0x6031485705a2 - std[70759c8f55707aa4]::panicking::panic_with_hook
[INFO] [stdout]    7:     0x6031485531d2 - std[70759c8f55707aa4]::panicking::panic_handler::{closure#0}
[INFO] [stdout]    8:     0x60314854bca9 - std[70759c8f55707aa4]::sys::backtrace::__rust_end_short_backtrace::<std[70759c8f55707aa4]::panicking::panic_handler::{closure#0}, !>
[INFO] [stdout]    9:     0x603148553dcd - __rustc[8fa7c3cbc660c2b3]::rust_begin_unwind
[INFO] [stdout]   10:     0x60314858f69c - core[df12db4294e9bfd3]::panicking::panic_fmt
[INFO] [stdout]   11:     0x6031484ef834 - <assert_cmd[97e750c94f462bec]::assert::AssertError>::panic::<assert_cmd[97e750c94f462bec]::assert::Assert>
[INFO] [stdout]   12:     0x6031484f0176 - <assert_cmd[97e750c94f462bec]::assert::Assert>::success
[INFO] [stdout]   13:     0x6031484e47cc - <cli[c7697d693243f7d0]::fwdctl_dump_with_file_name::{closure#0} as core[df12db4294e9bfd3]::ops::function::FnOnce<()>>::call_once
[INFO] [stdout]   14:     0x6031484fad0b - test[9d35eded1c95d3be]::__rust_begin_short_backtrace::<core[df12db4294e9bfd3]::result::Result<(), alloc[2182bb758b4b3781]::string::String>, fn() -> core[df12db4294e9bfd3]::result::Result<(), alloc[2182bb758b4b3781]::string::String>>
[INFO] [stdout]   15:     0x603148508375 - test[9d35eded1c95d3be]::run_test::{closure#0}
[INFO] [stdout]   16:     0x603148501c34 - std[70759c8f55707aa4]::sys::backtrace::__rust_begin_short_backtrace::<test[9d35eded1c95d3be]::run_test::{closure#1}, ()>
[INFO] [stdout]   17:     0x60314850b4d2 - <std[70759c8f55707aa4]::thread::lifecycle::spawn_unchecked<test[9d35eded1c95d3be]::run_test::{closure#1}, ()>::{closure#1} as core[df12db4294e9bfd3]::ops::function::FnOnce<()>>::call_once::{shim:vtable#0}
[INFO] [stdout]   18:     0x603148577e09 - <std[70759c8f55707aa4]::sys::thread::unix::Thread>::new::thread_start
[INFO] [stdout]   19:     0x7be7daa35dfa - <unknown>
[INFO] [stdout]   20:     0x7be7daac93d4 - clone
[INFO] [stdout]   21:                0x0 - <unknown>
[INFO] [stdout] 
[INFO] [stdout] ---- test_slow_fwdctl_dump_with_csv_and_json stdout ----
[INFO] [stdout] 
[INFO] [stdout] thread 'test_slow_fwdctl_dump_with_csv_and_json' (3218) panicked at /rustc/dfb0accb7f508ae8be965d8629557221c889dd98/library/core/src/ops/function.rs:250:5:
[INFO] [stdout] Unexpected failure.
[INFO] [stdout] code=101
[INFO] [stdout] stderr=``````
[INFO] [stdout] 
[INFO] [stdout] thread \'main\' (3403) panicked at src/dump.rs:158:42:
[INFO] [stdout] Error creating output handler: Os { code: 30, kind: ReadOnlyFilesystem, message: \"Read-only file system\" }
[INFO] [stdout] stack backtrace:
[INFO] [stdout]    0:     0x5bae67ee9011 - <<std[70759c8f55707aa4]::sys::backtrace::BacktraceLock>::print::DisplayBacktrace as core[df12db4294e9bfd3]::fmt::Display>::fmt
[INFO] [stdout]    1:     0x5bae67f0168a - core[df12db4294e9bfd3]::fmt::write
[INFO] [stdout]    2:     0x5bae67eefc1c - <std[70759c8f55707aa4]::sys::stdio::unix::Stderr as core[df12db4294e9bfd3]::io::write::Write>::write_fmt
[INFO] [stdout]    3:     0x5bae67eca1f6 - std[70759c8f55707aa4]::panicking::default_hook::{closure#0}
[INFO] [stdout]    4:     0x5bae67ee04a1 - std[70759c8f55707aa4]::panicking::default_hook
[INFO] [stdout]    5:     0x5bae67ee07cb - std[70759c8f55707aa4]::panicking::panic_with_hook
[INFO] [stdout]    6:     0x5bae67eca2a2 - std[70759c8f55707aa4]::panicking::panic_handler::{closure#0}
[INFO] [stdout]    7:     0x5bae67ec2e29 - std[70759c8f55707aa4]::sys::backtrace::__rust_end_short_backtrace::<std[70759c8f55707aa4]::panicking::panic_handler::{closure#0}, !>
[INFO] [stdout]    8:     0x5bae67ecaf7d - __rustc[8fa7c3cbc660c2b3]::rust_begin_unwind
[INFO] [stdout]    9:     0x5bae67f01e6c - core[df12db4294e9bfd3]::panicking::panic_fmt
[INFO] [stdout]   10:     0x5bae67f01c42 - core[df12db4294e9bfd3]::result::unwrap_failed
[INFO] [stdout]   11:     0x5bae67c16e0d - fwdctl[e6dc50c910f86078]::dump::run
[INFO] [stdout]   12:     0x5bae67c62ecb - fwdctl[e6dc50c910f86078]::main
[INFO] [stdout]   13:     0x5bae67c3d996 - std[70759c8f55707aa4]::sys::backtrace::__rust_begin_short_backtrace::<fn() -> core[df12db4294e9bfd3]::result::Result<(), firewood[e79bf4df22326f86]::api::Error>, core[df12db4294e9bfd3]::result::Result<(), firewood[e79bf4df22326f86]::api::Error>>
[INFO] [stdout]   14:     0x5bae67c316d5 - std[70759c8f55707aa4]::rt::lang_start::<core[df12db4294e9bfd3]::result::Result<(), firewood[e79bf4df22326f86]::api::Error>>::{closure#0}
[INFO] [stdout]   15:     0x5bae67edf969 - std[70759c8f55707aa4]::rt::lang_start_internal
[INFO] [stdout]   16:     0x5bae67c685a5 - main
[INFO] [stdout]   17:     0x72cc39702601 - <unknown>
[INFO] [stdout]   18:     0x72cc39702718 - __libc_start_main
[INFO] [stdout]   19:     0x5bae67bef795 - _start
[INFO] [stdout]   20:                0x0 - <unknown>
[INFO] [stdout] ```
[INFO] [stdout] ```
[INFO] [stdout] command=`"/opt/rustwide/target/release/fwdctl" "dump" "--db" "/tmp/.tmp5iHjQX" "--output-format" "csv"`
[INFO] [stdout] code=101
[INFO] [stdout] stdout="Dumping to dump.csv\n"
[INFO] [stdout] stderr=```
[INFO] [stdout] 
[INFO] [stdout] thread \'main\' (3403) panicked at src/dump.rs:158:42:
[INFO] [stdout] Error creating output handler: Os { code: 30, kind: ReadOnlyFilesystem, message: \"Read-only file system\" }
[INFO] [stdout] stack backtrace:
[INFO] [stdout]    0:     0x5bae67ee9011 - <<std[70759c8f55707aa4]::sys::backtrace::BacktraceLock>::print::DisplayBacktrace as core[df12db4294e9bfd3]::fmt::Display>::fmt
[INFO] [stdout]    1:     0x5bae67f0168a - core[df12db4294e9bfd3]::fmt::write
[INFO] [stdout]    2:     0x5bae67eefc1c - <std[70759c8f55707aa4]::sys::stdio::unix::Stderr as core[df12db4294e9bfd3]::io::write::Write>::write_fmt
[INFO] [stdout]    3:     0x5bae67eca1f6 - std[70759c8f55707aa4]::panicking::default_hook::{closure#0}
[INFO] [stdout]    4:     0x5bae67ee04a1 - std[70759c8f55707aa4]::panicking::default_hook
[INFO] [stdout]    5:     0x5bae67ee07cb - std[70759c8f55707aa4]::panicking::panic_with_hook
[INFO] [stdout]    6:     0x5bae67eca2a2 - std[70759c8f55707aa4]::panicking::panic_handler::{closure#0}
[INFO] [stdout]    7:     0x5bae67ec2e29 - std[70759c8f55707aa4]::sys::backtrace::__rust_end_short_backtrace::<std[70759c8f55707aa4]::panicking::panic_handler::{closure#0}, !>
[INFO] [stdout]    8:     0x5bae67ecaf7d - __rustc[8fa7c3cbc660c2b3]::rust_begin_unwind
[INFO] [stdout]    9:     0x5bae67f01e6c - core[df12db4294e9bfd3]::panicking::panic_fmt
[INFO] [stdout]   10:     0x5bae67f01c42 - core[df12db4294e9bfd3]::result::unwrap_failed
[INFO] [stdout]   11:     0x5bae67c16e0d - fwdctl[e6dc50c910f86078]::dump::run
[INFO] [stdout]   12:     0x5bae67c62ecb - fwdctl[e6dc50c910f86078]::main
[INFO] [stdout]   13:     0x5bae67c3d996 - std[70759c8f55707aa4]::sys::backtrace::__rust_begin_short_backtrace::<fn() -> core[df12db4294e9bfd3]::result::Result<(), firewood[e79bf4df22326f86]::api::Error>, core[df12db4294e9bfd3]::result::Result<(), firewood[e79bf4df22326f86]::api::Error>>
[INFO] [stdout]   14:     0x5bae67c316d5 - std[70759c8f55707aa4]::rt::lang_start::<core[df12db4294e9bfd3]::result::Result<(), firewood[e79bf4df22326f86]::api::Error>>::{closure#0}
[INFO] [stdout]   15:     0x5bae67edf969 - std[70759c8f55707aa4]::rt::lang_start_internal
[INFO] [stdout]   16:     0x5bae67c685a5 - main
[INFO] [stdout]   17:     0x72cc39702601 - <unknown>
[INFO] [stdout]   18:     0x72cc39702718 - __libc_start_main
[INFO] [stdout]   19:     0x5bae67bef795 - _start
[INFO] [stdout]   20:                0x0 - <unknown>
[INFO] [stdout] ```
[INFO] [stdout] 
[INFO] [stdout] 
[INFO] [stdout] stack backtrace:
[INFO] [stdout]    0:     0x603148578921 - <<std[70759c8f55707aa4]::sys::backtrace::BacktraceLock>::print::DisplayBacktrace as core[df12db4294e9bfd3]::fmt::Display>::fmt
[INFO] [stdout]    1:     0x60314858eeea - core[df12db4294e9bfd3]::fmt::write
[INFO] [stdout]    2:     0x60314857e40c - <alloc[2182bb758b4b3781]::vec::Vec<u8> as core[df12db4294e9bfd3]::io::write::Write>::write_fmt
[INFO] [stdout]    3:     0x603148553126 - std[70759c8f55707aa4]::panicking::default_hook::{closure#0}
[INFO] [stdout]    4:     0x6031485703e9 - std[70759c8f55707aa4]::panicking::default_hook
[INFO] [stdout]    5:     0x603148507a20 - test[9d35eded1c95d3be]::test_main_inner::<test[9d35eded1c95d3be]::test_main_static::{closure#0}>::{closure#0}
[INFO] [stdout]    6:     0x6031485705a2 - std[70759c8f55707aa4]::panicking::panic_with_hook
[INFO] [stdout]    7:     0x6031485531d2 - std[70759c8f55707aa4]::panicking::panic_handler::{closure#0}
[INFO] [stdout]    8:     0x60314854bca9 - std[70759c8f55707aa4]::sys::backtrace::__rust_end_short_backtrace::<std[70759c8f55707aa4]::panicking::panic_handler::{closure#0}, !>
[INFO] [stdout]    9:     0x603148553dcd - __rustc[8fa7c3cbc660c2b3]::rust_begin_unwind
[INFO] [stdout]   10:     0x60314858f69c - core[df12db4294e9bfd3]::panicking::panic_fmt
[INFO] [stdout]   11:     0x6031484ef834 - <assert_cmd[97e750c94f462bec]::assert::AssertError>::panic::<assert_cmd[97e750c94f462bec]::assert::Assert>
[INFO] [stdout]   12:     0x6031484f0176 - <assert_cmd[97e750c94f462bec]::assert::Assert>::success
[INFO] [stdout]   13:     0x6031484e7b36 - <cli[c7697d693243f7d0]::test_slow_fwdctl_dump_with_csv_and_json::{closure#0} as core[df12db4294e9bfd3]::ops::function::FnOnce<()>>::call_once
[INFO] [stdout]   14:     0x6031484fad0b - test[9d35eded1c95d3be]::__rust_begin_short_backtrace::<core[df12db4294e9bfd3]::result::Result<(), alloc[2182bb758b4b3781]::string::String>, fn() -> core[df12db4294e9bfd3]::result::Result<(), alloc[2182bb758b4b3781]::string::String>>
[INFO] [stdout]   15:     0x603148508375 - test[9d35eded1c95d3be]::run_test::{closure#0}
[INFO] [stdout]   16:     0x603148501c34 - std[70759c8f55707aa4]::sys::backtrace::__rust_begin_short_backtrace::<test[9d35eded1c95d3be]::run_test::{closure#1}, ()>
[INFO] [stdout]   17:     0x60314850b4d2 - <std[70759c8f55707aa4]::thread::lifecycle::spawn_unchecked<test[9d35eded1c95d3be]::run_test::{closure#1}, ()>::{closure#1} as core[df12db4294e9bfd3]::ops::function::FnOnce<()>>::call_once::{shim:vtable#0}
[INFO] [stdout]   18:     0x603148577e09 - <std[70759c8f55707aa4]::sys::thread::unix::Thread>::new::thread_start
[INFO] [stdout]   19:     0x7be7daa35dfa - <unknown>
[INFO] [stdout]   20:     0x7be7daac93d4 - clone
[INFO] [stdout]   21:                0x0 - <unknown>
[INFO] [stdout] 
[INFO] [stdout] 
[INFO] [stdout] failures:
[INFO] [stdout]     fwdctl_dump_with_file_name
[INFO] [stdout]     test_slow_fwdctl_dump_with_csv_and_json
[INFO] [stdout] 
[INFO] [stdout] test result: FAILED. 11 passed; 2 failed; 0 ignored; 0 measured; 0 filtered out; finished in 0.72s
[INFO] [stdout] 
[INFO] [stderr] error: test failed, to rerun pass `--test cli`
[INFO] running `Command { std: "docker" "inspect" "8fd0498ad9089ba4bf6fd863963808fc947f206a7a3059b63164d042d2491352", kill_on_drop: false }`
[INFO] running `Command { std: "docker" "rm" "-f" "8fd0498ad9089ba4bf6fd863963808fc947f206a7a3059b63164d042d2491352", kill_on_drop: false }`
[INFO] [stdout] 8fd0498ad9089ba4bf6fd863963808fc947f206a7a3059b63164d042d2491352
