[INFO] fetching crate fireweave 3.0.0...
[INFO] testing fireweave-3.0.0 against 1.100.0-beta.1+cargoflags=--release for beta-release-1.100-2
[INFO] extracting crate fireweave 3.0.0 into /workspace/builds/worker-0-tc2/source
[INFO] started tweaking crates.io crate fireweave 3.0.0
[INFO] removed 0 missing tests
[INFO] finished tweaking crates.io crate fireweave 3.0.0
[INFO] tweaked toml for crates.io crate fireweave 3.0.0 written to /workspace/builds/worker-0-tc2/source/Cargo.toml
[INFO] validating manifest of crates.io crate fireweave 3.0.0 on toolchain 1.100.0-beta.1
[INFO] running `Command { std: CARGO_HOME="/workspace/cargo-home" RUSTUP_HOME="/workspace/rustup-home" "/workspace/cargo-home/bin/cargo" "+1.100.0-beta.1" "metadata" "--manifest-path" "Cargo.toml" "--no-deps", kill_on_drop: false }`
[INFO] crate crates.io crate fireweave 3.0.0 already has a lockfile, it will not be regenerated
[INFO] running `Command { std: CARGO_HOME="/workspace/cargo-home" RUSTUP_HOME="/workspace/rustup-home" "/workspace/cargo-home/bin/cargo" "+1.100.0-beta.1" "fetch" "--manifest-path" "Cargo.toml", kill_on_drop: false }`
[INFO] running `Command { std: "docker" "create" "-v" "/var/lib/crater-agent-workspace/builds/worker-0-tc2/source:/opt/rustwide/workdir:ro,Z" "-v" "/var/lib/crater-agent-workspace/builds/worker-0-tc2/target:/opt/rustwide/target:rw,Z" "-v" "/var/lib/crater-agent-workspace/cargo-home:/opt/rustwide/cargo-home:ro,Z" "-v" "/var/lib/crater-agent-workspace/rustup-home:/opt/rustwide/rustup-home:ro,Z" "-m" "1610612736" "--network" "none" "ghcr.io/rust-lang/crates-build-env/linux@sha256:77db811e55d90add9212f6832c23229e3de5f1c1f9905e8cb07319ea15df73ac" "sleep" "infinity", kill_on_drop: false }`
[INFO] [stdout] 679d277c6c149c4df7fbd9e3613e2642d792054206ad713a1a3e8cf056412407
[INFO] running `Command { std: "docker" "start" "679d277c6c149c4df7fbd9e3613e2642d792054206ad713a1a3e8cf056412407", kill_on_drop: false }`
[INFO] running `Command { std: "docker" "inspect" "679d277c6c149c4df7fbd9e3613e2642d792054206ad713a1a3e8cf056412407", kill_on_drop: false }`
[INFO] running `Command { std: "docker" "exec" "-e" "SOURCE_DIR=/opt/rustwide/workdir" "-e" "CARGO_HOME=/opt/rustwide/cargo-home" "-e" "RUSTUP_HOME=/opt/rustwide/rustup-home" "-e" "CARGO_TARGET_DIR=/opt/rustwide/target" "-w" "/opt/rustwide/workdir" "--user" "0:0" "679d277c6c149c4df7fbd9e3613e2642d792054206ad713a1a3e8cf056412407" "/opt/rustwide/cargo-home/bin/cargo" "+1.100.0-beta.1" "metadata" "--no-deps" "--format-version=1", kill_on_drop: false }`
[INFO] running `Command { std: "docker" "inspect" "679d277c6c149c4df7fbd9e3613e2642d792054206ad713a1a3e8cf056412407", kill_on_drop: false }`
[INFO] running `Command { std: "docker" "exec" "-e" "SOURCE_DIR=/opt/rustwide/workdir" "-e" "CARGO_HOME=/opt/rustwide/cargo-home" "-e" "RUSTUP_HOME=/opt/rustwide/rustup-home" "-e" "CARGO_TARGET_DIR=/opt/rustwide/target" "-e" "CARGO_INCREMENTAL=0" "-e" "RUST_BACKTRACE=full" "-e" "RUSTFLAGS=--cap-lints=warn" "-e" "RUSTDOCFLAGS=--cap-lints=warn" "-w" "/opt/rustwide/workdir" "--user" "0:0" "679d277c6c149c4df7fbd9e3613e2642d792054206ad713a1a3e8cf056412407" "/opt/rustwide/cargo-home/bin/cargo" "+1.100.0-beta.1" "build" "--frozen" "--message-format=json" "--release", kill_on_drop: false }`
[INFO] [stderr]    Compiling find-msvc-tools v0.1.11
[INFO] [stderr]    Compiling proc-macro2 v1.0.107
[INFO] [stderr]    Compiling base64 v0.23.1
[INFO] [stderr]    Compiling cc v1.4.4
[INFO] [stderr]    Compiling ureq-proto v0.6.1
[INFO] [stderr]    Compiling quote v1.0.47
[INFO] [stderr]    Compiling syn v3.0.3
[INFO] [stderr]    Compiling ring v0.17.14
[INFO] [stderr]    Compiling serde_derive v1.0.229
[INFO] [stderr]    Compiling serde v1.0.229
[INFO] [stderr]    Compiling rustls v0.23.43
[INFO] [stderr]    Compiling rustls-webpki v0.103.14
[INFO] [stderr]    Compiling ureq v3.4.0
[INFO] [stderr]    Compiling fireweave v3.0.0 (/opt/rustwide/workdir)
[INFO] [stderr] warning: unused dependency `serde`
[INFO] [stderr]  --> Cargo.toml:5:15
[INFO] [stderr]   |
[INFO] [stderr] 5 | [dependencies.serde]
[INFO] [stderr]   |               ^^^^^^
[INFO] [stderr]   |
[INFO] [stderr]   = note: `cargo::unused_dependencies` is set to `warn` by default
[INFO] [stderr] help: consider removing the dependency on `serde`
[INFO] [stderr] warning: `fireweave` (manifest) generated 1 warning
[INFO] [stderr]     Finished `release` profile [optimized] target(s) in 1m 13s
[INFO] running `Command { std: "docker" "inspect" "679d277c6c149c4df7fbd9e3613e2642d792054206ad713a1a3e8cf056412407", kill_on_drop: false }`
[INFO] running `Command { std: "docker" "exec" "-e" "SOURCE_DIR=/opt/rustwide/workdir" "-e" "CARGO_HOME=/opt/rustwide/cargo-home" "-e" "RUSTUP_HOME=/opt/rustwide/rustup-home" "-e" "CARGO_TARGET_DIR=/opt/rustwide/target" "-e" "CARGO_INCREMENTAL=0" "-e" "RUST_BACKTRACE=full" "-e" "RUSTFLAGS=--cap-lints=warn" "-e" "RUSTDOCFLAGS=--cap-lints=warn" "-w" "/opt/rustwide/workdir" "--user" "0:0" "679d277c6c149c4df7fbd9e3613e2642d792054206ad713a1a3e8cf056412407" "/opt/rustwide/cargo-home/bin/cargo" "+1.100.0-beta.1" "test" "--frozen" "--no-run" "--message-format=json" "--release", kill_on_drop: false }`
[INFO] [stderr]    Compiling fireweave v3.0.0 (/opt/rustwide/workdir)
[INFO] [stderr] warning: unused dependency `serde`
[INFO] [stderr]  --> Cargo.toml:5:15
[INFO] [stderr]   |
[INFO] [stderr] 5 | [dependencies.serde]
[INFO] [stderr]   |               ^^^^^^
[INFO] [stderr]   |
[INFO] [stderr]   = note: `cargo::unused_dependencies` is set to `warn` by default
[INFO] [stderr] help: consider removing the dependency on `serde`
[INFO] [stderr] help: to still use for development builds, move to `dev-dependencies`
[INFO] [stderr] warning: `fireweave` (manifest) generated 1 warning
[INFO] [stderr]     Finished `release` profile [optimized] target(s) in 26.97s
[INFO] running `Command { std: "docker" "inspect" "679d277c6c149c4df7fbd9e3613e2642d792054206ad713a1a3e8cf056412407", kill_on_drop: false }`
[INFO] running `Command { std: "docker" "exec" "-e" "SOURCE_DIR=/opt/rustwide/workdir" "-e" "CARGO_HOME=/opt/rustwide/cargo-home" "-e" "RUSTUP_HOME=/opt/rustwide/rustup-home" "-e" "CARGO_TARGET_DIR=/opt/rustwide/target" "-e" "CARGO_INCREMENTAL=0" "-e" "RUST_BACKTRACE=full" "-e" "RUSTFLAGS=--cap-lints=warn" "-e" "RUSTDOCFLAGS=--cap-lints=warn" "-w" "/opt/rustwide/workdir" "--user" "0:0" "679d277c6c149c4df7fbd9e3613e2642d792054206ad713a1a3e8cf056412407" "/opt/rustwide/cargo-home/bin/cargo" "+1.100.0-beta.1" "test" "--frozen" "--release", kill_on_drop: false }`
[INFO] [stderr] warning: unused dependency `serde`
[INFO] [stderr]  --> Cargo.toml:5:15
[INFO] [stderr]   |
[INFO] [stderr] 5 | [dependencies.serde]
[INFO] [stderr]   |               ^^^^^^
[INFO] [stderr]   |
[INFO] [stderr]   = note: `cargo::unused_dependencies` is set to `warn` by default
[INFO] [stderr] help: consider removing the dependency on `serde`
[INFO] [stderr] help: to still use for development builds, move to `dev-dependencies`
[INFO] [stderr] warning: `fireweave` (manifest) generated 1 warning
[INFO] [stderr]     Finished `release` profile [optimized] target(s) in 0.11s
[INFO] [stderr]      Running unittests src/lib.rs (/opt/rustwide/target/release/build/fireweave/84665960b315c46b/out/fireweave-84665960b315c46b)
[INFO] [stdout] 
[INFO] [stdout] running 94 tests
[INFO] [stdout] test application::client::tests::invoke_capability_degrades_unsupported ... ok
[INFO] [stdout] test application::runtime::tests::missing_flag_is_flag_not_found ... ok
[INFO] [stdout] test domain::context::tests::merge_later_layers_win ... ok
[INFO] [stdout] test application::runtime::tests::evaluate_before_initialize_is_not_ready ... ok
[INFO] [stdout] test domain::context::tests::merge_skips_absent_layers ... ok
[INFO] [stdout] test domain::errors::tests::collapses_whitespace_and_trims ... ok
[INFO] [stdout] test application::runtime::tests::matched_flag_resolves_with_targeting_match ... ok
[INFO] [stdout] test domain::errors::tests::already_closed_maps_to_provider_not_ready ... ok
[INFO] [stdout] test application::runtime::tests::shutdown_is_idempotent ... ok
[INFO] [stdout] test domain::errors::tests::configuration_init_fatal_overrides_the_error_code ... ok
[INFO] [stdout] test application::runtime::tests::evaluate_after_shutdown_is_already_closed ... ok
[INFO] [stdout] test domain::errors::tests::redacts_bearer_tokens ... ok
[INFO] [stdout] test application::runtime::tests::payload_attached_only_when_include_payload_is_set ... ok
[INFO] [stdout] test domain::errors::tests::error_kind_taxonomy_has_fifteen_members ... ok
[INFO] [stdout] test domain::errors::tests::targeting_key_missing_overrides_the_error_code ... ok
[INFO] [stdout] test domain::validation::tests::context_attribute_count_exceeded ... ok
[INFO] [stdout] test domain::errors::tests::redacts_fw_project_api_key_assignment ... ok
[INFO] [stdout] test domain::errors::tests::redacts_project_key_prefixes ... ok
[INFO] [stdout] test domain::errors::tests::redacts_url_userinfo_only_before_an_at ... ok
[INFO] [stdout] test domain::errors::tests::leaves_ordinary_text_alone ... ok
[INFO] [stdout] test domain::validation::tests::context_fireweave_carveout_keys_allowed_others_rejected ... ok
[INFO] [stdout] test domain::validation::tests::default_value_type_mismatch ... ok
[INFO] [stdout] test domain::errors::tests::redaction_is_idempotent ... ok
[INFO] [stdout] test domain::validation::tests::context_nesting_depth_exceeded ... ok
[INFO] [stdout] test domain::validation::tests::context_reserved_keys_rejected ... ok
[INFO] [stdout] test domain::validation::tests::key_must_be_non_empty ... ok
[INFO] [stdout] test domain::validation::tests::key_rejects_control_characters ... ok
[INFO] [stdout] test domain::validation::tests::init_options_local_rejects_stray_credentials ... ok
[INFO] [stdout] test domain::validation::tests::init_options_remote_requires_credentials ... ok
[INFO] [stdout] test domain::validation::tests::key_length_is_counted_in_characters ... ok
[INFO] [stdout] test domain::validation::tests::targeting_key_required_and_missing ... ok
[INFO] [stdout] test domain::validation::tests::init_options_mode_absent_is_configuration ... ok
[INFO] [stdout] test infrastructure::adapters::local::tests::unseeded_flag_misses ... ok
[INFO] [stdout] test infrastructure::adapters::local::tests::register_target_records_and_traces ... ok
[INFO] [stdout] test infrastructure::adapters::memory::tests::match_person_behaves_like_match_attribute ... ok
[INFO] [stdout] test infrastructure::hosts::tests::canonical_https_host_is_allowed_by_default ... ok
[INFO] [stdout] test infrastructure::hosts::tests::host_outside_allowlist_is_rejected_even_with_explicit_list ... ok
[INFO] [stdout] test infrastructure::adapters::local::tests::seeded_flag_resolves_static ... ok
[INFO] [stdout] test infrastructure::hosts::tests::extracts_ipv6_hostname ... ok
[INFO] [stdout] test infrastructure::adapters::memory::tests::match_attribute_gates_the_match ... ok
[INFO] [stdout] test infrastructure::adapters::memory::tests::fault_overrides_every_resolve ... ok
[INFO] [stdout] test infrastructure::adapters::memory::tests::missing_flag_is_flag_not_found ... ok
[INFO] [stdout] test infrastructure::adapters::remote::tests::remote_decision_omits_vendor_metadata_when_only_one_key_present ... ok
[INFO] [stdout] test start::channel::tests::rc_versions_select_staging ... ok
[INFO] [stdout] test start::control_points::tests::a_bad_key_is_a_configuration_error_naming_it ... ok
[INFO] [stdout] test start::control_points::tests::a_duplicate_key_is_rejected ... ok
[INFO] [stdout] test start::control_points::tests::define_flags_panics_on_a_bad_key - should panic ... ok
[INFO] [stdout] test infrastructure::hosts::tests::malformed_url_is_rejected ... ok
[INFO] [stdout] test infrastructure::hosts::tests::non_loopback_http_is_rejected ... ok
[INFO] [stdout] test start::control_points::tests::define_flags_returns_every_entry_in_key_order ... ok
[INFO] [stdout] test start::instance::tests::derive_instance_key_order ... ok
[INFO] [stdout] test start::instance::tests::fnv1a64_matches_the_reference_vectors ... ok
[INFO] [stdout] test start::options::tests::debug_never_prints_the_key ... ok
[INFO] [stdout] test start::options::tests::env_map_reads_its_pairs ... ok
[INFO] [stdout] test start::resolve::tests::a_browser_key_is_rejected_without_printing_it ... ok
[INFO] [stdout] test start::resolve::tests::a_key_means_remote_whatever_the_environment_says ... ok
[INFO] [stdout] test start::resolve::tests::a_production_build_calls_app_server ... ok
[INFO] [stdout] test start::resolve::tests::a_project_key_passes_the_family_check ... ok
[INFO] [stdout] test start::resolve::tests::a_staging_build_calls_staging_app_server ... ok
[INFO] [stdout] test start::resolve::tests::an_invalid_url_names_its_source_and_never_echoes_it ... ok
[INFO] [stdout] test start::env::tests::a_custom_lookup_is_trimmed_too ... ok
[INFO] [stdout] test start::env::tests::trimmed_maps_blank_to_none ... ok
[INFO] [stdout] test start::channel::tests::everything_else_is_production ... ok
[INFO] [stdout] test infrastructure::adapters::remote::tests::remote_decision_surfaces_vendor_metadata_when_server_sends_both_keys ... ok
[INFO] [stdout] test start::resolve::tests::both_channel_hosts_pass_the_core_default_allowlist ... ok
[INFO] [stdout] test start::resolve::tests::empty_and_whitespace_count_as_unset ... ok
[INFO] [stdout] test infrastructure::hosts::tests::wildcard_opts_out_explicitly ... ok
[INFO] [stdout] test start::channel::tests::channels_map_to_their_hosts ... ok
[INFO] [stdout] test start::resolve::tests::fireweave_key_beats_the_legacy_name ... ok
[INFO] [stdout] test start::resolve::tests::fireweave_url_beats_the_legacy_names ... ok
[INFO] [stdout] test start::resolve::tests::mode_local_ignores_a_key_with_a_warning ... ok
[INFO] [stdout] test start::resolve::tests::fireweave_env_beats_app_env ... ok
[INFO] [stdout] test start::resolve::tests::never_echoes_a_key_shaped_environment_name ... ok
[INFO] [stdout] test start::resolve::tests::mode_local_needs_no_environment_name ... ok
[INFO] [stdout] test start::resolve::tests::mode_remote_with_key_is_remote ... ok
[INFO] [stdout] test start::resolve::tests::mode_remote_without_a_key_names_fireweave_key ... ok
[INFO] [stdout] test start::resolve::tests::no_key_and_a_dev_environment_means_local ... ok
[INFO] [stdout] test infrastructure::hosts::tests::loopback_http_is_allowed_by_default ... ok
[INFO] [stdout] test start::resolve::tests::parse_url_shapes ... ok
[INFO] [stdout] test start::resolve::tests::no_key_and_no_environment_fails_closed_naming_where_it_looked ... ok
[INFO] [stdout] test start::resolve::tests::node_env_and_fw_env_are_not_environment_names ... ok
[INFO] [stdout] test start::resolve::tests::no_key_and_a_non_dev_environment_fails_closed ... ok
[INFO] [stdout] test start::resolve::tests::http_is_allowed_on_loopback_only ... ok
[INFO] [stdout] test start::resolve::tests::legacy_url_names_are_read_in_order_with_a_warning ... ok
[INFO] [stdout] test start::resolve::tests::local_mode_resolves_no_endpoint ... ok
[INFO] [stdout] test start::resolve::tests::the_environment_option_beats_the_variables ... ok
[INFO] [stdout] test start::resolve::tests::the_key_option_beats_fireweave_key ... ok
[INFO] [stdout] test start::resolve::tests::points_at_fireweave_env_when_only_fw_env_is_set ... ok
[INFO] [stdout] test start::resolve::tests::the_legacy_key_source_stays_legible_in_an_error ... ok
[INFO] [stdout] test start::resolve::tests::vendor_org_and_cli_keys_are_rejected ... ok
[INFO] [stdout] test start::resolve::tests::with_the_key_option_no_key_or_environment_variable_is_read ... ok
[INFO] [stdout] test start::resolve::tests::the_url_option_wins_and_the_allowlist_follows_it ... ok
[INFO] [stdout] test start::resolve::tests::the_flags_are_carried_in_both_modes ... ok
[INFO] [stdout] test start::resolve::tests::the_legacy_project_key_is_read_with_a_warning ... ok
[INFO] [stdout] 
[INFO] [stdout] test result: ok. 94 passed; 0 failed; 0 ignored; 0 measured; 0 filtered out; finished in 0.03s
[INFO] [stdout] 
[INFO] [stderr]      Running unittests conformance/main.rs (/opt/rustwide/target/release/build/fireweave/01af66a05809ae86/out/conformance-01af66a05809ae86)
[INFO] [stdout] 
[INFO] [stdout] running 0 tests
[INFO] [stdout] 
[INFO] [stdout] test result: ok. 0 passed; 0 failed; 0 ignored; 0 measured; 0 filtered out; finished in 0.00s
[INFO] [stdout] 
[INFO] [stderr]      Running tests/architecture_guard.rs (/opt/rustwide/target/release/build/fireweave/67ddcde85cf6900b/out/architecture_guard-67ddcde85cf6900b)
[INFO] [stdout] 
[INFO] [stdout] running 4 tests
[INFO] [stdout] test application_outside_mode_rs_does_not_import_infrastructure ... ok
[INFO] [stdout] test dependency_budget_is_exactly_ureq_serde_serde_json ... FAILED
[INFO] [stdout] test mode_rs_is_the_only_application_file_importing_infrastructure ... ok
[INFO] [stderr] error: test failed, to rerun pass `--test architecture_guard`
[INFO] [stdout] test domain_imports_nothing_from_application_or_infrastructure ... ok
[INFO] [stdout] 
[INFO] [stdout] failures:
[INFO] [stdout] 
[INFO] [stdout] ---- dependency_budget_is_exactly_ureq_serde_serde_json stdout ----
[INFO] [stdout] 
[INFO] [stdout] thread 'dependency_budget_is_exactly_ureq_serde_serde_json' (965) panicked at tests/architecture_guard.rs:97:5:
[INFO] [stdout] assertion `left == right` failed: Cargo.toml [dependencies] must be exactly ureq + serde + serde_json (Phase 6 controller ruling); dev-dependencies are free but this crate needs none
[INFO] [stdout]   left: []
[INFO] [stdout]  right: ["serde", "serde_json", "ureq"]
[INFO] [stdout] stack backtrace:
[INFO] [stdout]    0:     0x5d0e4383ead1 - <<std[617be2ca0a6fd877]::sys::backtrace::BacktraceLock>::print::DisplayBacktrace as core[a373ad73a504971]::fmt::Display>::fmt
[INFO] [stdout]    1:     0x5d0e43852d2a - core[a373ad73a504971]::fmt::write
[INFO] [stdout]    2:     0x5d0e43842fdc - <alloc[2e1b2a31b91974c5]::vec::Vec<u8> as core[a373ad73a504971]::io::write::Write>::write_fmt
[INFO] [stdout]    3:     0x5d0e4381a536 - std[617be2ca0a6fd877]::panicking::default_hook::{closure#0}
[INFO] [stdout]    4:     0x5d0e43836bf9 - std[617be2ca0a6fd877]::panicking::default_hook
[INFO] [stdout]    5:     0x5d0e437d27c0 - test[aada8e7e76ba119b]::test_main_inner::{closure#0}
[INFO] [stdout]    6:     0x5d0e43836db2 - std[617be2ca0a6fd877]::panicking::panic_with_hook
[INFO] [stdout]    7:     0x5d0e4381a5e2 - std[617be2ca0a6fd877]::panicking::panic_handler::{closure#0}
[INFO] [stdout]    8:     0x5d0e438130c9 - std[617be2ca0a6fd877]::sys::backtrace::__rust_end_short_backtrace::<std[617be2ca0a6fd877]::panicking::panic_handler::{closure#0}, !>
[INFO] [stdout]    9:     0x5d0e4381b1ed - __rustc[ea4f61d10b84890b]::rust_begin_unwind
[INFO] [stdout]   10:     0x5d0e4385345c - core[a373ad73a504971]::panicking::panic_fmt
[INFO] [stdout]   11:     0x5d0e438533d3 - core[a373ad73a504971]::panicking::assert_failed_inner
[INFO] [stdout]   12:     0x5d0e437c4d28 - core[a373ad73a504971]::panicking::assert_failed::<alloc[2e1b2a31b91974c5]::vec::Vec<alloc[2e1b2a31b91974c5]::string::String>, alloc[2e1b2a31b91974c5]::vec::Vec<alloc[2e1b2a31b91974c5]::string::String>>
[INFO] [stdout]   13:     0x5d0e437c3677 - <architecture_guard[dcfe9e8af20b37a0]::dependency_budget_is_exactly_ureq_serde_serde_json::{closure#0} as core[a373ad73a504971]::ops::function::FnOnce<()>>::call_once
[INFO] [stdout]   14:     0x5d0e437c5c0b - test[aada8e7e76ba119b]::__rust_begin_short_backtrace::<core[a373ad73a504971]::result::Result<(), alloc[2e1b2a31b91974c5]::string::String>, fn() -> core[a373ad73a504971]::result::Result<(), alloc[2e1b2a31b91974c5]::string::String>>
[INFO] [stdout]   15:     0x5d0e437d2de5 - test[aada8e7e76ba119b]::run_test::{closure#0}
[INFO] [stdout]   16:     0x5d0e437cc6d4 - std[617be2ca0a6fd877]::sys::backtrace::__rust_begin_short_backtrace::<test[aada8e7e76ba119b]::run_test::{closure#1}, ()>
[INFO] [stdout]   17:     0x5d0e437d5e72 - <std[617be2ca0a6fd877]::thread::lifecycle::spawn_unchecked<test[aada8e7e76ba119b]::run_test::{closure#1}, ()>::{closure#1} as core[a373ad73a504971]::ops::function::FnOnce<()>>::call_once::{shim:vtable#0}
[INFO] [stdout]   18:     0x5d0e4383dfcf - <std[617be2ca0a6fd877]::sys::thread::unix::Thread>::new::thread_start
[INFO] [stdout]   19:     0x7294478aadfa - <unknown>
[INFO] [stdout]   20:     0x72944793e3d4 - clone
[INFO] [stdout]   21:                0x0 - <unknown>
[INFO] [stdout] 
[INFO] [stdout] 
[INFO] [stdout] failures:
[INFO] [stdout]     dependency_budget_is_exactly_ureq_serde_serde_json
[INFO] [stdout] 
[INFO] [stdout] test result: FAILED. 3 passed; 1 failed; 0 ignored; 0 measured; 0 filtered out; finished in 0.01s
[INFO] [stdout] 
[INFO] running `Command { std: "docker" "inspect" "679d277c6c149c4df7fbd9e3613e2642d792054206ad713a1a3e8cf056412407", kill_on_drop: false }`
[INFO] running `Command { std: "docker" "rm" "-f" "679d277c6c149c4df7fbd9e3613e2642d792054206ad713a1a3e8cf056412407", kill_on_drop: false }`
[INFO] [stdout] 679d277c6c149c4df7fbd9e3613e2642d792054206ad713a1a3e8cf056412407
