[INFO] fetching crate firecrawl2 0.1.0...
[INFO] testing firecrawl2-0.1.0 against 1.100.0-beta.1+cargoflags=--release for beta-release-1.100-2
[INFO] extracting crate firecrawl2 0.1.0 into /workspace/builds/worker-6-tc2/source
[INFO] started tweaking crates.io crate firecrawl2 0.1.0
[INFO] removed 0 missing examples
[INFO] removed 0 missing tests
[INFO] finished tweaking crates.io crate firecrawl2 0.1.0
[INFO] tweaked toml for crates.io crate firecrawl2 0.1.0 written to /workspace/builds/worker-6-tc2/source/Cargo.toml
[INFO] validating manifest of crates.io crate firecrawl2 0.1.0 on toolchain 1.100.0-beta.1
[INFO] running `Command { std: CARGO_HOME="/workspace/cargo-home" RUSTUP_HOME="/workspace/rustup-home" "/workspace/cargo-home/bin/cargo" "+1.100.0-beta.1" "metadata" "--manifest-path" "Cargo.toml" "--no-deps", kill_on_drop: false }`
[INFO] crate crates.io crate firecrawl2 0.1.0 already has a lockfile, it will not be regenerated
[INFO] running `Command { std: CARGO_HOME="/workspace/cargo-home" RUSTUP_HOME="/workspace/rustup-home" "/workspace/cargo-home/bin/cargo" "+1.100.0-beta.1" "fetch" "--manifest-path" "Cargo.toml", kill_on_drop: false }`
[INFO] running `Command { std: "docker" "create" "-v" "/var/lib/crater-agent-workspace/builds/worker-6-tc2/source:/opt/rustwide/workdir:ro,Z" "-v" "/var/lib/crater-agent-workspace/builds/worker-6-tc2/target:/opt/rustwide/target:rw,Z" "-v" "/var/lib/crater-agent-workspace/cargo-home:/opt/rustwide/cargo-home:ro,Z" "-v" "/var/lib/crater-agent-workspace/rustup-home:/opt/rustwide/rustup-home:ro,Z" "-m" "1610612736" "--network" "none" "ghcr.io/rust-lang/crates-build-env/linux@sha256:77db811e55d90add9212f6832c23229e3de5f1c1f9905e8cb07319ea15df73ac" "sleep" "infinity", kill_on_drop: false }`
[INFO] [stdout] d3c759b310613a1031620576c5885b63d8df8666b60df1b75a941c4b2c257064
[INFO] running `Command { std: "docker" "start" "d3c759b310613a1031620576c5885b63d8df8666b60df1b75a941c4b2c257064", kill_on_drop: false }`
[INFO] running `Command { std: "docker" "inspect" "d3c759b310613a1031620576c5885b63d8df8666b60df1b75a941c4b2c257064", kill_on_drop: false }`
[INFO] running `Command { std: "docker" "exec" "-e" "SOURCE_DIR=/opt/rustwide/workdir" "-e" "CARGO_HOME=/opt/rustwide/cargo-home" "-e" "RUSTUP_HOME=/opt/rustwide/rustup-home" "-e" "CARGO_TARGET_DIR=/opt/rustwide/target" "-w" "/opt/rustwide/workdir" "--user" "0:0" "d3c759b310613a1031620576c5885b63d8df8666b60df1b75a941c4b2c257064" "/opt/rustwide/cargo-home/bin/cargo" "+1.100.0-beta.1" "metadata" "--no-deps" "--format-version=1", kill_on_drop: false }`
[INFO] running `Command { std: "docker" "inspect" "d3c759b310613a1031620576c5885b63d8df8666b60df1b75a941c4b2c257064", kill_on_drop: false }`
[INFO] running `Command { std: "docker" "exec" "-e" "SOURCE_DIR=/opt/rustwide/workdir" "-e" "CARGO_HOME=/opt/rustwide/cargo-home" "-e" "RUSTUP_HOME=/opt/rustwide/rustup-home" "-e" "CARGO_TARGET_DIR=/opt/rustwide/target" "-e" "CARGO_INCREMENTAL=0" "-e" "RUST_BACKTRACE=full" "-e" "RUSTFLAGS=--cap-lints=warn" "-e" "RUSTDOCFLAGS=--cap-lints=warn" "-w" "/opt/rustwide/workdir" "--user" "0:0" "d3c759b310613a1031620576c5885b63d8df8666b60df1b75a941c4b2c257064" "/opt/rustwide/cargo-home/bin/cargo" "+1.100.0-beta.1" "build" "--frozen" "--message-format=json" "--release", kill_on_drop: false }`
[INFO] [stderr]    Compiling aws-lc-rs v1.17.1
[INFO] [stderr]    Compiling zstd-safe v7.2.4
[INFO] [stderr]    Compiling jobserver v0.1.35
[INFO] [stderr]    Compiling alloc-no-stdlib v2.0.4
[INFO] [stderr]    Compiling tokio v1.52.3
[INFO] [stderr]    Compiling rustls v0.23.41
[INFO] [stderr]    Compiling futures-task v0.3.32
[INFO] [stderr]    Compiling syn v2.0.118
[INFO] [stderr]    Compiling futures-channel v0.3.32
[INFO] [stderr]    Compiling compression-core v0.4.32
[INFO] [stderr]    Compiling zmij v1.0.22
[INFO] [stderr]    Compiling mime_guess v2.0.5
[INFO] [stderr]    Compiling rustls-native-certs v0.8.4
[INFO] [stderr]    Compiling futures-util v0.3.32
[INFO] [stderr]    Compiling bitflags v2.13.0
[INFO] [stderr]    Compiling unicase v2.9.0
[INFO] [stderr]    Compiling cc v1.2.67
[INFO] [stderr]    Compiling alloc-stdlib v0.2.4
[INFO] [stderr]    Compiling brotli-decompressor v5.0.3
[INFO] [stderr]    Compiling serde_json v1.0.150
[INFO] [stderr]    Compiling cmake v0.1.58
[INFO] [stderr]    Compiling zstd-sys v2.0.16+zstd.1.5.7
[INFO] [stderr]    Compiling aws-lc-sys v0.42.0
[INFO] [stderr]    Compiling brotli v8.0.4
[INFO] [stderr]    Compiling synstructure v0.13.2
[INFO] [stderr]    Compiling tokio-util v0.7.18
[INFO] [stderr]    Compiling darling_core v0.23.0
[INFO] [stderr]    Compiling tower v0.5.3
[INFO] [stderr]    Compiling h2 v0.4.15
[INFO] [stderr]    Compiling zerofrom-derive v0.1.7
[INFO] [stderr]    Compiling yoke-derive v0.8.2
[INFO] [stderr]    Compiling zerovec-derive v0.11.3
[INFO] [stderr]    Compiling displaydoc v0.2.6
[INFO] [stderr]    Compiling serde_derive v1.0.228
[INFO] [stderr]    Compiling thiserror-impl v1.0.69
[INFO] [stderr]    Compiling zerofrom v0.1.8
[INFO] [stderr]    Compiling yoke v0.8.3
[INFO] [stderr]    Compiling zerovec v0.11.6
[INFO] [stderr]    Compiling zerotrie v0.2.4
[INFO] [stderr]    Compiling darling_macro v0.23.0
[INFO] [stderr]    Compiling thiserror v1.0.69
[INFO] [stderr]    Compiling darling v0.23.0
[INFO] [stderr]    Compiling serde_with_macros v3.21.0
[INFO] [stderr]    Compiling tinystr v0.8.3
[INFO] [stderr]    Compiling potential_utf v0.1.5
[INFO] [stderr]    Compiling icu_locale_core v2.2.0
[INFO] [stderr]    Compiling icu_collections v2.2.0
[INFO] [stderr]    Compiling serde_with v3.21.0
[INFO] [stderr]    Compiling serde v1.0.228
[INFO] [stderr]    Compiling hyper v1.10.1
[INFO] [stderr]    Compiling icu_provider v2.2.0
[INFO] [stderr]    Compiling icu_properties v2.2.0
[INFO] [stderr]    Compiling icu_normalizer v2.2.0
[INFO] [stderr]    Compiling serde_urlencoded v0.7.1
[INFO] [stderr]    Compiling hyper-util v0.1.20
[INFO] [stderr]    Compiling idna_adapter v1.2.2
[INFO] [stderr]    Compiling idna v1.1.0
[INFO] [stderr]    Compiling url v2.5.8
[INFO] [stderr]    Compiling zstd v0.13.3
[INFO] [stderr]    Compiling compression-codecs v0.4.38
[INFO] [stderr]    Compiling async-compression v0.4.42
[INFO] [stderr]    Compiling tower-http v0.6.11
[INFO] [stderr]    Compiling rustls-webpki v0.103.13
[INFO] [stderr]    Compiling tokio-rustls v0.26.4
[INFO] [stderr]    Compiling rustls-platform-verifier v0.7.0
[INFO] [stderr]    Compiling hyper-rustls v0.27.9
[INFO] [stderr]    Compiling reqwest v0.13.4
[INFO] [stderr]    Compiling firecrawl2 v0.1.0 (/opt/rustwide/workdir)
[INFO] [stderr]     Finished `release` profile [optimized] target(s) in 2m 35s
[INFO] running `Command { std: "docker" "inspect" "d3c759b310613a1031620576c5885b63d8df8666b60df1b75a941c4b2c257064", kill_on_drop: false }`
[INFO] running `Command { std: "docker" "exec" "-e" "SOURCE_DIR=/opt/rustwide/workdir" "-e" "CARGO_HOME=/opt/rustwide/cargo-home" "-e" "RUSTUP_HOME=/opt/rustwide/rustup-home" "-e" "CARGO_TARGET_DIR=/opt/rustwide/target" "-e" "CARGO_INCREMENTAL=0" "-e" "RUST_BACKTRACE=full" "-e" "RUSTFLAGS=--cap-lints=warn" "-e" "RUSTDOCFLAGS=--cap-lints=warn" "-w" "/opt/rustwide/workdir" "--user" "0:0" "d3c759b310613a1031620576c5885b63d8df8666b60df1b75a941c4b2c257064" "/opt/rustwide/cargo-home/bin/cargo" "+1.100.0-beta.1" "test" "--frozen" "--no-run" "--message-format=json" "--release", kill_on_drop: false }`
[INFO] [stderr]    Compiling tokio-macros v2.7.0
[INFO] [stderr]    Compiling getrandom v0.3.4
[INFO] [stderr]    Compiling assert-json-diff v2.0.2
[INFO] [stderr]    Compiling similar v2.7.0
[INFO] [stderr]    Compiling regex-automata v0.4.15
[INFO] [stderr]    Compiling rand_core v0.9.5
[INFO] [stderr]    Compiling rand_chacha v0.9.0
[INFO] [stderr]    Compiling tokio v1.52.3
[INFO] [stderr]    Compiling rand v0.9.5
[INFO] [stderr]    Compiling regex v1.13.0
[INFO] [stderr]    Compiling tokio-util v0.7.18
[INFO] [stderr]    Compiling tower v0.5.3
[INFO] [stderr]    Compiling async-compression v0.4.42
[INFO] [stderr]    Compiling tokio-rustls v0.26.4
[INFO] [stderr]    Compiling h2 v0.4.15
[INFO] [stderr]    Compiling tower-http v0.6.11
[INFO] [stderr]    Compiling hyper v1.10.1
[INFO] [stderr]    Compiling hyper-util v0.1.20
[INFO] [stderr]    Compiling hyper-rustls v0.27.9
[INFO] [stderr]    Compiling mockito v1.7.2
[INFO] [stderr]    Compiling reqwest v0.13.4
[INFO] [stderr]    Compiling firecrawl2 v0.1.0 (/opt/rustwide/workdir)
[INFO] [stderr]     Finished `release` profile [optimized] target(s) in 1m 36s
[INFO] running `Command { std: "docker" "inspect" "d3c759b310613a1031620576c5885b63d8df8666b60df1b75a941c4b2c257064", kill_on_drop: false }`
[INFO] running `Command { std: "docker" "exec" "-e" "SOURCE_DIR=/opt/rustwide/workdir" "-e" "CARGO_HOME=/opt/rustwide/cargo-home" "-e" "RUSTUP_HOME=/opt/rustwide/rustup-home" "-e" "CARGO_TARGET_DIR=/opt/rustwide/target" "-e" "CARGO_INCREMENTAL=0" "-e" "RUST_BACKTRACE=full" "-e" "RUSTFLAGS=--cap-lints=warn" "-e" "RUSTDOCFLAGS=--cap-lints=warn" "-w" "/opt/rustwide/workdir" "--user" "0:0" "d3c759b310613a1031620576c5885b63d8df8666b60df1b75a941c4b2c257064" "/opt/rustwide/cargo-home/bin/cargo" "+1.100.0-beta.1" "test" "--frozen" "--release", kill_on_drop: false }`
[INFO] [stderr]     Finished `release` profile [optimized] target(s) in 0.28s
[INFO] [stderr]      Running unittests src/lib.rs (/opt/rustwide/target/release/build/firecrawl2/73fdf2f584ad527c/out/firecrawl2-73fdf2f584ad527c)
[INFO] [stdout] 
[INFO] [stdout] running 58 tests
[INFO] [stdout] test client::tests::test_new_client_allows_no_api_key_for_cloud_keyless ... ok
[INFO] [stdout] test client::tests::test_new_client ... ok
[INFO] [stdout] test agent::tests::test_agent_with_schema ... ok
[INFO] [stdout] test client::tests::test_selfhosted_without_api_key ... ok
[INFO] [stdout] test batch_scrape::tests::test_batch_scrape_sync ... ok
[INFO] [stdout] test batch_scrape::tests::test_get_batch_scrape_errors ... ok
[INFO] [stdout] test agent::tests::test_start_agent_with_mock ... ok
[INFO] [stdout] test batch_scrape::tests::test_get_batch_scrape_status_with_mock ... ok
[INFO] [stdout] test client::tests::test_new_selfhosted_client ... ok
[INFO] [stdout] test batch_scrape::tests::test_batch_scrape_with_invalid_urls ... ok
[INFO] [stdout] test batch_scrape::tests::test_start_batch_scrape_with_mock ... ok
[INFO] [stdout] test agent::tests::test_agent_with_model_option ... ok
[INFO] [stdout] test agent::tests::test_get_agent_status_with_mock ... ok
[INFO] [stdout] test map::tests::test_map_error_response ... ok
[INFO] [stdout] test parse::tests::test_parse_file_from_missing_path ... ok
[INFO] [stdout] test agent::tests::test_agent_sync_with_mock ... ok
[INFO] [stdout] test agent::tests::test_cancel_agent_with_mock ... ok
[INFO] [stdout] test client::tests::test_new_client_allows_empty_api_key_for_cloud_keyless ... ok
[INFO] [stdout] test client::tests::test_url_builder ... ok
[INFO] [stdout] test crawl::tests::test_start_crawl_with_mock ... ok
[INFO] [stdout] test scrape::tests::test_query_format_serializes_mode ... ok
[INFO] [stdout] test crawl::tests::test_get_crawl_status_with_mock ... ok
[INFO] [stdout] test scrape::tests::test_question_and_highlights_formats_serialize ... ok
[INFO] [stdout] test scrape::tests::test_scrape_options_serializes_redact_pii ... ok
[INFO] [stdout] test map::tests::test_map_with_mock ... ok
[INFO] [stdout] test map::tests::test_map_with_options ... ok
[INFO] [stdout] test crawl::tests::test_get_crawl_errors_with_mock ... ok
[INFO] [stdout] test map::tests::test_map_urls ... ok
[INFO] [stdout] test crawl::tests::test_crawl_with_options ... ok
[INFO] [stdout] test crawl::tests::test_cancel_crawl_with_mock ... ok
[INFO] [stdout] test client::tests::test_url_normalization_trailing_slash ... ok
[INFO] [stdout] test scrape::tests::test_scrape_with_schema ... ok
[INFO] [stdout] test map::tests::test_map_with_search_filter ... ok
[INFO] [stdout] test serde_helpers::tests::test_array_value ... ok
[INFO] [stdout] test scrape::tests::test_scrape_error_response ... ok
[INFO] [stdout] test serde_helpers::tests::test_missing_field ... ok
[INFO] [stdout] test serde_helpers::tests::test_empty_array ... ok
[INFO] [stdout] test scrape::tests::test_interact_with_prompt ... ok
[INFO] [stdout] test search::tests::test_search_and_scrape ... ok
[INFO] [stdout] test serde_helpers::tests::test_null_value ... ok
[INFO] [stdout] test serde_helpers::tests::test_serialization_roundtrip ... ok
[INFO] [stdout] test types::tests::test_format_menu_round_trip ... ok
[INFO] [stdout] test types::tests::test_document_with_menu ... ok
[INFO] [stdout] test serde_helpers::tests::test_string_value ... ok
[INFO] [stdout] test types::tests::test_full_document_with_array_metadata ... ok
[INFO] [stdout] test scrape::tests::test_interact_error_response ... ok
[INFO] [stdout] test serde_helpers::tests::test_single_element_array ... ok
[INFO] [stdout] test scrape::tests::test_interact_with_mock ... ok
[INFO] [stdout] test search::tests::test_search_with_mock ... ok
[INFO] [stdout] test parse::tests::test_parse_error_response ... ok
[INFO] [stdout] test scrape::tests::test_scrape_with_options ... ok
[INFO] [stdout] test scrape::tests::test_scrape_with_mock ... ok
[INFO] [stdout] test search::tests::test_search_with_options ... ok
[INFO] [stdout] test parse::tests::test_parse_with_mock ... ok
[INFO] [stdout] test search::tests::test_search_error_response ... ok
[INFO] [stdout] test parse::tests::test_parse_rejects_empty_bytes ... ok
[INFO] [stdout] test scrape::tests::test_stop_interaction_with_mock ... ok
[INFO] [stdout] test search::tests::test_search_mixed_results_deserialization ... ok
[INFO] [stdout] 
[INFO] [stdout] test result: ok. 58 passed; 0 failed; 0 ignored; 0 measured; 0 filtered out; finished in 0.35s
[INFO] [stdout] 
[INFO] [stderr]      Running tests/v2_e2e.rs (/opt/rustwide/target/release/build/firecrawl2/e66a09b2043846c2/out/v2_e2e-e66a09b2043846c2)
[INFO] [stdout] 
[INFO] [stdout] running 15 tests
[INFO] [stdout] test test_agent_async ... ignored, Requires API access
[INFO] [stdout] test test_agent_with_schema ... ignored, Requires API access
[INFO] [stdout] test test_batch_scrape_async ... ignored, Requires API access
[INFO] [stdout] test test_batch_scrape_sync ... ignored, Requires API access
[INFO] [stdout] test test_crawl_async ... ignored, Requires API access
[INFO] [stdout] test test_crawl_sync ... ignored, Requires API access
[INFO] [stdout] test test_map ... ignored, Requires API access
[INFO] [stdout] test test_map_with_options ... ignored, Requires API access
[INFO] [stdout] test test_parse ... ignored, Requires API access
[INFO] [stdout] test test_scrape ... ignored, Requires API access
[INFO] [stdout] test test_scrape_with_options ... ignored, Requires API access
[INFO] [stdout] test test_scrape_with_schema ... ignored, Requires API access
[INFO] [stdout] test test_search ... ignored, Requires API access
[INFO] [stdout] test test_search_with_options ... ignored, Requires API access
[INFO] [stdout] test test_client_creation ... FAILED
[INFO] [stdout] 
[INFO] [stdout] failures:
[INFO] [stdout] 
[INFO] [stdout] ---- test_client_creation stdout ----
[INFO] [stdout] 
[INFO] [stdout] thread 'test_client_creation' (3419) panicked at tests/v2_e2e.rs:310:5:
[INFO] [stdout] assertion failed: cloud_no_key.is_err()
[INFO] [stdout] stack backtrace:
[INFO] [stdout]    0:     0x5ed11470c2e1 - <<std[617be2ca0a6fd877]::sys::backtrace::BacktraceLock>::print::DisplayBacktrace as core[a373ad73a504971]::fmt::Display>::fmt
[INFO] [stdout]    1:     0x5ed1147228ca - core[a373ad73a504971]::fmt::write
[INFO] [stdout]    2:     0x5ed11471104c - <alloc[2e1b2a31b91974c5]::vec::Vec<u8> as core[a373ad73a504971]::io::write::Write>::write_fmt
[INFO] [stdout]    3:     0x5ed1146e6a76 - std[617be2ca0a6fd877]::panicking::default_hook::{closure#0}
[INFO] [stdout]    4:     0x5ed114703a49 - std[617be2ca0a6fd877]::panicking::default_hook
[INFO] [stdout]    5:     0x5ed114264b20 - test[aada8e7e76ba119b]::test_main_inner::{closure#0}
[INFO] [stdout]    6:     0x5ed114703d72 - std[617be2ca0a6fd877]::panicking::panic_with_hook
[INFO] [stdout]    7:     0x5ed1146e6b54 - std[617be2ca0a6fd877]::panicking::panic_handler::{closure#0}
[INFO] [stdout]    8:     0x5ed1146df6b9 - std[617be2ca0a6fd877]::sys::backtrace::__rust_end_short_backtrace::<std[617be2ca0a6fd877]::panicking::panic_handler::{closure#0}, !>
[INFO] [stdout]    9:     0x5ed1146e791d - __rustc[ea4f61d10b84890b]::rust_begin_unwind
[INFO] [stdout]   10:     0x5ed11472302c - core[a373ad73a504971]::panicking::panic_fmt
[INFO] [stdout]   11:     0x5ed114722ff2 - core[a373ad73a504971]::panicking::panic
[INFO] [stdout]   12:     0x5ed1141f434d - <v2_e2e[7eb84c65a5874868]::test_client_creation::{closure#0} as core[a373ad73a504971]::ops::function::FnOnce<()>>::call_once
[INFO] [stdout]   13:     0x5ed114257f6b - test[aada8e7e76ba119b]::__rust_begin_short_backtrace::<core[a373ad73a504971]::result::Result<(), alloc[2e1b2a31b91974c5]::string::String>, fn() -> core[a373ad73a504971]::result::Result<(), alloc[2e1b2a31b91974c5]::string::String>>
[INFO] [stdout]   14:     0x5ed114265145 - test[aada8e7e76ba119b]::run_test::{closure#0}
[INFO] [stdout]   15:     0x5ed11425ea34 - std[617be2ca0a6fd877]::sys::backtrace::__rust_begin_short_backtrace::<test[aada8e7e76ba119b]::run_test::{closure#1}, ()>
[INFO] [stdout]   16:     0x5ed1142681d2 - <std[617be2ca0a6fd877]::thread::lifecycle::spawn_unchecked<test[aada8e7e76ba119b]::run_test::{closure#1}, ()>::{closure#1} as core[a373ad73a504971]::ops::function::FnOnce<()>>::call_once::{shim:vtable#0}
[INFO] [stdout]   17:     0x5ed11470b78f - <std[617be2ca0a6fd877]::sys::thread::unix::Thread>::new::thread_start
[INFO] [stdout]   18:     0x78ba266e4dfa - <unknown>
[INFO] [stdout]   19:     0x78ba267783d4 - clone
[INFO] [stdout]   20:                0x0 - <unknown>
[INFO] [stdout] 
[INFO] [stdout] 
[INFO] [stdout] failures:
[INFO] [stdout]     test_client_creation
[INFO] [stdout] 
[INFO] [stdout] test result: FAILED. 0 passed; 1 failed; 14 ignored; 0 measured; 0 filtered out; finished in 0.05s
[INFO] [stdout] 
[INFO] [stderr] error: test failed, to rerun pass `--test v2_e2e`
[INFO] running `Command { std: "docker" "inspect" "d3c759b310613a1031620576c5885b63d8df8666b60df1b75a941c4b2c257064", kill_on_drop: false }`
[INFO] running `Command { std: "docker" "rm" "-f" "d3c759b310613a1031620576c5885b63d8df8666b60df1b75a941c4b2c257064", kill_on_drop: false }`
[INFO] [stdout] d3c759b310613a1031620576c5885b63d8df8666b60df1b75a941c4b2c257064
